209.50.172.75 - - [14/Mar/2026:11:11:21 -0700] "GET /wp-admin/theme-install.php?browse=popular HTTP/2.0" 404 25274 "-" "Mozilla/5.0 (Windows NT 10.0; Win64; x64) AppleWebKit/537.36 (KHTML, like Gecko) Chrome/124.0.6367.207 Safari/537.36" 289 **0/289005**
209.50.172.75 - - [14/Mar/2026:11:11:22 -0700] "GET /wp-admin/theme-install.php?browse=popular HTTP/2.0" 404 25274 "-" "Mozilla/5.0 (Windows NT 10.0; Win64; x64) AppleWebKit/537.36 (KHTML, like Gecko) Chrome/124.0.6367.207 Safari/537.36" 237 **0/237034**
209.50.172.75 - - [14/Mar/2026:11:11:22 -0700] "GET /wp-admin/theme-install.php?browse=popular HTTP/2.0" 404 25274 "-" "Mozilla/5.0 (Windows NT 10.0; Win64; x64) AppleWebKit/537.36 (KHTML, like Gecko) Chrome/124.0.6367.207 Safari/537.36" 272 **0/272410**
209.50.172.75 - - [14/Mar/2026:11:11:23 -0700] "GET /wp-admin/theme-install.php?browse=popular HTTP/2.0" 404 25274 "-" "Mozilla/5.0 (Windows NT 10.0; Win64; x64) AppleWebKit/537.36 (KHTML, like Gecko) Chrome/124.0.6367.207 Safari/537.36" 239 **0/239685**
209.50.172.75 - - [14/Mar/2026:11:11:24 -0700] "GET /wp-admin/themes.php HTTP/2.0" 200 14869 "-" "Mozilla/5.0 (Windows NT 10.0; Win64; x64) AppleWebKit/537.36 (KHTML, like Gecko) Chrome/124.0.6367.207 Safari/537.36" 198 **0/198424**
209.50.172.75 - - [14/Mar/2026:11:11:25 -0700] "GET /wp-admin/theme-install.php?browse=popular HTTP/2.0" 404 25274 "-" "Mozilla/5.0 (Windows NT 10.0; Win64; x64) AppleWebKit/537.36 (KHTML, like Gecko) Chrome/124.0.6367.207 Safari/537.36" 308 **0/308806**
209.50.172.75 - - [14/Mar/2026:11:11:25 -0700] "GET /wp-admin/theme-install.php?browse=popular HTTP/2.0" 404 25274 "-" "Mozilla/5.0 (Windows NT 10.0; Win64; x64) AppleWebKit/537.36 (KHTML, like Gecko) Chrome/124.0.6367.207 Safari/537.36" 285 **0/285779**
209.50.172.75 - - [14/Mar/2026:11:11:26 -0700] "GET /wp-admin/theme-install.php?browse=popular HTTP/2.0" 404 25274 "-" "Mozilla/5.0 (Windows NT 10.0; Win64; x64) AppleWebKit/537.36 (KHTML, like Gecko) Chrome/124.0.6367.207 Safari/537.36" 250 **0/250908**
209.50.172.75 - - [14/Mar/2026:11:11:27 -0700] "GET /wp-admin/theme-install.php?browse=popular HTTP/2.0" 404 25274 "-" "Mozilla/5.0 (Windows NT 10.0; Win64; x64) AppleWebKit/537.36 (KHTML, like Gecko) Chrome/124.0.6367.207 Safari/537.36" 225 **0/225322**
209.50.172.75 - - [14/Mar/2026:11:11:28 -0700] "GET /wp-admin/theme-install.php?browse=popular HTTP/2.0" 404 25274 "-" "Mozilla/5.0 (Windows NT 10.0; Win64; x64) AppleWebKit/537.36 (KHTML, like Gecko) Chrome/124.0.6367.207 Safari/537.36" 204 **0/204977**
209.50.172.75 - - [14/Mar/2026:11:11:29 -0700] "GET /wp-admin/theme-install.php?browse=popular HTTP/2.0" 404 25274 "-" "Mozilla/5.0 (Windows NT 10.0; Win64; x64) AppleWebKit/537.36 (KHTML, like Gecko) Chrome/124.0.6367.207 Safari/537.36" 209 **0/209535**
209.50.172.75 - - [14/Mar/2026:11:11:29 -0700] "GET /wp-admin/theme-install.php?browse=popular HTTP/2.0" 404 25274 "-" "Mozilla/5.0 (Windows NT 10.0; Win64; x64) AppleWebKit/537.36 (KHTML, like Gecko) Chrome/124.0.6367.207 Safari/537.36" 271 **0/271459**
209.50.172.75 - - [14/Mar/2026:11:11:30 -0700] "GET /wp-admin/theme-install.php?browse=popular HTTP/2.0" 404 25274 "-" "Mozilla/5.0 (Windows NT 10.0; Win64; x64) AppleWebKit/537.36 (KHTML, like Gecko) Chrome/124.0.6367.207 Safari/537.36" 282 **0/282728**
74.7.230.0 - - [14/Mar/2026:11:11:31 -0700] "GET /robots.txt HTTP/2.0" 302 1 "-" "Mozilla/5.0 (Macintosh; Intel Mac OS X 10_15_7) AppleWebKit/537.36 (KHTML, like Gecko) Chrome/131.0.0.0 Safari/537.36; compatible; OAI-SearchBot/1.3; robots.txt; +https://openai.com/searchbot" 12 **0/12155**
74.7.230.0 - - [14/Mar/2026:11:11:31 -0700] "GET /amp.php HTTP/2.0" 302 1 "https://purplecapipl.com/robots.txt" "Mozilla/5.0 (Macintosh; Intel Mac OS X 10_15_7) AppleWebKit/537.36 (KHTML, like Gecko) Chrome/131.0.0.0 Safari/537.36; compatible; OAI-SearchBot/1.3; robots.txt; +https://openai.com/searchbot" 16 **0/16691**
209.50.172.75 - - [14/Mar/2026:11:11:31 -0700] "GET /wp-admin/theme-install.php?browse=popular HTTP/2.0" 404 25274 "-" "Mozilla/5.0 (Windows NT 10.0; Win64; x64) AppleWebKit/537.36 (KHTML, like Gecko) Chrome/124.0.6367.207 Safari/537.36" 250 **0/250709**
74.7.230.0 - - [14/Mar/2026:11:11:31 -0700] "GET /amp.php HTTP/2.0" 302 1 "https://purplecapipl.com/amp.php" "Mozilla/5.0 (Macintosh; Intel Mac OS X 10_15_7) AppleWebKit/537.36 (KHTML, like Gecko) Chrome/131.0.0.0 Safari/537.36; compatible; OAI-SearchBot/1.3; robots.txt; +https://openai.com/searchbot" 13 **0/13841**
74.7.230.0 - - [14/Mar/2026:11:11:32 -0700] "GET /amp.php HTTP/2.0" 302 1 "https://purplecapipl.com/amp.php" "Mozilla/5.0 (Macintosh; Intel Mac OS X 10_15_7) AppleWebKit/537.36 (KHTML, like Gecko) Chrome/131.0.0.0 Safari/537.36; compatible; OAI-SearchBot/1.3; robots.txt; +https://openai.com/searchbot" 8 **0/8004**
74.7.230.0 - - [14/Mar/2026:11:11:32 -0700] "GET /amp.php HTTP/2.0" 302 1 "https://purplecapipl.com/amp.php" "Mozilla/5.0 (Macintosh; Intel Mac OS X 10_15_7) AppleWebKit/537.36 (KHTML, like Gecko) Chrome/131.0.0.0 Safari/537.36; compatible; OAI-SearchBot/1.3; robots.txt; +https://openai.com/searchbot" 10 **0/10800**
74.7.230.0 - - [14/Mar/2026:11:11:32 -0700] "GET /amp.php HTTP/2.0" 302 1 "https://purplecapipl.com/amp.php" "Mozilla/5.0 (Macintosh; Intel Mac OS X 10_15_7) AppleWebKit/537.36 (KHTML, like Gecko) Chrome/131.0.0.0 Safari/537.36; compatible; OAI-SearchBot/1.3; robots.txt; +https://openai.com/searchbot" 10 **0/10704**
209.50.172.75 - - [14/Mar/2026:11:11:32 -0700] "GET /wp-admin/theme-install.php?browse=popular HTTP/2.0" 404 25274 "-" "Mozilla/5.0 (Windows NT 10.0; Win64; x64) AppleWebKit/537.36 (KHTML, like Gecko) Chrome/124.0.6367.207 Safari/537.36" 285 **0/285298**
209.50.172.75 - - [14/Mar/2026:11:11:33 -0700] "GET /wp-admin/themes.php HTTP/2.0" 200 14869 "-" "Mozilla/5.0 (Windows NT 10.0; Win64; x64) AppleWebKit/537.36 (KHTML, like Gecko) Chrome/124.0.6367.207 Safari/537.36" 208 **0/208936**
209.50.172.75 - - [14/Mar/2026:11:11:33 -0700] "GET /wp-admin/theme-install.php?browse=popular HTTP/2.0" 404 25274 "-" "Mozilla/5.0 (Windows NT 10.0; Win64; x64) AppleWebKit/537.36 (KHTML, like Gecko) Chrome/124.0.6367.207 Safari/537.36" 275 **0/275699**
209.50.172.75 - - [14/Mar/2026:11:11:34 -0700] "GET /wp-admin/theme-install.php?browse=popular HTTP/2.0" 404 25274 "-" "Mozilla/5.0 (Windows NT 10.0; Win64; x64) AppleWebKit/537.36 (KHTML, like Gecko) Chrome/124.0.6367.207 Safari/537.36" 229 **0/229160**
209.50.172.75 - - [14/Mar/2026:11:11:35 -0700] "GET /wp-admin/theme-install.php?browse=popular HTTP/2.0" 404 25274 "-" "Mozilla/5.0 (Windows NT 10.0; Win64; x64) AppleWebKit/537.36 (KHTML, like Gecko) Chrome/124.0.6367.207 Safari/537.36" 251 **0/251453**
209.50.172.75 - - [14/Mar/2026:11:11:36 -0700] "GET /wp-admin/theme-install.php?browse=popular HTTP/2.0" 404 25274 "-" "Mozilla/5.0 (Windows NT 10.0; Win64; x64) AppleWebKit/537.36 (KHTML, like Gecko) Chrome/124.0.6367.207 Safari/537.36" 217 **0/217184**
209.50.172.75 - - [14/Mar/2026:11:11:36 -0700] "GET /wp-admin/theme-install.php?browse=popular HTTP/2.0" 404 25274 "-" "Mozilla/5.0 (Windows NT 10.0; Win64; x64) AppleWebKit/537.36 (KHTML, like Gecko) Chrome/124.0.6367.207 Safari/537.36" 248 **0/248065**
209.50.172.75 - - [14/Mar/2026:11:11:37 -0700] "GET /wp-admin/theme-install.php?browse=popular HTTP/2.0" 404 25274 "-" "Mozilla/5.0 (Windows NT 10.0; Win64; x64) AppleWebKit/537.36 (KHTML, like Gecko) Chrome/124.0.6367.207 Safari/537.36" 204 **0/204204**
209.50.172.75 - - [14/Mar/2026:11:11:38 -0700] "GET /wp-admin/theme-install.php?browse=popular HTTP/2.0" 404 25274 "-" "Mozilla/5.0 (Windows NT 10.0; Win64; x64) AppleWebKit/537.36 (KHTML, like Gecko) Chrome/124.0.6367.207 Safari/537.36" 228 **0/228091**
209.50.172.75 - - [14/Mar/2026:11:11:39 -0700] "GET /wp-admin/theme-install.php?browse=popular HTTP/2.0" 404 25274 "-" "Mozilla/5.0 (Windows NT 10.0; Win64; x64) AppleWebKit/537.36 (KHTML, like Gecko) Chrome/124.0.6367.207 Safari/537.36" 229 **0/229443**
209.50.172.75 - - [14/Mar/2026:11:11:40 -0700] "GET /wp-admin/theme-install.php?browse=popular HTTP/2.0" 404 25274 "-" "Mozilla/5.0 (Windows NT 10.0; Win64; x64) AppleWebKit/537.36 (KHTML, like Gecko) Chrome/124.0.6367.207 Safari/537.36" 245 **0/245527**
209.50.172.75 - - [14/Mar/2026:11:11:41 -0700] "GET /wp-admin/theme-install.php?browse=popular HTTP/2.0" 404 25274 "-" "Mozilla/5.0 (Windows NT 10.0; Win64; x64) AppleWebKit/537.36 (KHTML, like Gecko) Chrome/124.0.6367.207 Safari/537.36" 200 **0/200765**
209.50.172.75 - - [14/Mar/2026:11:11:41 -0700] "GET /wp-admin/themes.php HTTP/2.0" 200 14869 "-" "Mozilla/5.0 (Windows NT 10.0; Win64; x64) AppleWebKit/537.36 (KHTML, like Gecko) Chrome/124.0.6367.207 Safari/537.36" 148 **0/148803**
209.50.172.75 - - [14/Mar/2026:11:11:42 -0700] "GET /wp-admin/theme-install.php?browse=popular HTTP/2.0" 404 25274 "-" "Mozilla/5.0 (Windows NT 10.0; Win64; x64) AppleWebKit/537.36 (KHTML, like Gecko) Chrome/124.0.6367.207 Safari/537.36" 266 **0/266827**
209.50.172.75 - - [14/Mar/2026:11:11:43 -0700] "GET /wp-admin/theme-install.php?browse=popular HTTP/2.0" 404 25274 "-" "Mozilla/5.0 (Windows NT 10.0; Win64; x64) AppleWebKit/537.36 (KHTML, like Gecko) Chrome/124.0.6367.207 Safari/537.36" 223 **0/223894**
209.50.172.75 - - [14/Mar/2026:11:11:43 -0700] "GET /wp-admin/theme-install.php?browse=popular HTTP/2.0" 404 25274 "-" "Mozilla/5.0 (Windows NT 10.0; Win64; x64) AppleWebKit/537.36 (KHTML, like Gecko) Chrome/124.0.6367.207 Safari/537.36" 229 **0/229942**
209.50.172.75 - - [14/Mar/2026:11:11:44 -0700] "GET /wp-admin/theme-install.php?browse=popular HTTP/2.0" 404 25274 "-" "Mozilla/5.0 (Windows NT 10.0; Win64; x64) AppleWebKit/537.36 (KHTML, like Gecko) Chrome/124.0.6367.207 Safari/537.36" 235 **0/235946**
209.50.172.75 - - [14/Mar/2026:11:11:45 -0700] "GET /wp-admin/theme-install.php?browse=popular HTTP/2.0" 404 25274 "-" "Mozilla/5.0 (Windows NT 10.0; Win64; x64) AppleWebKit/537.36 (KHTML, like Gecko) Chrome/124.0.6367.207 Safari/537.36" 271 **0/271591**
209.50.172.75 - - [14/Mar/2026:11:11:46 -0700] "GET /wp-admin/theme-install.php?browse=popular HTTP/2.0" 404 25274 "-" "Mozilla/5.0 (Windows NT 10.0; Win64; x64) AppleWebKit/537.36 (KHTML, like Gecko) Chrome/124.0.6367.207 Safari/537.36" 264 **0/264999**
209.50.172.75 - - [14/Mar/2026:11:11:47 -0700] "GET /wp-admin/theme-install.php?browse=popular HTTP/2.0" 404 25274 "-" "Mozilla/5.0 (Windows NT 10.0; Win64; x64) AppleWebKit/537.36 (KHTML, like Gecko) Chrome/124.0.6367.207 Safari/537.36" 290 **0/290963**
209.50.172.75 - - [14/Mar/2026:11:11:48 -0700] "GET /wp-admin/theme-install.php?browse=popular HTTP/2.0" 404 25274 "-" "Mozilla/5.0 (Windows NT 10.0; Win64; x64) AppleWebKit/537.36 (KHTML, like Gecko) Chrome/124.0.6367.207 Safari/537.36" 284 **0/284078**
209.50.172.75 - - [14/Mar/2026:11:11:49 -0700] "GET /wp-admin/theme-install.php?browse=popular HTTP/2.0" 404 25274 "-" "Mozilla/5.0 (Windows NT 10.0; Win64; x64) AppleWebKit/537.36 (KHTML, like Gecko) Chrome/124.0.6367.207 Safari/537.36" 238 **0/238171**
209.50.172.75 - - [14/Mar/2026:11:11:49 -0700] "GET /wp-admin/theme-install.php?browse=popular HTTP/2.0" 404 25274 "-" "Mozilla/5.0 (Windows NT 10.0; Win64; x64) AppleWebKit/537.36 (KHTML, like Gecko) Chrome/124.0.6367.207 Safari/537.36" 229 **0/229615**
209.50.172.75 - - [14/Mar/2026:11:11:50 -0700] "GET /wp-admin/themes.php HTTP/2.0" 200 14868 "-" "Mozilla/5.0 (Windows NT 10.0; Win64; x64) AppleWebKit/537.36 (KHTML, like Gecko) Chrome/124.0.6367.207 Safari/537.36" 135 **0/135162**
209.50.172.75 - - [14/Mar/2026:11:11:50 -0700] "GET /wp-admin/theme-install.php?browse=popular HTTP/2.0" 404 25274 "-" "Mozilla/5.0 (Windows NT 10.0; Win64; x64) AppleWebKit/537.36 (KHTML, like Gecko) Chrome/124.0.6367.207 Safari/537.36" 248 **0/248441**
209.50.172.75 - - [14/Mar/2026:11:11:51 -0700] "GET /wp-admin/theme-install.php?browse=popular HTTP/2.0" 404 25274 "-" "Mozilla/5.0 (Windows NT 10.0; Win64; x64) AppleWebKit/537.36 (KHTML, like Gecko) Chrome/124.0.6367.207 Safari/537.36" 240 **0/240261**
209.50.172.75 - - [14/Mar/2026:11:11:52 -0700] "GET /wp-admin/theme-install.php?browse=popular HTTP/2.0" 404 25274 "-" "Mozilla/5.0 (Windows NT 10.0; Win64; x64) AppleWebKit/537.36 (KHTML, like Gecko) Chrome/124.0.6367.207 Safari/537.36" 225 **0/225370**
209.50.172.75 - - [14/Mar/2026:11:11:53 -0700] "GET /wp-admin/theme-install.php?browse=popular HTTP/2.0" 404 25274 "-" "Mozilla/5.0 (Windows NT 10.0; Win64; x64) AppleWebKit/537.36 (KHTML, like Gecko) Chrome/124.0.6367.207 Safari/537.36" 212 **0/212549**
209.50.172.75 - - [14/Mar/2026:11:11:54 -0700] "GET /wp-admin/theme-install.php?browse=popular HTTP/2.0" 404 25274 "-" "Mozilla/5.0 (Windows NT 10.0; Win64; x64) AppleWebKit/537.36 (KHTML, like Gecko) Chrome/124.0.6367.207 Safari/537.36" 228 **0/228338**
209.50.172.75 - - [14/Mar/2026:11:11:54 -0700] "GET /wp-admin/theme-install.php?browse=popular HTTP/2.0" 404 25274 "-" "Mozilla/5.0 (Windows NT 10.0; Win64; x64) AppleWebKit/537.36 (KHTML, like Gecko) Chrome/124.0.6367.207 Safari/537.36" 253 **0/253925**
209.50.172.75 - - [14/Mar/2026:11:11:55 -0700] "GET /wp-admin/theme-install.php?browse=popular HTTP/2.0" 404 25274 "-" "Mozilla/5.0 (Windows NT 10.0; Win64; x64) AppleWebKit/537.36 (KHTML, like Gecko) Chrome/124.0.6367.207 Safari/537.36" 241 **0/241809**
209.50.172.75 - - [14/Mar/2026:11:11:56 -0700] "GET /wp-admin/theme-install.php?browse=popular HTTP/2.0" 404 25274 "-" "Mozilla/5.0 (Windows NT 10.0; Win64; x64) AppleWebKit/537.36 (KHTML, like Gecko) Chrome/124.0.6367.207 Safari/537.36" 216 **0/216742**
209.50.172.75 - - [14/Mar/2026:11:11:57 -0700] "GET /wp-admin/theme-install.php?browse=popular HTTP/2.0" 404 25274 "-" "Mozilla/5.0 (Windows NT 10.0; Win64; x64) AppleWebKit/537.36 (KHTML, like Gecko) Chrome/124.0.6367.207 Safari/537.36" 228 **0/228460**
209.50.172.75 - - [14/Mar/2026:11:11:58 -0700] "GET /wp-admin/theme-install.php?browse=popular HTTP/2.0" 404 25274 "-" "Mozilla/5.0 (Windows NT 10.0; Win64; x64) AppleWebKit/537.36 (KHTML, like Gecko) Chrome/124.0.6367.207 Safari/537.36" 218 **0/218305**
209.50.172.75 - - [14/Mar/2026:11:11:59 -0700] "GET /wp-admin/themes.php HTTP/2.0" 200 14869 "-" "Mozilla/5.0 (Windows NT 10.0; Win64; x64) AppleWebKit/537.36 (KHTML, like Gecko) Chrome/124.0.6367.207 Safari/537.36" 114 **0/114336**
209.50.172.75 - - [14/Mar/2026:11:11:59 -0700] "GET /wp-admin/theme-install.php?browse=popular HTTP/2.0" 404 25274 "-" "Mozilla/5.0 (Windows NT 10.0; Win64; x64) AppleWebKit/537.36 (KHTML, like Gecko) Chrome/124.0.6367.207 Safari/537.36" 223 **0/223849**
209.50.172.75 - - [14/Mar/2026:11:12:00 -0700] "GET /wp-admin/theme-install.php?browse=popular HTTP/2.0" 404 25274 "-" "Mozilla/5.0 (Windows NT 10.0; Win64; x64) AppleWebKit/537.36 (KHTML, like Gecko) Chrome/124.0.6367.207 Safari/537.36" 255 **0/255502**
209.50.172.75 - - [14/Mar/2026:11:12:01 -0700] "GET /wp-admin/theme-install.php?browse=popular HTTP/2.0" 404 25274 "-" "Mozilla/5.0 (Windows NT 10.0; Win64; x64) AppleWebKit/537.36 (KHTML, like Gecko) Chrome/124.0.6367.207 Safari/537.36" 484 **0/484452**
209.50.172.75 - - [14/Mar/2026:11:12:02 -0700] "GET /wp-admin/theme-install.php?browse=popular HTTP/2.0" 404 25274 "-" "Mozilla/5.0 (Windows NT 10.0; Win64; x64) AppleWebKit/537.36 (KHTML, like Gecko) Chrome/124.0.6367.207 Safari/537.36" 411 **0/411113**
209.50.172.75 - - [14/Mar/2026:11:12:03 -0700] "GET /wp-admin/theme-install.php?browse=popular HTTP/2.0" 404 25274 "-" "Mozilla/5.0 (Windows NT 10.0; Win64; x64) AppleWebKit/537.36 (KHTML, like Gecko) Chrome/124.0.6367.207 Safari/537.36" 334 **0/334562**
209.50.172.75 - - [14/Mar/2026:11:12:04 -0700] "GET /wp-admin/theme-install.php?browse=popular HTTP/2.0" 404 25274 "-" "Mozilla/5.0 (Windows NT 10.0; Win64; x64) AppleWebKit/537.36 (KHTML, like Gecko) Chrome/124.0.6367.207 Safari/537.36" 302 **0/302209**
209.50.172.75 - - [14/Mar/2026:11:12:05 -0700] "GET /wp-admin/theme-install.php?browse=popular HTTP/2.0" 404 25274 "-" "Mozilla/5.0 (Windows NT 10.0; Win64; x64) AppleWebKit/537.36 (KHTML, like Gecko) Chrome/124.0.6367.207 Safari/537.36" 248 **0/248677**
209.50.172.75 - - [14/Mar/2026:11:12:06 -0700] "GET /wp-admin/theme-install.php?browse=popular HTTP/2.0" 404 25274 "-" "Mozilla/5.0 (Windows NT 10.0; Win64; x64) AppleWebKit/537.36 (KHTML, like Gecko) Chrome/124.0.6367.207 Safari/537.36" 223 **0/223944**
114.119.159.121 - - [14/Mar/2026:11:12:06 -0700] "GET /1xbet/fdl-strtyjyt-1xbet-wkyfy-lrbh-llmrhnt-twyl-lmd-2/ HTTP/1.1" 302 - "https://purplecapipl.com/aviator-ng/aviator-application-find-legit-aviator-apps-that-pay-out-real-money-2/" "Mozilla/5.0 (Linux; Android 7.0;) AppleWebKit/537.36 (KHTML, like Gecko) Mobile Safari/537.36 (compatible; PetalBot;+https://webmaster.petalsearch.com/site/petalbot)" 14 **0/14022**
209.50.172.75 - - [14/Mar/2026:11:12:07 -0700] "GET /wp-admin/theme-install.php?browse=popular HTTP/2.0" 404 25274 "-" "Mozilla/5.0 (Windows NT 10.0; Win64; x64) AppleWebKit/537.36 (KHTML, like Gecko) Chrome/124.0.6367.207 Safari/537.36" 185 **0/185243**
209.50.172.75 - - [14/Mar/2026:11:12:07 -0700] "GET /wp-admin/theme-install.php?browse=popular HTTP/2.0" 404 25274 "-" "Mozilla/5.0 (Windows NT 10.0; Win64; x64) AppleWebKit/537.36 (KHTML, like Gecko) Chrome/124.0.6367.207 Safari/537.36" 203 **0/203902**
209.50.172.75 - - [14/Mar/2026:11:12:08 -0700] "GET /wp-admin/themes.php HTTP/2.0" 200 14867 "-" "Mozilla/5.0 (Windows NT 10.0; Win64; x64) AppleWebKit/537.36 (KHTML, like Gecko) Chrome/124.0.6367.207 Safari/537.36" 143 **0/143040**
114.119.159.121 - - [14/Mar/2026:11:12:08 -0700] "GET /amp.php HTTP/1.1" 302 - "https://purplecapipl.com/aviator-ng/aviator-application-find-legit-aviator-apps-that-pay-out-real-money-2/" "Mozilla/5.0 (Linux; Android 7.0;) AppleWebKit/537.36 (KHTML, like Gecko) Mobile Safari/537.36 (compatible; PetalBot;+https://webmaster.petalsearch.com/site/petalbot)" 6 **0/6978**
209.50.172.75 - - [14/Mar/2026:11:12:09 -0700] "GET /wp-admin/theme-install.php?browse=popular HTTP/2.0" 404 25274 "-" "Mozilla/5.0 (Windows NT 10.0; Win64; x64) AppleWebKit/537.36 (KHTML, like Gecko) Chrome/124.0.6367.207 Safari/537.36" 229 **0/229017**
114.119.159.121 - - [14/Mar/2026:11:12:09 -0700] "GET /amp.php HTTP/1.1" 302 - "https://purplecapipl.com/aviator-ng/aviator-application-find-legit-aviator-apps-that-pay-out-real-money-2/" "Mozilla/5.0 (Linux; Android 7.0;) AppleWebKit/537.36 (KHTML, like Gecko) Mobile Safari/537.36 (compatible; PetalBot;+https://webmaster.petalsearch.com/site/petalbot)" 8 **0/8826**
209.50.172.75 - - [14/Mar/2026:11:12:10 -0700] "GET /wp-admin/theme-install.php?browse=popular HTTP/2.0" 404 25274 "-" "Mozilla/5.0 (Windows NT 10.0; Win64; x64) AppleWebKit/537.36 (KHTML, like Gecko) Chrome/124.0.6367.207 Safari/537.36" 217 **0/217677**
209.50.172.75 - - [14/Mar/2026:11:12:10 -0700] "GET /wp-admin/theme-install.php?browse=popular HTTP/2.0" 404 25274 "-" "Mozilla/5.0 (Windows NT 10.0; Win64; x64) AppleWebKit/537.36 (KHTML, like Gecko) Chrome/124.0.6367.207 Safari/537.36" 207 **0/207017**
209.50.172.75 - - [14/Mar/2026:11:12:11 -0700] "GET /wp-admin/theme-install.php?browse=popular HTTP/2.0" 404 25274 "-" "Mozilla/5.0 (Windows NT 10.0; Win64; x64) AppleWebKit/537.36 (KHTML, like Gecko) Chrome/124.0.6367.207 Safari/537.36" 233 **0/233198**
114.119.159.121 - - [14/Mar/2026:11:12:12 -0700] "GET /amp.php HTTP/1.1" 302 - "https://purplecapipl.com/aviator-ng/aviator-application-find-legit-aviator-apps-that-pay-out-real-money-2/" "Mozilla/5.0 (Linux; Android 7.0;) AppleWebKit/537.36 (KHTML, like Gecko) Mobile Safari/537.36 (compatible; PetalBot;+https://webmaster.petalsearch.com/site/petalbot)" 14 **0/14671**
209.50.172.75 - - [14/Mar/2026:11:12:12 -0700] "GET /wp-admin/theme-install.php?browse=popular HTTP/2.0" 404 25274 "-" "Mozilla/5.0 (Windows NT 10.0; Win64; x64) AppleWebKit/537.36 (KHTML, like Gecko) Chrome/124.0.6367.207 Safari/537.36" 273 **0/273293**
114.119.159.121 - - [14/Mar/2026:11:12:13 -0700] "GET /amp.php HTTP/1.1" 302 - "https://purplecapipl.com/aviator-ng/aviator-application-find-legit-aviator-apps-that-pay-out-real-money-2/" "Mozilla/5.0 (Linux; Android 7.0;) AppleWebKit/537.36 (KHTML, like Gecko) Mobile Safari/537.36 (compatible; PetalBot;+https://webmaster.petalsearch.com/site/petalbot)" 8 **0/8002**
209.50.172.75 - - [14/Mar/2026:11:12:13 -0700] "GET /wp-admin/theme-install.php?browse=popular HTTP/2.0" 404 25274 "-" "Mozilla/5.0 (Windows NT 10.0; Win64; x64) AppleWebKit/537.36 (KHTML, like Gecko) Chrome/124.0.6367.207 Safari/537.36" 245 **0/245473**
114.119.159.121 - - [14/Mar/2026:11:12:14 -0700] "GET /amp.php HTTP/1.1" 302 - "https://purplecapipl.com/aviator-ng/aviator-application-find-legit-aviator-apps-that-pay-out-real-money-2/" "Mozilla/5.0 (Linux; Android 7.0;) AppleWebKit/537.36 (KHTML, like Gecko) Mobile Safari/537.36 (compatible; PetalBot;+https://webmaster.petalsearch.com/site/petalbot)" 8 **0/8803**
209.50.172.75 - - [14/Mar/2026:11:12:14 -0700] "GET /wp-admin/theme-install.php?browse=popular HTTP/2.0" 404 25274 "-" "Mozilla/5.0 (Windows NT 10.0; Win64; x64) AppleWebKit/537.36 (KHTML, like Gecko) Chrome/124.0.6367.207 Safari/537.36" 231 **0/231717**
209.50.172.75 - - [14/Mar/2026:11:12:14 -0700] "GET /wp-admin/theme-install.php?browse=popular HTTP/2.0" 404 25274 "-" "Mozilla/5.0 (Windows NT 10.0; Win64; x64) AppleWebKit/537.36 (KHTML, like Gecko) Chrome/124.0.6367.207 Safari/537.36" 236 **0/236242**
114.119.159.121 - - [14/Mar/2026:11:12:15 -0700] "GET /amp.php HTTP/1.1" 302 - "https://purplecapipl.com/aviator-ng/aviator-application-find-legit-aviator-apps-that-pay-out-real-money-2/" "Mozilla/5.0 (Linux; Android 7.0;) AppleWebKit/537.36 (KHTML, like Gecko) Mobile Safari/537.36 (compatible; PetalBot;+https://webmaster.petalsearch.com/site/petalbot)" 10 **0/10356**
209.50.172.75 - - [14/Mar/2026:11:12:15 -0700] "GET /wp-admin/theme-install.php?browse=popular HTTP/2.0" 404 25274 "-" "Mozilla/5.0 (Windows NT 10.0; Win64; x64) AppleWebKit/537.36 (KHTML, like Gecko) Chrome/124.0.6367.207 Safari/537.36" 231 **0/231941**
209.50.172.75 - - [14/Mar/2026:11:12:16 -0700] "GET /wp-admin/theme-install.php?browse=popular HTTP/2.0" 404 25274 "-" "Mozilla/5.0 (Windows NT 10.0; Win64; x64) AppleWebKit/537.36 (KHTML, like Gecko) Chrome/124.0.6367.207 Safari/537.36" 293 **0/293299**
209.50.172.75 - - [14/Mar/2026:11:12:17 -0700] "GET /wp-admin/plugins.php HTTP/2.0" 200 19688 "-" "Mozilla/5.0 (Windows NT 10.0; Win64; x64) AppleWebKit/537.36 (KHTML, like Gecko) Chrome/124.0.6367.207 Safari/537.36" 175 **0/175950**
114.119.159.121 - - [14/Mar/2026:11:12:17 -0700] "GET /amp.php HTTP/1.1" 302 - "https://purplecapipl.com/aviator-ng/aviator-application-find-legit-aviator-apps-that-pay-out-real-money-2/" "Mozilla/5.0 (Linux; Android 7.0;) AppleWebKit/537.36 (KHTML, like Gecko) Mobile Safari/537.36 (compatible; PetalBot;+https://webmaster.petalsearch.com/site/petalbot)" 8 **0/8024**
114.119.159.121 - - [14/Mar/2026:11:12:18 -0700] "GET /amp.php HTTP/1.1" 302 - "https://purplecapipl.com/aviator-ng/aviator-application-find-legit-aviator-apps-that-pay-out-real-money-2/" "Mozilla/5.0 (Linux; Android 7.0;) AppleWebKit/537.36 (KHTML, like Gecko) Mobile Safari/537.36 (compatible; PetalBot;+https://webmaster.petalsearch.com/site/petalbot)" 7 **0/7435**
57.141.2.50 - - [14/Mar/2026:11:12:19 -0700] "GET /tag/betting-odds-cricket-t20/ HTTP/2.0" 302 - "-" "meta-externalagent/1.1 (+https://developers.facebook.com/docs/sharing/webmasters/crawler)" 11 **0/11634**
114.119.159.121 - - [14/Mar/2026:11:12:20 -0700] "GET /amp.php HTTP/1.1" 302 - "https://purplecapipl.com/aviator-ng/aviator-application-find-legit-aviator-apps-that-pay-out-real-money-2/" "Mozilla/5.0 (Linux; Android 7.0;) AppleWebKit/537.36 (KHTML, like Gecko) Mobile Safari/537.36 (compatible; PetalBot;+https://webmaster.petalsearch.com/site/petalbot)" 19 **0/19516**
57.141.2.18 - - [14/Mar/2026:11:12:21 -0700] "GET /amp.php HTTP/2.0" 302 - "-" "meta-externalagent/1.1 (+https://developers.facebook.com/docs/sharing/webmasters/crawler)" 9 **0/9300**
57.141.2.54 - - [14/Mar/2026:11:12:23 -0700] "GET /amp.php HTTP/2.0" 302 - "-" "meta-externalagent/1.1 (+https://developers.facebook.com/docs/sharing/webmasters/crawler)" 8 **0/8483**
57.141.2.65 - - [14/Mar/2026:11:12:25 -0700] "GET /amp.php HTTP/2.0" 302 - "-" "meta-externalagent/1.1 (+https://developers.facebook.com/docs/sharing/webmasters/crawler)" 10 **0/10950**
209.50.172.75 - - [14/Mar/2026:11:12:18 -0700] "POST /wp-admin/admin-ajax.php HTTP/2.0" 200 113 "https://purplecapipl.com/wp-admin/admin-ajax.php" "Mozilla/5.0 (Windows NT 10.0; Win64; x64) AppleWebKit/537.36 (KHTML, like Gecko) Chrome/124.0.6367.207 Safari/537.36" 7523 **7/7523626**
209.50.172.75 - - [14/Mar/2026:11:12:26 -0700] "GET /wp-admin/plugins.php HTTP/2.0" 200 19685 "-" "Mozilla/5.0 (Windows NT 10.0; Win64; x64) AppleWebKit/537.36 (KHTML, like Gecko) Chrome/124.0.6367.207 Safari/537.36" 226 **0/226378**
209.50.172.75 - - [14/Mar/2026:11:12:26 -0700] "GET /wp-admin/plugins.php HTTP/2.0" 200 19685 "-" "Mozilla/5.0 (Windows NT 10.0; Win64; x64) AppleWebKit/537.36 (KHTML, like Gecko) Chrome/124.0.6367.207 Safari/537.36" 185 **0/185126**
209.50.172.75 - - [14/Mar/2026:11:12:27 -0700] "GET /wp-admin/plugins.php HTTP/2.0" 200 19682 "-" "Mozilla/5.0 (Windows NT 10.0; Win64; x64) AppleWebKit/537.36 (KHTML, like Gecko) Chrome/124.0.6367.207 Safari/537.36" 208 **0/208646**
209.50.172.75 - - [14/Mar/2026:11:12:28 -0700] "GET /wp-admin/plugins.php HTTP/2.0" 200 19678 "-" "Mozilla/5.0 (Windows NT 10.0; Win64; x64) AppleWebKit/537.36 (KHTML, like Gecko) Chrome/124.0.6367.207 Safari/537.36" 181 **0/181314**
209.50.172.75 - - [14/Mar/2026:11:12:28 -0700] "GET /wp-admin/plugins.php HTTP/2.0" 200 19678 "-" "Mozilla/5.0 (Windows NT 10.0; Win64; x64) AppleWebKit/537.36 (KHTML, like Gecko) Chrome/124.0.6367.207 Safari/537.36" 181 **0/181855**
209.50.172.75 - - [14/Mar/2026:11:12:29 -0700] "GET /wp-admin/plugins.php HTTP/2.0" 200 19682 "-" "Mozilla/5.0 (Windows NT 10.0; Win64; x64) AppleWebKit/537.36 (KHTML, like Gecko) Chrome/124.0.6367.207 Safari/537.36" 164 **0/164361**
209.50.172.75 - - [14/Mar/2026:11:12:30 -0700] "GET /wp-admin/plugins.php HTTP/2.0" 200 19679 "-" "Mozilla/5.0 (Windows NT 10.0; Win64; x64) AppleWebKit/537.36 (KHTML, like Gecko) Chrome/124.0.6367.207 Safari/537.36" 192 **0/192979**
209.50.172.75 - - [14/Mar/2026:11:12:31 -0700] "GET /wp-admin/plugins.php HTTP/2.0" 200 19681 "-" "Mozilla/5.0 (Windows NT 10.0; Win64; x64) AppleWebKit/537.36 (KHTML, like Gecko) Chrome/124.0.6367.207 Safari/537.36" 184 **0/184328**
209.50.172.75 - - [14/Mar/2026:11:12:31 -0700] "GET /wp-admin/plugins.php HTTP/2.0" 200 19681 "-" "Mozilla/5.0 (Windows NT 10.0; Win64; x64) AppleWebKit/537.36 (KHTML, like Gecko) Chrome/124.0.6367.207 Safari/537.36" 150 **0/150775**
209.50.172.75 - - [14/Mar/2026:11:12:32 -0700] "GET /wp-admin/plugins.php HTTP/2.0" 200 19679 "-" "Mozilla/5.0 (Windows NT 10.0; Win64; x64) AppleWebKit/537.36 (KHTML, like Gecko) Chrome/124.0.6367.207 Safari/537.36" 183 **0/183943**
209.50.172.75 - - [14/Mar/2026:11:12:33 -0700] "GET /wp-admin/admin.php?page=wp_file_manager HTTP/2.0" 200 12280 "-" "Mozilla/5.0 (Windows NT 10.0; Win64; x64) AppleWebKit/537.36 (KHTML, like Gecko) Chrome/124.0.6367.207 Safari/537.36" 144 **0/144702**
209.50.172.75 - - [14/Mar/2026:11:12:33 -0700] "GET /wp-admin/admin-ajax.php?action=mk_file_folder_manager&_wpnonce=7980577558&networkhref=&cmd=tree&target=l1_Lw&reqid=fb788a06df2ca50c4133b0950dbb HTTP/2.0" 200 748 "-" "Mozilla/5.0 (Windows NT 10.0; Win64; x64) AppleWebKit/537.36 (KHTML, like Gecko) Chrome/124.0.6367.207 Safari/537.36" 276 **0/276692**
209.50.172.75 - - [14/Mar/2026:11:12:34 -0700] "GET /wp-admin/admin-ajax.php?action=mk_file_folder_manager&_wpnonce=7980577558&networkhref=&cmd=tree&target=l1_Lw&reqid=5b162078e8e2deae926fdcc827ec HTTP/2.0" 200 748 "-" "Mozilla/5.0 (Windows NT 10.0; Win64; x64) AppleWebKit/537.36 (KHTML, like Gecko) Chrome/124.0.6367.207 Safari/537.36" 96 **0/96245**
209.50.172.75 - - [14/Mar/2026:11:12:35 -0700] "GET /wp-admin/admin-ajax.php?action=mk_file_folder_manager&_wpnonce=7980577558&networkhref=&cmd=tree&target=l1_LndlbGwta25vd24&reqid=2e6f5ae4bd1684aab353dfc7111f HTTP/2.0" 200 187 "-" "Mozilla/5.0 (Windows NT 10.0; Win64; x64) AppleWebKit/537.36 (KHTML, like Gecko) Chrome/124.0.6367.207 Safari/537.36" 82 **0/82414**
209.50.172.75 - - [14/Mar/2026:11:12:35 -0700] "GET /wp-admin/admin-ajax.php?action=mk_file_folder_manager&_wpnonce=7980577558&networkhref=&cmd=tree&target=l1_d3AtaW5jbHVkZXM&reqid=f8bdab977e669190092809dad95c HTTP/2.0" 200 737 "-" "Mozilla/5.0 (Windows NT 10.0; Win64; x64) AppleWebKit/537.36 (KHTML, like Gecko) Chrome/124.0.6367.207 Safari/537.36" 287 **0/287264**
209.50.172.75 - - [14/Mar/2026:11:12:36 -0700] "GET /wp-admin/admin-ajax.php?action=mk_file_folder_manager&_wpnonce=7980577558&networkhref=&cmd=tree&target=l1_d3AtYWRtaW4&reqid=9b565531d4ba5b55a771c433587e HTTP/2.0" 200 289 "-" "Mozilla/5.0 (Windows NT 10.0; Win64; x64) AppleWebKit/537.36 (KHTML, like Gecko) Chrome/124.0.6367.207 Safari/537.36" 167 **0/167587**
209.50.172.75 - - [14/Mar/2026:11:12:36 -0700] "GET /wp-admin/admin-ajax.php?action=mk_file_folder_manager&_wpnonce=7980577558&networkhref=&cmd=tree&target=l1_Y2dpLWJpbg&reqid=da3894b4a517c743fdc6082bb90f HTTP/2.0" 200 122 "-" "Mozilla/5.0 (Windows NT 10.0; Win64; x64) AppleWebKit/537.36 (KHTML, like Gecko) Chrome/124.0.6367.207 Safari/537.36" 78 **0/78672**
209.50.172.75 - - [14/Mar/2026:11:12:37 -0700] "GET /wp-admin/admin-ajax.php?action=mk_file_folder_manager&_wpnonce=7980577558&networkhref=&cmd=tree&target=l1_d3AtY29udGVudA&reqid=cb12e296d8b976ff7115e9c493d0 HTTP/2.0" 200 469 "-" "Mozilla/5.0 (Windows NT 10.0; Win64; x64) AppleWebKit/537.36 (KHTML, like Gecko) Chrome/124.0.6367.207 Safari/537.36" 84 **0/84010**
209.50.172.75 - - [14/Mar/2026:11:12:37 -0700] "GET /wp-admin/admin-ajax.php?action=mk_file_folder_manager&_wpnonce=7980577558&networkhref=&cmd=mkfile&name=post-1773511993.php&target=l1_d3AtYWRtaW4vdXNlcg&reqid=905d016f5b3310a2393e0019c557 HTTP/2.0" 200 187 "-" "Mozilla/5.0 (Windows NT 10.0; Win64; x64) AppleWebKit/537.36 (KHTML, like Gecko) Chrome/124.0.6367.207 Safari/537.36" 82 **0/82837**
209.50.172.75 - - [14/Mar/2026:11:12:38 -0700] "POST /wp-admin/admin-ajax.php HTTP/2.0" 200 156 "https://purplecapipl.com/wp-admin/admin-ajax.php" "Mozilla/5.0 (Windows NT 10.0; Win64; x64) AppleWebKit/537.36 (KHTML, like Gecko) Chrome/124.0.6367.207 Safari/537.36" 8654 **8/8654910**
209.50.172.75 - - [14/Mar/2026:11:12:47 -0700] "POST /wp-admin/admin-ajax.php?action=mk_file_folder_manager&_wpnonce=7980577558&networkhref=&cmd=open&target=l1_d3AtYWRtaW4vdXNlcg&reqid=1933df461dfef8c4890028136058 HTTP/2.0" 200 879 "https://purplecapipl.com/wp-admin/admin-ajax.php?action=mk_file_folder_manager&_wpnonce=7980577558&networkhref=&cmd=open&target=l1_d3AtYWRtaW4vdXNlcg&reqid=1933df461dfef8c4890028136058" "Mozilla/5.0 (Windows NT 10.0; Win64; x64) AppleWebKit/537.36 (KHTML, like Gecko) Chrome/124.0.6367.207 Safari/537.36" 97 **0/97138**
209.50.172.75 - - [14/Mar/2026:11:12:49 -0700] "GET /wp-admin/user/post-1773511993.php HTTP/2.0" 404 24241 "-" "Mozilla/5.0 (Macintosh; Intel Mac OS X 13_5) AppleWebKit/605.1.15 (KHTML, like Gecko) Version/17.5 Safari/605.1.15" 238 **0/238671**
104.207.34.220 - - [14/Mar/2026:11:12:51 -0700] "GET /wp-admin/user/post-1773511993.php HTTP/2.0" 404 24241 "-" "Mozilla/5.0 (Windows NT 10.0; Win64; x64) AppleWebKit/537.36 (KHTML, like Gecko) Chrome/124.0.6367.207 Safari/537.36" 253 **0/253317**
118.139.180.95 - - [14/Mar/2026:11:12:52 -0700] "POST /wp-cron.php?doing_wp_cron=1773511972.9262430667877197265625 HTTP/1.1" 200 - "-" "WordPress/6.9.4; https://purplecapipl.com" 19 **0/19443**
103.219.169.135 - - [14/Mar/2026:11:12:52 -0700] "POST /xmlrpc.php HTTP/1.1" 200 180 "-" "Mozilla/5.0 (Windows NT 10.0; Win64; x64) AppleWebKit/537.36 (KHTML, like Gecko) Chrome/114.0.0.0 Safari/537.36" 285 **0/285888**
65.111.25.183 - - [14/Mar/2026:11:12:52 -0700] "GET /wp-admin/user/post-1773511993.php HTTP/2.0" 404 24241 "-" "Mozilla/5.0 (Macintosh; Intel Mac OS X 13_5) AppleWebKit/605.1.15 (KHTML, like Gecko) Version/17.5 Safari/605.1.15" 227 **0/227719**
65.111.1.169 - - [14/Mar/2026:11:12:56 -0700] "GET /wp-admin/user/post-1773511993.php HTTP/2.0" 404 24241 "-" "Mozilla/5.0 (Macintosh; Intel Mac OS X 13_5) AppleWebKit/605.1.15 (KHTML, like Gecko) Version/17.5 Safari/605.1.15" 254 **0/254270**
65.111.10.11 - - [14/Mar/2026:11:12:59 -0700] "GET /wp-admin/user/post-1773511993.php HTTP/2.0" 404 24241 "-" "Mozilla/5.0 (Macintosh; Intel Mac OS X 13_5) AppleWebKit/605.1.15 (KHTML, like Gecko) Version/17.5 Safari/605.1.15" 257 **0/257346**
103.219.169.135 - - [14/Mar/2026:11:12:59 -0700] "POST /xmlrpc.php HTTP/1.1" 200 14752 "-" "Mozilla/5.0 (Windows NT 10.0; Win64; x64) AppleWebKit/537.36 (KHTML, like Gecko) Chrome/114.0.0.0 Safari/537.36" 661 **0/661081**
103.219.169.135 - - [14/Mar/2026:11:13:01 -0700] "GET /uncategorized/cat-sparkle-position-100-cobber-casino-slots-promo-codes-percent-free-play-on-the-web-igt-household/ HTTP/1.1" 200 278427 "-" "Mozilla/5.0 (Windows NT 10.0; Win64; x64) AppleWebKit/537.36 (KHTML, like Gecko) Chrome/124.0.0.0 Safari/537.36 Edg/124.0.0.0" 2052 **2/2052633**
216.26.243.75 - - [14/Mar/2026:11:13:13 -0700] "GET /wp-admin/user/post-1773511993.php HTTP/2.0" 404 24241 "-" "Mozilla/5.0 (Windows NT 10.0; Win64; x64; rv:127.0) Gecko/20100101 Firefox/127.0" 249 **0/249998**
216.26.230.107 - - [14/Mar/2026:11:13:15 -0700] "GET /wp-admin/user/post-1773511993.php HTTP/2.0" 404 24241 "-" "Mozilla/5.0 (Windows NT 10.0; Win64; x64) AppleWebKit/537.36 (KHTML, like Gecko) Chrome/124.0.6367.207 Safari/537.36" 300 **0/300497**
216.26.229.69 - - [14/Mar/2026:11:13:17 -0700] "GET /wp-admin/user/post-1773511993.php HTTP/2.0" 404 24241 "-" "Mozilla/5.0 (Windows NT 10.0; Win64; x64; rv:127.0) Gecko/20100101 Firefox/127.0" 285 **0/285814**
104.207.34.75 - - [14/Mar/2026:11:13:19 -0700] "GET /wp-admin/user/post-1773511993.php HTTP/2.0" 404 24241 "-" "Mozilla/5.0 (Windows NT 10.0; Win64; x64; rv:127.0) Gecko/20100101 Firefox/127.0" 275 **0/275607**
104.207.55.8 - - [14/Mar/2026:11:13:24 -0700] "GET /wp-admin/user/post-1773511993.php HTTP/2.0" 404 24241 "-" "Mozilla/5.0 (Windows NT 10.0; Win64; x64) AppleWebKit/537.36 (KHTML, like Gecko) Chrome/124.0.6367.207 Safari/537.36" 281 **0/281920**
104.207.41.61 - - [14/Mar/2026:11:13:30 -0700] "GET /wp-admin/user/post-1773511993.php HTTP/2.0" 404 24241 "-" "Mozilla/5.0 (Windows NT 10.0; Win64; x64; rv:127.0) Gecko/20100101 Firefox/127.0" 255 **0/255232**
45.3.51.36 - - [14/Mar/2026:11:13:32 -0700] "GET /wp-admin/user/post-1773511993.php HTTP/2.0" 404 24241 "-" "Mozilla/5.0 (Windows NT 10.0; Win64; x64; rv:127.0) Gecko/20100101 Firefox/127.0" 231 **0/231996**
216.26.250.206 - - [14/Mar/2026:11:13:34 -0700] "GET /wp-admin/user/post-1773511993.php HTTP/2.0" 404 24241 "-" "Mozilla/5.0 (Windows NT 10.0; Win64; x64; rv:127.0) Gecko/20100101 Firefox/127.0" 242 **0/242528**
45.3.51.230 - - [14/Mar/2026:11:13:38 -0700] "GET /wp-admin/user/post-1773511993.php HTTP/2.0" 404 24241 "-" "Mozilla/5.0 (Windows NT 10.0; Win64; x64) AppleWebKit/537.36 (KHTML, like Gecko) Chrome/124.0.6367.207 Safari/537.36" 224 **0/224686**
216.26.229.1 - - [14/Mar/2026:11:13:40 -0700] "GET /wp-admin/user/post-1773511993.php HTTP/2.0" 404 24241 "-" "Mozilla/5.0 (Windows NT 10.0; Win64; x64) AppleWebKit/537.36 (KHTML, like Gecko) Chrome/124.0.6367.207 Safari/537.36" 224 **0/224710**
104.207.47.177 - - [14/Mar/2026:11:13:42 -0700] "GET /wp-admin/user/post-1773511993.php HTTP/2.0" 404 24241 "-" "Mozilla/5.0 (Windows NT 10.0; Win64; x64; rv:127.0) Gecko/20100101 Firefox/127.0" 262 **0/262590**
209.50.168.190 - - [14/Mar/2026:11:13:44 -0700] "GET /wp-admin/user/post-1773511993.php HTTP/2.0" 404 24241 "-" "Mozilla/5.0 (Macintosh; Intel Mac OS X 13_5) AppleWebKit/605.1.15 (KHTML, like Gecko) Version/17.5 Safari/605.1.15" 239 **0/239723**
154.159.237.151 - - [14/Mar/2026:11:13:45 -0700] "GET /ipl/ipl-points-table/ HTTP/1.1" 200 45382 "-" "Mozilla/5.0 (Macintosh; Intel Mac OS X 10_15_7) AppleWebKit/537.36 (KHTML, like Gecko) Chrome/102.0.0.0 Safari/537.36" 294 **0/294475**
216.26.248.218 - - [14/Mar/2026:11:13:48 -0700] "GET /wp-admin/user/post-1773511993.php HTTP/2.0" 404 24241 "-" "Mozilla/5.0 (Windows NT 10.0; Win64; x64; rv:127.0) Gecko/20100101 Firefox/127.0" 228 **0/228142**
216.26.228.222 - - [14/Mar/2026:11:13:50 -0700] "GET /wp-admin/user/post-1773511993.php HTTP/2.0" 404 24241 "-" "Mozilla/5.0 (Macintosh; Intel Mac OS X 13_5) AppleWebKit/605.1.15 (KHTML, like Gecko) Version/17.5 Safari/605.1.15" 237 **0/237610**
209.50.187.94 - - [14/Mar/2026:11:13:52 -0700] "GET /wp-admin/user/post-1773511993.php HTTP/2.0" 404 24241 "-" "Mozilla/5.0 (Windows NT 10.0; Win64; x64) AppleWebKit/537.36 (KHTML, like Gecko) Chrome/124.0.6367.207 Safari/537.36" 268 **0/268051**
216.26.227.17 - - [14/Mar/2026:11:14:02 -0700] "GET /wp-login.php HTTP/2.0" 200 1917 "-" "Mozilla/5.0 (Windows NT 10.0; Win64; x64; rv:127.0) Gecko/20100101 Firefox/127.0" 133 **0/133809**
216.26.227.17 - - [14/Mar/2026:11:14:07 -0700] "GET /wp-login.php?wp_lang=en_US HTTP/2.0" 200 1921 "-" "Mozilla/5.0 (Windows NT 10.0; Win64; x64) AppleWebKit/537.36 (KHTML, like Gecko) Chrome/124.0.6367.207 Safari/537.36" 77 **0/77787**
216.26.227.17 - - [14/Mar/2026:11:14:09 -0700] "POST /wp-login.php?wp_lang=en_US HTTP/2.0" 302 1 "https://purplecapipl.com/wp-login.php?wp_lang=en_US" "Mozilla/5.0 (Windows NT 10.0; Win64; x64) AppleWebKit/537.36 (KHTML, like Gecko) Chrome/124.0.6367.207 Safari/537.36" 162 **0/162196**
216.26.227.17 - - [14/Mar/2026:11:14:10 -0700] "GET /wp-admin/ HTTP/2.0" 200 24760 "https://purplecapipl.com/wp-login.php?wp_lang=en_US" "Mozilla/5.0 (Windows NT 10.0; Win64; x64) AppleWebKit/537.36 (KHTML, like Gecko) Chrome/124.0.6367.207 Safari/537.36" 228 **0/228603**
216.26.227.17 - - [14/Mar/2026:11:14:13 -0700] "GET /wp-admin/plugins.php HTTP/2.0" 200 19679 "-" "Mozilla/5.0 (Windows NT 10.0; Win64; x64) AppleWebKit/537.36 (KHTML, like Gecko) Chrome/124.0.6367.207 Safari/537.36" 188 **0/188217**
216.26.227.17 - - [14/Mar/2026:11:14:14 -0700] "GET /wp-admin/plugins.php HTTP/2.0" 200 19679 "-" "Mozilla/5.0 (Windows NT 10.0; Win64; x64) AppleWebKit/537.36 (KHTML, like Gecko) Chrome/124.0.6367.207 Safari/537.36" 155 **0/155210**
216.26.227.17 - - [14/Mar/2026:11:14:15 -0700] "GET /wp-admin/plugin-install.php HTTP/2.0" 404 25251 "-" "Mozilla/5.0 (Windows NT 10.0; Win64; x64) AppleWebKit/537.36 (KHTML, like Gecko) Chrome/124.0.6367.207 Safari/537.36" 277 **0/277040**
216.26.227.17 - - [14/Mar/2026:11:14:15 -0700] "GET /wp-admin/plugin-install.php HTTP/2.0" 404 25251 "-" "Mozilla/5.0 (Windows NT 10.0; Win64; x64) AppleWebKit/537.36 (KHTML, like Gecko) Chrome/124.0.6367.207 Safari/537.36" 237 **0/237372**
216.26.227.17 - - [14/Mar/2026:11:14:16 -0700] "GET /wp-admin/plugin-install.php HTTP/2.0" 404 25251 "-" "Mozilla/5.0 (Windows NT 10.0; Win64; x64) AppleWebKit/537.36 (KHTML, like Gecko) Chrome/124.0.6367.207 Safari/537.36" 223 **0/223210**
216.26.227.17 - - [14/Mar/2026:11:14:19 -0700] "GET /wp-admin/plugin-install.php HTTP/2.0" 404 25251 "-" "Mozilla/5.0 (Windows NT 10.0; Win64; x64) AppleWebKit/537.36 (KHTML, like Gecko) Chrome/124.0.6367.207 Safari/537.36" 240 **0/240353**
216.26.227.17 - - [14/Mar/2026:11:14:22 -0700] "GET /wp-admin/plugin-install.php HTTP/2.0" 404 25251 "-" "Mozilla/5.0 (Windows NT 10.0; Win64; x64) AppleWebKit/537.36 (KHTML, like Gecko) Chrome/124.0.6367.207 Safari/537.36" 261 **0/261165**
216.26.227.17 - - [14/Mar/2026:11:14:23 -0700] "GET /wp-admin/plugin-install.php HTTP/2.0" 404 25251 "-" "Mozilla/5.0 (Windows NT 10.0; Win64; x64) AppleWebKit/537.36 (KHTML, like Gecko) Chrome/124.0.6367.207 Safari/537.36" 204 **0/204515**
216.26.227.17 - - [14/Mar/2026:11:14:23 -0700] "GET /wp-admin/plugin-install.php HTTP/2.0" 404 25251 "-" "Mozilla/5.0 (Windows NT 10.0; Win64; x64) AppleWebKit/537.36 (KHTML, like Gecko) Chrome/124.0.6367.207 Safari/537.36" 210 **0/210048**
216.26.227.17 - - [14/Mar/2026:11:14:24 -0700] "GET /wp-admin/plugin-install.php HTTP/2.0" 404 25251 "-" "Mozilla/5.0 (Windows NT 10.0; Win64; x64) AppleWebKit/537.36 (KHTML, like Gecko) Chrome/124.0.6367.207 Safari/537.36" 196 **0/196700**
216.26.227.17 - - [14/Mar/2026:11:14:25 -0700] "GET /wp-admin/plugin-install.php HTTP/2.0" 404 25251 "-" "Mozilla/5.0 (Windows NT 10.0; Win64; x64) AppleWebKit/537.36 (KHTML, like Gecko) Chrome/124.0.6367.207 Safari/537.36" 218 **0/218586**
216.26.227.17 - - [14/Mar/2026:11:14:26 -0700] "GET /wp-admin/plugin-install.php HTTP/2.0" 404 25251 "-" "Mozilla/5.0 (Windows NT 10.0; Win64; x64) AppleWebKit/537.36 (KHTML, like Gecko) Chrome/124.0.6367.207 Safari/537.36" 196 **0/196994**
216.26.227.17 - - [14/Mar/2026:11:14:29 -0700] "GET /wp-admin/themes.php HTTP/2.0" 200 14871 "-" "Mozilla/5.0 (Windows NT 10.0; Win64; x64) AppleWebKit/537.36 (KHTML, like Gecko) Chrome/124.0.6367.207 Safari/537.36" 144 **0/144046**
216.26.227.17 - - [14/Mar/2026:11:14:30 -0700] "GET /wp-admin/theme-install.php?browse=popular HTTP/2.0" 404 25274 "-" "Mozilla/5.0 (Windows NT 10.0; Win64; x64) AppleWebKit/537.36 (KHTML, like Gecko) Chrome/124.0.6367.207 Safari/537.36" 275 **0/275284**
216.26.227.17 - - [14/Mar/2026:11:14:31 -0700] "GET /wp-admin/theme-install.php?browse=popular HTTP/2.0" 404 25274 "-" "Mozilla/5.0 (Windows NT 10.0; Win64; x64) AppleWebKit/537.36 (KHTML, like Gecko) Chrome/124.0.6367.207 Safari/537.36" 246 **0/246251**
43.163.22.160 - - [14/Mar/2026:11:14:32 -0700] "GET /book-of-ra-it/book-regarding-ra-gioca-at-the-vinci HTTP/1.1" 301 - "-" "Mozilla/5.0 (Windows NT 10.0; Win64; x64) AppleWebKit/537.36 (KHTML, like Gecko) Chrome/124.0.0.0 Safari/537.36" 92 **0/92978**
216.26.227.17 - - [14/Mar/2026:11:14:32 -0700] "GET /wp-admin/theme-install.php?browse=popular HTTP/2.0" 404 25274 "-" "Mozilla/5.0 (Windows NT 10.0; Win64; x64) AppleWebKit/537.36 (KHTML, like Gecko) Chrome/124.0.6367.207 Safari/537.36" 254 **0/254008**
43.173.175.234 - - [14/Mar/2026:11:14:33 -0700] "GET /book-of-ra-it/book-regarding-ra-gioca-at-the-vinci/ HTTP/1.1" 200 50322 "-" "Mozilla/5.0 (Windows NT 10.0; Win64; x64) AppleWebKit/537.36 (KHTML, like Gecko) Chrome/124.0.0.0 Safari/537.36" 265 **0/265610**
168.119.14.54 - - [14/Mar/2026:11:14:33 -0700] "GET /articles/ipl-2024/top-richest-ipl-team/ HTTP/2.0" 200 291305 "-" "Mozilla/5.0 (X11; Linux x86_64) AppleWebKit/537.36 (KHTML, like Gecko) Chrome/137.0.0.0 Safari/537.36" 637 **0/637505**
216.26.227.17 - - [14/Mar/2026:11:14:34 -0700] "GET /wp-admin/theme-install.php?browse=popular HTTP/2.0" 404 25274 "-" "Mozilla/5.0 (Windows NT 10.0; Win64; x64) AppleWebKit/537.36 (KHTML, like Gecko) Chrome/124.0.6367.207 Safari/537.36" 227 **0/227458**
114.119.148.252 - - [14/Mar/2026:11:14:34 -0700] "GET /%D1%81%D0%B0%D1%82%D0%B5%D0%BB%D0%BB%D0%B8%D1%82%D1%8B/migliori-bonus-senza-almacen-immediato-nuovi-casino HTTP/1.1" 302 - "https://purplecapipl.com/category/%D1%81%D0%B0%D1%82%D0%B5%D0%BB%D0%BB%D0%B8%D1%82%D1%8B" "Mozilla/5.0 (Linux; Android 7.0;) AppleWebKit/537.36 (KHTML, like Gecko) Mobile Safari/537.36 (compatible; PetalBot;+https://webmaster.petalsearch.com/site/petalbot)" 14 **0/14340**
113.174.185.71 - - [14/Mar/2026:11:14:37 -0700] "GET /uncategorized/quer-jogar-na-mostbet-com/ HTTP/1.1" 200 48055 "-" "Mozilla/5.0 (Windows NT 10.0; Win64; x64) AppleWebKit/537.36 (KHTML, like Gecko) Chrome/84.0.4147.135 Safari/537.36" 277 **0/277144**
216.26.227.17 - - [14/Mar/2026:11:14:37 -0700] "GET /wp-admin/theme-install.php?browse=popular HTTP/2.0" 404 25274 "-" "Mozilla/5.0 (Windows NT 10.0; Win64; x64) AppleWebKit/537.36 (KHTML, like Gecko) Chrome/124.0.6367.207 Safari/537.36" 243 **0/243036**
216.26.227.17 - - [14/Mar/2026:11:14:39 -0700] "GET /wp-admin/theme-install.php?browse=popular HTTP/2.0" 404 25274 "-" "Mozilla/5.0 (Windows NT 10.0; Win64; x64) AppleWebKit/537.36 (KHTML, like Gecko) Chrome/124.0.6367.207 Safari/537.36" 242 **0/242296**
216.26.227.17 - - [14/Mar/2026:11:14:41 -0700] "GET /wp-admin/theme-install.php?browse=popular HTTP/2.0" 404 25274 "-" "Mozilla/5.0 (Windows NT 10.0; Win64; x64) AppleWebKit/537.36 (KHTML, like Gecko) Chrome/124.0.6367.207 Safari/537.36" 221 **0/221697**
216.26.227.17 - - [14/Mar/2026:11:14:42 -0700] "GET /wp-admin/theme-install.php?browse=popular HTTP/2.0" 404 25274 "-" "Mozilla/5.0 (Windows NT 10.0; Win64; x64) AppleWebKit/537.36 (KHTML, like Gecko) Chrome/124.0.6367.207 Safari/537.36" 223 **0/223551**
216.26.227.17 - - [14/Mar/2026:11:14:45 -0700] "GET /wp-admin/theme-install.php?browse=popular HTTP/2.0" 404 25274 "-" "Mozilla/5.0 (Windows NT 10.0; Win64; x64) AppleWebKit/537.36 (KHTML, like Gecko) Chrome/124.0.6367.207 Safari/537.36" 200 **0/200660**
114.119.148.252 - - [14/Mar/2026:11:14:46 -0700] "GET /amp.php HTTP/1.1" 302 - "https://purplecapipl.com/category/%D1%81%D0%B0%D1%82%D0%B5%D0%BB%D0%BB%D0%B8%D1%82%D1%8B" "Mozilla/5.0 (Linux; Android 7.0;) AppleWebKit/537.36 (KHTML, like Gecko) Mobile Safari/537.36 (compatible; PetalBot;+https://webmaster.petalsearch.com/site/petalbot)" 12 **0/12000**
216.26.227.17 - - [14/Mar/2026:11:14:47 -0700] "GET /wp-admin/theme-install.php?browse=popular HTTP/2.0" 404 25274 "-" "Mozilla/5.0 (Windows NT 10.0; Win64; x64) AppleWebKit/537.36 (KHTML, like Gecko) Chrome/124.0.6367.207 Safari/537.36" 241 **0/241778**
216.26.227.17 - - [14/Mar/2026:11:14:49 -0700] "GET /wp-admin/themes.php HTTP/2.0" 200 14871 "-" "Mozilla/5.0 (Windows NT 10.0; Win64; x64) AppleWebKit/537.36 (KHTML, like Gecko) Chrome/124.0.6367.207 Safari/537.36" 129 **0/129999**
216.26.227.17 - - [14/Mar/2026:11:14:52 -0700] "GET /wp-admin/theme-install.php?browse=popular HTTP/2.0" 404 25274 "-" "Mozilla/5.0 (Windows NT 10.0; Win64; x64) AppleWebKit/537.36 (KHTML, like Gecko) Chrome/124.0.6367.207 Safari/537.36" 210 **0/210673**
216.26.227.17 - - [14/Mar/2026:11:14:55 -0700] "GET /wp-admin/theme-install.php?browse=popular HTTP/2.0" 404 25274 "-" "Mozilla/5.0 (Windows NT 10.0; Win64; x64) AppleWebKit/537.36 (KHTML, like Gecko) Chrome/124.0.6367.207 Safari/537.36" 241 **0/241350**
216.26.227.17 - - [14/Mar/2026:11:14:56 -0700] "GET /wp-admin/theme-install.php?browse=popular HTTP/2.0" 404 25274 "-" "Mozilla/5.0 (Windows NT 10.0; Win64; x64) AppleWebKit/537.36 (KHTML, like Gecko) Chrome/124.0.6367.207 Safari/537.36" 206 **0/206621**
216.26.227.17 - - [14/Mar/2026:11:14:59 -0700] "GET /wp-admin/theme-install.php?browse=popular HTTP/2.0" 404 25274 "-" "Mozilla/5.0 (Windows NT 10.0; Win64; x64) AppleWebKit/537.36 (KHTML, like Gecko) Chrome/124.0.6367.207 Safari/537.36" 182 **0/182342**
216.26.227.17 - - [14/Mar/2026:11:15:02 -0700] "GET /wp-admin/theme-install.php?browse=popular HTTP/2.0" 404 25274 "-" "Mozilla/5.0 (Windows NT 10.0; Win64; x64) AppleWebKit/537.36 (KHTML, like Gecko) Chrome/124.0.6367.207 Safari/537.36" 1085 **1/1085892**
216.26.227.17 - - [14/Mar/2026:11:15:06 -0700] "GET /wp-admin/theme-install.php?browse=popular HTTP/2.0" 404 25274 "-" "Mozilla/5.0 (Windows NT 10.0; Win64; x64) AppleWebKit/537.36 (KHTML, like Gecko) Chrome/124.0.6367.207 Safari/537.36" 603 **0/603203**
216.26.227.17 - - [14/Mar/2026:11:15:08 -0700] "GET /wp-admin/theme-install.php?browse=popular HTTP/2.0" 404 25274 "-" "Mozilla/5.0 (Windows NT 10.0; Win64; x64) AppleWebKit/537.36 (KHTML, like Gecko) Chrome/124.0.6367.207 Safari/537.36" 349 **0/349521**
216.26.227.17 - - [14/Mar/2026:11:15:09 -0700] "GET /wp-admin/theme-install.php?browse=popular HTTP/2.0" 404 25274 "-" "Mozilla/5.0 (Windows NT 10.0; Win64; x64) AppleWebKit/537.36 (KHTML, like Gecko) Chrome/124.0.6367.207 Safari/537.36" 334 **0/334648**
216.26.227.17 - - [14/Mar/2026:11:15:13 -0700] "GET /wp-admin/theme-install.php?browse=popular HTTP/2.0" 404 25274 "-" "Mozilla/5.0 (Windows NT 10.0; Win64; x64) AppleWebKit/537.36 (KHTML, like Gecko) Chrome/124.0.6367.207 Safari/537.36" 299 **0/299761**
216.26.227.17 - - [14/Mar/2026:11:15:15 -0700] "GET /wp-admin/theme-install.php?browse=popular HTTP/2.0" 404 25274 "-" "Mozilla/5.0 (Windows NT 10.0; Win64; x64) AppleWebKit/537.36 (KHTML, like Gecko) Chrome/124.0.6367.207 Safari/537.36" 354 **0/354835**
216.26.227.17 - - [14/Mar/2026:11:15:18 -0700] "GET /wp-admin/themes.php HTTP/2.0" 200 14869 "-" "Mozilla/5.0 (Windows NT 10.0; Win64; x64) AppleWebKit/537.36 (KHTML, like Gecko) Chrome/124.0.6367.207 Safari/537.36" 208 **0/208370**
216.26.227.17 - - [14/Mar/2026:11:15:19 -0700] "GET /wp-admin/theme-install.php?browse=popular HTTP/2.0" 404 25274 "-" "Mozilla/5.0 (Windows NT 10.0; Win64; x64) AppleWebKit/537.36 (KHTML, like Gecko) Chrome/124.0.6367.207 Safari/537.36" 302 **0/302007**
216.26.227.17 - - [14/Mar/2026:11:15:21 -0700] "GET /wp-admin/theme-install.php?browse=popular HTTP/2.0" 404 25274 "-" "Mozilla/5.0 (Windows NT 10.0; Win64; x64) AppleWebKit/537.36 (KHTML, like Gecko) Chrome/124.0.6367.207 Safari/537.36" 282 **0/282653**
216.26.227.17 - - [14/Mar/2026:11:15:22 -0700] "GET /wp-admin/theme-install.php?browse=popular HTTP/2.0" 404 25274 "-" "Mozilla/5.0 (Windows NT 10.0; Win64; x64) AppleWebKit/537.36 (KHTML, like Gecko) Chrome/124.0.6367.207 Safari/537.36" 262 **0/262897**
216.26.227.17 - - [14/Mar/2026:11:15:23 -0700] "GET /wp-admin/theme-install.php?browse=popular HTTP/2.0" 404 25274 "-" "Mozilla/5.0 (Windows NT 10.0; Win64; x64) AppleWebKit/537.36 (KHTML, like Gecko) Chrome/124.0.6367.207 Safari/537.36" 234 **0/234428**
216.26.227.17 - - [14/Mar/2026:11:15:24 -0700] "GET /wp-admin/theme-install.php?browse=popular HTTP/2.0" 404 25274 "-" "Mozilla/5.0 (Windows NT 10.0; Win64; x64) AppleWebKit/537.36 (KHTML, like Gecko) Chrome/124.0.6367.207 Safari/537.36" 260 **0/260514**
216.26.227.17 - - [14/Mar/2026:11:15:26 -0700] "GET /wp-admin/theme-install.php?browse=popular HTTP/2.0" 404 25274 "-" "Mozilla/5.0 (Windows NT 10.0; Win64; x64) AppleWebKit/537.36 (KHTML, like Gecko) Chrome/124.0.6367.207 Safari/537.36" 276 **0/276317**
