128.14.102.147 - - [14/Mar/2026:05:41:27 -0700] "GET /uncategorized/%E1%90%88-eye-of-horus-gebuhrenfrei-vortragen-ohne-registrierung-%E1%90%88/ HTTP/1.1" 200 273377 "-" "Mozilla/5.0 (Windows NT 10.0; rv:109.0) Gecko/20100101 Firefox/115.0" 1591 **1/1591123**
122.59.0.48 - - [14/Mar/2026:05:41:32 -0700] "POST /xmlrpc.php HTTP/1.1" 200 403 "-" "Mozilla/5.0 (Windows NT 10.0; x86) AppleWebKit/537.36 (KHTML, like Gecko) Firefox/97.0.0.0 Safari/537.36" 85 **0/85050**
198.23.139.165 - - [14/Mar/2026:05:41:42 -0700] "GET /category/mini-reviews/ HTTP/2.0" 200 29996 "-" "Mozilla/5.0 (Windows NT 10.0; Win64; x64) AppleWebKit/537.36 (KHTML, like Gecko) Chrome/132.0.0.0 Safari/537.36" 300 **0/300525**
107.172.151.53 - - [14/Mar/2026:05:41:48 -0700] "GET /category/masalbet/ HTTP/2.0" 200 27796 "-" "Mozilla/5.0 (Windows NT 10.0; Win64; x64) AppleWebKit/537.36 (KHTML, like Gecko) Chrome/136.0.0.0 Safari/537.36" 295 **0/295830**
23.95.84.157 - - [14/Mar/2026:05:42:24 -0700] "GET /category/ipl-prediction/ HTTP/2.0" 200 31224 "-" "Mozilla/5.0 (Windows NT 10.0; Win64; x64) AppleWebKit/537.36 (KHTML, like Gecko) Chrome/131.0.0.0 Safari/537.36" 273 **0/273651**
192.3.222.113 - - [14/Mar/2026:05:42:30 -0700] "GET /category/mini-review/ HTTP/2.0" 200 28328 "-" "Mozilla/5.0 (Windows NT 10.0; Win64; x64) AppleWebKit/537.36 (KHTML, like Gecko) Chrome/129.0.0.0 Safari/537.36" 249 **0/249977**
122.59.0.48 - - [14/Mar/2026:05:42:32 -0700] "POST /xmlrpc.php HTTP/1.1" 200 403 "-" "Mozilla/5.0 (X11; Ubuntu; Linux x86_64; arm64) AppleWebKit/537.36 (KHTML, like Gecko) Edge/96.0.0.0 Safari/537.36" 74 **0/74056**
23.95.54.201 - - [14/Mar/2026:05:42:39 -0700] "GET /category/aviator/ HTTP/2.0" 200 28051 "-" "Mozilla/5.0 (Macintosh; Intel Mac OS X 10_15_7) AppleWebKit/537.36 (KHTML, like Gecko) Chrome/128.0.0.0 Safari/537.36" 245 **0/245422**
192.210.164.165 - - [14/Mar/2026:05:42:43 -0700] "GET /category/sugar-rush/ HTTP/2.0" 200 27854 "-" "Mozilla/5.0 (Windows NT 10.0; Win64; x64) AppleWebKit/537.36 (KHTML, like Gecko) Chrome/128.0.0.0 Safari/537.36" 190 **0/190122**
198.23.139.11 - - [14/Mar/2026:05:43:01 -0700] "GET /category/aviator-in/ HTTP/2.0" 200 27706 "-" "Mozilla/5.0 (Macintosh; Intel Mac OS X 10_15_7) AppleWebKit/537.36 (KHTML, like Gecko) Chrome/128.0.0.0 Safari/537.36" 263 **0/263751**
192.3.173.60 - - [14/Mar/2026:05:43:05 -0700] "GET /category/mostbet-italy/ HTTP/2.0" 200 27806 "-" "Mozilla/5.0 (Windows NT 10.0; Win64; x64) AppleWebKit/537.36 (KHTML, like Gecko) Chrome/135.0.0.0 Safari/537.36" 236 **0/236073**
23.95.191.176 - - [14/Mar/2026:05:43:07 -0700] "GET /2025/01/ HTTP/2.0" 200 30576 "-" "Mozilla/5.0 (Windows NT 10.0; Win64; x64) AppleWebKit/537.36 (KHTML, like Gecko) Chrome/130.0.0.0 Safari/537.36" 207 **0/207740**
118.139.180.95 - - [14/Mar/2026:05:43:14 -0700] "POST /wp-cron.php?doing_wp_cron=1773492194.3940789699554443359375 HTTP/1.1" 200 - "-" "WordPress/6.9.4; https://purplecapipl.com" 20 **0/20172**
192.3.169.190 - - [14/Mar/2026:05:43:14 -0700] "GET /category/pin-up-peru/ HTTP/2.0" 200 28722 "-" "Mozilla/5.0 (Macintosh; Intel Mac OS X 10_15_7) AppleWebKit/537.36 (KHTML, like Gecko) Chrome/136.0.0.0 Safari/537.36" 313 **0/313535**
192.3.90.123 - - [14/Mar/2026:05:43:21 -0700] "GET /category/basaribet/ HTTP/2.0" 200 27812 "-" "Mozilla/5.0 (Windows NT 10.0; Win64; x64) AppleWebKit/537.36 (KHTML, like Gecko) Chrome/132.0.0.0 Safari/537.36" 231 **0/231770**
118.139.180.95 - - [14/Mar/2026:05:43:32 -0700] "POST /wp-cron.php?doing_wp_cron=1773492212.2716829776763916015625 HTTP/1.1" 200 - "-" "WordPress/6.9.4; https://purplecapipl.com" 21 **0/21745**
122.59.0.48 - - [14/Mar/2026:05:43:32 -0700] "POST /xmlrpc.php HTTP/1.1" 200 403 "-" "Mozilla/5.0 (Windows NT 6.2; arm64) AppleWebKit/537.36 (KHTML, like Gecko) Chrome/87.0.0.0 Safari/537.36" 117 **0/117395**
118.139.180.95 - - [14/Mar/2026:05:43:33 -0700] "POST /wp-cron.php?doing_wp_cron=1773492213.9413540363311767578125 HTTP/1.1" 200 - "-" "WordPress/6.9.4; https://purplecapipl.com" 17 **0/17977**
98.98.33.51 - - [14/Mar/2026:05:43:33 -0700] "POST /xmlrpc.php HTTP/1.1" 200 180 "-" "Mozilla/5.0 (Windows NT 10.0; Win64; x64) AppleWebKit/537.36 (KHTML, like Gecko) Chrome/114.0.0.0 Safari/537.36" 275 **0/275884**
201.159.74.183 - - [14/Mar/2026:05:43:34 -0700] "GET /ipl-betting/ipl-betting-in-tripura/ HTTP/1.1" 200 27155 "-" "Opera/9.49.(X11; Linux x86_64; mai-IN) Presto/2.9.168 Version/10.00" 218 **0/218690**
98.98.33.51 - - [14/Mar/2026:05:43:40 -0700] "POST /xmlrpc.php HTTP/1.1" 200 11229 "-" "Mozilla/5.0 (Windows NT 10.0; Win64; x64) AppleWebKit/537.36 (KHTML, like Gecko) Chrome/114.0.0.0 Safari/537.36" 597 **0/597554**
170.79.180.132 - - [14/Mar/2026:05:43:42 -0700] "GET /articles/ HTTP/1.1" 200 24482 "-" "Opera/9.95.(X11; Linux x86_64; oc-FR) Presto/2.9.184 Version/10.00" 224 **0/224615**
98.98.33.51 - - [14/Mar/2026:05:43:42 -0700] "GET /uncategorized/quick-places-and-you-can-withdrawals-with-paypal/ HTTP/1.1" 200 274335 "-" "Mozilla/5.0 (Windows NT 10.0; Win64; x64) AppleWebKit/537.36 (KHTML, like Gecko) Chrome/122.0.0.0 Safari/537.36" 3606 **3/3606106**
104.168.6.211 - - [14/Mar/2026:05:43:48 -0700] "GET /category/bbrbet-mx/ HTTP/2.0" 200 27764 "-" "Mozilla/5.0 (Macintosh; Intel Mac OS X 10_15_7) AppleWebKit/537.36 (KHTML, like Gecko) Chrome/132.0.0.0 Safari/537.36" 197 **0/197019**
198.23.139.104 - - [14/Mar/2026:05:43:49 -0700] "GET /category/casino/ HTTP/2.0" 200 30012 "-" "Mozilla/5.0 (Macintosh; Intel Mac OS X 10_15_7) AppleWebKit/537.36 (KHTML, like Gecko) Chrome/128.0.0.0 Safari/537.36" 293 **0/293299**
118.139.180.95 - - [14/Mar/2026:05:43:57 -0700] "POST /wp-cron.php?doing_wp_cron=1773492237.9544680118560791015625 HTTP/1.1" 200 - "-" "WordPress/6.9.4; https://purplecapipl.com" 16 **0/16456**
128.14.102.147 - - [14/Mar/2026:05:43:57 -0700] "POST /xmlrpc.php HTTP/1.1" 200 180 "-" "Mozilla/5.0 (Windows NT 10.0; Win64; x64) AppleWebKit/537.36 (KHTML, like Gecko) Chrome/114.0.0.0 Safari/537.36" 248 **0/248670**
23.95.228.27 - - [14/Mar/2026:05:44:02 -0700] "GET /category/sweet-bonanza-tr/ HTTP/2.0" 200 28009 "-" "Mozilla/5.0 (Windows NT 10.0; Win64; x64) AppleWebKit/537.36 (KHTML, like Gecko) Chrome/130.0.0.0 Safari/537.36" 400 **0/400326**
128.14.102.147 - - [14/Mar/2026:05:44:04 -0700] "POST /xmlrpc.php HTTP/1.1" 200 10082 "-" "Mozilla/5.0 (Windows NT 10.0; Win64; x64) AppleWebKit/537.36 (KHTML, like Gecko) Chrome/114.0.0.0 Safari/537.36" 588 **0/588756**
128.14.102.147 - - [14/Mar/2026:05:44:06 -0700] "GET /uncategorized/eye-of-horus-verbunden-kasino-fur-nusse-unter-einsatz-von-echtgeld-auffuhren/ HTTP/1.1" 200 273349 "-" "Mozilla/5.0 (Windows NT 10.0; rv:109.0) Gecko/20100101 Firefox/115.0" 1551 **1/1551605**
192.3.173.60 - - [14/Mar/2026:05:44:11 -0700] "GET /category/t20-world-cup/ HTTP/2.0" 200 31118 "-" "Mozilla/5.0 (Windows NT 10.0; Win64; x64) AppleWebKit/537.36 (KHTML, like Gecko) Chrome/133.0.0.0 Safari/537.36" 264 **0/264094**
107.175.150.87 - - [14/Mar/2026:05:44:14 -0700] "GET /category/monobrend/ HTTP/2.0" 200 29757 "-" "Mozilla/5.0 (Macintosh; Intel Mac OS X 10_15_7) AppleWebKit/537.36 (KHTML, like Gecko) Chrome/132.0.0.0 Safari/537.36" 231 **0/231815**
66.249.71.197 - - [14/Mar/2026:05:44:14 -0700] "GET /ipl/ma-chidambaram-stadium-ipl-record/ HTTP/1.1" 302 1 "-" "Mozilla/5.0 (Linux; Android 6.0.1; Nexus 5X Build/MMB29P) AppleWebKit/537.36 (KHTML, like Gecko) Chrome/145.0.7632.116 Mobile Safari/537.36 (compatible; Googlebot/2.1; +http://www.google.com/bot.html)" 11 **0/11792**
66.249.79.133 - - [14/Mar/2026:05:44:17 -0700] "GET /ipl/ma-chidambaram-stadium-ipl-record/ HTTP/1.1" 302 1 "-" "Mozilla/5.0 (Linux; Android 6.0.1; Nexus 5X Build/MMB29P) AppleWebKit/537.36 (KHTML, like Gecko) Chrome/145.0.7632.116 Mobile Safari/537.36 (compatible; Googlebot/2.1; +http://www.google.com/bot.html)" 12 **0/12650**
66.249.71.165 - - [14/Mar/2026:05:44:18 -0700] "GET /amp.php HTTP/1.1" 302 1 "-" "Mozilla/5.0 (Linux; Android 6.0.1; Nexus 5X Build/MMB29P) AppleWebKit/537.36 (KHTML, like Gecko) Chrome/145.0.7632.116 Mobile Safari/537.36 (compatible; Googlebot/2.1; +http://www.google.com/bot.html)" 10 **0/10570**
66.249.79.132 - - [14/Mar/2026:05:44:20 -0700] "GET /amp.php HTTP/1.1" 302 1 "-" "Mozilla/5.0 (Linux; Android 6.0.1; Nexus 5X Build/MMB29P) AppleWebKit/537.36 (KHTML, like Gecko) Chrome/145.0.7632.116 Mobile Safari/537.36 (compatible; Googlebot/2.1; +http://www.google.com/bot.html)" 7 **0/7389**
122.59.0.48 - - [14/Mar/2026:05:44:32 -0700] "POST /xmlrpc.php HTTP/1.1" 200 403 "-" "Mozilla/5.0 (Macintosh; Intel Mac OS X 10_15_7; arm64) AppleWebKit/537.36 (KHTML, like Gecko) Chrome/94.0.0.0 Safari/537.36" 55 **0/55713**
102.182.190.156 - - [14/Mar/2026:05:44:55 -0700] "GET /category/11/ HTTP/1.1" 200 27727 "-" "Mozilla/5.0 (Macintosh; Intel Mac OS X 10_13_6) AppleWebKit/537.36 (KHTML, like Gecko) Chrome/80.0.3987.149 Safari/537.36" 229 **0/229543**
118.139.180.95 - - [14/Mar/2026:05:44:58 -0700] "POST /wp-cron.php?doing_wp_cron=1773492298.9023950099945068359375 HTTP/1.1" 200 - "-" "WordPress/6.9.4; https://purplecapipl.com" 17 **0/17887**
185.114.67.68 - - [14/Mar/2026:05:44:58 -0700] "POST /xmlrpc.php HTTP/2.0" 200 180 "-" "Mozilla/5.0 (Macintosh; Intel Mac OS X 10_15_7) AppleWebKit/537.36 (KHTML, like Gecko) Chrome/120.0.0.0 Safari/537.36" 357 **0/357660**
185.114.67.68 - - [14/Mar/2026:05:45:00 -0700] "POST /xmlrpc.php HTTP/2.0" 200 412 "-" "Mozilla/5.0 (Windows NT 10.0; Win64; x64) AppleWebKit/537.36 (KHTML, like Gecko) Chrome/120.0.0.0 Safari/537.36" 171 **0/171523**
155.94.180.6 - - [14/Mar/2026:05:45:07 -0700] "GET /articles/page/5/ HTTP/2.0" 200 27441 "-" "Mozilla/5.0 (Windows NT 10.0; Win64; x64) AppleWebKit/537.36 (KHTML, like Gecko) Chrome/132.0.0.0 Safari/537.36" 377 **0/377595**
107.173.52.120 - - [14/Mar/2026:05:45:11 -0700] "GET /articles/page/3/ HTTP/2.0" 200 27441 "-" "Mozilla/5.0 (Macintosh; Intel Mac OS X 10_15_7) AppleWebKit/537.36 (KHTML, like Gecko) Chrome/128.0.0.0 Safari/537.36" 222 **0/222488**
118.139.180.95 - - [14/Mar/2026:05:45:32 -0700] "POST /wp-cron.php?doing_wp_cron=1773492332.2171740531921386718750 HTTP/1.1" 200 - "-" "WordPress/6.9.4; https://purplecapipl.com" 15 **0/15953**
122.59.0.48 - - [14/Mar/2026:05:45:32 -0700] "POST /xmlrpc.php HTTP/1.1" 200 403 "-" "Mozilla/5.0 (X11; Ubuntu; Linux x86_64; arm64) AppleWebKit/537.36 (KHTML, like Gecko) Firefox/83.0.0.0 Safari/537.36" 104 **0/104096**
116.76.38.100 - - [14/Mar/2026:05:46:01 -0700] "GET /robots.txt HTTP/1.1" 200 111 "-" "Mozilla/5.0 (Windows NT 10.0; Win64; x64) AppleWebKit/537.36 (KHTML, like Gecko) Chrome/69.0.2957.134 Safari/537.36 Edge/18.18362" 122 **0/122808**
122.59.0.48 - - [14/Mar/2026:05:46:32 -0700] "POST /xmlrpc.php HTTP/1.1" 200 403 "-" "Mozilla/5.0 (Windows NT 6.2; arm64) AppleWebKit/537.36 (KHTML, like Gecko) Opera/61.0.0.0 Safari/537.36" 281 **0/281531**
128.14.102.147 - - [14/Mar/2026:05:46:32 -0700] "POST /xmlrpc.php HTTP/1.1" 200 180 "-" "Mozilla/5.0 (Windows NT 10.0; Win64; x64) AppleWebKit/537.36 (KHTML, like Gecko) Chrome/114.0.0.0 Safari/537.36" 1191 **1/1191976**
128.14.102.147 - - [14/Mar/2026:05:46:39 -0700] "POST /xmlrpc.php HTTP/1.1" 200 9838 "-" "Mozilla/5.0 (Windows NT 10.0; Win64; x64) AppleWebKit/537.36 (KHTML, like Gecko) Chrome/114.0.0.0 Safari/537.36" 605 **0/605396**
128.14.102.147 - - [14/Mar/2026:05:46:41 -0700] "GET /uncategorized/kostenloser-spielautomat-teutonia-uber-rtp-features/ HTTP/1.1" 200 272870 "-" "Mozilla/5.0 (Windows NT 10.0; rv:109.0) Gecko/20100101 Firefox/115.0" 1477 **1/1477046**
74.7.230.0 - - [14/Mar/2026:05:47:29 -0700] "GET /robots.txt HTTP/2.0" 302 1 "-" "Mozilla/5.0 (Macintosh; Intel Mac OS X 10_15_7) AppleWebKit/537.36 (KHTML, like Gecko) Chrome/131.0.0.0 Safari/537.36; compatible; OAI-SearchBot/1.3; robots.txt; +https://openai.com/searchbot" 11 **0/11455**
74.7.230.0 - - [14/Mar/2026:05:47:29 -0700] "GET /amp.php HTTP/2.0" 302 1 "https://purplecapipl.com/robots.txt" "Mozilla/5.0 (Macintosh; Intel Mac OS X 10_15_7) AppleWebKit/537.36 (KHTML, like Gecko) Chrome/131.0.0.0 Safari/537.36; compatible; OAI-SearchBot/1.3; robots.txt; +https://openai.com/searchbot" 5 **0/5945**
74.7.230.0 - - [14/Mar/2026:05:47:29 -0700] "GET /amp.php HTTP/2.0" 302 1 "https://purplecapipl.com/amp.php" "Mozilla/5.0 (Macintosh; Intel Mac OS X 10_15_7) AppleWebKit/537.36 (KHTML, like Gecko) Chrome/131.0.0.0 Safari/537.36; compatible; OAI-SearchBot/1.3; robots.txt; +https://openai.com/searchbot" 8 **0/8415**
74.7.230.0 - - [14/Mar/2026:05:47:30 -0700] "GET /amp.php HTTP/2.0" 302 1 "https://purplecapipl.com/amp.php" "Mozilla/5.0 (Macintosh; Intel Mac OS X 10_15_7) AppleWebKit/537.36 (KHTML, like Gecko) Chrome/131.0.0.0 Safari/537.36; compatible; OAI-SearchBot/1.3; robots.txt; +https://openai.com/searchbot" 8 **0/8256**
74.7.230.0 - - [14/Mar/2026:05:47:30 -0700] "GET /amp.php HTTP/2.0" 302 1 "https://purplecapipl.com/amp.php" "Mozilla/5.0 (Macintosh; Intel Mac OS X 10_15_7) AppleWebKit/537.36 (KHTML, like Gecko) Chrome/131.0.0.0 Safari/537.36; compatible; OAI-SearchBot/1.3; robots.txt; +https://openai.com/searchbot" 9 **0/9751**
74.7.230.0 - - [14/Mar/2026:05:47:30 -0700] "GET /amp.php HTTP/2.0" 302 1 "https://purplecapipl.com/amp.php" "Mozilla/5.0 (Macintosh; Intel Mac OS X 10_15_7) AppleWebKit/537.36 (KHTML, like Gecko) Chrome/131.0.0.0 Safari/537.36; compatible; OAI-SearchBot/1.3; robots.txt; +https://openai.com/searchbot" 10 **0/10243**
122.59.0.48 - - [14/Mar/2026:05:47:32 -0700] "POST /xmlrpc.php HTTP/1.1" 200 403 "-" "Mozilla/5.0 (Windows NT 6.3; x86) AppleWebKit/537.36 (KHTML, like Gecko) Safari/10.0.0.0 Safari/537.36" 75 **0/75769**
118.139.180.95 - - [14/Mar/2026:05:47:52 -0700] "POST /wp-cron.php?doing_wp_cron=1773492472.7366120815277099609375 HTTP/1.1" 200 - "-" "WordPress/6.9.4; https://purplecapipl.com" 18 **0/18335**
138.219.122.214 - - [14/Mar/2026:05:47:52 -0700] "GET /news/ipl-news-in-english/ HTTP/1.0" 404 189870 "https://purplecapipl.com/news/ipl-news-in-english//" "Mozilla/5.0 (Windows NT 10.0; Win64; x64) AppleWebKit/537.36 (KHTML, like Gecko) Chrome/129.0.0.0 Safari/537.36" 886 **0/886139**
138.219.122.214 - - [14/Mar/2026:05:47:55 -0700] "GET /lottery-sambad/nagaland/ HTTP/1.0" 200 256846 "https://purplecapipl.com/lottery-sambad/nagaland/" "Mozilla/5.0 (Windows NT 10.0; Win64; x64) AppleWebKit/537.36 (KHTML, like Gecko) Chrome/129.0.0.0 Safari/537.36" 917 **0/917265**
138.219.122.214 - - [14/Mar/2026:05:47:58 -0700] "GET /lottery-sambad/kerala/ HTTP/1.0" 200 256972 "https://purplecapipl.com/lottery-sambad/kerala/" "Mozilla/5.0 (Windows NT 10.0; Win64; x64) AppleWebKit/537.36 (KHTML, like Gecko) Chrome/129.0.0.0 Safari/537.36" 876 **0/876722**
138.219.122.214 - - [14/Mar/2026:05:48:01 -0700] "GET /lottery-sambad/sikkim/ HTTP/1.0" 200 257095 "https://purplecapipl.com/lottery-sambad/sikkim/" "Mozilla/5.0 (Windows NT 10.0; Win64; x64) AppleWebKit/537.36 (KHTML, like Gecko) Chrome/129.0.0.0 Safari/537.36" 978 **0/978712**
138.219.122.214 - - [14/Mar/2026:05:48:03 -0700] "GET /lottery-sambad/west-bengal/ HTTP/1.0" 200 204727 "https://purplecapipl.com/lottery-sambad/west-bengal/" "Mozilla/5.0 (Windows NT 10.0; Win64; x64) AppleWebKit/537.36 (KHTML, like Gecko) Chrome/129.0.0.0 Safari/537.36" 936 **0/936125**
138.219.122.214 - - [14/Mar/2026:05:48:06 -0700] "GET /wp-login.php?action=register HTTP/1.0" 302 - "https://purplecapipl.com/wp-login.php?action=register" "Mozilla/5.0 (Windows NT 10.0; Win64; x64) AppleWebKit/537.36 (KHTML, like Gecko) Chrome/129.0.0.0 Safari/537.36" 77 **0/77703**
138.219.122.214 - - [14/Mar/2026:05:48:08 -0700] "GET /wp-login.php?registration=disabled HTTP/1.0" 200 6622 "https://purplecapipl.com/wp-login.php?registration=disabled" "Mozilla/5.0 (Windows NT 10.0; Win64; x64) AppleWebKit/537.36 (KHTML, like Gecko) Chrome/129.0.0.0 Safari/537.36" 86 **0/86532**
138.219.122.214 - - [14/Mar/2026:05:48:10 -0700] "GET /contact-us/ HTTP/1.0" 200 216277 "https://purplecapipl.com/contact-us/" "Mozilla/5.0 (Windows NT 10.0; Win64; x64) AppleWebKit/537.36 (KHTML, like Gecko) Chrome/129.0.0.0 Safari/537.36" 930 **0/930598**
122.59.0.48 - - [14/Mar/2026:05:48:29 -0700] "POST /xmlrpc.php HTTP/1.1" 200 403 "-" "Mozilla/5.0 (X11; Ubuntu; Linux x86_64; arm64) AppleWebKit/537.36 (KHTML, like Gecko) Opera/74.0.0.0 Safari/537.36" 81 **0/81627**
118.139.180.95 - - [14/Mar/2026:05:48:58 -0700] "POST /wp-cron.php?doing_wp_cron=1773492538.6218230724334716796875 HTTP/1.1" 200 - "-" "WordPress/6.9.4; https://purplecapipl.com" 21 **0/21709**
128.14.102.147 - - [14/Mar/2026:05:48:58 -0700] "POST /xmlrpc.php HTTP/1.1" 200 180 "-" "Mozilla/5.0 (Windows NT 10.0; Win64; x64) AppleWebKit/537.36 (KHTML, like Gecko) Chrome/114.0.0.0 Safari/537.36" 325 **0/325599**
128.14.102.147 - - [14/Mar/2026:05:49:05 -0700] "POST /xmlrpc.php HTTP/1.1" 200 9595 "-" "Mozilla/5.0 (Windows NT 10.0; Win64; x64) AppleWebKit/537.36 (KHTML, like Gecko) Chrome/114.0.0.0 Safari/537.36" 617 **0/617569**
128.14.102.147 - - [14/Mar/2026:05:49:06 -0700] "GET /uncategorized/eye-of-horus-fur-triple-chance-777-com-nusse-jetzt-verbunden-vortragen-unter-einsatz-von-pramie-costa-rica/ HTTP/1.1" 200 272912 "-" "Mozilla/5.0 (Windows NT 10.0; Win64; x64; rv:125.0) Gecko/20100101 Firefox/125.0" 1476 **1/1476720**
122.59.0.48 - - [14/Mar/2026:05:49:29 -0700] "POST /xmlrpc.php HTTP/1.1" 200 403 "-" "Mozilla/5.0 (Windows NT 6.2; x86) AppleWebKit/537.36 (KHTML, like Gecko) Safari/12.0.0.0 Safari/537.36" 71 **0/71433**
115.45.43.11 - - [14/Mar/2026:05:49:52 -0700] "GET /robots.txt HTTP/1.1" 200 111 "-" "Mozilla/5.0 (Windows NT 10.0; WOW64) AppleWebKit/537.36 (KHTML, like Gecko) Chrome/90.0.4111.99 Safari/537.36 QIHU 360EE" 80 **0/80027**
118.139.180.95 - - [14/Mar/2026:05:50:26 -0700] "POST /wp-cron.php?doing_wp_cron=1773492626.6705000400543212890625 HTTP/1.1" 200 - "-" "WordPress/6.9.4; https://purplecapipl.com" 19 **0/19802**
98.98.33.51 - - [14/Mar/2026:05:50:26 -0700] "POST /xmlrpc.php HTTP/1.1" 200 180 "-" "Mozilla/5.0 (Windows NT 10.0; Win64; x64) AppleWebKit/537.36 (KHTML, like Gecko) Chrome/114.0.0.0 Safari/537.36" 280 **0/280132**
122.59.0.48 - - [14/Mar/2026:05:50:29 -0700] "POST /xmlrpc.php HTTP/1.1" 200 403 "-" "Mozilla/5.0 (Macintosh; Intel Mac OS X 10_15_7; x64) AppleWebKit/537.36 (KHTML, like Gecko) Edge/81.0.0.0 Safari/537.36" 75 **0/75743**
98.98.33.51 - - [14/Mar/2026:05:50:33 -0700] "POST /xmlrpc.php HTTP/1.1" 200 10767 "-" "Mozilla/5.0 (Windows NT 10.0; Win64; x64) AppleWebKit/537.36 (KHTML, like Gecko) Chrome/114.0.0.0 Safari/537.36" 597 **0/597514**
98.98.33.51 - - [14/Mar/2026:05:50:35 -0700] "GET /uncategorized/thunderstruck-nuts-lightning-super-moolah-opinion-jackpot-tips/ HTTP/1.1" 200 274240 "-" "Mozilla/5.0 (Windows NT 10.0; rv:109.0) Gecko/20100101 Firefox/115.0" 1615 **1/1615696**
118.139.180.95 - - [14/Mar/2026:05:50:55 -0700] "POST /wp-cron.php?doing_wp_cron=1773492655.2183709144592285156250 HTTP/1.1" 200 - "-" "WordPress/6.9.4; https://purplecapipl.com" 20 **0/20169**
98.98.197.199 - - [14/Mar/2026:05:50:55 -0700] "POST /xmlrpc.php HTTP/1.1" 200 180 "-" "Mozilla/5.0 (Windows NT 10.0; Win64; x64) AppleWebKit/537.36 (KHTML, like Gecko) Chrome/114.0.0.0 Safari/537.36" 238 **0/238479**
98.98.197.199 - - [14/Mar/2026:05:51:02 -0700] "POST /xmlrpc.php HTTP/1.1" 200 12880 "-" "Mozilla/5.0 (Windows NT 10.0; Win64; x64) AppleWebKit/537.36 (KHTML, like Gecko) Chrome/114.0.0.0 Safari/537.36" 615 **0/615479**
98.98.197.199 - - [14/Mar/2026:05:51:04 -0700] "GET /uncategorized/verbunden-spielsaal-forest-band-slot-free-spins-provision-vergleich-casinobonus-qua-bonus-blechidiot/ HTTP/1.1" 200 276294 "-" "Mozilla/5.0 (Windows NT 10.0; rv:125.0) Gecko/20100101 Firefox/125.0" 1545 **1/1545718**
118.139.180.95 - - [14/Mar/2026:05:51:23 -0700] "POST /wp-cron.php?doing_wp_cron=1773492683.3893349170684814453125 HTTP/1.1" 200 - "-" "WordPress/6.9.4; https://purplecapipl.com" 16 **0/16596**
128.14.102.147 - - [14/Mar/2026:05:51:23 -0700] "POST /xmlrpc.php HTTP/1.1" 200 180 "-" "Mozilla/5.0 (Windows NT 10.0; Win64; x64) AppleWebKit/537.36 (KHTML, like Gecko) Chrome/114.0.0.0 Safari/537.36" 275 **0/275186**
122.59.0.48 - - [14/Mar/2026:05:51:29 -0700] "POST /xmlrpc.php HTTP/1.1" 200 403 "-" "Mozilla/5.0 (X11; Ubuntu; Linux x86_64; x64) AppleWebKit/537.36 (KHTML, like Gecko) Chrome/115.0.0.0 Safari/537.36" 74 **0/74404**
128.14.102.147 - - [14/Mar/2026:05:51:30 -0700] "POST /xmlrpc.php HTTP/1.1" 200 9757 "-" "Mozilla/5.0 (Windows NT 10.0; Win64; x64) AppleWebKit/537.36 (KHTML, like Gecko) Chrome/114.0.0.0 Safari/537.36" 595 **0/595622**
128.14.102.147 - - [14/Mar/2026:05:51:32 -0700] "GET /uncategorized/eye-of-horus-slot-en-bloc-spielen-um-echtes-bimbes-costa-rica/ HTTP/1.1" 200 273114 "-" "Mozilla/5.0 (Windows NT 10.0; Win64; x64) AppleWebKit/537.36 (KHTML, like Gecko) Chrome/123.0.0.0 Safari/537.36 OPR/109.0.0.0" 1581 **1/1581850**
85.208.96.210 - - [14/Mar/2026:05:52:09 -0700] "GET /robots.txt HTTP/1.1" 302 - "-" "Mozilla/5.0 (compatible; SemrushBot/7~bl; +http://www.semrush.com/bot.html)" 10 **0/10055**
85.208.96.212 - - [14/Mar/2026:05:52:10 -0700] "GET /amp.php HTTP/1.1" 302 - "-" "Mozilla/5.0 (compatible; SemrushBot/7~bl; +http://www.semrush.com/bot.html)" 11 **0/11953**
185.191.171.19 - - [14/Mar/2026:05:52:11 -0700] "GET /bankobet/turkiyenin-en-iyi-online-casino-siteleri-detayli-karsilastirmalar-ve-kilavuzlar/ HTTP/1.1" 302 - "-" "Mozilla/5.0 (compatible; SemrushBot/7~bl; +http://www.semrush.com/bot.html)" 11 **0/11298**
118.139.180.95 - - [14/Mar/2026:05:52:29 -0700] "POST /wp-cron.php?doing_wp_cron=1773492749.7140650749206542968750 HTTP/1.1" 200 - "-" "WordPress/6.9.4; https://purplecapipl.com" 16 **0/16084**
122.59.0.48 - - [14/Mar/2026:05:52:29 -0700] "POST /xmlrpc.php HTTP/1.1" 200 403 "-" "Mozilla/5.0 (X11; Ubuntu; Linux x86_64; x64) AppleWebKit/537.36 (KHTML, like Gecko) Opera/68.0.0.0 Safari/537.36" 88 **0/88625**
122.59.0.48 - - [14/Mar/2026:05:53:29 -0700] "POST /xmlrpc.php HTTP/1.1" 200 403 "-" "Mozilla/5.0 (Windows NT 6.2; arm64) AppleWebKit/537.36 (KHTML, like Gecko) Chrome/112.0.0.0 Safari/537.36" 77 **0/77427**
74.7.230.0 - - [14/Mar/2026:05:53:36 -0700] "GET /robots.txt HTTP/2.0" 302 1 "-" "Mozilla/5.0 (Macintosh; Intel Mac OS X 10_15_7) AppleWebKit/537.36 (KHTML, like Gecko) Chrome/131.0.0.0 Safari/537.36; compatible; OAI-SearchBot/1.3; robots.txt; +https://openai.com/searchbot" 9 **0/9584**
74.7.230.0 - - [14/Mar/2026:05:53:36 -0700] "GET /amp.php HTTP/2.0" 302 1 "https://purplecapipl.com/robots.txt" "Mozilla/5.0 (Macintosh; Intel Mac OS X 10_15_7) AppleWebKit/537.36 (KHTML, like Gecko) Chrome/131.0.0.0 Safari/537.36; compatible; OAI-SearchBot/1.3; robots.txt; +https://openai.com/searchbot" 7 **0/7107**
74.7.230.0 - - [14/Mar/2026:05:53:37 -0700] "GET /amp.php HTTP/2.0" 302 1 "https://purplecapipl.com/amp.php" "Mozilla/5.0 (Macintosh; Intel Mac OS X 10_15_7) AppleWebKit/537.36 (KHTML, like Gecko) Chrome/131.0.0.0 Safari/537.36; compatible; OAI-SearchBot/1.3; robots.txt; +https://openai.com/searchbot" 8 **0/8701**
74.7.230.0 - - [14/Mar/2026:05:53:37 -0700] "GET /amp.php HTTP/2.0" 302 1 "https://purplecapipl.com/amp.php" "Mozilla/5.0 (Macintosh; Intel Mac OS X 10_15_7) AppleWebKit/537.36 (KHTML, like Gecko) Chrome/131.0.0.0 Safari/537.36; compatible; OAI-SearchBot/1.3; robots.txt; +https://openai.com/searchbot" 8 **0/8788**
74.7.230.0 - - [14/Mar/2026:05:53:37 -0700] "GET /amp.php HTTP/2.0" 302 1 "https://purplecapipl.com/amp.php" "Mozilla/5.0 (Macintosh; Intel Mac OS X 10_15_7) AppleWebKit/537.36 (KHTML, like Gecko) Chrome/131.0.0.0 Safari/537.36; compatible; OAI-SearchBot/1.3; robots.txt; +https://openai.com/searchbot" 9 **0/9144**
74.7.230.0 - - [14/Mar/2026:05:53:37 -0700] "GET /amp.php HTTP/2.0" 302 1 "https://purplecapipl.com/amp.php" "Mozilla/5.0 (Macintosh; Intel Mac OS X 10_15_7) AppleWebKit/537.36 (KHTML, like Gecko) Chrome/131.0.0.0 Safari/537.36; compatible; OAI-SearchBot/1.3; robots.txt; +https://openai.com/searchbot" 8 **0/8908**
118.139.180.95 - - [14/Mar/2026:05:53:48 -0700] "POST /wp-cron.php?doing_wp_cron=1773492828.1005539894104003906250 HTTP/1.1" 200 - "-" "WordPress/6.9.4; https://purplecapipl.com" 16 **0/16713**
128.14.102.147 - - [14/Mar/2026:05:53:47 -0700] "POST /xmlrpc.php HTTP/1.1" 200 180 "-" "Mozilla/5.0 (Windows NT 10.0; Win64; x64) AppleWebKit/537.36 (KHTML, like Gecko) Chrome/114.0.0.0 Safari/537.36" 251 **0/251638**
128.14.102.147 - - [14/Mar/2026:05:53:54 -0700] "POST /xmlrpc.php HTTP/1.1" 200 9605 "-" "Mozilla/5.0 (Windows NT 10.0; Win64; x64) AppleWebKit/537.36 (KHTML, like Gecko) Chrome/114.0.0.0 Safari/537.36" 620 **0/620845**
128.14.102.147 - - [14/Mar/2026:05:53:56 -0700] "GET /uncategorized/fur-wen-lohnt-es-zigeunern/ HTTP/1.1" 200 272791 "-" "Mozilla/5.0 (Windows NT 10.0; rv:109.0) Gecko/20100101 Firefox/115.0" 1568 **1/1568074**
122.59.0.48 - - [14/Mar/2026:05:54:29 -0700] "POST /xmlrpc.php HTTP/1.1" 200 403 "-" "Mozilla/5.0 (Windows NT 6.2; x64) AppleWebKit/537.36 (KHTML, like Gecko) Edge/94.0.0.0 Safari/537.36" 66 **0/66181**
45.201.155.16 - - [14/Mar/2026:05:54:55 -0700] "GET /casino-en-ligne-fr/les-10-casinos-en-ligne-en-france-les-plus-securises-et-rentables/ HTTP/1.1" 302 - "-" "Mozilla/5.0 (Macintosh; Intel Mac OS X 10_7_3) AppleWebKit/537.36 (KHTML, like Gecko, Mediapartners-Google) Chrome/89.0.4389.130 Safari/537.36" 10 **0/10564**
45.201.155.16 - - [14/Mar/2026:05:54:56 -0700] "GET /amp.php HTTP/1.1" 302 - "-" "Mozilla/5.0 (Macintosh; Intel Mac OS X 10_7_3) AppleWebKit/537.36 (KHTML, like Gecko, Mediapartners-Google) Chrome/89.0.4389.130 Safari/537.36" 7 **0/7248**
45.201.155.16 - - [14/Mar/2026:05:54:56 -0700] "GET /amp.php HTTP/1.1" 302 - "-" "Mozilla/5.0 (Macintosh; Intel Mac OS X 10_7_3) AppleWebKit/537.36 (KHTML, like Gecko, Mediapartners-Google) Chrome/89.0.4389.130 Safari/537.36" 8 **0/8546**
45.201.155.16 - - [14/Mar/2026:05:54:56 -0700] "GET /amp.php HTTP/1.1" 302 - "-" "Mozilla/5.0 (Macintosh; Intel Mac OS X 10_7_3) AppleWebKit/537.36 (KHTML, like Gecko, Mediapartners-Google) Chrome/89.0.4389.130 Safari/537.36" 7 **0/7549**
45.201.155.16 - - [14/Mar/2026:05:54:57 -0700] "GET /amp.php HTTP/1.1" 302 - "-" "Mozilla/5.0 (Macintosh; Intel Mac OS X 10_7_3) AppleWebKit/537.36 (KHTML, like Gecko, Mediapartners-Google) Chrome/89.0.4389.130 Safari/537.36" 7 **0/7703**
45.201.155.16 - - [14/Mar/2026:05:54:57 -0700] "GET /amp.php HTTP/1.1" 302 - "-" "Mozilla/5.0 (Macintosh; Intel Mac OS X 10_7_3) AppleWebKit/537.36 (KHTML, like Gecko, Mediapartners-Google) Chrome/89.0.4389.130 Safari/537.36" 7 **0/7536**
45.201.155.16 - - [14/Mar/2026:05:54:57 -0700] "GET /amp.php HTTP/1.1" 302 - "-" "Mozilla/5.0 (Macintosh; Intel Mac OS X 10_7_3) AppleWebKit/537.36 (KHTML, like Gecko, Mediapartners-Google) Chrome/89.0.4389.130 Safari/537.36" 7 **0/7253**
45.201.155.16 - - [14/Mar/2026:05:54:57 -0700] "GET /amp.php HTTP/1.1" 302 - "-" "Mozilla/5.0 (Macintosh; Intel Mac OS X 10_7_3) AppleWebKit/537.36 (KHTML, like Gecko, Mediapartners-Google) Chrome/89.0.4389.130 Safari/537.36" 9 **0/9082**
45.201.155.16 - - [14/Mar/2026:05:54:58 -0700] "GET /amp.php HTTP/1.1" 302 - "-" "Mozilla/5.0 (Macintosh; Intel Mac OS X 10_7_3) AppleWebKit/537.36 (KHTML, like Gecko, Mediapartners-Google) Chrome/89.0.4389.130 Safari/537.36" 7 **0/7456**
45.201.155.16 - - [14/Mar/2026:05:54:58 -0700] "GET /amp.php HTTP/1.1" 302 - "-" "Mozilla/5.0 (Macintosh; Intel Mac OS X 10_7_3) AppleWebKit/537.36 (KHTML, like Gecko, Mediapartners-Google) Chrome/89.0.4389.130 Safari/537.36" 6 **0/6668**
45.201.155.16 - - [14/Mar/2026:05:54:58 -0700] "GET /amp.php HTTP/1.1" 302 - "-" "Mozilla/5.0 (Macintosh; Intel Mac OS X 10_7_3) AppleWebKit/537.36 (KHTML, like Gecko, Mediapartners-Google) Chrome/89.0.4389.130 Safari/537.36" 7 **0/7241**
45.201.155.16 - - [14/Mar/2026:05:54:59 -0700] "GET /amp.php HTTP/1.1" 302 - "-" "Mozilla/5.0 (Macintosh; Intel Mac OS X 10_7_3) AppleWebKit/537.36 (KHTML, like Gecko, Mediapartners-Google) Chrome/89.0.4389.130 Safari/537.36" 8 **0/8619**
45.201.155.16 - - [14/Mar/2026:05:54:59 -0700] "GET /amp.php HTTP/1.1" 302 - "-" "Mozilla/5.0 (Macintosh; Intel Mac OS X 10_7_3) AppleWebKit/537.36 (KHTML, like Gecko, Mediapartners-Google) Chrome/89.0.4389.130 Safari/537.36" 8 **0/8121**
45.201.155.16 - - [14/Mar/2026:05:54:59 -0700] "GET /amp.php HTTP/1.1" 302 - "-" "Mozilla/5.0 (Macintosh; Intel Mac OS X 10_7_3) AppleWebKit/537.36 (KHTML, like Gecko, Mediapartners-Google) Chrome/89.0.4389.130 Safari/537.36" 5 **0/5817**
45.201.155.16 - - [14/Mar/2026:05:54:59 -0700] "GET /amp.php HTTP/1.1" 302 - "-" "Mozilla/5.0 (Macintosh; Intel Mac OS X 10_7_3) AppleWebKit/537.36 (KHTML, like Gecko, Mediapartners-Google) Chrome/89.0.4389.130 Safari/537.36" 8 **0/8309**
45.201.155.16 - - [14/Mar/2026:05:55:00 -0700] "GET /amp.php HTTP/1.1" 302 - "-" "Mozilla/5.0 (Macintosh; Intel Mac OS X 10_7_3) AppleWebKit/537.36 (KHTML, like Gecko, Mediapartners-Google) Chrome/89.0.4389.130 Safari/537.36" 9 **0/9890**
45.201.155.16 - - [14/Mar/2026:05:55:00 -0700] "GET /amp.php HTTP/1.1" 302 - "-" "Mozilla/5.0 (Macintosh; Intel Mac OS X 10_7_3) AppleWebKit/537.36 (KHTML, like Gecko, Mediapartners-Google) Chrome/89.0.4389.130 Safari/537.36" 8 **0/8744**
45.201.155.16 - - [14/Mar/2026:05:55:00 -0700] "GET /amp.php HTTP/1.1" 302 - "-" "Mozilla/5.0 (Macintosh; Intel Mac OS X 10_7_3) AppleWebKit/537.36 (KHTML, like Gecko, Mediapartners-Google) Chrome/89.0.4389.130 Safari/537.36" 9 **0/9520**
45.201.155.16 - - [14/Mar/2026:05:55:01 -0700] "GET /amp.php HTTP/1.1" 302 - "-" "Mozilla/5.0 (Macintosh; Intel Mac OS X 10_7_3) AppleWebKit/537.36 (KHTML, like Gecko, Mediapartners-Google) Chrome/89.0.4389.130 Safari/537.36" 10 **0/10286**
45.201.155.16 - - [14/Mar/2026:05:55:01 -0700] "GET /amp.php HTTP/1.1" 302 - "-" "Mozilla/5.0 (Macintosh; Intel Mac OS X 10_7_3) AppleWebKit/537.36 (KHTML, like Gecko, Mediapartners-Google) Chrome/89.0.4389.130 Safari/537.36" 11 **0/11408**
45.201.155.16 - - [14/Mar/2026:05:55:01 -0700] "GET /amp.php HTTP/1.1" 302 - "-" "Mozilla/5.0 (Macintosh; Intel Mac OS X 10_7_3) AppleWebKit/537.36 (KHTML, like Gecko, Mediapartners-Google) Chrome/89.0.4389.130 Safari/537.36" 17 **0/17611**
45.201.155.16 - - [14/Mar/2026:05:55:01 -0700] "GET /amp.php HTTP/1.1" 302 - "-" "Mozilla/5.0 (Macintosh; Intel Mac OS X 10_7_3) AppleWebKit/537.36 (KHTML, like Gecko, Mediapartners-Google) Chrome/89.0.4389.130 Safari/537.36" 26 **0/26860**
45.201.155.16 - - [14/Mar/2026:05:55:02 -0700] "GET /amp.php HTTP/1.1" 302 - "-" "Mozilla/5.0 (Macintosh; Intel Mac OS X 10_7_3) AppleWebKit/537.36 (KHTML, like Gecko, Mediapartners-Google) Chrome/89.0.4389.130 Safari/537.36" 38 **0/38118**
45.201.155.16 - - [14/Mar/2026:05:55:02 -0700] "GET /amp.php HTTP/1.1" 302 - "-" "Mozilla/5.0 (Macintosh; Intel Mac OS X 10_7_3) AppleWebKit/537.36 (KHTML, like Gecko, Mediapartners-Google) Chrome/89.0.4389.130 Safari/537.36" 12 **0/12812**
45.201.155.16 - - [14/Mar/2026:05:55:02 -0700] "GET /amp.php HTTP/1.1" 302 - "-" "Mozilla/5.0 (Macintosh; Intel Mac OS X 10_7_3) AppleWebKit/537.36 (KHTML, like Gecko, Mediapartners-Google) Chrome/89.0.4389.130 Safari/537.36" 19 **0/19325**
45.201.155.16 - - [14/Mar/2026:05:55:03 -0700] "GET /amp.php HTTP/1.1" 302 - "-" "Mozilla/5.0 (Macintosh; Intel Mac OS X 10_7_3) AppleWebKit/537.36 (KHTML, like Gecko, Mediapartners-Google) Chrome/89.0.4389.130 Safari/537.36" 21 **0/21783**
45.201.155.16 - - [14/Mar/2026:05:55:03 -0700] "GET /amp.php HTTP/1.1" 302 - "-" "Mozilla/5.0 (Macintosh; Intel Mac OS X 10_7_3) AppleWebKit/537.36 (KHTML, like Gecko, Mediapartners-Google) Chrome/89.0.4389.130 Safari/537.36" 14 **0/14759**
45.201.155.16 - - [14/Mar/2026:05:55:03 -0700] "GET /amp.php HTTP/1.1" 302 - "-" "Mozilla/5.0 (Macintosh; Intel Mac OS X 10_7_3) AppleWebKit/537.36 (KHTML, like Gecko, Mediapartners-Google) Chrome/89.0.4389.130 Safari/537.36" 8 **0/8993**
45.201.155.16 - - [14/Mar/2026:05:55:04 -0700] "GET /amp.php HTTP/1.1" 302 - "-" "Mozilla/5.0 (Macintosh; Intel Mac OS X 10_7_3) AppleWebKit/537.36 (KHTML, like Gecko, Mediapartners-Google) Chrome/89.0.4389.130 Safari/537.36" 9 **0/9190**
45.201.155.16 - - [14/Mar/2026:05:55:04 -0700] "GET /amp.php HTTP/1.1" 302 - "-" "Mozilla/5.0 (Macintosh; Intel Mac OS X 10_7_3) AppleWebKit/537.36 (KHTML, like Gecko, Mediapartners-Google) Chrome/89.0.4389.130 Safari/537.36" 14 **0/14468**
45.201.155.16 - - [14/Mar/2026:05:55:04 -0700] "GET /amp.php HTTP/1.1" 302 - "-" "Mozilla/5.0 (Macintosh; Intel Mac OS X 10_7_3) AppleWebKit/537.36 (KHTML, like Gecko, Mediapartners-Google) Chrome/89.0.4389.130 Safari/537.36" 16 **0/16958**
113.178.58.25 - - [14/Mar/2026:05:55:07 -0700] "GET /casino-en-ligne-fr/les-10-casinos-en-ligne-en-france-les-plus-securises-et-rentables/ HTTP/1.1" 200 40560 "-" "Mozilla/5.0 (Macintosh; Intel Mac OS X 10_15_7) AppleWebKit/537.36 (KHTML, like Gecko) Chrome/86.0.4240.198 Safari/537.36" 424 **0/424313**
122.59.0.48 - - [14/Mar/2026:05:55:29 -0700] "POST /xmlrpc.php HTTP/1.1" 200 403 "-" "Mozilla/5.0 (Linux; Android 10; arm64) AppleWebKit/537.36 (KHTML, like Gecko) Opera/61.0.0.0 Safari/537.36" 72 **0/72116**
118.139.180.95 - - [14/Mar/2026:05:55:50 -0700] "POST /wp-cron.php?doing_wp_cron=1773492950.5502901077270507812500 HTTP/1.1" 200 - "-" "WordPress/6.9.4; https://purplecapipl.com" 16 **0/16746**
98.98.33.51 - - [14/Mar/2026:05:55:50 -0700] "POST /xmlrpc.php HTTP/1.1" 200 180 "-" "Mozilla/5.0 (Windows NT 10.0; Win64; x64) AppleWebKit/537.36 (KHTML, like Gecko) Chrome/114.0.0.0 Safari/537.36" 289 **0/289591**
98.98.33.51 - - [14/Mar/2026:05:55:57 -0700] "POST /xmlrpc.php HTTP/1.1" 200 10905 "-" "Mozilla/5.0 (Windows NT 10.0; Win64; x64) AppleWebKit/537.36 (KHTML, like Gecko) Chrome/114.0.0.0 Safari/537.36" 607 **0/607872**
98.98.33.51 - - [14/Mar/2026:05:55:59 -0700] "GET /uncategorized/5-lowest-deposit-casinos%EF%B8%8F-2026-extra-codes/ HTTP/1.1" 200 273781 "-" "Mozilla/5.0 (Windows NT 10.0; Win64; x64) AppleWebKit/537.36 (KHTML, like Gecko) Chrome/124.0.0.0 Safari/537.36" 1559 **1/1559201**
118.139.180.95 - - [14/Mar/2026:05:56:14 -0700] "POST /wp-cron.php?doing_wp_cron=1773492974.6146650314331054687500 HTTP/1.1" 200 - "-" "WordPress/6.9.4; https://purplecapipl.com" 17 **0/17230**
128.14.102.147 - - [14/Mar/2026:05:56:14 -0700] "POST /xmlrpc.php HTTP/1.1" 200 180 "-" "Mozilla/5.0 (Windows NT 10.0; Win64; x64) AppleWebKit/537.36 (KHTML, like Gecko) Chrome/114.0.0.0 Safari/537.36" 243 **0/243576**
128.14.102.147 - - [14/Mar/2026:05:56:20 -0700] "POST /xmlrpc.php HTTP/1.1" 200 9705 "-" "Mozilla/5.0 (Windows NT 10.0; Win64; x64) AppleWebKit/537.36 (KHTML, like Gecko) Chrome/114.0.0.0 Safari/537.36" 569 **0/569704**
128.14.102.147 - - [14/Mar/2026:05:56:22 -0700] "GET /uncategorized/sonnennachster-planet-slot-via-echtgeld-auffuhren/ HTTP/1.1" 200 272650 "-" "Mozilla/5.0 (Windows NT 10.0; Win64; x64) AppleWebKit/537.36 (KHTML, like Gecko) Chrome/123.0.0.0 Safari/537.36 OPR/109.0.0.0" 1573 **1/1573597**
122.59.0.48 - - [14/Mar/2026:05:56:29 -0700] "POST /xmlrpc.php HTTP/1.1" 200 403 "-" "Mozilla/5.0 (Windows NT 10.0; x64) AppleWebKit/537.36 (KHTML, like Gecko) Chrome/110.0.0.0 Safari/537.36" 80 **0/80781**
182.48.82.25 - - [14/Mar/2026:05:56:43 -0700] "GET /uncategorized/mythologische-symbole-im-modernen-spiel-ein-blick-auf-gates-of-olympus-2025/ HTTP/1.1" 200 43162 "-" "Mozilla/5.0 (Macintosh; Intel Mac OS X 10_14_6) AppleWebKit/537.36 (KHTML, like Gecko) Brave Chrome/89.0.4389.114 Safari/537.36" 290 **0/290768**
122.59.0.48 - - [14/Mar/2026:05:57:29 -0700] "POST /xmlrpc.php HTTP/1.1" 200 403 "-" "Mozilla/5.0 (Linux; Android 10; x64) AppleWebKit/537.36 (KHTML, like Gecko) Safari/12.0.0.0 Safari/537.36" 72 **0/72402**
204.217.130.8 - - [14/Mar/2026:05:58:02 -0700] "GET /ipl-betting/ipl-cricket-betting-in-west-bengal/ HTTP/1.1" 200 30286 "https://purplecapipl.com" "Mozilla/5.0 (Windows NT 10.0; Win64; x64) AppleWebKit/537.36 (KHTML, like Gecko) Chrome/62.0.3202.94 Safari/537.36" 288 **0/288909**
122.59.0.48 - - [14/Mar/2026:05:58:29 -0700] "POST /xmlrpc.php HTTP/1.1" 200 403 "-" "Mozilla/5.0 (Linux; Android 10; arm64) AppleWebKit/537.36 (KHTML, like Gecko) Edge/81.0.0.0 Safari/537.36" 74 **0/74753**
118.139.180.95 - - [14/Mar/2026:05:58:43 -0700] "POST /wp-cron.php?doing_wp_cron=1773493123.8674669265747070312500 HTTP/1.1" 200 - "-" "WordPress/6.9.4; https://purplecapipl.com" 20 **0/20479**
128.14.102.147 - - [14/Mar/2026:05:58:43 -0700] "POST /xmlrpc.php HTTP/1.1" 200 180 "-" "Mozilla/5.0 (Windows NT 10.0; Win64; x64) AppleWebKit/537.36 (KHTML, like Gecko) Chrome/114.0.0.0 Safari/537.36" 268 **0/268193**
128.14.102.147 - - [14/Mar/2026:05:58:50 -0700] "POST /xmlrpc.php HTTP/1.1" 200 10440 "-" "Mozilla/5.0 (Windows NT 10.0; Win64; x64) AppleWebKit/537.36 (KHTML, like Gecko) Chrome/114.0.0.0 Safari/537.36" 601 **0/601974**
128.14.102.147 - - [14/Mar/2026:05:58:52 -0700] "GET /uncategorized/eye-of-horus-slot-durch-rtg-blueprint-gaming-horus-wilds-unter-walzen-2-4-extendieren-symbole-as-part-of-12-freispielen-upgraden-9631-rtp-10-000x-max-gewinn/ HTTP/1.1" 200 274160 "-" "Mozilla/5.0 (Windows NT 10.0; Win64; x64) AppleWebKit/537.36 (KHTML, like Gecko) Chrome/123.0.0.0 Safari/537.36" 1508 **1/1508303**
122.59.0.48 - - [14/Mar/2026:05:59:29 -0700] "POST /xmlrpc.php HTTP/1.1" 200 403 "-" "Mozilla/5.0 (X11; Ubuntu; Linux x86_64; x86) AppleWebKit/537.36 (KHTML, like Gecko) Edge/86.0.0.0 Safari/537.36" 66 **0/66478**
146.174.182.223 - - [14/Mar/2026:06:00:16 -0700] "GET /uncategorized/100-earliest-deposit-extra-10-within-the-tickets/ HTTP/1.1" 200 42419 "-" "Mozilla/5.0 (Macintosh; U; Intel Mac OS X 10_6_3; en-US) AppleWebKit/533.3 (KHTML, like Gecko) Chrome/5.0.363.0 Safari/533.3" 343 **0/343763**
118.139.180.95 - - [14/Mar/2026:06:00:18 -0700] "POST /wp-cron.php?doing_wp_cron=1773493218.5992538928985595703125 HTTP/1.1" 200 - "-" "WordPress/6.9.4; https://purplecapipl.com" 18 **0/18862**
98.98.197.199 - - [14/Mar/2026:06:00:18 -0700] "POST /xmlrpc.php HTTP/1.1" 200 180 "-" "Mozilla/5.0 (Windows NT 10.0; Win64; x64) AppleWebKit/537.36 (KHTML, like Gecko) Chrome/114.0.0.0 Safari/537.36" 314 **0/314158**
118.139.180.95 - - [14/Mar/2026:06:00:24 -0700] "POST /wp-cron.php?doing_wp_cron=1773493224.5766069889068603515625 HTTP/1.1" 200 - "-" "WordPress/6.9.4; https://purplecapipl.com" 22 **0/22406**
98.98.33.51 - - [14/Mar/2026:06:00:24 -0700] "POST /xmlrpc.php HTTP/1.1" 200 180 "-" "Mozilla/5.0 (Windows NT 10.0; Win64; x64) AppleWebKit/537.36 (KHTML, like Gecko) Chrome/114.0.0.0 Safari/537.36" 318 **0/318230**
98.98.197.199 - - [14/Mar/2026:06:00:25 -0700] "POST /xmlrpc.php HTTP/1.1" 200 13176 "-" "Mozilla/5.0 (Windows NT 10.0; Win64; x64) AppleWebKit/537.36 (KHTML, like Gecko) Chrome/114.0.0.0 Safari/537.36" 669 **0/669842**
198.23.219.125 - - [14/Mar/2026:06:00:26 -0700] "GET /articles/page/2/ HTTP/2.0" 200 27440 "-" "Mozilla/5.0 (Macintosh; Intel Mac OS X 10_15_7) AppleWebKit/537.36 (KHTML, like Gecko) Chrome/134.0.0.0 Safari/537.36" 272 **0/272649**
98.98.197.199 - - [14/Mar/2026:06:00:28 -0700] "GET /uncategorized/spielsaal-freispiele-exklusive-einzahlung-auf-diese-seite-anklicken-anhieb-zuganglich-2026/ HTTP/1.1" 200 277246 "-" "Mozilla/5.0 (Windows NT 10.0; Win64; x64; rv:124.0) Gecko/20100101 Firefox/124.0" 1745 **1/1745790**
122.59.0.48 - - [14/Mar/2026:06:00:29 -0700] "POST /xmlrpc.php HTTP/1.1" 200 403 "-" "Mozilla/5.0 (Macintosh; Intel Mac OS X 10_15_7; arm64) AppleWebKit/537.36 (KHTML, like Gecko) Opera/70.0.0.0 Safari/537.36" 115 **0/115966**
98.98.33.51 - - [14/Mar/2026:06:00:31 -0700] "POST /xmlrpc.php HTTP/1.1" 200 11779 "-" "Mozilla/5.0 (Windows NT 10.0; Win64; x64) AppleWebKit/537.36 (KHTML, like Gecko) Chrome/114.0.0.0 Safari/537.36" 637 **0/637556**
98.98.33.51 - - [14/Mar/2026:06:00:33 -0700] "GET /uncategorized/thunderstruck-dos-position-free-fool-around-with-zero-download/ HTTP/1.1" 200 274961 "-" "Mozilla/5.0 (Windows NT 10.0; Win64; x64) AppleWebKit/537.36 (KHTML, like Gecko) Chrome/124.0.0.0 Safari/537.36" 1544 **1/1544471**
85.208.96.210 - - [14/Mar/2026:06:00:52 -0700] "GET /uncategorized/mostbet-ofitsialnyi-sait-kazino-i-stavki-zhe-bk-rabochee-zerkalo-mostbet-na-segodnia/ HTTP/1.1" 302 - "-" "Mozilla/5.0 (compatible; SemrushBot/7~bl; +http://www.semrush.com/bot.html)" 17 **0/17323**
122.59.0.48 - - [14/Mar/2026:06:01:29 -0700] "POST /xmlrpc.php HTTP/1.1" 200 403 "-" "Mozilla/5.0 (X11; Ubuntu; Linux x86_64; x64) AppleWebKit/537.36 (KHTML, like Gecko) Safari/13.0.0.0 Safari/537.36" 71 **0/71613**
20.193.233.245 - - [14/Mar/2026:06:02:19 -0700] "GET / HTTP/2.0" 302 1 "-" "Mozilla/5.0 AppleWebKit/537.36 (KHTML, like Gecko); compatible; ChatGPT-User/1.0; +https://openai.com/bot" 14 **0/14104**
20.193.233.252 - - [14/Mar/2026:06:02:19 -0700] "GET /amp.php HTTP/2.0" 302 1 "-" "Mozilla/5.0 AppleWebKit/537.36 (KHTML, like Gecko); compatible; ChatGPT-User/1.0; +https://openai.com/bot" 7 **0/7849**
209.50.167.69 - - [14/Mar/2026:06:02:27 -0700] "GET /wp-content/themes/facilitiesspoils/index.php HTTP/1.1" 200 - "-" "Mozilla/5.0 (Windows NT 5.1) AppleWebKit/537.36 (KHTML, like Gecko) Maxthon/4.3.1.1000 Chrome/30.0.1599.101 Safari/537.3641354769" 11 **0/11476**
122.59.0.48 - - [14/Mar/2026:06:02:29 -0700] "POST /xmlrpc.php HTTP/1.1" 200 403 "-" "Mozilla/5.0 (X11; Ubuntu; Linux x86_64; arm64) AppleWebKit/537.36 (KHTML, like Gecko) Opera/67.0.0.0 Safari/537.36" 71 **0/71122**
74.7.230.0 - - [14/Mar/2026:06:02:32 -0700] "GET /robots.txt HTTP/2.0" 302 1 "-" "Mozilla/5.0 (Macintosh; Intel Mac OS X 10_15_7) AppleWebKit/537.36 (KHTML, like Gecko) Chrome/131.0.0.0 Safari/537.36; compatible; OAI-SearchBot/1.3; robots.txt; +https://openai.com/searchbot" 8 **0/8959**
74.7.230.0 - - [14/Mar/2026:06:02:32 -0700] "GET /amp.php HTTP/2.0" 302 1 "https://purplecapipl.com/robots.txt" "Mozilla/5.0 (Macintosh; Intel Mac OS X 10_15_7) AppleWebKit/537.36 (KHTML, like Gecko) Chrome/131.0.0.0 Safari/537.36; compatible; OAI-SearchBot/1.3; robots.txt; +https://openai.com/searchbot" 8 **0/8159**
74.7.230.0 - - [14/Mar/2026:06:02:32 -0700] "GET /amp.php HTTP/2.0" 302 1 "https://purplecapipl.com/amp.php" "Mozilla/5.0 (Macintosh; Intel Mac OS X 10_15_7) AppleWebKit/537.36 (KHTML, like Gecko) Chrome/131.0.0.0 Safari/537.36; compatible; OAI-SearchBot/1.3; robots.txt; +https://openai.com/searchbot" 19 **0/19324**
74.7.230.0 - - [14/Mar/2026:06:02:32 -0700] "GET /amp.php HTTP/2.0" 302 1 "https://purplecapipl.com/amp.php" "Mozilla/5.0 (Macintosh; Intel Mac OS X 10_15_7) AppleWebKit/537.36 (KHTML, like Gecko) Chrome/131.0.0.0 Safari/537.36; compatible; OAI-SearchBot/1.3; robots.txt; +https://openai.com/searchbot" 7 **0/7446**
74.7.230.0 - - [14/Mar/2026:06:02:33 -0700] "GET /amp.php HTTP/2.0" 302 1 "https://purplecapipl.com/amp.php" "Mozilla/5.0 (Macintosh; Intel Mac OS X 10_15_7) AppleWebKit/537.36 (KHTML, like Gecko) Chrome/131.0.0.0 Safari/537.36; compatible; OAI-SearchBot/1.3; robots.txt; +https://openai.com/searchbot" 7 **0/7081**
74.7.230.0 - - [14/Mar/2026:06:02:33 -0700] "GET /amp.php HTTP/2.0" 302 1 "https://purplecapipl.com/amp.php" "Mozilla/5.0 (Macintosh; Intel Mac OS X 10_15_7) AppleWebKit/537.36 (KHTML, like Gecko) Chrome/131.0.0.0 Safari/537.36; compatible; OAI-SearchBot/1.3; robots.txt; +https://openai.com/searchbot" 7 **0/7418**
118.139.180.95 - - [14/Mar/2026:06:02:37 -0700] "POST /wp-cron.php?doing_wp_cron=1773493357.7664330005645751953125 HTTP/1.1" 200 - "-" "WordPress/6.9.4; https://purplecapipl.com" 17 **0/17056**
128.14.102.147 - - [14/Mar/2026:06:02:37 -0700] "POST /xmlrpc.php HTTP/1.1" 200 180 "-" "Mozilla/5.0 (Windows NT 10.0; Win64; x64) AppleWebKit/537.36 (KHTML, like Gecko) Chrome/114.0.0.0 Safari/537.36" 221 **0/221304**
128.14.102.147 - - [14/Mar/2026:06:02:44 -0700] "POST /xmlrpc.php HTTP/1.1" 200 11185 "-" "Mozilla/5.0 (Windows NT 10.0; Win64; x64) AppleWebKit/537.36 (KHTML, like Gecko) Chrome/114.0.0.0 Safari/537.36" 606 **0/606490**
128.14.102.147 - - [14/Mar/2026:06:02:46 -0700] "GET /uncategorized/eye-of-horus-slot-2025-sonnennachster-planet-klassiker-inoffizieller-mitarbeiter-erprobung-de/ HTTP/1.1" 200 274643 "-" "Mozilla/5.0 (Windows NT 10.0; rv:125.0) Gecko/20100101 Firefox/125.0" 1597 **1/1597365**
185.191.171.19 - - [14/Mar/2026:06:03:19 -0700] "GET /slots/sweet-bonanza-avis-sur-la-question-complet-test-2025-pragmatic-play/ HTTP/1.1" 302 - "-" "Mozilla/5.0 (compatible; SemrushBot/7~bl; +http://www.semrush.com/bot.html)" 10 **0/10786**
122.59.0.48 - - [14/Mar/2026:06:03:29 -0700] "POST /xmlrpc.php HTTP/1.1" 200 403 "-" "Mozilla/5.0 (Linux; Android 10; x64) AppleWebKit/537.36 (KHTML, like Gecko) Chrome/83.0.0.0 Safari/537.36" 80 **0/80619**
118.139.180.95 - - [14/Mar/2026:06:03:47 -0700] "POST /wp-cron.php?doing_wp_cron=1773493427.8405001163482666015625 HTTP/1.1" 200 - "-" "WordPress/6.9.4; https://purplecapipl.com" 18 **0/18473**
107.152.32.177 - - [14/Mar/2026:06:03:47 -0700] "GET /uncategorized/ten-better-a-real-income-web-based-casinos-for-usa-participants-inside-2025/ HTTP/1.1" 200 36058 "https://purplecapipl.com/" "Mozilla/5.0 (Linux x86_64; rv:114.0) Gecko/20100101 Firefox/114.0" 318 **0/318637**
107.152.32.177 - - [14/Mar/2026:06:03:51 -0700] "GET /uncategorized/eye-of-horus-slot-durch-rtg-blueprint-gaming-horus-wilds-unter-walzen-2-4-extendieren-symbole-as-part-of-12-freispielen-upgraden-9631-rtp-10-000x-max-gewinn/ HTTP/1.1" 200 36296 "https://purplecapipl.com/uncategorized/eye-of-horus-slot-durch-rtg-blueprint-gaming-horus-wilds-unter-walzen-2-4-extendieren-symbole-as-part-of-12-freispielen-upgraden-9631-rtp-10-000x-max-gewinn/" "Mozilla/5.0 (Linux x86_64; rv:114.0) Gecko/20100101 Firefox/114.0" 268 **0/268507**
14.187.66.209 - - [14/Mar/2026:06:03:54 -0700] "GET /ipl-betting/ipl-betting-in-andhra-pradesh/ HTTP/1.1" 200 27894 "-" "Mozilla/5.0 (Linux; Android 11) AppleWebKit/535.2 (KHTML, like Gecko) Chrome/48.0.865.0 Safari/535.2" 196 **0/196466**
122.59.0.48 - - [14/Mar/2026:06:04:29 -0700] "POST /xmlrpc.php HTTP/1.1" 200 403 "-" "Mozilla/5.0 (Windows NT 10.0; arm64) AppleWebKit/537.36 (KHTML, like Gecko) Opera/72.0.0.0 Safari/537.36" 194 **0/194883**
118.139.180.95 - - [14/Mar/2026:06:05:29 -0700] "POST /wp-cron.php?doing_wp_cron=1773493529.8353829383850097656250 HTTP/1.1" 200 - "-" "WordPress/6.9.4; https://purplecapipl.com" 18 **0/18821**
122.59.0.48 - - [14/Mar/2026:06:05:29 -0700] "POST /xmlrpc.php HTTP/1.1" 200 403 "-" "Mozilla/5.0 (Linux; Android 10; arm64) AppleWebKit/537.36 (KHTML, like Gecko) Chrome/103.0.0.0 Safari/537.36" 112 **0/112068**
206.232.2.149 - - [14/Mar/2026:06:06:01 -0700] "GET /ipl-betting/assam-ipl-betting-app/ HTTP/1.1" 200 30624 "https://purplecapipl.com" "Mozilla/5.0 (Windows NT 10.0; Win64; x64) AppleWebKit/537.36 (KHTML, like Gecko) Chrome/62.0.3202.94 Safari/537.36" 368 **0/368454**
118.139.180.95 - - [14/Mar/2026:06:06:14 -0700] "POST /wp-cron.php?doing_wp_cron=1773493574.1474790573120117187500 HTTP/1.1" 200 - "-" "WordPress/6.9.4; https://purplecapipl.com" 17 **0/17029**
98.98.33.51 - - [14/Mar/2026:06:06:13 -0700] "POST /xmlrpc.php HTTP/1.1" 200 180 "-" "Mozilla/5.0 (Windows NT 10.0; Win64; x64) AppleWebKit/537.36 (KHTML, like Gecko) Chrome/114.0.0.0 Safari/537.36" 258 **0/258134**
98.98.33.51 - - [14/Mar/2026:06:06:20 -0700] "POST /xmlrpc.php HTTP/1.1" 200 10920 "-" "Mozilla/5.0 (Windows NT 10.0; Win64; x64) AppleWebKit/537.36 (KHTML, like Gecko) Chrome/114.0.0.0 Safari/537.36" 611 **0/611671**
98.98.33.51 - - [14/Mar/2026:06:06:22 -0700] "GET /uncategorized/tips-victory-for-the-pokies-in-the-2024-action-by-action-book-first-of-all/ HTTP/1.1" 200 274527 "-" "Mozilla/5.0 (Windows NT 10.0; Win64; x64; rv:125.0) Gecko/20100101 Firefox/125.0" 4066 **4/4066688**
122.59.0.48 - - [14/Mar/2026:06:06:29 -0700] "POST /xmlrpc.php HTTP/1.1" 200 403 "-" "Mozilla/5.0 (Windows NT 10.0; x64) AppleWebKit/537.36 (KHTML, like Gecko) Safari/12.0.0.0 Safari/537.36" 86 **0/86070**
122.59.0.48 - - [14/Mar/2026:06:07:29 -0700] "POST /xmlrpc.php HTTP/1.1" 200 403 "-" "Mozilla/5.0 (Macintosh; Intel Mac OS X 10_15_7; x86) AppleWebKit/537.36 (KHTML, like Gecko) Safari/14.0.0.0 Safari/537.36" 72 **0/72416**
14.162.52.195 - - [14/Mar/2026:06:08:07 -0700] "GET /1win-uzbekistan/1win-uzbekistan-official-website/ HTTP/1.1" 200 46163 "-" "Mozilla/5.0 (Windows NT 10.0; WOW64) AppleWebKit/537.36 (KHTML, like Gecko) Chrome/87.0.4280.66 Safari/537.36" 251 **0/251354**
122.59.0.48 - - [14/Mar/2026:06:08:29 -0700] "POST /xmlrpc.php HTTP/1.1" 200 403 "-" "Mozilla/5.0 (Windows NT 6.2; arm64) AppleWebKit/537.36 (KHTML, like Gecko) Chrome/83.0.0.0 Safari/537.36" 81 **0/81989**
14.192.215.122 - - [14/Mar/2026:06:08:51 -0700] "GET /uncategorized/erstplatzierter-online-kasino-provision-das-grose-kollationieren-2026/ HTTP/1.1" 200 41466 "-" "Mozilla/5.0 (Windows NT 6.1) AppleWebKit/535.2 (KHTML, like Gecko) Chrome/15.0.861.0 Safari/535.2" 343 **0/343164**
185.191.171.1 - - [14/Mar/2026:06:09:04 -0700] "GET /uncategorized/nawigowanie-czasami-wyplat-z-slottica-jak-wyplacic-srodki/ HTTP/1.1" 302 - "-" "Mozilla/5.0 (compatible; SemrushBot/7~bl; +http://www.semrush.com/bot.html)" 15 **0/15446**
122.59.0.48 - - [14/Mar/2026:06:09:29 -0700] "POST /xmlrpc.php HTTP/1.1" 200 403 "-" "Mozilla/5.0 (Windows NT 6.2; x86) AppleWebKit/537.36 (KHTML, like Gecko) Safari/13.0.0.0 Safari/537.36" 80 **0/80899**
118.139.180.95 - - [14/Mar/2026:06:09:55 -0700] "POST /wp-cron.php?doing_wp_cron=1773493795.0339949131011962890625 HTTP/1.1" 200 - "-" "WordPress/6.9.4; https://purplecapipl.com" 19 **0/19388**
73.179.131.37 - - [14/Mar/2026:06:09:54 -0700] "POST /xmlrpc.php HTTP/2.0" 200 180 "-" "Mozilla/5.0 (Windows NT 10.0; Win64; x64; rv:121.0) Gecko/20100101 Firefox/121.0" 282 **0/282416**
73.179.131.37 - - [14/Mar/2026:06:09:56 -0700] "POST /xmlrpc.php HTTP/2.0" 200 412 "-" "Mozilla/5.0 (X11; Linux x86_64) AppleWebKit/537.36 (KHTML, like Gecko) Chrome/120.0.0.0 Safari/537.36" 157 **0/157013**
69.12.82.34 - - [14/Mar/2026:06:10:09 -0700] "GET /articles/page/21/ HTTP/2.0" 200 27445 "-" "Mozilla/5.0 (Macintosh; Intel Mac OS X 10_15_7) AppleWebKit/537.36 (KHTML, like Gecko) Chrome/130.0.0.0 Safari/537.36" 410 **0/410629**
