216.26.227.17 - - [14/Mar/2026:11:15:27 -0700] "GET /wp-admin/theme-install.php?browse=popular HTTP/2.0" 404 25274 "-" "Mozilla/5.0 (Windows NT 10.0; Win64; x64) AppleWebKit/537.36 (KHTML, like Gecko) Chrome/124.0.6367.207 Safari/537.36" 227 **0/227457**
216.26.227.17 - - [14/Mar/2026:11:15:28 -0700] "GET /wp-admin/theme-install.php?browse=popular HTTP/2.0" 404 25274 "-" "Mozilla/5.0 (Windows NT 10.0; Win64; x64) AppleWebKit/537.36 (KHTML, like Gecko) Chrome/124.0.6367.207 Safari/537.36" 275 **0/275252**
216.26.227.17 - - [14/Mar/2026:11:15:30 -0700] "GET /wp-admin/theme-install.php?browse=popular HTTP/2.0" 404 25274 "-" "Mozilla/5.0 (Windows NT 10.0; Win64; x64) AppleWebKit/537.36 (KHTML, like Gecko) Chrome/124.0.6367.207 Safari/537.36" 344 **0/344573**
43.173.178.249 - - [14/Mar/2026:11:15:33 -0700] "GET /t20-world-cup/highest-strike-rate-in-t20-world-cup HTTP/1.1" 301 - "-" "Mozilla/5.0 (Windows NT 10.0; Win64; x64) AppleWebKit/537.36 (KHTML, like Gecko) Chrome/103.0.0.0 Safari/537.36" 120 **0/120370**
216.26.227.17 - - [14/Mar/2026:11:15:32 -0700] "GET /wp-admin/theme-install.php?browse=popular HTTP/2.0" 404 25274 "-" "Mozilla/5.0 (Windows NT 10.0; Win64; x64) AppleWebKit/537.36 (KHTML, like Gecko) Chrome/124.0.6367.207 Safari/537.36" 270 **0/270695**
43.173.181.94 - - [14/Mar/2026:11:15:33 -0700] "GET /t20-world-cup/highest-strike-rate-in-t20-world-cup/ HTTP/1.1" 200 42439 "-" "Mozilla/5.0 (Windows NT 10.0; Win64; x64) AppleWebKit/537.36 (KHTML, like Gecko) Chrome/103.0.0.0 Safari/537.36" 346 **0/346597**
216.26.227.17 - - [14/Mar/2026:11:15:33 -0700] "GET /wp-admin/themes.php HTTP/2.0" 200 14871 "-" "Mozilla/5.0 (Windows NT 10.0; Win64; x64) AppleWebKit/537.36 (KHTML, like Gecko) Chrome/124.0.6367.207 Safari/537.36" 170 **0/170919**
118.139.180.95 - - [14/Mar/2026:11:15:34 -0700] "POST /wp-cron.php?doing_wp_cron=1773512134.5285859107971191406250 HTTP/1.1" 200 - "-" "WordPress/6.9.4; https://purplecapipl.com" 21 **0/21057**
103.219.169.135 - - [14/Mar/2026:11:15:34 -0700] "POST /xmlrpc.php HTTP/1.1" 200 180 "-" "Mozilla/5.0 (Windows NT 10.0; Win64; x64) AppleWebKit/537.36 (KHTML, like Gecko) Chrome/114.0.0.0 Safari/537.36" 353 **0/353242**
216.26.227.17 - - [14/Mar/2026:11:15:34 -0700] "GET /wp-admin/theme-install.php?browse=popular HTTP/2.0" 404 25274 "-" "Mozilla/5.0 (Windows NT 10.0; Win64; x64) AppleWebKit/537.36 (KHTML, like Gecko) Chrome/124.0.6367.207 Safari/537.36" 319 **0/319889**
216.26.227.17 - - [14/Mar/2026:11:15:35 -0700] "GET /wp-admin/theme-install.php?browse=popular HTTP/2.0" 404 25274 "-" "Mozilla/5.0 (Windows NT 10.0; Win64; x64) AppleWebKit/537.36 (KHTML, like Gecko) Chrome/124.0.6367.207 Safari/537.36" 249 **0/249862**
216.26.227.17 - - [14/Mar/2026:11:15:36 -0700] "GET /wp-admin/theme-install.php?browse=popular HTTP/2.0" 404 25274 "-" "Mozilla/5.0 (Windows NT 10.0; Win64; x64) AppleWebKit/537.36 (KHTML, like Gecko) Chrome/124.0.6367.207 Safari/537.36" 225 **0/225394**
216.26.227.17 - - [14/Mar/2026:11:15:38 -0700] "GET /wp-admin/theme-install.php?browse=popular HTTP/2.0" 404 25274 "-" "Mozilla/5.0 (Windows NT 10.0; Win64; x64) AppleWebKit/537.36 (KHTML, like Gecko) Chrome/124.0.6367.207 Safari/537.36" 253 **0/253074**
216.26.227.17 - - [14/Mar/2026:11:15:38 -0700] "GET /wp-admin/theme-install.php?browse=popular HTTP/2.0" 404 25274 "-" "Mozilla/5.0 (Windows NT 10.0; Win64; x64) AppleWebKit/537.36 (KHTML, like Gecko) Chrome/124.0.6367.207 Safari/537.36" 229 **0/229900**
216.26.227.17 - - [14/Mar/2026:11:15:39 -0700] "GET /wp-admin/theme-install.php?browse=popular HTTP/2.0" 404 25274 "-" "Mozilla/5.0 (Windows NT 10.0; Win64; x64) AppleWebKit/537.36 (KHTML, like Gecko) Chrome/124.0.6367.207 Safari/537.36" 248 **0/248629**
103.219.169.135 - - [14/Mar/2026:11:15:41 -0700] "POST /xmlrpc.php HTTP/1.1" 200 14753 "-" "Mozilla/5.0 (Windows NT 10.0; Win64; x64) AppleWebKit/537.36 (KHTML, like Gecko) Chrome/114.0.0.0 Safari/537.36" 686 **0/686479**
216.26.227.17 - - [14/Mar/2026:11:15:41 -0700] "GET /wp-admin/theme-install.php?browse=popular HTTP/2.0" 404 25274 "-" "Mozilla/5.0 (Windows NT 10.0; Win64; x64) AppleWebKit/537.36 (KHTML, like Gecko) Chrome/124.0.6367.207 Safari/537.36" 208 **0/208615**
128.1.218.165 - - [14/Mar/2026:11:15:42 -0700] "POST /xmlrpc.php HTTP/1.1" 200 180 "-" "Mozilla/5.0 (Windows NT 10.0; Win64; x64) AppleWebKit/537.36 (KHTML, like Gecko) Chrome/114.0.0.0 Safari/537.36" 262 **0/262941**
216.26.227.17 - - [14/Mar/2026:11:15:42 -0700] "GET /wp-admin/theme-install.php?browse=popular HTTP/2.0" 404 25274 "-" "Mozilla/5.0 (Windows NT 10.0; Win64; x64) AppleWebKit/537.36 (KHTML, like Gecko) Chrome/124.0.6367.207 Safari/537.36" 273 **0/273826**
216.26.227.17 - - [14/Mar/2026:11:15:43 -0700] "GET /wp-admin/theme-install.php?browse=popular HTTP/2.0" 404 25274 "-" "Mozilla/5.0 (Windows NT 10.0; Win64; x64) AppleWebKit/537.36 (KHTML, like Gecko) Chrome/124.0.6367.207 Safari/537.36" 258 **0/258419**
216.26.227.17 - - [14/Mar/2026:11:15:44 -0700] "GET /wp-admin/theme-install.php?browse=popular HTTP/2.0" 404 25274 "-" "Mozilla/5.0 (Windows NT 10.0; Win64; x64) AppleWebKit/537.36 (KHTML, like Gecko) Chrome/124.0.6367.207 Safari/537.36" 313 **0/313441**
216.26.227.17 - - [14/Mar/2026:11:15:45 -0700] "GET /wp-admin/themes.php HTTP/2.0" 200 14871 "-" "Mozilla/5.0 (Windows NT 10.0; Win64; x64) AppleWebKit/537.36 (KHTML, like Gecko) Chrome/124.0.6367.207 Safari/537.36" 344 **0/344869**
103.219.169.135 - - [14/Mar/2026:11:15:43 -0700] "GET /uncategorized/internet-canada-online-casino-casino-canada-judge-betting-2026/ HTTP/1.1" 200 278486 "-" "Mozilla/5.0 (Windows NT 10.0; rv:109.0) Gecko/20100101 Firefox/115.0" 1803 **1/1803333**
216.26.227.17 - - [14/Mar/2026:11:15:45 -0700] "GET /wp-admin/theme-install.php?browse=popular HTTP/2.0" 404 25274 "-" "Mozilla/5.0 (Windows NT 10.0; Win64; x64) AppleWebKit/537.36 (KHTML, like Gecko) Chrome/124.0.6367.207 Safari/537.36" 274 **0/274759**
216.26.227.17 - - [14/Mar/2026:11:15:47 -0700] "GET /wp-admin/theme-install.php?browse=popular HTTP/2.0" 404 25274 "-" "Mozilla/5.0 (Windows NT 10.0; Win64; x64) AppleWebKit/537.36 (KHTML, like Gecko) Chrome/124.0.6367.207 Safari/537.36" 214 **0/214778**
216.26.227.17 - - [14/Mar/2026:11:15:47 -0700] "GET /wp-admin/theme-install.php?browse=popular HTTP/2.0" 404 25274 "-" "Mozilla/5.0 (Windows NT 10.0; Win64; x64) AppleWebKit/537.36 (KHTML, like Gecko) Chrome/124.0.6367.207 Safari/537.36" 238 **0/238066**
216.26.227.17 - - [14/Mar/2026:11:15:48 -0700] "GET /wp-admin/theme-install.php?browse=popular HTTP/2.0" 404 25274 "-" "Mozilla/5.0 (Windows NT 10.0; Win64; x64) AppleWebKit/537.36 (KHTML, like Gecko) Chrome/124.0.6367.207 Safari/537.36" 221 **0/221354**
216.26.227.17 - - [14/Mar/2026:11:15:49 -0700] "GET /wp-admin/theme-install.php?browse=popular HTTP/2.0" 404 25274 "-" "Mozilla/5.0 (Windows NT 10.0; Win64; x64) AppleWebKit/537.36 (KHTML, like Gecko) Chrome/124.0.6367.207 Safari/537.36" 220 **0/220261**
128.1.218.165 - - [14/Mar/2026:11:15:49 -0700] "POST /xmlrpc.php HTTP/1.1" 200 11649 "-" "Mozilla/5.0 (Windows NT 10.0; Win64; x64) AppleWebKit/537.36 (KHTML, like Gecko) Chrome/114.0.0.0 Safari/537.36" 699 **0/699429**
216.26.227.17 - - [14/Mar/2026:11:15:50 -0700] "GET /wp-admin/theme-install.php?browse=popular HTTP/2.0" 404 25274 "-" "Mozilla/5.0 (Windows NT 10.0; Win64; x64) AppleWebKit/537.36 (KHTML, like Gecko) Chrome/124.0.6367.207 Safari/537.36" 272 **0/272044**
216.26.227.17 - - [14/Mar/2026:11:15:51 -0700] "GET /wp-admin/theme-install.php?browse=popular HTTP/2.0" 404 25274 "-" "Mozilla/5.0 (Windows NT 10.0; Win64; x64) AppleWebKit/537.36 (KHTML, like Gecko) Chrome/124.0.6367.207 Safari/537.36" 232 **0/232853**
216.26.227.17 - - [14/Mar/2026:11:15:52 -0700] "GET /wp-admin/theme-install.php?browse=popular HTTP/2.0" 404 25274 "-" "Mozilla/5.0 (Windows NT 10.0; Win64; x64) AppleWebKit/537.36 (KHTML, like Gecko) Chrome/124.0.6367.207 Safari/537.36" 233 **0/233062**
216.26.227.17 - - [14/Mar/2026:11:15:53 -0700] "GET /wp-admin/theme-install.php?browse=popular HTTP/2.0" 404 25274 "-" "Mozilla/5.0 (Windows NT 10.0; Win64; x64) AppleWebKit/537.36 (KHTML, like Gecko) Chrome/124.0.6367.207 Safari/537.36" 205 **0/205606**
128.1.218.165 - - [14/Mar/2026:11:15:51 -0700] "GET /uncategorized/lucky-larrys-lobstermania-2-slot-100-percent-free-enjoy-online-casino-slots-no-download/ HTTP/1.1" 200 275238 "-" "Mozilla/5.0 (Windows NT 10.0; Win64; x64) AppleWebKit/537.36 (KHTML, like Gecko) Chrome/123.0.0.0 Safari/537.36" 1842 **1/1842972**
216.26.227.17 - - [14/Mar/2026:11:15:53 -0700] "GET /wp-admin/theme-install.php?browse=popular HTTP/2.0" 404 25274 "-" "Mozilla/5.0 (Windows NT 10.0; Win64; x64) AppleWebKit/537.36 (KHTML, like Gecko) Chrome/124.0.6367.207 Safari/537.36" 207 **0/207543**
118.139.180.95 - - [14/Mar/2026:11:16:02 -0700] "POST /wp-cron.php?doing_wp_cron=1773512162.8898870944976806640625 HTTP/1.1" 200 - "-" "WordPress/6.9.4; https://purplecapipl.com" 28 **0/28120**
216.26.227.17 - - [14/Mar/2026:11:16:02 -0700] "GET /wp-admin/themes.php HTTP/2.0" 200 14871 "-" "Mozilla/5.0 (Windows NT 10.0; Win64; x64) AppleWebKit/537.36 (KHTML, like Gecko) Chrome/124.0.6367.207 Safari/537.36" 279 **0/279682**
114.119.137.190 - - [14/Mar/2026:11:16:03 -0700] "GET /king-johnnie/king-johnnie-on-line-casino-free-rounds-big-wins-and-top-game-playing-in-australia/ HTTP/1.1" 302 - "https://purplecapipl.com/articles/page/12/" "Mozilla/5.0 (Linux; Android 7.0;) AppleWebKit/537.36 (KHTML, like Gecko) Mobile Safari/537.36 (compatible; PetalBot;+https://webmaster.petalsearch.com/site/petalbot)" 15 **0/15522**
216.26.227.17 - - [14/Mar/2026:11:16:03 -0700] "GET /wp-admin/theme-install.php?browse=popular HTTP/2.0" 404 25274 "-" "Mozilla/5.0 (Windows NT 10.0; Win64; x64) AppleWebKit/537.36 (KHTML, like Gecko) Chrome/124.0.6367.207 Safari/537.36" 362 **0/362529**
216.26.227.17 - - [14/Mar/2026:11:16:04 -0700] "GET /wp-admin/theme-install.php?browse=popular HTTP/2.0" 404 25274 "-" "Mozilla/5.0 (Windows NT 10.0; Win64; x64) AppleWebKit/537.36 (KHTML, like Gecko) Chrome/124.0.6367.207 Safari/537.36" 296 **0/296891**
114.119.137.190 - - [14/Mar/2026:11:16:05 -0700] "GET /amp.php HTTP/1.1" 302 - "https://purplecapipl.com/articles/page/12/" "Mozilla/5.0 (Linux; Android 7.0;) AppleWebKit/537.36 (KHTML, like Gecko) Mobile Safari/537.36 (compatible; PetalBot;+https://webmaster.petalsearch.com/site/petalbot)" 8 **0/8591**
216.26.227.17 - - [14/Mar/2026:11:16:04 -0700] "GET /wp-admin/theme-install.php?browse=popular HTTP/2.0" 404 25274 "-" "Mozilla/5.0 (Windows NT 10.0; Win64; x64) AppleWebKit/537.36 (KHTML, like Gecko) Chrome/124.0.6367.207 Safari/537.36" 309 **0/309543**
198.23.211.252 - - [14/Mar/2026:11:16:06 -0700] "GET /articles/ HTTP/2.0" 200 27408 "-" "Mozilla/5.0 (Windows NT 10.0; Win64; x64) AppleWebKit/537.36 (KHTML, like Gecko) Chrome/132.0.0.0 Safari/537.36" 230 **0/230888**
114.119.137.190 - - [14/Mar/2026:11:16:08 -0700] "GET /amp.php HTTP/1.1" 302 - "https://purplecapipl.com/articles/page/12/" "Mozilla/5.0 (Linux; Android 7.0;) AppleWebKit/537.36 (KHTML, like Gecko) Mobile Safari/537.36 (compatible; PetalBot;+https://webmaster.petalsearch.com/site/petalbot)" 7 **0/7978**
216.26.227.17 - - [14/Mar/2026:11:16:08 -0700] "GET /wp-admin/theme-install.php?browse=popular HTTP/2.0" 404 25274 "-" "Mozilla/5.0 (Windows NT 10.0; Win64; x64) AppleWebKit/537.36 (KHTML, like Gecko) Chrome/124.0.6367.207 Safari/537.36" 198 **0/198201**
114.119.137.190 - - [14/Mar/2026:11:16:09 -0700] "GET /amp.php HTTP/1.1" 302 - "https://purplecapipl.com/articles/page/12/" "Mozilla/5.0 (Linux; Android 7.0;) AppleWebKit/537.36 (KHTML, like Gecko) Mobile Safari/537.36 (compatible; PetalBot;+https://webmaster.petalsearch.com/site/petalbot)" 8 **0/8274**
216.26.227.17 - - [14/Mar/2026:11:16:09 -0700] "GET /wp-admin/theme-install.php?browse=popular HTTP/2.0" 404 25274 "-" "Mozilla/5.0 (Windows NT 10.0; Win64; x64) AppleWebKit/537.36 (KHTML, like Gecko) Chrome/124.0.6367.207 Safari/537.36" 225 **0/225403**
216.26.227.17 - - [14/Mar/2026:11:16:10 -0700] "GET /wp-admin/theme-install.php?browse=popular HTTP/2.0" 404 25274 "-" "Mozilla/5.0 (Windows NT 10.0; Win64; x64) AppleWebKit/537.36 (KHTML, like Gecko) Chrome/124.0.6367.207 Safari/537.36" 233 **0/233102**
216.26.227.17 - - [14/Mar/2026:11:16:11 -0700] "GET /wp-admin/theme-install.php?browse=popular HTTP/2.0" 404 25274 "-" "Mozilla/5.0 (Windows NT 10.0; Win64; x64) AppleWebKit/537.36 (KHTML, like Gecko) Chrome/124.0.6367.207 Safari/537.36" 206 **0/206750**
216.26.227.17 - - [14/Mar/2026:11:16:12 -0700] "GET /wp-admin/theme-install.php?browse=popular HTTP/2.0" 404 25274 "-" "Mozilla/5.0 (Windows NT 10.0; Win64; x64) AppleWebKit/537.36 (KHTML, like Gecko) Chrome/124.0.6367.207 Safari/537.36" 244 **0/244058**
114.119.137.190 - - [14/Mar/2026:11:16:13 -0700] "GET /amp.php HTTP/1.1" 302 - "https://purplecapipl.com/articles/page/12/" "Mozilla/5.0 (Linux; Android 7.0;) AppleWebKit/537.36 (KHTML, like Gecko) Mobile Safari/537.36 (compatible; PetalBot;+https://webmaster.petalsearch.com/site/petalbot)" 8 **0/8594**
216.26.227.17 - - [14/Mar/2026:11:16:13 -0700] "GET /wp-admin/theme-install.php?browse=popular HTTP/2.0" 404 25274 "-" "Mozilla/5.0 (Windows NT 10.0; Win64; x64) AppleWebKit/537.36 (KHTML, like Gecko) Chrome/124.0.6367.207 Safari/537.36" 201 **0/201986**
216.26.227.17 - - [14/Mar/2026:11:16:13 -0700] "GET /wp-admin/theme-install.php?browse=popular HTTP/2.0" 404 25274 "-" "Mozilla/5.0 (Windows NT 10.0; Win64; x64) AppleWebKit/537.36 (KHTML, like Gecko) Chrome/124.0.6367.207 Safari/537.36" 226 **0/226384**
114.119.137.190 - - [14/Mar/2026:11:16:14 -0700] "GET /amp.php HTTP/1.1" 302 - "https://purplecapipl.com/articles/page/12/" "Mozilla/5.0 (Linux; Android 7.0;) AppleWebKit/537.36 (KHTML, like Gecko) Mobile Safari/537.36 (compatible; PetalBot;+https://webmaster.petalsearch.com/site/petalbot)" 6 **0/6846**
216.26.227.17 - - [14/Mar/2026:11:16:15 -0700] "GET /wp-admin/themes.php HTTP/2.0" 200 14871 "-" "Mozilla/5.0 (Windows NT 10.0; Win64; x64) AppleWebKit/537.36 (KHTML, like Gecko) Chrome/124.0.6367.207 Safari/537.36" 327 **0/327019**
216.26.227.17 - - [14/Mar/2026:11:16:16 -0700] "GET /wp-admin/theme-install.php?browse=popular HTTP/2.0" 404 25274 "-" "Mozilla/5.0 (Windows NT 10.0; Win64; x64) AppleWebKit/537.36 (KHTML, like Gecko) Chrome/124.0.6367.207 Safari/537.36" 200 **0/200186**
216.26.227.17 - - [14/Mar/2026:11:16:17 -0700] "GET /wp-admin/theme-install.php?browse=popular HTTP/2.0" 404 25274 "-" "Mozilla/5.0 (Windows NT 10.0; Win64; x64) AppleWebKit/537.36 (KHTML, like Gecko) Chrome/124.0.6367.207 Safari/537.36" 214 **0/214136**
216.26.227.17 - - [14/Mar/2026:11:16:20 -0700] "GET /wp-admin/theme-install.php?browse=popular HTTP/2.0" 404 25274 "-" "Mozilla/5.0 (Windows NT 10.0; Win64; x64) AppleWebKit/537.36 (KHTML, like Gecko) Chrome/124.0.6367.207 Safari/537.36" 208 **0/208267**
216.26.227.17 - - [14/Mar/2026:11:16:21 -0700] "GET /wp-admin/theme-install.php?browse=popular HTTP/2.0" 404 25274 "-" "Mozilla/5.0 (Windows NT 10.0; Win64; x64) AppleWebKit/537.36 (KHTML, like Gecko) Chrome/124.0.6367.207 Safari/537.36" 227 **0/227062**
216.26.227.17 - - [14/Mar/2026:11:16:22 -0700] "GET /wp-admin/theme-install.php?browse=popular HTTP/2.0" 404 25274 "-" "Mozilla/5.0 (Windows NT 10.0; Win64; x64) AppleWebKit/537.36 (KHTML, like Gecko) Chrome/124.0.6367.207 Safari/537.36" 216 **0/216076**
216.26.227.17 - - [14/Mar/2026:11:16:23 -0700] "GET /wp-admin/theme-install.php?browse=popular HTTP/2.0" 404 25274 "-" "Mozilla/5.0 (Windows NT 10.0; Win64; x64) AppleWebKit/537.36 (KHTML, like Gecko) Chrome/124.0.6367.207 Safari/537.36" 239 **0/239348**
216.26.227.17 - - [14/Mar/2026:11:16:24 -0700] "GET /wp-admin/theme-install.php?browse=popular HTTP/2.0" 404 25274 "-" "Mozilla/5.0 (Windows NT 10.0; Win64; x64) AppleWebKit/537.36 (KHTML, like Gecko) Chrome/124.0.6367.207 Safari/537.36" 199 **0/199081**
216.26.227.17 - - [14/Mar/2026:11:16:25 -0700] "GET /wp-admin/theme-install.php?browse=popular HTTP/2.0" 404 25274 "-" "Mozilla/5.0 (Windows NT 10.0; Win64; x64) AppleWebKit/537.36 (KHTML, like Gecko) Chrome/124.0.6367.207 Safari/537.36" 204 **0/204284**
216.26.227.17 - - [14/Mar/2026:11:16:26 -0700] "GET /wp-admin/theme-install.php?browse=popular HTTP/2.0" 404 25274 "-" "Mozilla/5.0 (Windows NT 10.0; Win64; x64) AppleWebKit/537.36 (KHTML, like Gecko) Chrome/124.0.6367.207 Safari/537.36" 193 **0/193807**
216.26.227.17 - - [14/Mar/2026:11:16:27 -0700] "GET /wp-admin/theme-install.php?browse=popular HTTP/2.0" 404 25274 "-" "Mozilla/5.0 (Windows NT 10.0; Win64; x64) AppleWebKit/537.36 (KHTML, like Gecko) Chrome/124.0.6367.207 Safari/537.36" 300 **0/300952**
216.26.227.17 - - [14/Mar/2026:11:16:28 -0700] "GET /wp-admin/themes.php HTTP/2.0" 200 14869 "-" "Mozilla/5.0 (Windows NT 10.0; Win64; x64) AppleWebKit/537.36 (KHTML, like Gecko) Chrome/124.0.6367.207 Safari/537.36" 149 **0/149272**
216.26.227.17 - - [14/Mar/2026:11:16:28 -0700] "GET /wp-admin/theme-install.php?browse=popular HTTP/2.0" 404 25274 "-" "Mozilla/5.0 (Windows NT 10.0; Win64; x64) AppleWebKit/537.36 (KHTML, like Gecko) Chrome/124.0.6367.207 Safari/537.36" 235 **0/235418**
216.26.227.17 - - [14/Mar/2026:11:16:29 -0700] "GET /wp-admin/theme-install.php?browse=popular HTTP/2.0" 404 25274 "-" "Mozilla/5.0 (Windows NT 10.0; Win64; x64) AppleWebKit/537.36 (KHTML, like Gecko) Chrome/124.0.6367.207 Safari/537.36" 249 **0/249598**
216.26.227.17 - - [14/Mar/2026:11:16:30 -0700] "GET /wp-admin/theme-install.php?browse=popular HTTP/2.0" 404 25274 "-" "Mozilla/5.0 (Windows NT 10.0; Win64; x64) AppleWebKit/537.36 (KHTML, like Gecko) Chrome/124.0.6367.207 Safari/537.36" 262 **0/262119**
216.26.227.17 - - [14/Mar/2026:11:16:31 -0700] "GET /wp-admin/theme-install.php?browse=popular HTTP/2.0" 404 25274 "-" "Mozilla/5.0 (Windows NT 10.0; Win64; x64) AppleWebKit/537.36 (KHTML, like Gecko) Chrome/124.0.6367.207 Safari/537.36" 263 **0/263655**
216.26.227.17 - - [14/Mar/2026:11:16:32 -0700] "GET /wp-admin/theme-install.php?browse=popular HTTP/2.0" 404 25274 "-" "Mozilla/5.0 (Windows NT 10.0; Win64; x64) AppleWebKit/537.36 (KHTML, like Gecko) Chrome/124.0.6367.207 Safari/537.36" 262 **0/262165**
216.26.227.17 - - [14/Mar/2026:11:16:34 -0700] "GET /wp-admin/theme-install.php?browse=popular HTTP/2.0" 404 25274 "-" "Mozilla/5.0 (Windows NT 10.0; Win64; x64) AppleWebKit/537.36 (KHTML, like Gecko) Chrome/124.0.6367.207 Safari/537.36" 213 **0/213278**
216.26.227.17 - - [14/Mar/2026:11:16:35 -0700] "GET /wp-admin/theme-install.php?browse=popular HTTP/2.0" 404 25274 "-" "Mozilla/5.0 (Windows NT 10.0; Win64; x64) AppleWebKit/537.36 (KHTML, like Gecko) Chrome/124.0.6367.207 Safari/537.36" 191 **0/191604**
216.26.227.17 - - [14/Mar/2026:11:16:36 -0700] "GET /wp-admin/theme-install.php?browse=popular HTTP/2.0" 404 25274 "-" "Mozilla/5.0 (Windows NT 10.0; Win64; x64) AppleWebKit/537.36 (KHTML, like Gecko) Chrome/124.0.6367.207 Safari/537.36" 188 **0/188813**
216.26.227.17 - - [14/Mar/2026:11:16:36 -0700] "GET /wp-admin/theme-install.php?browse=popular HTTP/2.0" 404 25274 "-" "Mozilla/5.0 (Windows NT 10.0; Win64; x64) AppleWebKit/537.36 (KHTML, like Gecko) Chrome/124.0.6367.207 Safari/537.36" 209 **0/209975**
216.26.227.17 - - [14/Mar/2026:11:16:37 -0700] "GET /wp-admin/theme-install.php?browse=popular HTTP/2.0" 404 25274 "-" "Mozilla/5.0 (Windows NT 10.0; Win64; x64) AppleWebKit/537.36 (KHTML, like Gecko) Chrome/124.0.6367.207 Safari/537.36" 217 **0/217375**
216.26.227.17 - - [14/Mar/2026:11:16:38 -0700] "GET /wp-admin/themes.php HTTP/2.0" 200 14869 "-" "Mozilla/5.0 (Windows NT 10.0; Win64; x64) AppleWebKit/537.36 (KHTML, like Gecko) Chrome/124.0.6367.207 Safari/537.36" 162 **0/162080**
216.26.227.17 - - [14/Mar/2026:11:16:39 -0700] "GET /wp-admin/theme-install.php?browse=popular HTTP/2.0" 404 25274 "-" "Mozilla/5.0 (Windows NT 10.0; Win64; x64) AppleWebKit/537.36 (KHTML, like Gecko) Chrome/124.0.6367.207 Safari/537.36" 225 **0/225344**
216.26.227.17 - - [14/Mar/2026:11:16:40 -0700] "GET /wp-admin/theme-install.php?browse=popular HTTP/2.0" 404 25274 "-" "Mozilla/5.0 (Windows NT 10.0; Win64; x64) AppleWebKit/537.36 (KHTML, like Gecko) Chrome/124.0.6367.207 Safari/537.36" 252 **0/252928**
216.26.227.17 - - [14/Mar/2026:11:16:41 -0700] "GET /wp-admin/theme-install.php?browse=popular HTTP/2.0" 404 25274 "-" "Mozilla/5.0 (Windows NT 10.0; Win64; x64) AppleWebKit/537.36 (KHTML, like Gecko) Chrome/124.0.6367.207 Safari/537.36" 231 **0/231382**
216.26.227.17 - - [14/Mar/2026:11:16:42 -0700] "GET /wp-admin/theme-install.php?browse=popular HTTP/2.0" 404 25274 "-" "Mozilla/5.0 (Windows NT 10.0; Win64; x64) AppleWebKit/537.36 (KHTML, like Gecko) Chrome/124.0.6367.207 Safari/537.36" 232 **0/232296**
216.26.227.17 - - [14/Mar/2026:11:16:49 -0700] "GET /wp-admin/theme-install.php?browse=popular HTTP/2.0" 404 25274 "-" "Mozilla/5.0 (Windows NT 10.0; Win64; x64) AppleWebKit/537.36 (KHTML, like Gecko) Chrome/124.0.6367.207 Safari/537.36" 232 **0/232250**
216.26.227.17 - - [14/Mar/2026:11:16:50 -0700] "GET /wp-admin/theme-install.php?browse=popular HTTP/2.0" 404 25274 "-" "Mozilla/5.0 (Windows NT 10.0; Win64; x64) AppleWebKit/537.36 (KHTML, like Gecko) Chrome/124.0.6367.207 Safari/537.36" 229 **0/229709**
216.26.227.17 - - [14/Mar/2026:11:16:51 -0700] "GET /wp-admin/theme-install.php?browse=popular HTTP/2.0" 404 25274 "-" "Mozilla/5.0 (Windows NT 10.0; Win64; x64) AppleWebKit/537.36 (KHTML, like Gecko) Chrome/124.0.6367.207 Safari/537.36" 222 **0/222385**
216.26.227.17 - - [14/Mar/2026:11:16:55 -0700] "GET /wp-admin/theme-install.php?browse=popular HTTP/2.0" 404 25274 "-" "Mozilla/5.0 (Windows NT 10.0; Win64; x64) AppleWebKit/537.36 (KHTML, like Gecko) Chrome/124.0.6367.207 Safari/537.36" 239 **0/239662**
216.26.227.17 - - [14/Mar/2026:11:16:56 -0700] "GET /wp-admin/theme-install.php?browse=popular HTTP/2.0" 404 25274 "-" "Mozilla/5.0 (Windows NT 10.0; Win64; x64) AppleWebKit/537.36 (KHTML, like Gecko) Chrome/124.0.6367.207 Safari/537.36" 227 **0/227492**
216.26.227.17 - - [14/Mar/2026:11:16:56 -0700] "GET /wp-admin/theme-install.php?browse=popular HTTP/2.0" 404 25274 "-" "Mozilla/5.0 (Windows NT 10.0; Win64; x64) AppleWebKit/537.36 (KHTML, like Gecko) Chrome/124.0.6367.207 Safari/537.36" 235 **0/235922**
216.26.227.17 - - [14/Mar/2026:11:16:57 -0700] "GET /wp-admin/themes.php HTTP/2.0" 200 14871 "-" "Mozilla/5.0 (Windows NT 10.0; Win64; x64) AppleWebKit/537.36 (KHTML, like Gecko) Chrome/124.0.6367.207 Safari/537.36" 149 **0/149422**
216.26.227.17 - - [14/Mar/2026:11:16:58 -0700] "GET /wp-admin/theme-install.php?browse=popular HTTP/2.0" 404 25274 "-" "Mozilla/5.0 (Windows NT 10.0; Win64; x64) AppleWebKit/537.36 (KHTML, like Gecko) Chrome/124.0.6367.207 Safari/537.36" 271 **0/271533**
216.26.227.17 - - [14/Mar/2026:11:17:00 -0700] "GET /wp-admin/theme-install.php?browse=popular HTTP/2.0" 404 25274 "-" "Mozilla/5.0 (Windows NT 10.0; Win64; x64) AppleWebKit/537.36 (KHTML, like Gecko) Chrome/124.0.6367.207 Safari/537.36" 312 **0/312401**
216.26.227.17 - - [14/Mar/2026:11:17:01 -0700] "GET /wp-admin/theme-install.php?browse=popular HTTP/2.0" 404 25274 "-" "Mozilla/5.0 (Windows NT 10.0; Win64; x64) AppleWebKit/537.36 (KHTML, like Gecko) Chrome/124.0.6367.207 Safari/537.36" 400 **0/400592**
216.26.227.17 - - [14/Mar/2026:11:17:02 -0700] "GET /wp-admin/theme-install.php?browse=popular HTTP/2.0" 404 25274 "-" "Mozilla/5.0 (Windows NT 10.0; Win64; x64) AppleWebKit/537.36 (KHTML, like Gecko) Chrome/124.0.6367.207 Safari/537.36" 624 **0/624435**
216.26.227.17 - - [14/Mar/2026:11:17:03 -0700] "GET /wp-admin/theme-install.php?browse=popular HTTP/2.0" 404 25274 "-" "Mozilla/5.0 (Windows NT 10.0; Win64; x64) AppleWebKit/537.36 (KHTML, like Gecko) Chrome/124.0.6367.207 Safari/537.36" 338 **0/338806**
216.26.227.17 - - [14/Mar/2026:11:17:04 -0700] "GET /wp-admin/theme-install.php?browse=popular HTTP/2.0" 404 25274 "-" "Mozilla/5.0 (Windows NT 10.0; Win64; x64) AppleWebKit/537.36 (KHTML, like Gecko) Chrome/124.0.6367.207 Safari/537.36" 336 **0/336978**
216.26.227.17 - - [14/Mar/2026:11:17:05 -0700] "GET /wp-admin/theme-install.php?browse=popular HTTP/2.0" 404 25274 "-" "Mozilla/5.0 (Windows NT 10.0; Win64; x64) AppleWebKit/537.36 (KHTML, like Gecko) Chrome/124.0.6367.207 Safari/537.36" 267 **0/267944**
216.26.227.17 - - [14/Mar/2026:11:17:06 -0700] "GET /wp-admin/theme-install.php?browse=popular HTTP/2.0" 404 25274 "-" "Mozilla/5.0 (Windows NT 10.0; Win64; x64) AppleWebKit/537.36 (KHTML, like Gecko) Chrome/124.0.6367.207 Safari/537.36" 230 **0/230154**
216.26.227.17 - - [14/Mar/2026:11:17:07 -0700] "GET /wp-admin/theme-install.php?browse=popular HTTP/2.0" 404 25274 "-" "Mozilla/5.0 (Windows NT 10.0; Win64; x64) AppleWebKit/537.36 (KHTML, like Gecko) Chrome/124.0.6367.207 Safari/537.36" 236 **0/236508**
216.26.227.17 - - [14/Mar/2026:11:17:08 -0700] "GET /wp-admin/theme-install.php?browse=popular HTTP/2.0" 404 25274 "-" "Mozilla/5.0 (Windows NT 10.0; Win64; x64) AppleWebKit/537.36 (KHTML, like Gecko) Chrome/124.0.6367.207 Safari/537.36" 245 **0/245657**
216.26.227.17 - - [14/Mar/2026:11:17:09 -0700] "GET /wp-admin/plugins.php HTTP/2.0" 200 19679 "-" "Mozilla/5.0 (Windows NT 10.0; Win64; x64) AppleWebKit/537.36 (KHTML, like Gecko) Chrome/124.0.6367.207 Safari/537.36" 200 **0/200207**
216.26.227.17 - - [14/Mar/2026:11:17:10 -0700] "POST /wp-admin/admin-ajax.php HTTP/2.0" 200 113 "https://purplecapipl.com/wp-admin/admin-ajax.php" "Mozilla/5.0 (Windows NT 10.0; Win64; x64) AppleWebKit/537.36 (KHTML, like Gecko) Chrome/124.0.6367.207 Safari/537.36" 7662 **7/7662703**
216.26.227.17 - - [14/Mar/2026:11:17:20 -0700] "GET /wp-admin/plugins.php HTTP/2.0" 200 19677 "-" "Mozilla/5.0 (Windows NT 10.0; Win64; x64) AppleWebKit/537.36 (KHTML, like Gecko) Chrome/124.0.6367.207 Safari/537.36" 260 **0/260878**
216.26.227.17 - - [14/Mar/2026:11:17:21 -0700] "GET /wp-admin/plugins.php HTTP/2.0" 200 19679 "-" "Mozilla/5.0 (Windows NT 10.0; Win64; x64) AppleWebKit/537.36 (KHTML, like Gecko) Chrome/124.0.6367.207 Safari/537.36" 223 **0/223612**
216.26.227.17 - - [14/Mar/2026:11:17:22 -0700] "GET /wp-admin/plugins.php HTTP/2.0" 200 19679 "-" "Mozilla/5.0 (Windows NT 10.0; Win64; x64) AppleWebKit/537.36 (KHTML, like Gecko) Chrome/124.0.6367.207 Safari/537.36" 202 **0/202661**
216.26.227.17 - - [14/Mar/2026:11:17:23 -0700] "GET /wp-admin/plugins.php HTTP/2.0" 200 19679 "-" "Mozilla/5.0 (Windows NT 10.0; Win64; x64) AppleWebKit/537.36 (KHTML, like Gecko) Chrome/124.0.6367.207 Safari/537.36" 214 **0/214944**
216.26.227.17 - - [14/Mar/2026:11:17:24 -0700] "GET /wp-admin/plugins.php HTTP/2.0" 200 19679 "-" "Mozilla/5.0 (Windows NT 10.0; Win64; x64) AppleWebKit/537.36 (KHTML, like Gecko) Chrome/124.0.6367.207 Safari/537.36" 202 **0/202487**
216.26.227.17 - - [14/Mar/2026:11:17:26 -0700] "GET /wp-admin/plugins.php HTTP/2.0" 200 19680 "-" "Mozilla/5.0 (Windows NT 10.0; Win64; x64) AppleWebKit/537.36 (KHTML, like Gecko) Chrome/124.0.6367.207 Safari/537.36" 236 **0/236460**
216.26.227.17 - - [14/Mar/2026:11:17:27 -0700] "GET /wp-admin/plugins.php HTTP/2.0" 200 19679 "-" "Mozilla/5.0 (Windows NT 10.0; Win64; x64) AppleWebKit/537.36 (KHTML, like Gecko) Chrome/124.0.6367.207 Safari/537.36" 273 **0/273900**
216.26.227.17 - - [14/Mar/2026:11:17:28 -0700] "GET /wp-admin/plugins.php HTTP/2.0" 200 19679 "-" "Mozilla/5.0 (Windows NT 10.0; Win64; x64) AppleWebKit/537.36 (KHTML, like Gecko) Chrome/124.0.6367.207 Safari/537.36" 240 **0/240836**
74.7.230.0 - - [14/Mar/2026:11:17:29 -0700] "GET /robots.txt HTTP/2.0" 302 1 "-" "Mozilla/5.0 (Macintosh; Intel Mac OS X 10_15_7) AppleWebKit/537.36 (KHTML, like Gecko) Chrome/131.0.0.0 Safari/537.36; compatible; OAI-SearchBot/1.3; robots.txt; +https://openai.com/searchbot" 13 **0/13765**
74.7.230.0 - - [14/Mar/2026:11:17:29 -0700] "GET /amp.php HTTP/2.0" 302 1 "https://purplecapipl.com/robots.txt" "Mozilla/5.0 (Macintosh; Intel Mac OS X 10_15_7) AppleWebKit/537.36 (KHTML, like Gecko) Chrome/131.0.0.0 Safari/537.36; compatible; OAI-SearchBot/1.3; robots.txt; +https://openai.com/searchbot" 13 **0/13853**
216.26.227.17 - - [14/Mar/2026:11:17:29 -0700] "GET /wp-admin/plugins.php HTTP/2.0" 200 19679 "-" "Mozilla/5.0 (Windows NT 10.0; Win64; x64) AppleWebKit/537.36 (KHTML, like Gecko) Chrome/124.0.6367.207 Safari/537.36" 234 **0/234357**
74.7.230.0 - - [14/Mar/2026:11:17:29 -0700] "GET /amp.php HTTP/2.0" 302 1 "https://purplecapipl.com/amp.php" "Mozilla/5.0 (Macintosh; Intel Mac OS X 10_15_7) AppleWebKit/537.36 (KHTML, like Gecko) Chrome/131.0.0.0 Safari/537.36; compatible; OAI-SearchBot/1.3; robots.txt; +https://openai.com/searchbot" 16 **0/16870**
74.7.230.0 - - [14/Mar/2026:11:17:30 -0700] "GET /amp.php HTTP/2.0" 302 1 "https://purplecapipl.com/amp.php" "Mozilla/5.0 (Macintosh; Intel Mac OS X 10_15_7) AppleWebKit/537.36 (KHTML, like Gecko) Chrome/131.0.0.0 Safari/537.36; compatible; OAI-SearchBot/1.3; robots.txt; +https://openai.com/searchbot" 11 **0/11144**
74.7.230.0 - - [14/Mar/2026:11:17:30 -0700] "GET /amp.php HTTP/2.0" 302 1 "https://purplecapipl.com/amp.php" "Mozilla/5.0 (Macintosh; Intel Mac OS X 10_15_7) AppleWebKit/537.36 (KHTML, like Gecko) Chrome/131.0.0.0 Safari/537.36; compatible; OAI-SearchBot/1.3; robots.txt; +https://openai.com/searchbot" 9 **0/9710**
216.26.227.17 - - [14/Mar/2026:11:17:30 -0700] "GET /wp-admin/plugins.php HTTP/2.0" 200 19677 "-" "Mozilla/5.0 (Windows NT 10.0; Win64; x64) AppleWebKit/537.36 (KHTML, like Gecko) Chrome/124.0.6367.207 Safari/537.36" 235 **0/235616**
74.7.230.0 - - [14/Mar/2026:11:17:30 -0700] "GET /amp.php HTTP/2.0" 302 1 "https://purplecapipl.com/amp.php" "Mozilla/5.0 (Macintosh; Intel Mac OS X 10_15_7) AppleWebKit/537.36 (KHTML, like Gecko) Chrome/131.0.0.0 Safari/537.36; compatible; OAI-SearchBot/1.3; robots.txt; +https://openai.com/searchbot" 10 **0/10627**
216.26.227.17 - - [14/Mar/2026:11:17:33 -0700] "GET /wp-admin/admin.php?page=wp_file_manager HTTP/2.0" 200 12268 "-" "Mozilla/5.0 (Windows NT 10.0; Win64; x64) AppleWebKit/537.36 (KHTML, like Gecko) Chrome/124.0.6367.207 Safari/537.36" 217 **0/217313**
216.26.227.17 - - [14/Mar/2026:11:17:34 -0700] "GET /wp-admin/admin-ajax.php?action=mk_file_folder_manager&_wpnonce=64d450d761&networkhref=&cmd=tree&target=l1_Lw&reqid=2d75d3057fc99e0e4ab4b99318c4 HTTP/2.0" 200 744 "-" "Mozilla/5.0 (Windows NT 10.0; Win64; x64) AppleWebKit/537.36 (KHTML, like Gecko) Chrome/124.0.6367.207 Safari/537.36" 336 **0/336730**
216.26.227.17 - - [14/Mar/2026:11:17:34 -0700] "GET /wp-admin/admin-ajax.php?action=mk_file_folder_manager&_wpnonce=64d450d761&networkhref=&cmd=tree&target=l1_Lw&reqid=a713b98f4f2405f1f754d7364ac8 HTTP/2.0" 200 744 "-" "Mozilla/5.0 (Windows NT 10.0; Win64; x64) AppleWebKit/537.36 (KHTML, like Gecko) Chrome/124.0.6367.207 Safari/537.36" 175 **0/175087**
216.26.227.17 - - [14/Mar/2026:11:17:35 -0700] "GET /wp-admin/admin-ajax.php?action=mk_file_folder_manager&_wpnonce=64d450d761&networkhref=&cmd=tree&target=l1_LndlbGwta25vd24&reqid=e25281b2cc5063a1f0f9cfe28e0c HTTP/2.0" 200 187 "-" "Mozilla/5.0 (Windows NT 10.0; Win64; x64) AppleWebKit/537.36 (KHTML, like Gecko) Chrome/124.0.6367.207 Safari/537.36" 100 **0/100477**
216.26.227.17 - - [14/Mar/2026:11:17:36 -0700] "GET /wp-admin/admin-ajax.php?action=mk_file_folder_manager&_wpnonce=64d450d761&networkhref=&cmd=tree&target=l1_d3AtaW5jbHVkZXM&reqid=f73d557e81170b113f5ecd68de6e HTTP/2.0" 200 737 "-" "Mozilla/5.0 (Windows NT 10.0; Win64; x64) AppleWebKit/537.36 (KHTML, like Gecko) Chrome/124.0.6367.207 Safari/537.36" 346 **0/346503**
216.26.227.17 - - [14/Mar/2026:11:17:37 -0700] "GET /wp-admin/admin-ajax.php?action=mk_file_folder_manager&_wpnonce=64d450d761&networkhref=&cmd=tree&target=l1_d3AtYWRtaW4&reqid=88089aafbb14af551a369b79063e HTTP/2.0" 200 288 "-" "Mozilla/5.0 (Windows NT 10.0; Win64; x64) AppleWebKit/537.36 (KHTML, like Gecko) Chrome/124.0.6367.207 Safari/537.36" 157 **0/157706**
216.26.227.17 - - [14/Mar/2026:11:17:38 -0700] "GET /wp-admin/admin-ajax.php?action=mk_file_folder_manager&_wpnonce=64d450d761&networkhref=&cmd=tree&target=l1_Y2dpLWJpbg&reqid=666deff0bd99d33a85440f2709c6 HTTP/2.0" 200 122 "-" "Mozilla/5.0 (Windows NT 10.0; Win64; x64) AppleWebKit/537.36 (KHTML, like Gecko) Chrome/124.0.6367.207 Safari/537.36" 92 **0/92084**
216.26.227.17 - - [14/Mar/2026:11:17:41 -0700] "GET /wp-admin/admin-ajax.php?action=mk_file_folder_manager&_wpnonce=64d450d761&networkhref=&cmd=tree&target=l1_d3AtY29udGVudA&reqid=3974e9e2348242047561401c61cf HTTP/2.0" 200 467 "-" "Mozilla/5.0 (Windows NT 10.0; Win64; x64) AppleWebKit/537.36 (KHTML, like Gecko) Chrome/124.0.6367.207 Safari/537.36" 100 **0/100105**
14.167.76.148 - - [14/Mar/2026:11:17:41 -0700] "GET /ipl-prediction/dc-vs-srh-ipl-2025-match-prediction-preview-head-to-head-records-dream11-tips/ HTTP/1.1" 200 42616 "-" "Mozilla/5.0 (Macintosh; Intel Mac OS X 10_14_6) AppleWebKit/537.36 (KHTML, like Gecko) Chrome/93.0.4577.82 Safari/537.36" 351 **0/351076**
216.26.227.17 - - [14/Mar/2026:11:17:42 -0700] "GET /wp-admin/admin-ajax.php?action=mk_file_folder_manager&_wpnonce=64d450d761&networkhref=&cmd=mkfile&name=config.1773512297.php&target=l1_d3AtY29udGVudC9sYW5ndWFnZXM&reqid=e2fdb86c8ab90a2d2879c6cab372 HTTP/2.0" 200 196 "-" "Mozilla/5.0 (Windows NT 10.0; Win64; x64) AppleWebKit/537.36 (KHTML, like Gecko) Chrome/124.0.6367.207 Safari/537.36" 118 **0/118826**
216.26.227.17 - - [14/Mar/2026:11:17:43 -0700] "POST /wp-admin/admin-ajax.php HTTP/2.0" 200 163 "https://purplecapipl.com/wp-admin/admin-ajax.php" "Mozilla/5.0 (Windows NT 10.0; Win64; x64) AppleWebKit/537.36 (KHTML, like Gecko) Chrome/124.0.6367.207 Safari/537.36" 1599 **1/1599838**
159.26.106.121 - - [14/Mar/2026:11:17:44 -0700] "GET /articles/odi-world-cup/ HTTP/1.0" 404 189870 "https://purplecapipl.com/articles/odi-world-cup//" "Mozilla/5.0 (Windows NT 10.0; Win64; x64) AppleWebKit/537.36 (KHTML, like Gecko) Chrome/130.0.0.0 Safari/537.36 CCleaner/130.0.0.0" 597 **0/597687**
57.141.2.7 - - [14/Mar/2026:11:17:46 -0700] "GET /articles/ipl-2024/ipl-2024-second-phase-home-and-away-format-in-india/ HTTP/2.0" 302 - "-" "meta-externalagent/1.1 (+https://developers.facebook.com/docs/sharing/webmasters/crawler)" 12 **0/12656**
159.26.106.121 - - [14/Mar/2026:11:17:46 -0700] "GET /lottery-sambad/nagaland/ HTTP/1.0" 200 256846 "https://purplecapipl.com/lottery-sambad/nagaland/" "Mozilla/5.0 (Windows NT 10.0; Win64; x64) AppleWebKit/537.36 (KHTML, like Gecko) Chrome/130.0.0.0 Safari/537.36 CCleaner/130.0.0.0" 606 **0/606266**
216.26.227.17 - - [14/Mar/2026:11:17:47 -0700] "POST /wp-admin/admin-ajax.php?action=mk_file_folder_manager&_wpnonce=64d450d761&networkhref=&cmd=open&target=l1_d3AtY29udGVudC9sYW5ndWFnZXM&reqid=0d646856bdbabecf07e9a4b01645 HTTP/2.0" 200 734 "https://purplecapipl.com/wp-admin/admin-ajax.php?action=mk_file_folder_manager&_wpnonce=64d450d761&networkhref=&cmd=open&target=l1_d3AtY29udGVudC9sYW5ndWFnZXM&reqid=0d646856bdbabecf07e9a4b01645" "Mozilla/5.0 (Windows NT 10.0; Win64; x64) AppleWebKit/537.36 (KHTML, like Gecko) Chrome/124.0.6367.207 Safari/537.36" 104 **0/104634**
57.141.2.21 - - [14/Mar/2026:11:17:48 -0700] "GET /amp.php HTTP/2.0" 302 - "-" "meta-externalagent/1.1 (+https://developers.facebook.com/docs/sharing/webmasters/crawler)" 10 **0/10399**
159.26.106.121 - - [14/Mar/2026:11:17:48 -0700] "GET /lottery-sambad/kerala/ HTTP/1.0" 200 256972 "https://purplecapipl.com/lottery-sambad/kerala/" "Mozilla/5.0 (Windows NT 10.0; Win64; x64) AppleWebKit/537.36 (KHTML, like Gecko) Chrome/130.0.0.0 Safari/537.36 CCleaner/130.0.0.0" 574 **0/574262**
57.141.2.57 - - [14/Mar/2026:11:17:50 -0700] "GET /amp.php HTTP/2.0" 302 - "-" "meta-externalagent/1.1 (+https://developers.facebook.com/docs/sharing/webmasters/crawler)" 12 **0/12016**
159.26.106.121 - - [14/Mar/2026:11:17:49 -0700] "GET /lottery-sambad/sikkim/ HTTP/1.0" 200 257095 "https://purplecapipl.com/lottery-sambad/sikkim/" "Mozilla/5.0 (Windows NT 10.0; Win64; x64) AppleWebKit/537.36 (KHTML, like Gecko) Chrome/130.0.0.0 Safari/537.36 CCleaner/130.0.0.0" 615 **0/615836**
57.141.2.27 - - [14/Mar/2026:11:17:52 -0700] "GET /amp.php HTTP/2.0" 302 - "-" "meta-externalagent/1.1 (+https://developers.facebook.com/docs/sharing/webmasters/crawler)" 10 **0/10272**
159.26.106.121 - - [14/Mar/2026:11:17:51 -0700] "GET /lottery-sambad/west-bengal/ HTTP/1.0" 200 204727 "https://purplecapipl.com/lottery-sambad/west-bengal/" "Mozilla/5.0 (Windows NT 10.0; Win64; x64) AppleWebKit/537.36 (KHTML, like Gecko) Chrome/130.0.0.0 Safari/537.36 CCleaner/130.0.0.0" 456 **0/456262**
216.26.227.17 - - [14/Mar/2026:11:17:52 -0700] "GET /wp-content/languages/config.1773512297.php HTTP/2.0" 404 24241 "-" "Mozilla/5.0 (Macintosh; Intel Mac OS X 13_5) AppleWebKit/605.1.15 (KHTML, like Gecko) Version/17.5 Safari/605.1.15" 215 **0/215950**
159.26.106.121 - - [14/Mar/2026:11:17:53 -0700] "GET /wp-login.php?action=register HTTP/1.0" 302 - "https://purplecapipl.com/wp-login.php?action=register" "Mozilla/5.0 (Windows NT 10.0; Win64; x64) AppleWebKit/537.36 (KHTML, like Gecko) Chrome/130.0.0.0 Safari/537.36 CCleaner/130.0.0.0" 58 **0/58779**
159.26.106.121 - - [14/Mar/2026:11:17:54 -0700] "GET /wp-login.php?registration=disabled HTTP/1.0" 200 6622 "https://purplecapipl.com/wp-login.php?registration=disabled" "Mozilla/5.0 (Windows NT 10.0; Win64; x64) AppleWebKit/537.36 (KHTML, like Gecko) Chrome/130.0.0.0 Safari/537.36 CCleaner/130.0.0.0" 99 **0/99180**
216.26.254.65 - - [14/Mar/2026:11:17:54 -0700] "GET /wp-content/languages/config.1773512297.php HTTP/2.0" 404 24241 "-" "Mozilla/5.0 (Windows NT 10.0; Win64; x64; rv:127.0) Gecko/20100101 Firefox/127.0" 275 **0/275629**
159.26.106.121 - - [14/Mar/2026:11:17:55 -0700] "GET /contact-us/ HTTP/1.0" 200 216277 "https://purplecapipl.com/contact-us/" "Mozilla/5.0 (Windows NT 10.0; Win64; x64) AppleWebKit/537.36 (KHTML, like Gecko) Chrome/130.0.0.0 Safari/537.36 CCleaner/130.0.0.0" 590 **0/590589**
195.63.31.19 - - [14/Mar/2026:11:17:59 -0700] "GET /wp-content/languages/config.1773512297.php HTTP/2.0" 404 24241 "-" "Mozilla/5.0 (Windows NT 10.0; Win64; x64; rv:127.0) Gecko/20100101 Firefox/127.0" 256 **0/256271**
216.26.229.139 - - [14/Mar/2026:11:18:03 -0700] "GET /wp-content/languages/config.1773512297.php HTTP/2.0" 404 24241 "-" "Mozilla/5.0 (Windows NT 10.0; Win64; x64) AppleWebKit/537.36 (KHTML, like Gecko) Chrome/124.0.6367.207 Safari/537.36" 329 **0/329886**
216.26.242.99 - - [14/Mar/2026:11:18:06 -0700] "GET /wp-content/languages/config.1773512297.php HTTP/2.0" 404 24241 "-" "Mozilla/5.0 (Macintosh; Intel Mac OS X 13_5) AppleWebKit/605.1.15 (KHTML, like Gecko) Version/17.5 Safari/605.1.15" 374 **0/374081**
209.50.181.188 - - [14/Mar/2026:11:18:08 -0700] "GET /wp-content/languages/config.1773512297.php HTTP/2.0" 404 24241 "-" "Mozilla/5.0 (Macintosh; Intel Mac OS X 13_5) AppleWebKit/605.1.15 (KHTML, like Gecko) Version/17.5 Safari/605.1.15" 260 **0/260151**
114.119.145.163 - - [14/Mar/2026:11:18:09 -0700] "GET /ipl-betting/ipl-cricket-betting-in-west-bengal HTTP/1.1" 302 - "https://purplecapipl.com/uncategorized/practical-tips-for-smooth-deposits-and-withdrawals-at-casinoways-bitcoin-casino" "Mozilla/5.0 (Linux; Android 7.0;) AppleWebKit/537.36 (KHTML, like Gecko) Mobile Safari/537.36 (compatible; PetalBot;+https://webmaster.petalsearch.com/site/petalbot)" 11 **0/11416**
118.139.180.95 - - [14/Mar/2026:11:18:10 -0700] "POST /wp-cron.php?doing_wp_cron=1773512290.7852809429168701171875 HTTP/1.1" 200 - "-" "WordPress/6.9.4; https://purplecapipl.com" 20 **0/20352**
103.219.169.135 - - [14/Mar/2026:11:18:10 -0700] "POST /xmlrpc.php HTTP/1.1" 200 180 "-" "Mozilla/5.0 (Windows NT 10.0; Win64; x64) AppleWebKit/537.36 (KHTML, like Gecko) Chrome/114.0.0.0 Safari/537.36" 387 **0/387969**
114.119.145.163 - - [14/Mar/2026:11:18:11 -0700] "GET /amp.php HTTP/1.1" 302 - "https://purplecapipl.com/uncategorized/practical-tips-for-smooth-deposits-and-withdrawals-at-casinoways-bitcoin-casino" "Mozilla/5.0 (Linux; Android 7.0;) AppleWebKit/537.36 (KHTML, like Gecko) Mobile Safari/537.36 (compatible; PetalBot;+https://webmaster.petalsearch.com/site/petalbot)" 6 **0/6948**
114.119.145.163 - - [14/Mar/2026:11:18:12 -0700] "GET /amp.php HTTP/1.1" 302 - "https://purplecapipl.com/uncategorized/practical-tips-for-smooth-deposits-and-withdrawals-at-casinoways-bitcoin-casino" "Mozilla/5.0 (Linux; Android 7.0;) AppleWebKit/537.36 (KHTML, like Gecko) Mobile Safari/537.36 (compatible; PetalBot;+https://webmaster.petalsearch.com/site/petalbot)" 12 **0/12466**
114.119.145.163 - - [14/Mar/2026:11:18:13 -0700] "GET /amp.php HTTP/1.1" 302 - "https://purplecapipl.com/uncategorized/practical-tips-for-smooth-deposits-and-withdrawals-at-casinoways-bitcoin-casino" "Mozilla/5.0 (Linux; Android 7.0;) AppleWebKit/537.36 (KHTML, like Gecko) Mobile Safari/537.36 (compatible; PetalBot;+https://webmaster.petalsearch.com/site/petalbot)" 10 **0/10262**
103.219.169.135 - - [14/Mar/2026:11:18:17 -0700] "POST /xmlrpc.php HTTP/1.1" 200 14409 "-" "Mozilla/5.0 (Windows NT 10.0; Win64; x64) AppleWebKit/537.36 (KHTML, like Gecko) Chrome/114.0.0.0 Safari/537.36" 698 **0/698771**
114.119.145.163 - - [14/Mar/2026:11:18:18 -0700] "GET /amp.php HTTP/1.1" 302 - "https://purplecapipl.com/uncategorized/practical-tips-for-smooth-deposits-and-withdrawals-at-casinoways-bitcoin-casino" "Mozilla/5.0 (Linux; Android 7.0;) AppleWebKit/537.36 (KHTML, like Gecko) Mobile Safari/537.36 (compatible; PetalBot;+https://webmaster.petalsearch.com/site/petalbot)" 8 **0/8771**
103.219.169.135 - - [14/Mar/2026:11:18:19 -0700] "GET /uncategorized/finest-50-totally-free-casinos4u-app-download-apk-revolves-no-deposit-bonuses-online-2026/ HTTP/1.1" 200 278060 "-" "Mozilla/5.0 (Windows NT 10.0; Win64; x64) AppleWebKit/537.36 (KHTML, like Gecko) Chrome/123.0.0.0 Safari/537.36 OPR/109.0.0.0" 1858 **1/1858162**
216.26.231.51 - - [14/Mar/2026:11:18:26 -0700] "GET /wp-content/languages/config.1773512297.php HTTP/2.0" 404 24241 "-" "Mozilla/5.0 (Windows NT 10.0; Win64; x64) AppleWebKit/537.36 (KHTML, like Gecko) Chrome/124.0.6367.207 Safari/537.36" 261 **0/261250**
209.50.166.36 - - [14/Mar/2026:11:18:28 -0700] "GET /wp-content/languages/config.1773512297.php HTTP/2.0" 404 24241 "-" "Mozilla/5.0 (Macintosh; Intel Mac OS X 13_5) AppleWebKit/605.1.15 (KHTML, like Gecko) Version/17.5 Safari/605.1.15" 226 **0/226473**
216.26.241.39 - - [14/Mar/2026:11:18:31 -0700] "GET /wp-content/languages/config.1773512297.php HTTP/2.0" 404 24241 "-" "Mozilla/5.0 (Macintosh; Intel Mac OS X 13_5) AppleWebKit/605.1.15 (KHTML, like Gecko) Version/17.5 Safari/605.1.15" 235 **0/235480**
216.26.226.234 - - [14/Mar/2026:11:18:33 -0700] "GET /wp-content/languages/config.1773512297.php HTTP/2.0" 404 24241 "-" "Mozilla/5.0 (Macintosh; Intel Mac OS X 13_5) AppleWebKit/605.1.15 (KHTML, like Gecko) Version/17.5 Safari/605.1.15" 249 **0/249531**
45.3.46.211 - - [14/Mar/2026:11:18:35 -0700] "GET /wp-content/languages/config.1773512297.php HTTP/2.0" 404 24241 "-" "Mozilla/5.0 (Windows NT 10.0; Win64; x64; rv:127.0) Gecko/20100101 Firefox/127.0" 207 **0/207489**
65.111.27.84 - - [14/Mar/2026:11:18:37 -0700] "GET /wp-content/languages/config.1773512297.php HTTP/2.0" 404 24241 "-" "Mozilla/5.0 (Macintosh; Intel Mac OS X 13_5) AppleWebKit/605.1.15 (KHTML, like Gecko) Version/17.5 Safari/605.1.15" 236 **0/236888**
45.3.44.188 - - [14/Mar/2026:11:18:39 -0700] "GET /wp-content/languages/config.1773512297.php HTTP/2.0" 404 24241 "-" "Mozilla/5.0 (Macintosh; Intel Mac OS X 13_5) AppleWebKit/605.1.15 (KHTML, like Gecko) Version/17.5 Safari/605.1.15" 242 **0/242582**
104.207.41.61 - - [14/Mar/2026:11:18:41 -0700] "GET /wp-content/languages/config.1773512297.php HTTP/2.0" 404 24241 "-" "Mozilla/5.0 (Macintosh; Intel Mac OS X 13_5) AppleWebKit/605.1.15 (KHTML, like Gecko) Version/17.5 Safari/605.1.15" 252 **0/252340**
216.26.228.103 - - [14/Mar/2026:11:18:43 -0700] "GET /wp-content/languages/config.1773512297.php HTTP/2.0" 404 24241 "-" "Mozilla/5.0 (Windows NT 10.0; Win64; x64; rv:127.0) Gecko/20100101 Firefox/127.0" 245 **0/245612**
65.111.12.94 - - [14/Mar/2026:11:18:46 -0700] "GET /wp-content/languages/config.1773512297.php HTTP/2.0" 404 24241 "-" "Mozilla/5.0 (Windows NT 10.0; Win64; x64) AppleWebKit/537.36 (KHTML, like Gecko) Chrome/124.0.6367.207 Safari/537.36" 210 **0/210253**
209.50.190.44 - - [14/Mar/2026:11:18:48 -0700] "GET /wp-content/languages/config.1773512297.php HTTP/2.0" 404 24241 "-" "Mozilla/5.0 (Macintosh; Intel Mac OS X 13_5) AppleWebKit/605.1.15 (KHTML, like Gecko) Version/17.5 Safari/605.1.15" 198 **0/198483**
209.50.171.146 - - [14/Mar/2026:11:19:02 -0700] "GET /wp-content/languages/config.1773512297.php HTTP/2.0" 404 24241 "-" "Mozilla/5.0 (Windows NT 10.0; Win64; x64; rv:127.0) Gecko/20100101 Firefox/127.0" 350 **0/350032**
216.26.227.108 - - [14/Mar/2026:11:19:04 -0700] "GET /wp-content/languages/config.1773512297.php HTTP/2.0" 404 24241 "-" "Mozilla/5.0 (Windows NT 10.0; Win64; x64; rv:127.0) Gecko/20100101 Firefox/127.0" 229 **0/229010**
204.217.130.252 - - [14/Mar/2026:11:19:18 -0700] "GET /lottery-sambad/nagaland/ HTTP/1.1" 200 42513 "https://purplecapipl.com" "Mozilla/5.0 (Windows NT 10.0; Win64; x64) AppleWebKit/537.36 (KHTML, like Gecko) Chrome/62.0.3202.94 Safari/537.36" 238 **0/238269**
204.217.130.251 - - [14/Mar/2026:11:19:37 -0700] "GET /casino-en-ligne-fr/top-10-des-options-fiables-de-casinos-en-ligne-en-france-en-2025/ HTTP/1.1" 200 40401 "https://purplecapipl.com" "Mozilla/5.0 (Windows NT 10.0; Win64; x64) AppleWebKit/537.36 (KHTML, like Gecko) Chrome/62.0.3202.94 Safari/537.36" 313 **0/313233**
14.174.158.205 - - [14/Mar/2026:11:20:27 -0700] "GET /ipl/today-ipl-match-score/ HTTP/1.1" 200 43212 "-" "Mozilla/5.0 (Windows; U; Windows NT 6.0; en-GB; rv:1.9.2.15) Gecko/20110303 AskTbBT4/3.11.3.15590 Firefox/3.6.15 ( .NET CLR 3.5.30729; .NET4.0C)" 402 **0/402915**
118.139.180.95 - - [14/Mar/2026:11:20:34 -0700] "POST /wp-cron.php?doing_wp_cron=1773512434.4848110675811767578125 HTTP/1.1" 200 - "-" "WordPress/6.9.4; https://purplecapipl.com" 26 **0/26273**
98.98.197.199 - - [14/Mar/2026:11:20:34 -0700] "POST /xmlrpc.php HTTP/1.1" 200 180 "-" "Mozilla/5.0 (Windows NT 10.0; Win64; x64) AppleWebKit/537.36 (KHTML, like Gecko) Chrome/114.0.0.0 Safari/537.36" 485 **0/485000**
118.139.180.95 - - [14/Mar/2026:11:20:40 -0700] "POST /wp-cron.php?doing_wp_cron=1773512440.9127290248870849609375 HTTP/1.1" 200 - "-" "WordPress/6.9.4; https://purplecapipl.com" 21 **0/21691**
103.219.169.135 - - [14/Mar/2026:11:20:40 -0700] "POST /xmlrpc.php HTTP/1.1" 200 180 "-" "Mozilla/5.0 (Windows NT 10.0; Win64; x64) AppleWebKit/537.36 (KHTML, like Gecko) Chrome/114.0.0.0 Safari/537.36" 352 **0/352213**
98.98.197.199 - - [14/Mar/2026:11:20:41 -0700] "POST /xmlrpc.php HTTP/1.1" 200 13722 "-" "Mozilla/5.0 (Windows NT 10.0; Win64; x64) AppleWebKit/537.36 (KHTML, like Gecko) Chrome/114.0.0.0 Safari/537.36" 675 **0/675420**
98.98.197.199 - - [14/Mar/2026:11:20:43 -0700] "GET /uncategorized/eye-of-horus-gratis-spielen-demo-echtgeld-diesen-artikel-lesen-slot-2026/ HTTP/1.1" 200 277293 "-" "Mozilla/5.0 (Windows NT 10.0; Win64; x64) AppleWebKit/537.36 (KHTML, like Gecko) Chrome/109.0.0.0 Safari/537.36" 1580 **1/1580713**
103.219.169.135 - - [14/Mar/2026:11:20:47 -0700] "POST /xmlrpc.php HTTP/1.1" 200 14561 "-" "Mozilla/5.0 (Windows NT 10.0; Win64; x64) AppleWebKit/537.36 (KHTML, like Gecko) Chrome/114.0.0.0 Safari/537.36" 683 **0/683720**
103.219.169.135 - - [14/Mar/2026:11:20:49 -0700] "GET /uncategorized/leprechaun-bombastic-casino-bonus-happens-egypt/ HTTP/1.1" 200 277691 "-" "Mozilla/5.0 (Windows NT 10.0; Win64; x64; rv:124.0) Gecko/20100101 Firefox/124.0" 1745 **1/1745129**
114.124.173.121 - - [14/Mar/2026:11:21:10 -0700] "GET / HTTP/2.0" 200 115134 "https://29546918-36784-ex.uncocleypercha.com/iCJHD4M2PwvjZtczvVjCLidBktk7qIvcL_RUOMyfGJ8dN5iTqttZ8c-OV9JlbZfexfRSLowvxai3GanwCKP_OECamqHG7OiEI1IST7glfHlg589NxrejSgMJn603m7b3tdEE0JolOIV3GZL0ACUvkrArQpAjz3CgkXuCPjI7GqtgWRTtuLaw?kws=ngewe%2Csyafira%2Cbispak%2Cbandung%2Ckingbokep%2Clulustream&pageUri=https%3A%2F%2Fviralterbaru.site&referer=&bdd=%5B%22Mozilla%2F5.0%20(Linux%3B%20Android%2010%3B%20K)%20AppleWebKit%2F537.36%20(KHTML%2C%20like%20Gecko)%20Chrome%2F145.0.0.0%20Mobile%20Safari%2F537.36%22%2C%22false%22%2C%22Linux%20armv81%22%2C%22WebKit%20WebGL%22%2C%22WebKit%22%2C%22PowerVR%20Rogue%20GE8320%22%2C%22Imagination%20Technologies%22%2C%22false%22%2C%22true%22%2C%22501%22%2C%221114%22%2C%22501%22%2C%221114%22%2C%22501%22%2C%221019%22%2C%22469%22%2C%22264%22%2C%22469%22%2C%22264%22%2C%22false%22%2C%221.4375%22%2C%228%22%2C%225%22%2C%22aaaaaaaacceccceffhillllmmprrsssstttellllpssf%22%2C%22Fri%20Mar%2006%202026%2023%3A38%3A53%20GMT%2B0700%20(Waktu%20Indonesia%20Barat)%22%2C%22-420%22%2C%22id-ID%22%2C%22id-ID%2Cid%2Cen-US%2Cen%22%2C%22true%22%2C%22true%22%2C%221354472556%22%2C%222697903995%22%2C%2227%22%2C%22false%22%2C%22%5B%5D%22%5D&btdb=0&focus=1" "Mozilla/5.0 (Linux; Android 10; K) AppleWebKit/537.36 (KHTML, like Gecko) Chrome/145.0.0.0 Mobile Safari/537.36" 373 **0/373376**
114.124.173.121 - - [14/Mar/2026:11:21:11 -0700] "GET /wp-content/themes/astra/assets/css/minified/main.min.css?ver=4.12.4 HTTP/2.0" 200 8492 "https://purplecapipl.com/" "Mozilla/5.0 (Linux; Android 10; K) AppleWebKit/537.36 (KHTML, like Gecko) Chrome/145.0.0.0 Mobile Safari/537.36" 12 **0/12715**
114.124.173.121 - - [14/Mar/2026:11:21:11 -0700] "GET /wp-content/themes/astra/assets/js/minified/flexibility.min.js?ver=4.12.4 HTTP/2.0" 200 3762 "https://purplecapipl.com/" "Mozilla/5.0 (Linux; Android 10; K) AppleWebKit/537.36 (KHTML, like Gecko) Chrome/145.0.0.0 Mobile Safari/537.36" 15 **0/15305**
114.124.173.121 - - [14/Mar/2026:11:21:11 -0700] "GET /wp-content/uploads/2023/05/cropped-08_SEO_Logos_Purple-Cap-In-IPL-1-300x100.png HTTP/2.0" 200 3359 "https://purplecapipl.com/" "Mozilla/5.0 (Linux; Android 10; K) AppleWebKit/537.36 (KHTML, like Gecko) Chrome/145.0.0.0 Mobile Safari/537.36" 10 **0/10541**
