74.7.230.0 - - [14/Mar/2026:13:50:35 -0700] "GET /amp.php HTTP/2.0" 302 1 "https://purplecapipl.com/amp.php" "Mozilla/5.0 (Macintosh; Intel Mac OS X 10_15_7) AppleWebKit/537.36 (KHTML, like Gecko) Chrome/131.0.0.0 Safari/537.36; compatible; OAI-SearchBot/1.3; robots.txt; +https://openai.com/searchbot" 7 **0/7963**
74.7.230.0 - - [14/Mar/2026:13:50:35 -0700] "GET /amp.php HTTP/2.0" 302 1 "https://purplecapipl.com/amp.php" "Mozilla/5.0 (Macintosh; Intel Mac OS X 10_15_7) AppleWebKit/537.36 (KHTML, like Gecko) Chrome/131.0.0.0 Safari/537.36; compatible; OAI-SearchBot/1.3; robots.txt; +https://openai.com/searchbot" 8 **0/8102**
74.7.230.0 - - [14/Mar/2026:13:50:36 -0700] "GET /amp.php HTTP/2.0" 302 1 "https://purplecapipl.com/amp.php" "Mozilla/5.0 (Macintosh; Intel Mac OS X 10_15_7) AppleWebKit/537.36 (KHTML, like Gecko) Chrome/131.0.0.0 Safari/537.36; compatible; OAI-SearchBot/1.3; robots.txt; +https://openai.com/searchbot" 6 **0/6147**
36.74.219.143 - - [14/Mar/2026:13:50:38 -0700] "POST /wp-json/burst/v1/track/?token=njl4swl&_locale=user HTTP/2.0" 200 29 "https://purplecapipl.com/" "Mozilla/5.0 (Linux; Android 10; K) AppleWebKit/537.36 (KHTML, like Gecko) Chrome/146.0.0.0 Mobile Safari/537.36" 129 **0/129221**
191.102.129.130 - - [14/Mar/2026:13:50:39 -0700] "GET /articles/ipl-2024/ipl-csk-vs-gt-match-preview/ HTTP/1.1" 200 43714 "https://purplecapipl.com" "Mozilla/5.0 (Windows NT 10.0; Win64; x64) AppleWebKit/537.36 (KHTML, like Gecko) Chrome/62.0.3202.94 Safari/537.36" 343 **0/343448**
36.74.219.143 - - [14/Mar/2026:13:50:43 -0700] "POST /wp-json/burst/v1/track/?token=7sk943x&_locale=user HTTP/2.0" 200 29 "https://purplecapipl.com/" "Mozilla/5.0 (Linux; Android 10; K) AppleWebKit/537.36 (KHTML, like Gecko) Chrome/146.0.0.0 Mobile Safari/537.36" 180 **0/180554**
191.102.129.130 - - [14/Mar/2026:13:50:43 -0700] "POST /wp-comments-post.php HTTP/1.1" 404 190965 "https://purplecapipl.com" "Mozilla/5.0 (Windows NT 10.0; Win64; x64) AppleWebKit/537.36 (KHTML, like Gecko) Chrome/62.0.3202.94 Safari/537.36" 1219 **1/1219479**
200.25.47.113 - - [14/Mar/2026:13:50:51 -0700] "POST /xmlrpc.php HTTP/1.1" 200 180 "-" "Mozilla/5.0 (Windows NT 10.0; Win64; x64) AppleWebKit/537.36 (KHTML, like Gecko) Chrome/114.0.0.0 Safari/537.36" 242 **0/242595**
200.25.47.113 - - [14/Mar/2026:13:50:58 -0700] "POST /xmlrpc.php HTTP/1.1" 200 11194 "-" "Mozilla/5.0 (Windows NT 10.0; Win64; x64) AppleWebKit/537.36 (KHTML, like Gecko) Chrome/114.0.0.0 Safari/537.36" 717 **0/717798**
200.25.47.113 - - [14/Mar/2026:13:51:01 -0700] "GET /uncategorized/greatest-payout-web-based-casinos-2026-highest-rtp-98percent-casinos/ HTTP/1.1" 200 275968 "-" "Mozilla/5.0 (Windows NT 10.0; Win64; x64; rv:124.0) Gecko/20100101 Firefox/124.0" 2305 **2/2305777**
118.139.180.95 - - [14/Mar/2026:13:52:01 -0700] "POST /wp-cron.php?doing_wp_cron=1773521521.2073199748992919921875 HTTP/1.1" 200 - "-" "WordPress/6.9.4; https://purplecapipl.com" 22 **0/22364**
45.180.107.234 - - [14/Mar/2026:13:52:01 -0700] "POST /xmlrpc.php HTTP/1.1" 200 403 "-" "Mozilla/5.0 (Linux; Android 10; arm64) AppleWebKit/537.36 (KHTML, like Gecko) Opera/76.0.0.0 Safari/537.36" 128 **0/128574**
36.73.177.248 - - [14/Mar/2026:13:53:10 -0700] "POST /wp-json/burst/v1/track/?token=jgz00uk&_locale=user HTTP/2.0" 200 29 "https://purplecapipl.com/" "Mozilla/5.0 (Linux; Android 10; K) AppleWebKit/537.36 (KHTML, like Gecko) Chrome/146.0.0.0 Mobile Safari/537.36" 103 **0/103109**
36.73.177.248 - - [14/Mar/2026:13:53:15 -0700] "POST /wp-json/burst/v1/track/?token=pq58p97&_locale=user HTTP/2.0" 200 29 "https://purplecapipl.com/" "Mozilla/5.0 (Linux; Android 10; K) AppleWebKit/537.36 (KHTML, like Gecko) Chrome/146.0.0.0 Mobile Safari/537.36" 98 **0/98563**
118.139.180.95 - - [14/Mar/2026:13:53:22 -0700] "POST /wp-cron.php?doing_wp_cron=1773521602.4946489334106445312500 HTTP/1.1" 200 - "-" "WordPress/6.9.4; https://purplecapipl.com" 20 **0/20734**
98.98.21.200 - - [14/Mar/2026:13:53:22 -0700] "POST /xmlrpc.php HTTP/1.1" 200 180 "-" "Mozilla/5.0 (Windows NT 10.0; Win64; x64) AppleWebKit/537.36 (KHTML, like Gecko) Chrome/114.0.0.0 Safari/537.36" 327 **0/327491**
98.98.21.200 - - [14/Mar/2026:13:53:28 -0700] "POST /xmlrpc.php HTTP/1.1" 200 14516 "-" "Mozilla/5.0 (Windows NT 10.0; Win64; x64) AppleWebKit/537.36 (KHTML, like Gecko) Chrome/114.0.0.0 Safari/537.36" 581 **0/581422**
98.98.21.200 - - [14/Mar/2026:13:53:30 -0700] "GET /uncategorized/best-blackjack-approach-bitcoin-casino-2026-learn-very-first-complex-actions/ HTTP/1.1" 200 279202 "-" "Mozilla/5.0 (Windows NT 10.0; Win64; x64) AppleWebKit/537.36 (KHTML, like Gecko) Chrome/124.0.0.0 Safari/537.36" 1505 **1/1505152**
45.180.107.234 - - [14/Mar/2026:13:53:36 -0700] "POST /xmlrpc.php HTTP/1.1" 200 403 "-" "Mozilla/5.0 (Windows NT 6.3; x86) AppleWebKit/537.36 (KHTML, like Gecko) Safari/13.0.0.0 Safari/537.36" 72 **0/72520**
148.59.146.32 - - [14/Mar/2026:13:54:33 -0700] "GET /uncategorized/ten-better-a-real-income-web-based-casinos-for-usa-participants-inside-2025/ HTTP/1.1" 200 36418 "https://purplecapipl.com/" "Mozilla/5.0 (X11; Linux x86_64) AppleWebKit/537.36 (KHTML, like Gecko) Chrome/114.0.0.0 Safari/537.36" 300 **0/300530**
148.59.146.32 - - [14/Mar/2026:13:54:36 -0700] "GET /lottery-sambad/raja-game-login/ HTTP/1.1" 200 27726 "https://purplecapipl.com/uncategorized/ten-better-a-real-income-web-based-casinos-for-usa-participants-inside-2025/" "Mozilla/5.0 (Windows NT 6.3; Win64; x64) AppleWebKit/537.36 (KHTML, like Gecko) Chrome/103.0.0.0 Safari/537.36" 229 **0/229375**
148.59.146.32 - - [14/Mar/2026:13:54:38 -0700] "GET /lottery-sambad/raja-game-login/ HTTP/1.1" 200 27726 "https://purplecapipl.com/lottery-sambad/raja-game-login/" "Mozilla/5.0 (Windows NT 6.3; Win64; x64) AppleWebKit/537.36 (KHTML, like Gecko) Chrome/103.0.0.0 Safari/537.36" 214 **0/214427**
148.59.146.32 - - [14/Mar/2026:13:54:40 -0700] "GET /wp-content/themes/astra/assets/css/minified/main.min.css?ver=4.12.4 HTTP/1.1" 200 8492 "https://purplecapipl.com/lottery-sambad/raja-game-login/" "Mozilla/5.0 (Windows NT 10.0; Win64; x64) AppleWebKit/537.36 (KHTML, like Gecko) Chrome/143.0.0.0 Safari/537.36" 13 **0/13023**
148.59.146.32 - - [14/Mar/2026:13:54:41 -0700] "GET /uncategorized/ten-better-a-real-income-web-based-casinos-for-usa-participants-inside-2025/ HTTP/1.1" 200 36418 "https://purplecapipl.com/uncategorized/ten-better-a-real-income-web-based-casinos-for-usa-participants-inside-2025/" "Mozilla/5.0 (Windows NT 6.3; Win64; x64) AppleWebKit/537.36 (KHTML, like Gecko) Chrome/103.0.0.0 Safari/537.36" 246 **0/246556**
148.59.146.32 - - [14/Mar/2026:13:54:43 -0700] "GET /uncategorized/feasts-castles-fighters-and-you-can-monsters-add-to-successful-possibilities-within-the-casino-vegas-plus-slots-a-long-time-ago-ports/ HTTP/1.1" 200 38157 "https://purplecapipl.com/uncategorized/ten-better-a-real-income-web-based-casinos-for-usa-participants-inside-2025/" "Mozilla/5.0 (Windows NT 6.3; Win64; x64) AppleWebKit/537.36 (KHTML, like Gecko) Chrome/103.0.0.0 Safari/537.36" 252 **0/252996**
148.59.146.32 - - [14/Mar/2026:13:54:45 -0700] "POST /xmlrpc.php HTTP/1.1" 200 169 "https://purplecapipl.com/uncategorized/feasts-castles-fighters-and-you-can-monsters-add-to-successful-possibilities-within-the-casino-vegas-plus-slots-a-long-time-ago-ports/" "PHP/7.3.54" 73 **0/73180**
118.139.180.95 - - [14/Mar/2026:13:54:46 -0700] "POST /wp-cron.php?doing_wp_cron=1773521686.2465329170227050781250 HTTP/1.1" 200 - "-" "WordPress/6.9.4; https://purplecapipl.com" 21 **0/21182**
103.219.169.134 - - [14/Mar/2026:13:54:46 -0700] "POST /xmlrpc.php HTTP/1.1" 200 180 "-" "Mozilla/5.0 (Windows NT 10.0; Win64; x64) AppleWebKit/537.36 (KHTML, like Gecko) Chrome/114.0.0.0 Safari/537.36" 273 **0/273633**
171.251.239.187 - - [14/Mar/2026:13:54:49 -0700] "GET /wp-json/oembed/1.0/embed?url=https%3A%2F%2Fokfunb8z.weebly.com HTTP/1.1" 404 72 "https://purplecapipl.com/" "Mozilla/5.0 (Windows NT 10.0; Win64; x64) AppleWebKit/537.36 (KHTML, like Gecko) Chrome/114.0.0.0 Safari/537.36" 91 **0/91090**
171.251.239.187 - - [14/Mar/2026:13:54:49 -0700] "GET / HTTP/1.1" 200 115394 "-" "Mozilla/5.0 (Windows NT 10.0; Win64; x64) AppleWebKit/537.36 (KHTML, like Gecko) Chrome/114.0.0.0 Safari/537.36" 391 **0/391498**
171.251.239.187 - - [14/Mar/2026:13:54:51 -0700] "GET /ipl-betting/ipl-betting-in-arunachal-pradesh/ HTTP/1.1" 200 28039 "https://purplecapipl.com" "Mozilla/5.0 (Windows NT 10.0; Win64; x64) AppleWebKit/537.36 (KHTML, like Gecko) Chrome/114.0.0.0 Safari/537.36" 232 **0/232685**
103.219.169.134 - - [14/Mar/2026:13:54:54 -0700] "POST /xmlrpc.php HTTP/1.1" 200 10919 "-" "Mozilla/5.0 (Windows NT 10.0; Win64; x64) AppleWebKit/537.36 (KHTML, like Gecko) Chrome/114.0.0.0 Safari/537.36" 766 **0/766010**
45.180.107.234 - - [14/Mar/2026:13:54:55 -0700] "POST /xmlrpc.php HTTP/1.1" 200 403 "-" "Mozilla/5.0 (Windows NT 6.3; arm64) AppleWebKit/537.36 (KHTML, like Gecko) Edge/86.0.0.0 Safari/537.36" 62 **0/62464**
103.219.169.134 - - [14/Mar/2026:13:54:56 -0700] "GET /uncategorized/the-newest-on-line-casino-sites-2025-southern-africas-top-rated/ HTTP/1.1" 200 275648 "-" "Mozilla/5.0 (Windows NT 10.0; Win64; x64) AppleWebKit/537.36 (KHTML, like Gecko) Chrome/109.0.0.0 Safari/537.36" 2015 **2/2015610**
74.7.230.0 - - [14/Mar/2026:13:55:54 -0700] "GET /robots.txt HTTP/2.0" 302 1 "-" "Mozilla/5.0 (Macintosh; Intel Mac OS X 10_15_7) AppleWebKit/537.36 (KHTML, like Gecko) Chrome/131.0.0.0 Safari/537.36; compatible; OAI-SearchBot/1.3; robots.txt; +https://openai.com/searchbot" 12 **0/12222**
74.7.230.0 - - [14/Mar/2026:13:55:55 -0700] "GET /amp.php HTTP/2.0" 302 1 "https://purplecapipl.com/robots.txt" "Mozilla/5.0 (Macintosh; Intel Mac OS X 10_15_7) AppleWebKit/537.36 (KHTML, like Gecko) Chrome/131.0.0.0 Safari/537.36; compatible; OAI-SearchBot/1.3; robots.txt; +https://openai.com/searchbot" 8 **0/8705**
74.7.230.0 - - [14/Mar/2026:13:55:55 -0700] "GET /amp.php HTTP/2.0" 302 1 "https://purplecapipl.com/amp.php" "Mozilla/5.0 (Macintosh; Intel Mac OS X 10_15_7) AppleWebKit/537.36 (KHTML, like Gecko) Chrome/131.0.0.0 Safari/537.36; compatible; OAI-SearchBot/1.3; robots.txt; +https://openai.com/searchbot" 7 **0/7748**
74.7.230.0 - - [14/Mar/2026:13:55:55 -0700] "GET /amp.php HTTP/2.0" 302 1 "https://purplecapipl.com/amp.php" "Mozilla/5.0 (Macintosh; Intel Mac OS X 10_15_7) AppleWebKit/537.36 (KHTML, like Gecko) Chrome/131.0.0.0 Safari/537.36; compatible; OAI-SearchBot/1.3; robots.txt; +https://openai.com/searchbot" 7 **0/7919**
74.7.230.0 - - [14/Mar/2026:13:55:55 -0700] "GET /amp.php HTTP/2.0" 302 1 "https://purplecapipl.com/amp.php" "Mozilla/5.0 (Macintosh; Intel Mac OS X 10_15_7) AppleWebKit/537.36 (KHTML, like Gecko) Chrome/131.0.0.0 Safari/537.36; compatible; OAI-SearchBot/1.3; robots.txt; +https://openai.com/searchbot" 6 **0/6518**
74.7.230.0 - - [14/Mar/2026:13:55:56 -0700] "GET /amp.php HTTP/2.0" 302 1 "https://purplecapipl.com/amp.php" "Mozilla/5.0 (Macintosh; Intel Mac OS X 10_15_7) AppleWebKit/537.36 (KHTML, like Gecko) Chrome/131.0.0.0 Safari/537.36; compatible; OAI-SearchBot/1.3; robots.txt; +https://openai.com/searchbot" 7 **0/7340**
36.73.187.160 - - [14/Mar/2026:13:56:07 -0700] "POST /wp-json/burst/v1/track/?token=868hwk3&_locale=user HTTP/2.0" 200 29 "https://purplecapipl.com/" "Mozilla/5.0 (Linux; Android 10; K) AppleWebKit/537.36 (KHTML, like Gecko) Chrome/146.0.0.0 Mobile Safari/537.36" 94 **0/94348**
157.40.160.65 - - [14/Mar/2026:13:56:08 -0700] "GET / HTTP/2.0" 200 115395 "https://29547144-36784-ex.uncocleypercha.com/jCxCDIMxOwnjZtczvVjCLidBktk7qIvcL_RSOc-YEp8WPpuRqtlS8sKLU9NjbZfexfRSLrcl1aG9CLHnCKP_OECaz_fIv-iBJgYUTr4jJyxj5s0fxef-RVMIzKlgwOD74dkE0JolOIV3GZL0ACUslLAqTpAmyXCVQEUlrVea8DAQ91oBPmA1?kws=slim%2Cdesi%2Cdeepthroat%2Cblowjob%2Cfucking%2Ccollege%2Cstudents%2Clulustream&pageUri=https%3A%2F%2Fdropmms.red&referer=&bdd=%5B%22Mozilla%2F5.0%20(Linux%3B%20Android%2010%3B%20K)%20AppleWebKit%2F537.36%20(KHTML%2C%20like%20Gecko)%20Chrome%2F145.0.0.0%20Mobile%20Safari%2F537.36%22%2C%22false%22%2C%22Linux%20armv81%22%2C%22WebKit%20WebGL%22%2C%22WebKit%22%2C%22Mali-G76%20MC4%22%2C%22ARM%22%2C%22false%22%2C%22true%22%2C%22360%22%2C%22800%22%2C%22360%22%2C%22800%22%2C%22360%22%2C%22800%22%2C%22340%22%2C%22191%22%2C%22340%22%2C%22191%22%2C%22false%22%2C%223%22%2C%228%22%2C%225%22%2C%22aaaaaaaacceccceffhillllmmprrsssstttellllpssf%22%2C%22Sat%20Mar%2007%202026%2001%3A54%3A03%20GMT%2B0530%20(India%20Standard%20Time)%22%2C%22-330%22%2C%22en-US%22%2C%22en-US%2Cen%2Cbn%22%2C%22true%22%2C%22true%22%2C%221354472556%22%2C%222697903995%22%2C%2218%22%2C%22false%22%2C%22%5B%5D%22%5D&btdb=0&focus=1" "Mozilla/5.0 (Linux; Android 10; K) AppleWebKit/537.36 (KHTML, like Gecko) Chrome/145.0.0.0 Mobile Safari/537.36" 421 **0/421983**
157.40.160.65 - - [14/Mar/2026:13:56:08 -0700] "GET /wp-content/themes/astra/assets/css/minified/main.min.css?ver=4.12.4 HTTP/2.0" 200 8492 "https://purplecapipl.com/" "Mozilla/5.0 (Linux; Android 10; K) AppleWebKit/537.36 (KHTML, like Gecko) Chrome/145.0.0.0 Mobile Safari/537.36" 16 **0/16763**
157.40.160.65 - - [14/Mar/2026:13:56:08 -0700] "GET /wp-includes/js/dist/hooks.min.js?ver=dd5603f07f9220ed27f1 HTTP/2.0" 200 1855 "https://purplecapipl.com/" "Mozilla/5.0 (Linux; Android 10; K) AppleWebKit/537.36 (KHTML, like Gecko) Chrome/145.0.0.0 Mobile Safari/537.36" 13 **0/13777**
157.40.160.65 - - [14/Mar/2026:13:56:08 -0700] "GET /wp-includes/js/dist/i18n.min.js?ver=c26c3dc7bed366793375 HTTP/2.0" 200 2118 "https://purplecapipl.com/" "Mozilla/5.0 (Linux; Android 10; K) AppleWebKit/537.36 (KHTML, like Gecko) Chrome/145.0.0.0 Mobile Safari/537.36" 11 **0/11724**
157.40.160.65 - - [14/Mar/2026:13:56:08 -0700] "GET /wp-includes/js/dist/url.min.js?ver=9e178c9516d1222dc834 HTTP/2.0" 200 3656 "https://purplecapipl.com/" "Mozilla/5.0 (Linux; Android 10; K) AppleWebKit/537.36 (KHTML, like Gecko) Chrome/145.0.0.0 Mobile Safari/537.36" 10 **0/10171**
157.40.160.65 - - [14/Mar/2026:13:56:09 -0700] "GET /wp-includes/js/dist/api-fetch.min.js?ver=3a4d9af2b423048b0dee HTTP/2.0" 200 2304 "https://purplecapipl.com/" "Mozilla/5.0 (Linux; Android 10; K) AppleWebKit/537.36 (KHTML, like Gecko) Chrome/145.0.0.0 Mobile Safari/537.36" 9 **0/9516**
157.40.160.65 - - [14/Mar/2026:13:56:09 -0700] "GET /wp-content/uploads/2023/05/cropped-08_SEO_Logos_Purple-Cap-In-IPL-1.png HTTP/2.0" 200 10730 "https://purplecapipl.com/" "Mozilla/5.0 (Linux; Android 10; K) AppleWebKit/537.36 (KHTML, like Gecko) Chrome/145.0.0.0 Mobile Safari/537.36" 9 **0/9774**
157.40.160.65 - - [14/Mar/2026:13:56:09 -0700] "GET /wp-content/themes/astra/assets/js/minified/flexibility.min.js?ver=4.12.4 HTTP/2.0" 200 3762 "https://purplecapipl.com/" "Mozilla/5.0 (Linux; Android 10; K) AppleWebKit/537.36 (KHTML, like Gecko) Chrome/145.0.0.0 Mobile Safari/537.36" 12 **0/12541**
157.40.160.65 - - [14/Mar/2026:13:56:09 -0700] "GET /wp-content/themes/astra/assets/js/minified/frontend.min.js?ver=4.12.4 HTTP/2.0" 200 6218 "https://purplecapipl.com/" "Mozilla/5.0 (Linux; Android 10; K) AppleWebKit/537.36 (KHTML, like Gecko) Chrome/145.0.0.0 Mobile Safari/537.36" 16 **0/16295**
157.40.160.65 - - [14/Mar/2026:13:56:09 -0700] "GET /wp-content/plugins/burst-statistics/helpers/timeme/timeme.min.js?ver=1761041253 HTTP/2.0" 200 1835 "https://purplecapipl.com/" "Mozilla/5.0 (Linux; Android 10; K) AppleWebKit/537.36 (KHTML, like Gecko) Chrome/145.0.0.0 Mobile Safari/537.36" 11 **0/11501**
157.40.160.65 - - [14/Mar/2026:13:56:09 -0700] "GET /wp-content/plugins/burst-statistics/assets/js/build/burst.min.js?ver=1761041253 HTTP/2.0" 200 2784 "https://purplecapipl.com/" "Mozilla/5.0 (Linux; Android 10; K) AppleWebKit/537.36 (KHTML, like Gecko) Chrome/145.0.0.0 Mobile Safari/537.36" 14 **0/14711**
157.40.160.65 - - [14/Mar/2026:13:56:11 -0700] "POST /wp-json/burst/v1/track/?token=87qpvzf&_locale=user HTTP/2.0" 200 29 "https://purplecapipl.com/" "Mozilla/5.0 (Linux; Android 10; K) AppleWebKit/537.36 (KHTML, like Gecko) Chrome/145.0.0.0 Mobile Safari/537.36" 96 **0/96085**
36.73.187.160 - - [14/Mar/2026:13:56:12 -0700] "POST /wp-json/burst/v1/track/?token=cw190vl&_locale=user HTTP/2.0" 200 29 "https://purplecapipl.com/" "Mozilla/5.0 (Linux; Android 10; K) AppleWebKit/537.36 (KHTML, like Gecko) Chrome/146.0.0.0 Mobile Safari/537.36" 86 **0/86693**
157.40.160.65 - - [14/Mar/2026:13:56:12 -0700] "GET /wp-includes/js/wp-emoji-release.min.js?ver=6.9.4 HTTP/2.0" 200 4940 "https://purplecapipl.com/" "Mozilla/5.0 (Linux; Android 10; K) AppleWebKit/537.36 (KHTML, like Gecko) Chrome/145.0.0.0 Mobile Safari/537.36" 11 **0/11351**
157.40.160.65 - - [14/Mar/2026:13:56:13 -0700] "GET /wp-content/uploads/2023/05/08_SEO_Logos_Purple-Cap-In-IPL-2-300x300.png HTTP/2.0" 200 12316 "https://purplecapipl.com/" "Mozilla/5.0 (Linux; Android 10; K) AppleWebKit/537.36 (KHTML, like Gecko) Chrome/145.0.0.0 Mobile Safari/537.36" 9 **0/9017**
118.139.180.95 - - [14/Mar/2026:13:56:14 -0700] "POST /wp-cron.php?doing_wp_cron=1773521774.6553690433502197265625 HTTP/1.1" 200 - "-" "WordPress/6.9.4; https://purplecapipl.com" 19 **0/19227**
98.98.21.200 - - [14/Mar/2026:13:56:14 -0700] "POST /xmlrpc.php HTTP/1.1" 200 180 "-" "Mozilla/5.0 (Windows NT 10.0; Win64; x64) AppleWebKit/537.36 (KHTML, like Gecko) Chrome/114.0.0.0 Safari/537.36" 284 **0/284312**
45.180.107.234 - - [14/Mar/2026:13:56:17 -0700] "POST /xmlrpc.php HTTP/1.1" 200 403 "-" "Mozilla/5.0 (Windows NT 10.0; x64) AppleWebKit/537.36 (KHTML, like Gecko) Firefox/70.0.0.0 Safari/537.36" 62 **0/62818**
36.73.185.75 - - [14/Mar/2026:13:56:18 -0700] "POST /wp-json/burst/v1/track/?token=r5d561c&_locale=user HTTP/2.0" 200 29 "https://purplecapipl.com/" "Mozilla/5.0 (Linux; Android 10; K) AppleWebKit/537.36 (KHTML, like Gecko) Chrome/146.0.0.0 Mobile Safari/537.36" 74 **0/74490**
98.98.21.200 - - [14/Mar/2026:13:56:21 -0700] "POST /xmlrpc.php HTTP/1.1" 200 14925 "-" "Mozilla/5.0 (Windows NT 10.0; Win64; x64) AppleWebKit/537.36 (KHTML, like Gecko) Chrome/114.0.0.0 Safari/537.36" 573 **0/573306**
36.73.185.75 - - [14/Mar/2026:13:56:23 -0700] "POST /wp-json/burst/v1/track/?token=hkobdq0&_locale=user HTTP/2.0" 200 29 "https://purplecapipl.com/" "Mozilla/5.0 (Linux; Android 10; K) AppleWebKit/537.36 (KHTML, like Gecko) Chrome/146.0.0.0 Mobile Safari/537.36" 79 **0/79942**
98.98.21.200 - - [14/Mar/2026:13:56:24 -0700] "GET /uncategorized/download-to-have-android-os-suitable-link-ios-bien-au/ HTTP/1.1" 200 279209 "-" "Mozilla/5.0 (Windows NT 10.0; Win64; x64; rv:125.0) Gecko/20100101 Firefox/125.0" 1503 **1/1503298**
118.139.180.95 - - [14/Mar/2026:13:57:18 -0700] "POST /wp-cron.php?doing_wp_cron=1773521838.7488589286804199218750 HTTP/1.1" 200 - "-" "WordPress/6.9.4; https://purplecapipl.com" 20 **0/20255**
200.25.47.113 - - [14/Mar/2026:13:57:18 -0700] "POST /xmlrpc.php HTTP/1.1" 200 180 "-" "Mozilla/5.0 (Windows NT 10.0; Win64; x64) AppleWebKit/537.36 (KHTML, like Gecko) Chrome/114.0.0.0 Safari/537.36" 239 **0/239353**
200.25.47.113 - - [14/Mar/2026:13:57:25 -0700] "POST /xmlrpc.php HTTP/1.1" 200 11389 "-" "Mozilla/5.0 (Windows NT 10.0; Win64; x64) AppleWebKit/537.36 (KHTML, like Gecko) Chrome/114.0.0.0 Safari/537.36" 711 **0/711729**
200.25.47.113 - - [14/Mar/2026:13:57:28 -0700] "GET /uncategorized/january-8-2025/ HTTP/1.1" 200 275336 "-" "Mozilla/5.0 (Windows NT 10.0; Win64; x64) AppleWebKit/537.36 (KHTML, like Gecko) Chrome/124.0.0.0 Safari/537.36" 1867 **1/1867893**
45.180.107.234 - - [14/Mar/2026:13:57:36 -0700] "POST /xmlrpc.php HTTP/1.1" 200 403 "-" "Mozilla/5.0 (Windows NT 10.0; arm64) AppleWebKit/537.36 (KHTML, like Gecko) Opera/67.0.0.0 Safari/537.36" 76 **0/76401**
206.232.2.154 - - [14/Mar/2026:13:57:54 -0700] "GET /ipl-betting/live-ipl-betting-in-himachal-pradesh/ HTTP/1.1" 200 31973 "https://purplecapipl.com" "Mozilla/5.0 (Windows NT 10.0; Win64; x64) AppleWebKit/537.36 (KHTML, like Gecko) Chrome/62.0.3202.94 Safari/537.36" 257 **0/257036**
45.180.107.234 - - [14/Mar/2026:13:58:48 -0700] "POST /xmlrpc.php HTTP/1.1" 200 403 "-" "Mozilla/5.0 (Windows NT 10.0; x64) AppleWebKit/537.36 (KHTML, like Gecko) Safari/15.0.0.0 Safari/537.36" 83 **0/83151**
118.139.180.95 - - [14/Mar/2026:13:58:56 -0700] "POST /wp-cron.php?doing_wp_cron=1773521936.3886680603027343750000 HTTP/1.1" 200 - "-" "WordPress/6.9.4; https://purplecapipl.com" 18 **0/18463**
62.12.119.245 - - [14/Mar/2026:13:58:56 -0700] "POST /xmlrpc.php HTTP/1.1" 200 180 "-" "Mozilla/5.0 (Windows NT 10.0; Win64; x64) AppleWebKit/537.36 (KHTML, like Gecko) Chrome/114.0.0.0 Safari/537.36" 257 **0/257110**
62.12.119.245 - - [14/Mar/2026:13:59:03 -0700] "POST /xmlrpc.php HTTP/1.1" 200 13224 "-" "Mozilla/5.0 (Windows NT 10.0; Win64; x64) AppleWebKit/537.36 (KHTML, like Gecko) Chrome/114.0.0.0 Safari/537.36" 661 **0/661538**
62.12.119.245 - - [14/Mar/2026:13:59:05 -0700] "GET /uncategorized/website-builder-erstelle-jedweder-einfach-deine-eigene-rock-n-roller-slot-free-spins-internetseite-squarespace-squarespace/ HTTP/1.1" 200 277789 "-" "Mozilla/5.0 (Windows NT 10.0; Win64; x64; rv:125.0) Gecko/20100101 Firefox/125.0" 1651 **1/1651348**
118.139.180.95 - - [14/Mar/2026:13:59:11 -0700] "POST /wp-cron.php?doing_wp_cron=1773521951.6362390518188476562500 HTTP/1.1" 200 - "-" "WordPress/6.9.4; https://purplecapipl.com" 16 **0/16495**
98.98.21.200 - - [14/Mar/2026:13:59:11 -0700] "POST /xmlrpc.php HTTP/1.1" 200 180 "-" "Mozilla/5.0 (Windows NT 10.0; Win64; x64) AppleWebKit/537.36 (KHTML, like Gecko) Chrome/114.0.0.0 Safari/537.36" 279 **0/279301**
98.98.21.200 - - [14/Mar/2026:13:59:18 -0700] "POST /xmlrpc.php HTTP/1.1" 200 14346 "-" "Mozilla/5.0 (Windows NT 10.0; Win64; x64) AppleWebKit/537.36 (KHTML, like Gecko) Chrome/114.0.0.0 Safari/537.36" 571 **0/571449**
98.98.21.200 - - [14/Mar/2026:13:59:20 -0700] "GET /uncategorized/paypal-casinos-in-britain-greatest-gambling-enterprises-accepting-paypal-inside-casino-ecopayz-the-2026/ HTTP/1.1" 200 279155 "-" "Mozilla/5.0 (Windows NT 10.0; Win64; x64) AppleWebKit/537.36 (KHTML, like Gecko) Chrome/124.0.0.0 Safari/537.36" 1488 **1/1488884**
143.14.6.16 - - [14/Mar/2026:13:59:28 -0700] "GET /ipl/most-matches-as-captain-in-ipl/feed/ HTTP/1.1" 200 447 "-" "Mozilla/5.0 (Macintosh; Intel Mac OS X 10_15_7) AppleWebKit/537.36 (KHTML, like Gecko) Chrome/135.0.0.0 Safari/537.36" 169 **0/169063**
118.139.180.95 - - [14/Mar/2026:13:59:45 -0700] "POST /wp-cron.php?doing_wp_cron=1773521985.9139940738677978515625 HTTP/1.1" 200 - "-" "WordPress/6.9.4; https://purplecapipl.com" 20 **0/20732**
94.0.179.53 - - [14/Mar/2026:13:59:45 -0700] "POST /xmlrpc.php HTTP/2.0" 200 180 "-" "Mozilla/5.0 (Windows NT 10.0; Win64; x64) AppleWebKit/537.36 (KHTML, like Gecko) Chrome/119.0.0.0 Safari/537.36 Edg/119.0.0.0" 313 **0/313019**
94.0.179.53 - - [14/Mar/2026:13:59:46 -0700] "POST /xmlrpc.php HTTP/2.0" 200 412 "-" "Mozilla/5.0 (Windows NT 10.0; Win64; x64) AppleWebKit/537.36 (KHTML, like Gecko) Chrome/119.0.0.0 Safari/537.36 Edg/119.0.0.0" 174 **0/174987**
45.180.107.234 - - [14/Mar/2026:13:59:56 -0700] "POST /xmlrpc.php HTTP/1.1" 200 403 "-" "Mozilla/5.0 (Windows NT 6.2; x86) AppleWebKit/537.36 (KHTML, like Gecko) Chrome/113.0.0.0 Safari/537.36" 78 **0/78018**
118.139.180.95 - - [14/Mar/2026:13:59:56 -0700] "POST /wp-cron.php?doing_wp_cron=1773521996.6371400356292724609375 HTTP/1.1" 200 - "-" "WordPress/6.9.4; https://purplecapipl.com" 19 **0/19220**
103.219.169.134 - - [14/Mar/2026:13:59:56 -0700] "POST /xmlrpc.php HTTP/1.1" 200 180 "-" "Mozilla/5.0 (Windows NT 10.0; Win64; x64) AppleWebKit/537.36 (KHTML, like Gecko) Chrome/114.0.0.0 Safari/537.36" 276 **0/276400**
220.181.108.82 - - [14/Mar/2026:14:00:00 -0700] "GET /uncategorized/vapauta-casinia-casino-sportsbookin-riemu-maailma/ HTTP/1.1" 302 - "-" "Mozilla/5.0 (compatible; Baiduspider/2.0; +http://www.baidu.com/search/spider.html)" 11 **0/11959**
220.181.108.84 - - [14/Mar/2026:14:00:01 -0700] "GET /amp.php HTTP/1.1" 302 - "-" "Mozilla/5.0 (compatible; Baiduspider/2.0; +http://www.baidu.com/search/spider.html)" 11 **0/11052**
220.181.108.81 - - [14/Mar/2026:14:00:01 -0700] "GET /amp.php HTTP/1.1" 302 - "-" "Mozilla/5.0 (compatible; Baiduspider/2.0; +http://www.baidu.com/search/spider.html)" 33 **0/33186**
220.181.108.111 - - [14/Mar/2026:14:00:02 -0700] "GET /amp.php HTTP/1.1" 302 - "-" "Mozilla/5.0 (compatible; Baiduspider/2.0; +http://www.baidu.com/search/spider.html)" 30 **0/30508**
220.181.108.94 - - [14/Mar/2026:14:00:03 -0700] "GET /amp.php HTTP/1.1" 302 - "-" "Mozilla/5.0 (compatible; Baiduspider/2.0; +http://www.baidu.com/search/spider.html)" 71 **0/71733**
57.141.16.56 - - [14/Mar/2026:14:00:03 -0700] "GET /tag/t20-world-cup-india-vs-pakistan/ HTTP/2.0" 302 - "-" "meta-externalagent/1.1 (+https://developers.facebook.com/docs/sharing/webmasters/crawler)" 69 **0/69693**
220.181.108.92 - - [14/Mar/2026:14:00:04 -0700] "GET /amp.php HTTP/1.1" 302 - "-" "Mozilla/5.0 (compatible; Baiduspider/2.0; +http://www.baidu.com/search/spider.html)" 10 **0/10615**
220.181.108.168 - - [14/Mar/2026:14:00:04 -0700] "GET /amp.php HTTP/1.1" 302 - "-" "Mozilla/5.0 (compatible; Baiduspider/2.0; +http://www.baidu.com/search/spider.html)" 71 **0/71308**
103.219.169.134 - - [14/Mar/2026:14:00:03 -0700] "POST /xmlrpc.php HTTP/1.1" 200 11271 "-" "Mozilla/5.0 (Windows NT 10.0; Win64; x64) AppleWebKit/537.36 (KHTML, like Gecko) Chrome/114.0.0.0 Safari/537.36" 1155 **1/1155467**
57.141.16.67 - - [14/Mar/2026:14:00:05 -0700] "GET /amp.php HTTP/2.0" 302 - "-" "meta-externalagent/1.1 (+https://developers.facebook.com/docs/sharing/webmasters/crawler)" 21 **0/21248**
57.141.16.1 - - [14/Mar/2026:14:00:07 -0700] "GET /amp.php HTTP/2.0" 302 - "-" "meta-externalagent/1.1 (+https://developers.facebook.com/docs/sharing/webmasters/crawler)" 20 **0/20553**
57.141.16.97 - - [14/Mar/2026:14:00:09 -0700] "GET /amp.php HTTP/2.0" 302 - "-" "meta-externalagent/1.1 (+https://developers.facebook.com/docs/sharing/webmasters/crawler)" 13 **0/13611**
220.181.51.118 - - [14/Mar/2026:14:00:09 -0700] "GET /uncategorized/vapauta-casinia-casino-sportsbookin-riemu-maailma/ HTTP/1.1" 200 40433 "-" "Mozilla/5.0 (Windows NT 10.0; WOW64) AppleWebKit/537.36 (KHTML, like Gecko) Chrome/48.0.2564.116 Safari/537.36" 454 **0/454355**
103.219.169.134 - - [14/Mar/2026:14:00:07 -0700] "GET /uncategorized/cryptologic-big-four-gambling-enterprise-casino-slot-games-games-comment/ HTTP/1.1" 200 275839 "-" "Mozilla/5.0 (Windows NT 10.0; Win64; x64) AppleWebKit/537.36 (KHTML, like Gecko) Chrome/124.0.0.0 Safari/537.36" 2454 **2/2454347**
107.175.157.205 - - [14/Mar/2026:14:00:11 -0700] "GET /articles/page/2/ HTTP/2.0" 200 27755 "-" "Mozilla/5.0 (Macintosh; Intel Mac OS X 10_15_7) AppleWebKit/537.36 (KHTML, like Gecko) Chrome/130.0.0.0 Safari/537.36" 351 **0/351218**
116.179.33.78 - - [14/Mar/2026:14:00:12 -0700] "GET /wp-includes/js/dist/url.min.js?ver=9e178c9516d1222dc834 HTTP/1.1" 200 3856 "https://purplecapipl.com/uncategorized/vapauta-casinia-casino-sportsbookin-riemu-maailma/" "Mozilla/5.0 (Windows NT 10.0; Win64; x64) AppleWebKit/537.36 (KHTML, like Gecko) Chrome/99.0.4844.51 Safari/537.36" 10 **0/10338**
116.179.33.82 - - [14/Mar/2026:14:00:12 -0700] "GET /wp-content/themes/astra/assets/js/minified/flexibility.min.js?ver=4.12.4 HTTP/1.1" 200 3938 "https://purplecapipl.com/uncategorized/vapauta-casinia-casino-sportsbookin-riemu-maailma/" "Mozilla/5.0 (Windows NT 10.0; Win64; x64) AppleWebKit/537.36 (KHTML, like Gecko) Chrome/99.0.4844.51 Safari/537.36" 10 **0/10702**
116.179.33.83 - - [14/Mar/2026:14:00:12 -0700] "GET /wp-includes/js/dist/hooks.min.js?ver=dd5603f07f9220ed27f1 HTTP/1.1" 200 1941 "https://purplecapipl.com/uncategorized/vapauta-casinia-casino-sportsbookin-riemu-maailma/" "Mozilla/5.0 (Windows NT 10.0; Win64; x64) AppleWebKit/537.36 (KHTML, like Gecko) Chrome/99.0.4844.51 Safari/537.36" 10 **0/10867**
116.179.33.84 - - [14/Mar/2026:14:00:12 -0700] "GET /wp-includes/js/dist/i18n.min.js?ver=c26c3dc7bed366793375 HTTP/1.1" 200 2229 "https://purplecapipl.com/uncategorized/vapauta-casinia-casino-sportsbookin-riemu-maailma/" "Mozilla/5.0 (Windows NT 10.0; Win64; x64) AppleWebKit/537.36 (KHTML, like Gecko) Chrome/99.0.4844.51 Safari/537.36" 15 **0/15471**
116.179.33.13 - - [14/Mar/2026:14:00:12 -0700] "GET /wp-content/themes/astra/assets/js/minified/frontend.min.js?ver=4.12.4 HTTP/1.1" 200 6518 "https://purplecapipl.com/uncategorized/vapauta-casinia-casino-sportsbookin-riemu-maailma/" "Mozilla/5.0 (Windows NT 10.0; Win64; x64) AppleWebKit/537.36 (KHTML, like Gecko) Chrome/99.0.4844.51 Safari/537.36" 13 **0/13880**
116.179.33.210 - - [14/Mar/2026:14:00:12 -0700] "GET /wp-includes/js/dist/api-fetch.min.js?ver=3a4d9af2b423048b0dee HTTP/1.1" 200 2436 "https://purplecapipl.com/uncategorized/vapauta-casinia-casino-sportsbookin-riemu-maailma/" "Mozilla/5.0 (Windows NT 10.0; Win64; x64) AppleWebKit/537.36 (KHTML, like Gecko) Chrome/99.0.4844.51 Safari/537.36" 10 **0/10452**
116.179.33.144 - - [14/Mar/2026:14:00:13 -0700] "POST /wp-json/burst/v1/track/?token=8b0ui36&_locale=user HTTP/1.1" 200 25 "https://purplecapipl.com/uncategorized/vapauta-casinia-casino-sportsbookin-riemu-maailma/" "Mozilla/5.0 (Windows NT 10.0; Win64; x64) AppleWebKit/537.36 (KHTML, like Gecko) Chrome/99.0.4844.51 Safari/537.36" 168 **0/168018**
36.73.191.26 - - [14/Mar/2026:14:00:36 -0700] "POST /wp-json/burst/v1/track/?token=w78whir&_locale=user HTTP/2.0" 200 29 "https://purplecapipl.com/" "Mozilla/5.0 (Linux; Android 10; K) AppleWebKit/537.36 (KHTML, like Gecko) Chrome/146.0.0.0 Mobile Safari/537.36" 100 **0/100623**
36.73.191.26 - - [14/Mar/2026:14:00:41 -0700] "POST /wp-json/burst/v1/track/?token=ezvlcuq&_locale=user HTTP/2.0" 200 29 "https://purplecapipl.com/" "Mozilla/5.0 (Linux; Android 10; K) AppleWebKit/537.36 (KHTML, like Gecko) Chrome/146.0.0.0 Mobile Safari/537.36" 91 **0/91685**
36.73.191.26 - - [14/Mar/2026:14:00:42 -0700] "POST /wp-json/burst/v1/track/?token=e1fns2f&_locale=user HTTP/2.0" 200 29 "https://purplecapipl.com/" "Mozilla/5.0 (Linux; Android 10; K) AppleWebKit/537.36 (KHTML, like Gecko) Chrome/146.0.0.0 Mobile Safari/537.36" 95 **0/95837**
36.73.191.26 - - [14/Mar/2026:14:00:47 -0700] "POST /wp-json/burst/v1/track/?token=v0t6upx&_locale=user HTTP/2.0" 200 29 "https://purplecapipl.com/" "Mozilla/5.0 (Linux; Android 10; K) AppleWebKit/537.36 (KHTML, like Gecko) Chrome/146.0.0.0 Mobile Safari/537.36" 79 **0/79551**
45.180.107.234 - - [14/Mar/2026:14:01:21 -0700] "POST /xmlrpc.php HTTP/1.1" 200 403 "-" "Mozilla/5.0 (X11; Ubuntu; Linux x86_64; x86) AppleWebKit/537.36 (KHTML, like Gecko) Safari/15.0.0.0 Safari/537.36" 91 **0/91303**
57.141.16.22 - - [14/Mar/2026:14:01:37 -0700] "GET /ipl-betting/ipl-betting-app-in-haryana/ HTTP/2.0" 302 - "-" "meta-externalagent/1.1 (+https://developers.facebook.com/docs/sharing/webmasters/crawler)" 14 **0/14187**
57.141.16.73 - - [14/Mar/2026:14:01:38 -0700] "GET /amp.php HTTP/2.0" 302 - "-" "meta-externalagent/1.1 (+https://developers.facebook.com/docs/sharing/webmasters/crawler)" 9 **0/9060**
57.141.16.29 - - [14/Mar/2026:14:01:40 -0700] "GET /amp.php HTTP/2.0" 302 - "-" "meta-externalagent/1.1 (+https://developers.facebook.com/docs/sharing/webmasters/crawler)" 10 **0/10930**
57.141.16.67 - - [14/Mar/2026:14:01:42 -0700] "GET /amp.php HTTP/2.0" 302 - "-" "meta-externalagent/1.1 (+https://developers.facebook.com/docs/sharing/webmasters/crawler)" 8 **0/8700**
185.191.171.12 - - [14/Mar/2026:14:01:49 -0700] "GET /glory-casinos-tr/guvenilir-spor-bahisleri-ve-online-kumarhane-2025/ HTTP/1.1" 302 - "-" "Mozilla/5.0 (compatible; SemrushBot/7~bl; +http://www.semrush.com/bot.html)" 10 **0/10832**
118.139.180.95 - - [14/Mar/2026:14:02:12 -0700] "POST /wp-cron.php?doing_wp_cron=1773522132.2068309783935546875000 HTTP/1.1" 200 - "-" "WordPress/6.9.4; https://purplecapipl.com" 18 **0/18954**
98.98.21.200 - - [14/Mar/2026:14:02:11 -0700] "POST /xmlrpc.php HTTP/1.1" 200 180 "-" "Mozilla/5.0 (Windows NT 10.0; Win64; x64) AppleWebKit/537.36 (KHTML, like Gecko) Chrome/114.0.0.0 Safari/537.36" 325 **0/325846**
98.98.21.200 - - [14/Mar/2026:14:02:18 -0700] "POST /xmlrpc.php HTTP/1.1" 200 13964 "-" "Mozilla/5.0 (Windows NT 10.0; Win64; x64) AppleWebKit/537.36 (KHTML, like Gecko) Chrome/114.0.0.0 Safari/537.36" 618 **0/618716**
98.98.21.200 - - [14/Mar/2026:14:02:20 -0700] "GET /uncategorized/better-australian-no-deposit-bonus-buffalo-blitz-slot-rules-casinos-2026/ HTTP/1.1" 200 278730 "-" "Mozilla/5.0 (Windows NT 10.0; Win64; x64; rv:125.0) Gecko/20100101 Firefox/125.0" 1567 **1/1567569**
191.102.132.169 - - [14/Mar/2026:14:02:29 -0700] "GET /1xbet/fdl-strtyjyt-1xbet-wkyfy-lrbh-llmrhnt-twyl-lmd-2/ HTTP/1.1" 200 43285 "https://purplecapipl.com" "Mozilla/5.0 (Windows NT 10.0; Win64; x64) AppleWebKit/537.36 (KHTML, like Gecko) Chrome/62.0.3202.94 Safari/537.36" 245 **0/245821**
191.102.132.169 - - [14/Mar/2026:14:02:33 -0700] "POST /wp-comments-post.php HTTP/1.1" 404 190965 "https://purplecapipl.com" "Mozilla/5.0 (Windows NT 10.0; Win64; x64) AppleWebKit/537.36 (KHTML, like Gecko) Chrome/62.0.3202.94 Safari/537.36" 960 **0/960414**
45.180.107.234 - - [14/Mar/2026:14:02:38 -0700] "POST /xmlrpc.php HTTP/1.1" 200 403 "-" "Mozilla/5.0 (Windows NT 6.3; x64) AppleWebKit/537.36 (KHTML, like Gecko) Opera/62.0.0.0 Safari/537.36" 77 **0/77767**
14.164.253.225 - - [14/Mar/2026:14:03:10 -0700] "GET /uncategorized/speel-huidig-slots-van-egt-gratis-ervoor-geld-misschien/ HTTP/1.1" 200 41117 "-" "Mozilla/5.0 (X11; U; Linux i686; en-US; rv:1.9.2.7) Gecko/20100726 CentOS/3.6-3.el5.centos Firefox/3.6.7" 255 **0/255675**
118.139.180.95 - - [14/Mar/2026:14:03:16 -0700] "POST /wp-cron.php?doing_wp_cron=1773522196.1216990947723388671875 HTTP/1.1" 200 - "-" "WordPress/6.9.4; https://purplecapipl.com" 19 **0/19005**
103.219.169.134 - - [14/Mar/2026:14:03:15 -0700] "POST /xmlrpc.php HTTP/1.1" 200 180 "-" "Mozilla/5.0 (Windows NT 10.0; Win64; x64) AppleWebKit/537.36 (KHTML, like Gecko) Chrome/114.0.0.0 Safari/537.36" 273 **0/273273**
103.219.169.134 - - [14/Mar/2026:14:03:22 -0700] "POST /xmlrpc.php HTTP/1.1" 200 10940 "-" "Mozilla/5.0 (Windows NT 10.0; Win64; x64) AppleWebKit/537.36 (KHTML, like Gecko) Chrome/114.0.0.0 Safari/537.36" 746 **0/746679**
103.219.169.134 - - [14/Mar/2026:14:03:25 -0700] "GET /uncategorized/pound-sterling-record-denominations/ HTTP/1.1" 200 275304 "-" "Mozilla/5.0 (Windows NT 10.0; Win64; x64) AppleWebKit/537.36 (KHTML, like Gecko) Chrome/123.0.0.0 Safari/537.36 OPR/109.0.0.0" 2071 **2/2071120**
118.139.180.95 - - [14/Mar/2026:14:03:47 -0700] "POST /wp-cron.php?doing_wp_cron=1773522227.0823040008544921875000 HTTP/1.1" 200 - "-" "WordPress/6.9.4; https://purplecapipl.com" 19 **0/19915**
216.26.247.153 - - [14/Mar/2026:14:03:46 -0700] "POST /wp-admin/images/custom_file_4_1773381770.php HTTP/1.1" 404 190965 "https://purplecapipl.com" "Mozilla/5.0 (Windows NT 10.0; WOW64) AppleWebKit/537.36 (KHTML, like Gecko) Chrome/64.0.2879.10 Safari/537.36" 668 **0/668732**
45.180.107.234 - - [14/Mar/2026:14:03:52 -0700] "POST /xmlrpc.php HTTP/1.1" 200 403 "-" "Mozilla/5.0 (Windows NT 6.3; x86) AppleWebKit/537.36 (KHTML, like Gecko) Safari/14.0.0.0 Safari/537.36" 66 **0/66143**
14.181.207.245 - - [14/Mar/2026:14:03:58 -0700] "GET /uncategorized/kak-zashchitit-svoi-akkaunt-na-mostbet-ot-moshennikov-tolkuv-v-n-yaxsi-taktikalar/ HTTP/1.1" 200 41104 "-" "Mozilla/5.0 (Macintosh; Intel Mac OS X 10_11_6) AppleWebKit/537.36 (KHTML, like Gecko) Chrome/63.0.3239.132 Safari/537.36" 245 **0/245273**
204.217.131.187 - - [14/Mar/2026:14:04:00 -0700] "GET /landing-1win/ HTTP/1.1" 200 27463 "https://purplecapipl.com" "Mozilla/5.0 (Windows NT 10.0; Win64; x64) AppleWebKit/537.36 (KHTML, like Gecko) Chrome/62.0.3202.94 Safari/537.36" 242 **0/242441**
118.139.180.95 - - [14/Mar/2026:14:04:14 -0700] "POST /wp-cron.php?doing_wp_cron=1773522254.5770089626312255859375 HTTP/1.1" 200 - "-" "WordPress/6.9.4; https://purplecapipl.com" 20 **0/20640**
200.25.47.113 - - [14/Mar/2026:14:04:14 -0700] "POST /xmlrpc.php HTTP/1.1" 200 180 "-" "Mozilla/5.0 (Windows NT 10.0; Win64; x64) AppleWebKit/537.36 (KHTML, like Gecko) Chrome/114.0.0.0 Safari/537.36" 284 **0/284656**
200.25.47.113 - - [14/Mar/2026:14:04:21 -0700] "POST /xmlrpc.php HTTP/1.1" 200 11045 "-" "Mozilla/5.0 (Windows NT 10.0; Win64; x64) AppleWebKit/537.36 (KHTML, like Gecko) Chrome/114.0.0.0 Safari/537.36" 693 **0/693835**
200.25.47.113 - - [14/Mar/2026:14:04:24 -0700] "GET /uncategorized/better-online-slots-games-inside-2026-a-real-income-position-games/ HTTP/1.1" 200 275422 "-" "Mozilla/5.0 (Windows NT 10.0; rv:109.0) Gecko/20100101 Firefox/115.0" 1879 **1/1879852**
36.74.219.143 - - [14/Mar/2026:14:04:50 -0700] "POST /wp-json/burst/v1/track/?token=hixsnxa&_locale=user HTTP/2.0" 200 29 "https://purplecapipl.com/" "Mozilla/5.0 (Linux; Android 10; K) AppleWebKit/537.36 (KHTML, like Gecko) Chrome/146.0.0.0 Mobile Safari/537.36" 111 **0/111364**
45.180.107.234 - - [14/Mar/2026:14:04:51 -0700] "POST /xmlrpc.php HTTP/1.1" 200 403 "-" "Mozilla/5.0 (Windows NT 10.0; x86) AppleWebKit/537.36 (KHTML, like Gecko) Chrome/101.0.0.0 Safari/537.36" 65 **0/65078**
36.73.177.248 - - [14/Mar/2026:14:05:00 -0700] "GET /p.txt HTTP/2.0" 200 6 "-" "Mozilla/5.0 (Linux; Android 10; K) AppleWebKit/537.36 (KHTML, like Gecko) Chrome/146.0.0.0 Mobile Safari/537.36" 11 **0/11178**
118.139.180.95 - - [14/Mar/2026:14:05:00 -0700] "POST /wp-cron.php?doing_wp_cron=1773522300.9145760536193847656250 HTTP/1.1" 200 - "-" "WordPress/6.9.4; https://purplecapipl.com" 25 **0/25142**
36.73.177.248 - - [14/Mar/2026:14:05:00 -0700] "POST /wp-json/burst/v1/track/?token=e5xatoi&_locale=user HTTP/2.0" 200 29 "https://purplecapipl.com/" "Mozilla/5.0 (Linux; Android 10; K) AppleWebKit/537.36 (KHTML, like Gecko) Chrome/146.0.0.0 Mobile Safari/537.36" 148 **0/148985**
36.73.177.248 - - [14/Mar/2026:14:05:01 -0700] "GET /favicon.ico HTTP/2.0" 302 1 "https://purplecapipl.com/p.txt" "Mozilla/5.0 (Linux; Android 10; K) AppleWebKit/537.36 (KHTML, like Gecko) Chrome/146.0.0.0 Mobile Safari/537.36" 163 **0/163514**
36.73.177.248 - - [14/Mar/2026:14:05:01 -0700] "GET /wp-content/uploads/2023/05/08_SEO_Logos_Purple-Cap-In-IPL-2-150x150.png HTTP/2.0" 200 5595 "https://purplecapipl.com/p.txt" "Mozilla/5.0 (Linux; Android 10; K) AppleWebKit/537.36 (KHTML, like Gecko) Chrome/146.0.0.0 Mobile Safari/537.36" 12 **0/12553**
98.98.21.200 - - [14/Mar/2026:14:05:00 -0700] "POST /xmlrpc.php HTTP/1.1" 200 180 "-" "Mozilla/5.0 (Windows NT 10.0; Win64; x64) AppleWebKit/537.36 (KHTML, like Gecko) Chrome/114.0.0.0 Safari/537.36" 660 **0/660222**
118.139.180.95 - - [14/Mar/2026:14:05:03 -0700] "POST /wp-cron.php?doing_wp_cron=1773522303.0285251140594482421875 HTTP/1.1" 200 - "-" "WordPress/6.9.4; https://purplecapipl.com" 29 **0/29801**
36.73.177.248 - - [14/Mar/2026:14:05:02 -0700] "POST /wp-json/burst/v1/track/?token=4jqgait&_locale=user HTTP/2.0" 200 29 "https://purplecapipl.com/" "Mozilla/5.0 (Linux; Android 10; K) AppleWebKit/537.36 (KHTML, like Gecko) Chrome/146.0.0.0 Mobile Safari/537.36" 209 **0/209896**
98.98.21.200 - - [14/Mar/2026:14:05:07 -0700] "POST /xmlrpc.php HTTP/1.1" 200 14894 "-" "Mozilla/5.0 (Windows NT 10.0; Win64; x64) AppleWebKit/537.36 (KHTML, like Gecko) Chrome/114.0.0.0 Safari/537.36" 644 **0/644219**
98.98.21.200 - - [14/Mar/2026:14:05:10 -0700] "GET /uncategorized/plonky-play-on-the-web-100percent-free-play-slots-real-money-free/ HTTP/1.1" 200 279060 "-" "Mozilla/5.0 (Windows NT 10.0; Win64; x64) AppleWebKit/537.36 (KHTML, like Gecko) Chrome/124.0.0.0 Safari/537.36 Edg/124.0.0.0" 1686 **1/1686327**
143.20.253.197 - - [14/Mar/2026:14:05:17 -0700] "GET /wp-json/oembed/1.0/embed?url=https%3A%2F%2Fpurplecapipl.com%2Fipl%2Fhighest-powerplay-score-in-ipl%2F HTTP/1.1" 200 2536 "-" "Mozilla/5.0 (Macintosh; Intel Mac OS X 10_15_7) AppleWebKit/537.36 (KHTML, like Gecko) Chrome/135.0.0.0 Safari/537.36" 131 **0/131699**
45.180.107.234 - - [14/Mar/2026:14:05:52 -0700] "POST /xmlrpc.php HTTP/1.1" 200 403 "-" "Mozilla/5.0 (Macintosh; Intel Mac OS X 10_15_7; x86) AppleWebKit/537.36 (KHTML, like Gecko) Chrome/101.0.0.0 Safari/537.36" 74 **0/74589**
118.139.180.95 - - [14/Mar/2026:14:06:42 -0700] "POST /wp-cron.php?doing_wp_cron=1773522402.3875880241394042968750 HTTP/1.1" 200 - "-" "WordPress/6.9.4; https://purplecapipl.com" 17 **0/17434**
62.12.119.245 - - [14/Mar/2026:14:06:42 -0700] "POST /xmlrpc.php HTTP/1.1" 200 180 "-" "Mozilla/5.0 (Windows NT 10.0; Win64; x64) AppleWebKit/537.36 (KHTML, like Gecko) Chrome/114.0.0.0 Safari/537.36" 286 **0/286788**
62.12.119.245 - - [14/Mar/2026:14:06:48 -0700] "POST /xmlrpc.php HTTP/1.1" 200 13427 "-" "Mozilla/5.0 (Windows NT 10.0; Win64; x64) AppleWebKit/537.36 (KHTML, like Gecko) Chrome/114.0.0.0 Safari/537.36" 644 **0/644753**
45.180.107.234 - - [14/Mar/2026:14:06:51 -0700] "POST /xmlrpc.php HTTP/1.1" 200 403 "-" "Mozilla/5.0 (Windows NT 10.0; x64) AppleWebKit/537.36 (KHTML, like Gecko) Edge/85.0.0.0 Safari/537.36" 102 **0/102966**
62.12.119.245 - - [14/Mar/2026:14:06:51 -0700] "GET /uncategorized/unser-besten-echtgeld-casinos-damit-echtes-geld-serios-spielautomaten-aztec-temple-treasures-online-vortragen-2026/ HTTP/1.1" 200 278036 "-" "Mozilla/5.0 (Windows NT 10.0; Win64; x64) AppleWebKit/537.36 (KHTML, like Gecko) Chrome/124.0.0.0 Safari/537.36" 1688 **1/1688789**
118.139.180.95 - - [14/Mar/2026:14:06:57 -0700] "POST /wp-cron.php?doing_wp_cron=1773522417.9190769195556640625000 HTTP/1.1" 200 - "-" "WordPress/6.9.4; https://purplecapipl.com" 21 **0/21102**
103.219.169.134 - - [14/Mar/2026:14:06:57 -0700] "POST /xmlrpc.php HTTP/1.1" 200 180 "-" "Mozilla/5.0 (Windows NT 10.0; Win64; x64) AppleWebKit/537.36 (KHTML, like Gecko) Chrome/114.0.0.0 Safari/537.36" 292 **0/292342**
103.219.169.134 - - [14/Mar/2026:14:07:04 -0700] "POST /xmlrpc.php HTTP/1.1" 200 11209 "-" "Mozilla/5.0 (Windows NT 10.0; Win64; x64) AppleWebKit/537.36 (KHTML, like Gecko) Chrome/114.0.0.0 Safari/537.36" 741 **0/741801**
36.73.185.75 - - [14/Mar/2026:14:07:08 -0700] "POST /wp-json/burst/v1/track/?token=3i11as1&_locale=user HTTP/2.0" 200 29 "https://purplecapipl.com/" "Mozilla/5.0 (Linux; Android 10; K) AppleWebKit/537.36 (KHTML, like Gecko) Chrome/146.0.0.0 Mobile Safari/537.36" 102 **0/102608**
103.219.169.134 - - [14/Mar/2026:14:07:07 -0700] "GET /uncategorized/greatest-online-casinos-for-professionals-in-the-quebec-greatest-picks-and-standard-bonuses/ HTTP/1.1" 200 275894 "-" "Mozilla/5.0 (Windows NT 10.0; Win64; x64) AppleWebKit/537.36 (KHTML, like Gecko) Chrome/123.0.0.0 Safari/537.36" 1997 **1/1997017**
45.180.107.234 - - [14/Mar/2026:14:07:51 -0700] "POST /xmlrpc.php HTTP/1.1" 200 403 "-" "Mozilla/5.0 (Linux; Android 10; x64) AppleWebKit/537.36 (KHTML, like Gecko) Chrome/112.0.0.0 Safari/537.36" 81 **0/81743**
118.139.180.95 - - [14/Mar/2026:14:07:55 -0700] "POST /wp-cron.php?doing_wp_cron=1773522475.1718869209289550781250 HTTP/1.1" 200 - "-" "WordPress/6.9.4; https://purplecapipl.com" 20 **0/20969**
98.98.21.200 - - [14/Mar/2026:14:07:54 -0700] "POST /xmlrpc.php HTTP/1.1" 200 180 "-" "Mozilla/5.0 (Windows NT 10.0; Win64; x64) AppleWebKit/537.36 (KHTML, like Gecko) Chrome/114.0.0.0 Safari/537.36" 332 **0/332242**
206.232.1.22 - - [14/Mar/2026:14:08:00 -0700] "GET /ipl-betting/ipl-betting-in-madhya-pradesh-online/ HTTP/1.1" 200 31181 "https://purplecapipl.com" "Mozilla/5.0 (Windows NT 10.0; Win64; x64) AppleWebKit/537.36 (KHTML, like Gecko) Chrome/62.0.3202.94 Safari/537.36" 269 **0/269813**
98.98.21.200 - - [14/Mar/2026:14:08:01 -0700] "POST /xmlrpc.php HTTP/1.1" 200 14320 "-" "Mozilla/5.0 (Windows NT 10.0; Win64; x64) AppleWebKit/537.36 (KHTML, like Gecko) Chrome/114.0.0.0 Safari/537.36" 701 **0/701936**
98.98.21.200 - - [14/Mar/2026:14:08:04 -0700] "GET /uncategorized/fa-fa-fa-slot-tusk-casino-bonus-wagering-gamble-free-fa-fa-fa-slot-machine-around-australia/ HTTP/1.1" 200 279127 "-" "Mozilla/5.0 (Windows NT 10.0; Win64; x64; rv:125.0) Gecko/20100101 Firefox/125.0" 1602 **1/1602842**
204.217.130.212 - - [14/Mar/2026:14:08:15 -0700] "GET /who-is-the-baap-of-ipl/ HTTP/1.1" 404 190965 "https://purplecapipl.com" "Mozilla/5.0 (Windows NT 10.0; Win64; x64) AppleWebKit/537.36 (KHTML, like Gecko) Chrome/62.0.3202.94 Safari/537.36" 657 **0/657942**
57.141.16.3 - - [14/Mar/2026:14:08:17 -0700] "GET /wcl/wcl-points-table/ HTTP/2.0" 302 - "-" "meta-externalagent/1.1 (+https://developers.facebook.com/docs/sharing/webmasters/crawler)" 13 **0/13068**
204.217.130.212 - - [14/Mar/2026:14:08:18 -0700] "GET /who-is-the-baap-of-ipl/ HTTP/1.1" 404 190965 "https://purplecapipl.com" "Mozilla/5.0 (Windows NT 10.0; Win64; x64) AppleWebKit/537.36 (KHTML, like Gecko) Chrome/62.0.3202.94 Safari/537.36" 670 **0/670995**
57.141.16.47 - - [14/Mar/2026:14:08:19 -0700] "GET /amp.php HTTP/2.0" 302 - "-" "meta-externalagent/1.1 (+https://developers.facebook.com/docs/sharing/webmasters/crawler)" 9 **0/9524**
57.141.16.51 - - [14/Mar/2026:14:08:21 -0700] "GET /amp.php HTTP/2.0" 302 - "-" "meta-externalagent/1.1 (+https://developers.facebook.com/docs/sharing/webmasters/crawler)" 14 **0/14003**
204.217.130.212 - - [14/Mar/2026:14:08:21 -0700] "GET /who-is-the-baap-of-ipl/ HTTP/1.1" 404 190965 "https://purplecapipl.com" "Mozilla/5.0 (Windows NT 10.0; Win64; x64) AppleWebKit/537.36 (KHTML, like Gecko) Chrome/62.0.3202.94 Safari/537.36" 715 **0/715791**
57.141.16.44 - - [14/Mar/2026:14:08:23 -0700] "GET /amp.php HTTP/2.0" 302 - "-" "meta-externalagent/1.1 (+https://developers.facebook.com/docs/sharing/webmasters/crawler)" 8 **0/8687**
77.75.78.171 - - [14/Mar/2026:14:08:23 -0700] "GET /who-is-the-king-of-ipl/ HTTP/1.1" 302 - "-" "Mozilla/5.0 (compatible; SeznamBot/4.0; +https://o-seznam.cz/napoveda/vyhledavani/en/seznambot-crawler/)" 10 **0/10869**
204.217.130.212 - - [14/Mar/2026:14:08:24 -0700] "GET /who-is-the-baap-of-ipl/ HTTP/1.1" 404 190965 "https://purplecapipl.com" "Mozilla/5.0 (Windows NT 10.0; Win64; x64) AppleWebKit/537.36 (KHTML, like Gecko) Chrome/62.0.3202.94 Safari/537.36" 438 **0/438302**
34.173.239.49 - - [14/Mar/2026:14:08:46 -0700] "HEAD /robots.txt HTTP/2.0" 200 - "-" "Mozilla/5.0 (X11; Linux x86_64) AppleWebKit/537.36 (KHTML, like Gecko) Chrome/136.0.0.0 Safari/537.36" 105 **0/105878**
34.173.239.49 - - [14/Mar/2026:14:08:46 -0700] "GET /robots.txt HTTP/2.0" 200 111 "-" "Mozilla/5.0 (X11; Linux x86_64) AppleWebKit/537.36 (KHTML, like Gecko) Chrome/136.0.0.0 Safari/537.36" 81 **0/81134**
23.236.55.230 - - [14/Mar/2026:14:08:47 -0700] "HEAD /ipl/ipl-betting-apps HTTP/2.0" 301 - "-" "Mozilla/5.0 (X11; Linux x86_64) AppleWebKit/537.36 (KHTML, like Gecko) Chrome/136.0.0.0 Safari/537.36" 84 **0/84505**
23.236.55.230 - - [14/Mar/2026:14:08:48 -0700] "GET /ipl/ipl-betting-apps HTTP/2.0" 301 - "-" "Mozilla/5.0 (X11; Linux x86_64) AppleWebKit/537.36 (KHTML, like Gecko) Chrome/136.0.0.0 Safari/537.36" 83 **0/83746**
45.180.107.234 - - [14/Mar/2026:14:08:51 -0700] "POST /xmlrpc.php HTTP/1.1" 200 403 "-" "Mozilla/5.0 (Macintosh; Intel Mac OS X 10_15_7; arm64) AppleWebKit/537.36 (KHTML, like Gecko) Firefox/72.0.0.0 Safari/537.36" 89 **0/89332**
118.139.180.95 - - [14/Mar/2026:14:09:22 -0700] "POST /wp-cron.php?doing_wp_cron=1773522562.5869410037994384765625 HTTP/1.1" 200 - "-" "WordPress/6.9.4; https://purplecapipl.com" 25 **0/25127**
103.219.169.134 - - [14/Mar/2026:14:09:22 -0700] "POST /xmlrpc.php HTTP/1.1" 200 180 "-" "Mozilla/5.0 (Windows NT 10.0; Win64; x64) AppleWebKit/537.36 (KHTML, like Gecko) Chrome/114.0.0.0 Safari/537.36" 295 **0/295273**
103.219.169.134 - - [14/Mar/2026:14:09:29 -0700] "POST /xmlrpc.php HTTP/1.1" 200 10704 "-" "Mozilla/5.0 (Windows NT 10.0; Win64; x64) AppleWebKit/537.36 (KHTML, like Gecko) Chrome/114.0.0.0 Safari/537.36" 802 **0/802158**
103.219.169.134 - - [14/Mar/2026:14:09:31 -0700] "GET /uncategorized/best-mobile-gambling-enterprises-2025/ HTTP/1.1" 200 275194 "-" "Mozilla/5.0 (Windows NT 10.0; Win64; x64; rv:124.0) Gecko/20100101 Firefox/124.0" 2134 **2/2134594**
45.180.107.234 - - [14/Mar/2026:14:09:51 -0700] "POST /xmlrpc.php HTTP/1.1" 200 403 "-" "Mozilla/5.0 (X11; Ubuntu; Linux x86_64; arm64) AppleWebKit/537.36 (KHTML, like Gecko) Safari/12.0.0.0 Safari/537.36" 91 **0/91764**
171.107.130.235 - - [14/Mar/2026:14:10:06 -0700] "POST /wp-comments-post.php HTTP/1.1" 404 24499 "-" "Mozilla/5.0 (Windows NT 10.0; Win64; x64) AppleWebKit/537.36 (KHTML, like Gecko) Chrome/108.0.0.0 Safari/537.36 Edg/108.0.1462.46" 707 **0/707272**
209.54.100.9 - - [14/Mar/2026:14:10:17 -0700] "GET /articles/page/21/ HTTP/2.0" 200 27760 "-" "Mozilla/5.0 (Macintosh; Intel Mac OS X 10_15_7) AppleWebKit/537.36 (KHTML, like Gecko) Chrome/132.0.0.0 Safari/537.36" 304 **0/304135**
118.139.180.95 - - [14/Mar/2026:14:10:37 -0700] "POST /wp-cron.php?doing_wp_cron=1773522637.2785909175872802734375 HTTP/1.1" 200 - "-" "WordPress/6.9.4; https://purplecapipl.com" 20 **0/20059**
200.25.47.113 - - [14/Mar/2026:14:10:36 -0700] "POST /xmlrpc.php HTTP/1.1" 200 180 "-" "Mozilla/5.0 (Windows NT 10.0; Win64; x64) AppleWebKit/537.36 (KHTML, like Gecko) Chrome/114.0.0.0 Safari/537.36" 376 **0/376083**
200.25.47.113 - - [14/Mar/2026:14:10:44 -0700] "POST /xmlrpc.php HTTP/1.1" 200 11580 "-" "Mozilla/5.0 (Windows NT 10.0; Win64; x64) AppleWebKit/537.36 (KHTML, like Gecko) Chrome/114.0.0.0 Safari/537.36" 705 **0/705875**
118.139.180.95 - - [14/Mar/2026:14:10:45 -0700] "POST /wp-cron.php?doing_wp_cron=1773522645.3828461170196533203125 HTTP/1.1" 200 - "-" "WordPress/6.9.4; https://purplecapipl.com" 22 **0/22112**
98.98.21.200 - - [14/Mar/2026:14:10:45 -0700] "POST /xmlrpc.php HTTP/1.1" 200 180 "-" "Mozilla/5.0 (Windows NT 10.0; Win64; x64) AppleWebKit/537.36 (KHTML, like Gecko) Chrome/114.0.0.0 Safari/537.36" 354 **0/354134**
200.25.47.113 - - [14/Mar/2026:14:10:46 -0700] "GET /uncategorized/crazy-panda-slot-machine-review-enjoy-100-percent-free-demonstration/ HTTP/1.1" 200 276399 "-" "Mozilla/5.0 (Windows NT 10.0; Win64; x64) AppleWebKit/537.36 (KHTML, like Gecko) Chrome/123.0.0.0 Safari/537.36" 2021 **2/2021371**
45.180.107.234 - - [14/Mar/2026:14:10:51 -0700] "POST /xmlrpc.php HTTP/1.1" 200 403 "-" "Mozilla/5.0 (Macintosh; Intel Mac OS X 10_15_7; x64) AppleWebKit/537.36 (KHTML, like Gecko) Chrome/81.0.0.0 Safari/537.36" 115 **0/115769**
