138.99.38.52 - - [14/Mar/2026:08:57:26 -0700] "GET /casino/vortex/ HTTP/1.1" 200 43295 "-" "Mozilla/5.0 (Windows NT 10.0; Win64; x64) AppleWebKit/537.36 (KHTML, like Gecko) Chrome/94.0.4606.81 Safari/537.36" 674 **0/674105**
138.99.38.52 - - [14/Mar/2026:08:57:26 -0700] "GET /category/wpl/ HTTP/1.1" 200 33661 "-" "Mozilla/5.0 (Windows NT 10.0; Win64; x64) AppleWebKit/537.36 (KHTML, like Gecko) Chrome/94.0.4606.81 Safari/537.36" 695 **0/695045**
138.99.38.52 - - [14/Mar/2026:08:57:26 -0700] "GET /casino/teen-patti/ HTTP/1.1" 200 42918 "-" "Mozilla/5.0 (Windows NT 10.0; Win64; x64) AppleWebKit/537.36 (KHTML, like Gecko) Chrome/94.0.4606.81 Safari/537.36" 703 **0/703112**
138.99.38.52 - - [14/Mar/2026:08:57:26 -0700] "GET /category/world-cup/ HTTP/1.1" 200 37500 "-" "Mozilla/5.0 (Windows NT 10.0; Win64; x64) AppleWebKit/537.36 (KHTML, like Gecko) Chrome/94.0.4606.81 Safari/537.36" 759 **0/759094**
138.99.38.52 - - [14/Mar/2026:08:57:36 -0700] "GET /landing-sharp/ HTTP/1.1" 302 - "-" "Mozilla/5.0 (Windows NT 10.0; Win64; x64) AppleWebKit/537.36 (KHTML, like Gecko) Chrome/94.0.4606.81 Safari/537.36" 263 **0/263282**
138.99.38.52 - - [14/Mar/2026:08:57:36 -0700] "GET /landing-orbit/ HTTP/1.1" 302 - "-" "Mozilla/5.0 (Windows NT 10.0; Win64; x64) AppleWebKit/537.36 (KHTML, like Gecko) Chrome/94.0.4606.81 Safari/537.36" 286 **0/286534**
138.99.38.52 - - [14/Mar/2026:08:57:36 -0700] "GET /t20-betting/ HTTP/1.1" 301 - "-" "Mozilla/5.0 (Windows NT 10.0; Win64; x64) AppleWebKit/537.36 (KHTML, like Gecko) Chrome/94.0.4606.81 Safari/537.36" 348 **0/348698**
138.99.38.52 - - [14/Mar/2026:08:57:36 -0700] "GET /casino/daman-game/ HTTP/1.1" 200 42262 "-" "Mozilla/5.0 (Windows NT 10.0; Win64; x64) AppleWebKit/537.36 (KHTML, like Gecko) Chrome/94.0.4606.81 Safari/537.36" 640 **0/640288**
138.99.38.52 - - [14/Mar/2026:08:57:36 -0700] "GET /google-googly/who-was-the-first-player-to-take-a-wicket-on-the-0th-ball-in-mens-international/ HTTP/1.1" 200 41222 "-" "Mozilla/5.0 (Windows NT 10.0; Win64; x64) AppleWebKit/537.36 (KHTML, like Gecko) Chrome/94.0.4606.81 Safari/537.36" 638 **0/638565**
138.99.38.52 - - [14/Mar/2026:08:57:36 -0700] "GET /casino/andar-bahar/ HTTP/1.1" 200 42785 "-" "Mozilla/5.0 (Windows NT 10.0; Win64; x64) AppleWebKit/537.36 (KHTML, like Gecko) Chrome/94.0.4606.81 Safari/537.36" 648 **0/648972**
138.99.38.52 - - [14/Mar/2026:08:57:36 -0700] "GET /wpl/wpl-schedule/ HTTP/1.1" 200 45257 "-" "Mozilla/5.0 (Windows NT 10.0; Win64; x64) AppleWebKit/537.36 (KHTML, like Gecko) Chrome/94.0.4606.81 Safari/537.36" 686 **0/686377**
138.99.38.52 - - [14/Mar/2026:08:57:36 -0700] "GET /lottery-sambad/nagaland-lottery-sambad/ HTTP/1.1" 200 37088 "-" "Mozilla/5.0 (Windows NT 10.0; Win64; x64) AppleWebKit/537.36 (KHTML, like Gecko) Chrome/94.0.4606.81 Safari/537.36" 779 **0/779883**
138.99.38.52 - - [14/Mar/2026:08:57:36 -0700] "GET /cricket-betting/t20-betting/ HTTP/1.1" 200 41696 "-" "Mozilla/5.0 (Windows NT 10.0; Win64; x64) AppleWebKit/537.36 (KHTML, like Gecko) Chrome/94.0.4606.81 Safari/537.36" 531 **0/531962**
138.99.38.52 - - [14/Mar/2026:08:57:44 -0700] "GET /https%3A/landing-96/ HTTP/1.1" 301 - "-" "Mozilla/5.0 (Windows NT 10.0; Win64; x64) AppleWebKit/537.36 (KHTML, like Gecko) Chrome/94.0.4606.81 Safari/537.36" 252 **0/252034**
138.99.38.52 - - [14/Mar/2026:08:57:44 -0700] "GET /today-ipl-match-prediction/ipl-2025-qualifier-1-pbks-vs-rcb-match-prediction-playing-xi-fantasy-tips/ HTTP/1.1" 200 42223 "-" "Mozilla/5.0 (Windows NT 10.0; Win64; x64) AppleWebKit/537.36 (KHTML, like Gecko) Chrome/94.0.4606.81 Safari/537.36" 561 **0/561959**
138.99.38.52 - - [14/Mar/2026:08:57:45 -0700] "GET /landing-96/ HTTP/1.1" 302 - "-" "Mozilla/5.0 (Windows NT 10.0; Win64; x64) AppleWebKit/537.36 (KHTML, like Gecko) Chrome/94.0.4606.81 Safari/537.36" 194 **0/194142**
138.99.38.52 - - [14/Mar/2026:08:57:46 -0700] "GET /lottery-sambad/raja-lottery/ HTTP/1.1" 200 41079 "-" "Mozilla/5.0 (Windows NT 10.0; Win64; x64) AppleWebKit/537.36 (KHTML, like Gecko) Chrome/94.0.4606.81 Safari/537.36" 415 **0/415265**
118.139.180.95 - - [14/Mar/2026:08:58:14 -0700] "POST /wp-cron.php?doing_wp_cron=1773503894.9217340946197509765625 HTTP/1.1" 200 - "-" "WordPress/6.9.4; https://todaysiplmatch.in" 17 **0/17384**
51.89.144.57 - - [14/Mar/2026:08:58:14 -0700] "GET / HTTP/2.0" 200 39791 "-" "HetrixTools Uptime Monitoring Bot. https://hetrix.tools/uptime-monitoring-bot.html" 676 **0/676683**
77.247.126.141 - - [14/Mar/2026:08:58:14 -0700] "GET / HTTP/2.0" 200 39791 "-" "HetrixTools Uptime Monitoring Bot. https://hetrix.tools/uptime-monitoring-bot.html" 578 **0/578108**
181.41.142.170 - - [14/Mar/2026:08:58:15 -0700] "GET / HTTP/2.0" 200 39791 "-" "HetrixTools Uptime Monitoring Bot. https://hetrix.tools/uptime-monitoring-bot.html" 629 **0/629922**
66.249.79.202 - - [14/Mar/2026:08:58:16 -0700] "GET /ads.txt HTTP/1.1" 200 60 "-" "Google-adstxt" 8 **0/8138**
172.241.23.225 - - [14/Mar/2026:08:58:21 -0700] "GET / HTTP/2.0" 200 39791 "-" "HetrixTools Uptime Monitoring Bot. https://hetrix.tools/uptime-monitoring-bot.html" 625 **0/625753**
118.139.180.95 - - [14/Mar/2026:08:59:04 -0700] "POST /wp-cron.php?doing_wp_cron=1773503944.7558720111846923828125 HTTP/1.1" 200 - "-" "WordPress/6.9.4; https://todaysiplmatch.in" 21 **0/21326**
185.38.148.144 - - [14/Mar/2026:08:59:04 -0700] "GET / HTTP/2.0" 200 39791 "-" "HetrixTools Uptime Monitoring Bot. https://hetrix.tools/uptime-monitoring-bot.html" 849 **0/849754**
172.241.23.225 - - [14/Mar/2026:08:59:08 -0700] "GET / HTTP/2.0" 200 39791 "-" "HetrixTools Uptime Monitoring Bot. https://hetrix.tools/uptime-monitoring-bot.html" 645 **0/645812**
104.194.8.169 - - [14/Mar/2026:08:59:17 -0700] "GET / HTTP/2.0" 200 39791 "-" "HetrixTools Uptime Monitoring Bot. https://hetrix.tools/uptime-monitoring-bot.html" 684 **0/684963**
148.113.2.135 - - [14/Mar/2026:08:59:22 -0700] "GET / HTTP/2.0" 200 39791 "-" "HetrixTools Uptime Monitoring Bot. https://hetrix.tools/uptime-monitoring-bot.html" 623 **0/623610**
104.152.52.214 - - [14/Mar/2026:08:59:27 -0700] "GET / HTTP/1.1" 200 37452 "-" "curl/7.61.1" 69 **0/69015**
114.119.137.211 - - [14/Mar/2026:09:00:05 -0700] "GET /uncategorized/trump-blames-doctors-to-own-sparking-surprising-health-problems-stupidest-topic-i-ever-before-did/ HTTP/1.1" 200 37926 "https://todaysiplmatch.in/author/toolika-shrivastava/" "Mozilla/5.0 (Linux; Android 7.0;) AppleWebKit/537.36 (KHTML, like Gecko) Mobile Safari/537.36 (compatible; PetalBot;+https://webmaster.petalsearch.com/site/petalbot)" 1199 **1/1199540**
94.154.159.133 - - [14/Mar/2026:09:00:16 -0700] "GET / HTTP/2.0" 200 39791 "-" "HetrixTools Uptime Monitoring Bot. https://hetrix.tools/uptime-monitoring-bot.html" 697 **0/697688**
118.139.180.95 - - [14/Mar/2026:09:00:22 -0700] "POST /wp-cron.php?doing_wp_cron=1773504022.5359840393066406250000 HTTP/1.1" 200 - "-" "WordPress/6.9.4; https://todaysiplmatch.in" 23 **0/23427**
94.72.181.90 - - [14/Mar/2026:09:00:21 -0700] "GET / HTTP/2.0" 200 39791 "-" "HetrixTools Uptime Monitoring Bot. https://hetrix.tools/uptime-monitoring-bot.html" 850 **0/850001**
77.247.126.141 - - [14/Mar/2026:09:00:25 -0700] "GET / HTTP/2.0" 200 39791 "-" "HetrixTools Uptime Monitoring Bot. https://hetrix.tools/uptime-monitoring-bot.html" 804 **0/804591**
148.113.25.248 - - [14/Mar/2026:09:00:26 -0700] "GET / HTTP/2.0" 200 39791 "-" "HetrixTools Uptime Monitoring Bot. https://hetrix.tools/uptime-monitoring-bot.html" 684 **0/684025**
43.153.102.138 - - [14/Mar/2026:09:00:51 -0700] "GET / HTTP/1.1" 200 46544 "http://iplpointtables.com" "Mozilla/5.0 (iPhone; CPU iPhone OS 13_2_3 like Mac OS X) AppleWebKit/605.1.15 (KHTML, like Gecko) Version/13.0.3 Mobile/15E148 Safari/604.1" 571 **0/571582**
66.206.13.170 - - [14/Mar/2026:09:01:11 -0700] "GET / HTTP/2.0" 200 39791 "-" "HetrixTools Uptime Monitoring Bot. https://hetrix.tools/uptime-monitoring-bot.html" 614 **0/614964**
114.119.129.25 - - [14/Mar/2026:09:01:13 -0700] "GET /lottery-sambad/sikkim-lottery-sambad HTTP/1.1" 301 - "https://todaysiplmatch.in/satta-matka/delhi-bazar-satta-king" "Mozilla/5.0 (Linux; Android 7.0;) AppleWebKit/537.36 (KHTML, like Gecko) Mobile Safari/537.36 (compatible; PetalBot;+https://webmaster.petalsearch.com/site/petalbot)" 227 **0/227387**
114.119.129.25 - - [14/Mar/2026:09:01:14 -0700] "GET /lottery-sambad/sikkim-lottery-sambad/ HTTP/1.1" 200 36403 "https://todaysiplmatch.in/satta-matka/delhi-bazar-satta-king" "Mozilla/5.0 (Linux; Android 7.0;) AppleWebKit/537.36 (KHTML, like Gecko) Mobile Safari/537.36 (compatible; PetalBot;+https://webmaster.petalsearch.com/site/petalbot)" 454 **0/454530**
192.0.91.228 - - [14/Mar/2026:09:01:17 -0700] "HEAD / HTTP/1.1" 200 - "-" "jetmon/1.0 (Jetpack Site Uptime Monitor by WordPress.com)" 220 **0/220184**
104.194.8.169 - - [14/Mar/2026:09:01:18 -0700] "GET / HTTP/2.0" 200 39791 "-" "HetrixTools Uptime Monitoring Bot. https://hetrix.tools/uptime-monitoring-bot.html" 609 **0/609550**
87.250.224.16 - - [14/Mar/2026:09:01:20 -0700] "GET /ipl/most-runs-in-ipl/ HTTP/1.1" 200 44120 "-" "Mozilla/5.0 (compatible; YandexBot/3.0; +http://yandex.com/bots)" 565 **0/565263**
35.154.5.38 - - [14/Mar/2026:09:01:20 -0700] "GET / HTTP/2.0" 200 39791 "-" "HetrixTools Uptime Monitoring Bot. https://hetrix.tools/uptime-monitoring-bot.html" 674 **0/674044**
51.89.144.57 - - [14/Mar/2026:09:01:24 -0700] "GET / HTTP/2.0" 200 39791 "-" "HetrixTools Uptime Monitoring Bot. https://hetrix.tools/uptime-monitoring-bot.html" 594 **0/594559**
216.73.216.186 - - [14/Mar/2026:09:01:44 -0700] "GET /robots.txt HTTP/2.0" 200 77 "-" "Mozilla/5.0 AppleWebKit/537.36 (KHTML, like Gecko; compatible; ClaudeBot/1.0; +claudebot@anthropic.com)" 8 **0/8255**
216.73.216.186 - - [14/Mar/2026:09:01:45 -0700] "GET /top-betting-sites-in-india/blue-chip-betting HTTP/2.0" 301 1 "-" "Mozilla/5.0 AppleWebKit/537.36 (KHTML, like Gecko; compatible; ClaudeBot/1.0; +claudebot@anthropic.com)" 244 **0/244053**
40.77.167.158 - - [14/Mar/2026:09:01:45 -0700] "GET /ipl/mkvcinemas-ipl/ HTTP/2.0" 200 40501 "-" "Mozilla/5.0 AppleWebKit/537.36 (KHTML, like Gecko; compatible; bingbot/2.0; +http://www.bing.com/bingbot.htm) Chrome/116.0.1938.76 Safari/537.36" 541 **0/541243**
216.73.216.186 - - [14/Mar/2026:09:01:45 -0700] "GET /top-betting-sites-in-india/blue-chip-betting/ HTTP/2.0" 200 30523 "https://todaysiplmatch.in/top-betting-sites-in-india/blue-chip-betting" "Mozilla/5.0 AppleWebKit/537.36 (KHTML, like Gecko; compatible; ClaudeBot/1.0; +claudebot@anthropic.com)" 470 **0/470736**
40.77.167.158 - - [14/Mar/2026:09:02:03 -0700] "GET /ipl/mkvcinemas-ipl/?relatedposts=1 HTTP/2.0" 200 1100 "-" "Mozilla/5.0 AppleWebKit/537.36 (KHTML, like Gecko; compatible; bingbot/2.0; +http://www.bing.com/bingbot.htm) Chrome/116.0.1938.76 Safari/537.36" 1214 **1/1214873**
77.247.126.141 - - [14/Mar/2026:09:02:07 -0700] "GET / HTTP/2.0" 200 39791 "-" "HetrixTools Uptime Monitoring Bot. https://hetrix.tools/uptime-monitoring-bot.html" 700 **0/700969**
185.38.148.144 - - [14/Mar/2026:09:02:12 -0700] "GET / HTTP/2.0" 200 39791 "-" "HetrixTools Uptime Monitoring Bot. https://hetrix.tools/uptime-monitoring-bot.html" 614 **0/614568**
172.241.23.225 - - [14/Mar/2026:09:02:19 -0700] "GET / HTTP/2.0" 200 39791 "-" "HetrixTools Uptime Monitoring Bot. https://hetrix.tools/uptime-monitoring-bot.html" 631 **0/631500**
181.41.142.138 - - [14/Mar/2026:09:02:20 -0700] "GET / HTTP/2.0" 200 39791 "-" "HetrixTools Uptime Monitoring Bot. https://hetrix.tools/uptime-monitoring-bot.html" 603 **0/603202**
114.119.128.22 - - [14/Mar/2026:09:02:33 -0700] "GET /cricket-betting/ipl-betting/ipl-betting-in-andaman-and-nicobar-island/todaysiplmatch.in/cricket-betting/ipl-betting/ HTTP/1.1" 301 - "https://todaysiplmatch.in/cricket-betting/ipl-betting/ipl-betting-in-andaman-and-nicobar-island/" "Mozilla/5.0 (Linux; Android 7.0;) AppleWebKit/537.36 (KHTML, like Gecko) Mobile Safari/537.36 (compatible; PetalBot;+https://webmaster.petalsearch.com/site/petalbot)" 222 **0/222549**
114.119.128.22 - - [14/Mar/2026:09:02:35 -0700] "GET /cricket-betting/ipl-betting/ HTTP/1.1" 200 50864 "https://todaysiplmatch.in/cricket-betting/ipl-betting/ipl-betting-in-andaman-and-nicobar-island/" "Mozilla/5.0 (Linux; Android 7.0;) AppleWebKit/537.36 (KHTML, like Gecko) Mobile Safari/537.36 (compatible; PetalBot;+https://webmaster.petalsearch.com/site/petalbot)" 489 **0/489055**
216.73.216.186 - - [14/Mar/2026:09:02:50 -0700] "GET /?p=36185 HTTP/2.0" 301 1 "-" "Mozilla/5.0 AppleWebKit/537.36 (KHTML, like Gecko; compatible; ClaudeBot/1.0; +claudebot@anthropic.com)" 254 **0/254029**
216.73.216.186 - - [14/Mar/2026:09:02:50 -0700] "GET /top-betting-sites-in-india/blue-chip-betting/ HTTP/2.0" 200 30523 "https://todaysiplmatch.in/?p=36185" "Mozilla/5.0 AppleWebKit/537.36 (KHTML, like Gecko; compatible; ClaudeBot/1.0; +claudebot@anthropic.com)" 463 **0/463152**
66.249.71.199 - - [14/Mar/2026:09:02:58 -0700] "GET /satta-matka/goa-satta-result/ HTTP/1.1" 200 34322 "-" "Mozilla/5.0 (Linux; Android 6.0.1; Nexus 5X Build/MMB29P) AppleWebKit/537.36 (KHTML, like Gecko) Chrome/145.0.7632.116 Mobile Safari/537.36 (compatible; Googlebot/2.1; +http://www.google.com/bot.html)" 519 **0/519199**
66.165.225.34 - - [14/Mar/2026:09:03:04 -0700] "GET / HTTP/2.0" 200 39791 "-" "HetrixTools Uptime Monitoring Bot. https://hetrix.tools/uptime-monitoring-bot.html" 633 **0/633689**
157.35.64.183 - - [14/Mar/2026:09:03:10 -0700] "GET /satta-matka/mumbai-smart-matka/ HTTP/2.0" 200 33959 "https://www.google.com/" "Mozilla/5.0 (Linux; Android 10; K) AppleWebKit/537.36 (KHTML, like Gecko) Chrome/145.0.0.0 Mobile Safari/537.36" 511 **0/511743**
51.89.144.57 - - [14/Mar/2026:09:03:10 -0700] "GET / HTTP/2.0" 200 39791 "-" "HetrixTools Uptime Monitoring Bot. https://hetrix.tools/uptime-monitoring-bot.html" 593 **0/593584**
157.35.64.183 - - [14/Mar/2026:09:03:11 -0700] "GET /wp-content/themes/astra/assets/css/minified/main.min.css?ver=4.12.4 HTTP/2.0" 200 8492 "https://todaysiplmatch.in/satta-matka/mumbai-smart-matka/" "Mozilla/5.0 (Linux; Android 10; K) AppleWebKit/537.36 (KHTML, like Gecko) Chrome/145.0.0.0 Mobile Safari/537.36" 16 **0/16516**
157.35.64.183 - - [14/Mar/2026:09:03:11 -0700] "GET /wp-content/uploads/elementor/css/post-6.css?ver=1773288565 HTTP/2.0" 200 324 "https://todaysiplmatch.in/satta-matka/mumbai-smart-matka/" "Mozilla/5.0 (Linux; Android 10; K) AppleWebKit/537.36 (KHTML, like Gecko) Chrome/145.0.0.0 Mobile Safari/537.36" 9 **0/9459**
157.35.64.183 - - [14/Mar/2026:09:03:11 -0700] "GET /wp-content/plugins/jetpack/jetpack_vendor/automattic/jetpack-forms/dist/contact-form/css/jetpack-forms-layout.css?ver=15.6 HTTP/2.0" 200 833 "https://todaysiplmatch.in/satta-matka/mumbai-smart-matka/" "Mozilla/5.0 (Linux; Android 10; K) AppleWebKit/537.36 (KHTML, like Gecko) Chrome/145.0.0.0 Mobile Safari/537.36" 11 **0/11551**
157.35.64.183 - - [14/Mar/2026:09:03:11 -0700] "GET /wp-content/plugins/wp-responsive-recent-post-slider/assets/css/recent-post-style.css?ver=3.7.1 HTTP/2.0" 200 1994 "https://todaysiplmatch.in/satta-matka/mumbai-smart-matka/" "Mozilla/5.0 (Linux; Android 10; K) AppleWebKit/537.36 (KHTML, like Gecko) Chrome/145.0.0.0 Mobile Safari/537.36" 10 **0/10565**
157.35.64.183 - - [14/Mar/2026:09:03:11 -0700] "GET /wp-content/plugins/popup-maker/dist/packages/block-library-style.css?ver=dbea705cfafe089d65f1 HTTP/2.0" 200 967 "https://todaysiplmatch.in/satta-matka/mumbai-smart-matka/" "Mozilla/5.0 (Linux; Android 10; K) AppleWebKit/537.36 (KHTML, like Gecko) Chrome/145.0.0.0 Mobile Safari/537.36" 12 **0/12581**
157.35.64.183 - - [14/Mar/2026:09:03:11 -0700] "GET /wp-content/plugins/elementor/assets/lib/font-awesome/css/v4-shims.min.css?ver=3.35.7 HTTP/2.0" 200 3986 "https://todaysiplmatch.in/satta-matka/mumbai-smart-matka/" "Mozilla/5.0 (Linux; Android 10; K) AppleWebKit/537.36 (KHTML, like Gecko) Chrome/145.0.0.0 Mobile Safari/537.36" 13 **0/13006**
157.35.64.183 - - [14/Mar/2026:09:03:11 -0700] "GET /wp-content/uploads/elementor/css/post-29872.css?ver=1773484971 HTTP/2.0" 200 180 "https://todaysiplmatch.in/satta-matka/mumbai-smart-matka/" "Mozilla/5.0 (Linux; Android 10; K) AppleWebKit/537.36 (KHTML, like Gecko) Chrome/145.0.0.0 Mobile Safari/537.36" 16 **0/16589**
157.35.64.183 - - [14/Mar/2026:09:03:11 -0700] "GET /wp-content/plugins/elementor/assets/css/frontend.min.css?ver=3.35.7 HTTP/2.0" 200 6618 "https://todaysiplmatch.in/satta-matka/mumbai-smart-matka/" "Mozilla/5.0 (Linux; Android 10; K) AppleWebKit/537.36 (KHTML, like Gecko) Chrome/145.0.0.0 Mobile Safari/537.36" 17 **0/17023**
157.35.64.183 - - [14/Mar/2026:09:03:11 -0700] "GET /wp-content/plugins/wp-responsive-recent-post-slider/assets/css/slick.css?ver=3.7.1 HTTP/2.0" 200 428 "https://todaysiplmatch.in/satta-matka/mumbai-smart-matka/" "Mozilla/5.0 (Linux; Android 10; K) AppleWebKit/537.36 (KHTML, like Gecko) Chrome/145.0.0.0 Mobile Safari/537.36" 17 **0/17502**
157.35.64.183 - - [14/Mar/2026:09:03:11 -0700] "GET /wp-content/plugins/elementor/assets/lib/font-awesome/css/all.min.css?ver=3.35.7 HTTP/2.0" 200 12402 "https://todaysiplmatch.in/satta-matka/mumbai-smart-matka/" "Mozilla/5.0 (Linux; Android 10; K) AppleWebKit/537.36 (KHTML, like Gecko) Chrome/145.0.0.0 Mobile Safari/537.36" 18 **0/18337**
157.35.64.183 - - [14/Mar/2026:09:03:11 -0700] "GET /wp-content/plugins/elementskit-lite/widgets/init/assets/css/responsive.css?ver=3.8.1 HTTP/2.0" 200 2861 "https://todaysiplmatch.in/satta-matka/mumbai-smart-matka/" "Mozilla/5.0 (Linux; Android 10; K) AppleWebKit/537.36 (KHTML, like Gecko) Chrome/145.0.0.0 Mobile Safari/537.36" 35 **0/35398**
157.35.64.183 - - [14/Mar/2026:09:03:11 -0700] "GET /wp-content/uploads/elementor/google-fonts/css/roboto.css?ver=1742270851 HTTP/2.0" 200 1878 "https://todaysiplmatch.in/satta-matka/mumbai-smart-matka/" "Mozilla/5.0 (Linux; Android 10; K) AppleWebKit/537.36 (KHTML, like Gecko) Chrome/145.0.0.0 Mobile Safari/537.36" 35 **0/35767**
157.35.64.183 - - [14/Mar/2026:09:03:11 -0700] "GET /wp-content/uploads/elementor/google-fonts/css/robotoslab.css?ver=1742270861 HTTP/2.0" 200 716 "https://todaysiplmatch.in/satta-matka/mumbai-smart-matka/" "Mozilla/5.0 (Linux; Android 10; K) AppleWebKit/537.36 (KHTML, like Gecko) Chrome/145.0.0.0 Mobile Safari/537.36" 35 **0/35980**
157.35.64.183 - - [14/Mar/2026:09:03:11 -0700] "GET /wp-content/themes/astra/assets/js/minified/flexibility.min.js?ver=4.12.4 HTTP/2.0" 200 3762 "https://todaysiplmatch.in/satta-matka/mumbai-smart-matka/" "Mozilla/5.0 (Linux; Android 10; K) AppleWebKit/537.36 (KHTML, like Gecko) Chrome/145.0.0.0 Mobile Safari/537.36" 36 **0/36145**
157.35.64.183 - - [14/Mar/2026:09:03:11 -0700] "GET /wp-content/plugins/elementor/assets/lib/font-awesome/js/v4-shims.min.js?ver=3.35.7 HTTP/2.0" 200 4043 "https://todaysiplmatch.in/satta-matka/mumbai-smart-matka/" "Mozilla/5.0 (Linux; Android 10; K) AppleWebKit/537.36 (KHTML, like Gecko) Chrome/145.0.0.0 Mobile Safari/537.36" 32 **0/32206**
157.35.64.183 - - [14/Mar/2026:09:03:11 -0700] "GET /wp-content/uploads/2024/08/Indibet-400-offer-Banner-970x90-1.jpg HTTP/2.0" 200 111945 "https://todaysiplmatch.in/satta-matka/mumbai-smart-matka/" "Mozilla/5.0 (Linux; Android 10; K) AppleWebKit/537.36 (KHTML, like Gecko) Chrome/145.0.0.0 Mobile Safari/537.36" 32 **0/32414**
157.35.64.183 - - [14/Mar/2026:09:03:11 -0700] "GET /wp-content/plugins/elementskit-lite/widgets/init/assets/css/widget-styles.css?ver=3.8.1 HTTP/2.0" 200 47723 "https://todaysiplmatch.in/satta-matka/mumbai-smart-matka/" "Mozilla/5.0 (Linux; Android 10; K) AppleWebKit/537.36 (KHTML, like Gecko) Chrome/145.0.0.0 Mobile Safari/537.36" 107 **0/107639**
157.35.64.183 - - [14/Mar/2026:09:03:11 -0700] "GET /wp-content/plugins/elementskit-lite/modules/elementskit-icon-pack/assets/css/ekiticons.css?ver=3.8.1 HTTP/2.0" 200 9809 "https://todaysiplmatch.in/satta-matka/mumbai-smart-matka/" "Mozilla/5.0 (Linux; Android 10; K) AppleWebKit/537.36 (KHTML, like Gecko) Chrome/145.0.0.0 Mobile Safari/537.36" 16 **0/16201**
157.35.64.183 - - [14/Mar/2026:09:03:11 -0700] "GET /wp-content/themes/astra/assets/js/minified/frontend.min.js?ver=4.12.4 HTTP/2.0" 200 6218 "https://todaysiplmatch.in/satta-matka/mumbai-smart-matka/" "Mozilla/5.0 (Linux; Android 10; K) AppleWebKit/537.36 (KHTML, like Gecko) Chrome/145.0.0.0 Mobile Safari/537.36" 11 **0/11524**
157.35.64.183 - - [14/Mar/2026:09:03:11 -0700] "GET /wp-content/plugins/elementor/assets/js/webpack.runtime.min.js?ver=3.35.7 HTTP/2.0" 200 2282 "https://todaysiplmatch.in/satta-matka/mumbai-smart-matka/" "Mozilla/5.0 (Linux; Android 10; K) AppleWebKit/537.36 (KHTML, like Gecko) Chrome/145.0.0.0 Mobile Safari/537.36" 9 **0/9529**
157.35.64.183 - - [14/Mar/2026:09:03:11 -0700] "GET /wp-content/plugins/elementskit-lite/widgets/init/assets/js/widget-scripts.js?ver=3.8.1 HTTP/2.0" 200 16436 "https://todaysiplmatch.in/satta-matka/mumbai-smart-matka/" "Mozilla/5.0 (Linux; Android 10; K) AppleWebKit/537.36 (KHTML, like Gecko) Chrome/145.0.0.0 Mobile Safari/537.36" 21 **0/21738**
157.35.64.183 - - [14/Mar/2026:09:03:11 -0700] "GET /wp-content/plugins/elementskit-lite/widgets/init/assets/js/elementor.js?ver=3.8.1 HTTP/2.0" 200 5750 "https://todaysiplmatch.in/satta-matka/mumbai-smart-matka/" "Mozilla/5.0 (Linux; Android 10; K) AppleWebKit/537.36 (KHTML, like Gecko) Chrome/145.0.0.0 Mobile Safari/537.36" 12 **0/12549**
157.35.64.183 - - [14/Mar/2026:09:03:11 -0700] "GET /wp-content/plugins/elementor/assets/js/frontend-modules.min.js?ver=3.35.7 HTTP/2.0" 200 15429 "https://todaysiplmatch.in/satta-matka/mumbai-smart-matka/" "Mozilla/5.0 (Linux; Android 10; K) AppleWebKit/537.36 (KHTML, like Gecko) Chrome/145.0.0.0 Mobile Safari/537.36" 19 **0/19282**
157.35.64.183 - - [14/Mar/2026:09:03:11 -0700] "GET /wp-content/plugins/elementor/assets/js/frontend.min.js?ver=3.35.7 HTTP/2.0" 200 10063 "https://todaysiplmatch.in/satta-matka/mumbai-smart-matka/" "Mozilla/5.0 (Linux; Android 10; K) AppleWebKit/537.36 (KHTML, like Gecko) Chrome/145.0.0.0 Mobile Safari/537.36" 19 **0/19812**
157.35.64.183 - - [14/Mar/2026:09:03:11 -0700] "GET /wp-content/uploads/elementor/google-fonts/fonts/roboto-kfo7cnqeu92fr1me7ksn66agldtyluama3yuba.woff2 HTTP/2.0" 200 40132 "https://todaysiplmatch.in/wp-content/uploads/elementor/google-fonts/css/roboto.css?ver=1742270851" "Mozilla/5.0 (Linux; Android 10; K) AppleWebKit/537.36 (KHTML, like Gecko) Chrome/145.0.0.0 Mobile Safari/537.36" 12 **0/12215**
35.154.5.38 - - [14/Mar/2026:09:03:11 -0700] "GET / HTTP/2.0" 200 39791 "-" "HetrixTools Uptime Monitoring Bot. https://hetrix.tools/uptime-monitoring-bot.html" 600 **0/600321**
157.35.64.183 - - [14/Mar/2026:09:03:12 -0700] "GET /wp-content/plugins/elementor/assets/js/shared-frontend-handlers.03caa53373b56d3bab67.bundle.min.js HTTP/2.0" 200 2515 "https://todaysiplmatch.in/satta-matka/mumbai-smart-matka/" "Mozilla/5.0 (Linux; Android 10; K) AppleWebKit/537.36 (KHTML, like Gecko) Chrome/145.0.0.0 Mobile Safari/537.36" 16 **0/16207**
157.35.64.183 - - [14/Mar/2026:09:03:12 -0700] "GET /wp-content/plugins/elementor/assets/js/text-editor.45609661e409413f1cef.bundle.min.js HTTP/2.0" 200 592 "https://todaysiplmatch.in/satta-matka/mumbai-smart-matka/" "Mozilla/5.0 (Linux; Android 10; K) AppleWebKit/537.36 (KHTML, like Gecko) Chrome/145.0.0.0 Mobile Safari/537.36" 18 **0/18871**
157.35.64.183 - - [14/Mar/2026:09:03:12 -0700] "GET /wp-includes/js/wp-emoji-release.min.js?ver=6.9.4 HTTP/2.0" 200 4940 "https://todaysiplmatch.in/satta-matka/mumbai-smart-matka/" "Mozilla/5.0 (Linux; Android 10; K) AppleWebKit/537.36 (KHTML, like Gecko) Chrome/145.0.0.0 Mobile Safari/537.36" 12 **0/12284**
118.139.180.95 - - [14/Mar/2026:09:03:18 -0700] "POST /wp-cron.php?doing_wp_cron=1773504198.7964720726013183593750 HTTP/1.1" 200 - "-" "WordPress/6.9.4; https://todaysiplmatch.in" 17 **0/17744**
94.154.159.133 - - [14/Mar/2026:09:03:18 -0700] "GET / HTTP/2.0" 200 39791 "-" "HetrixTools Uptime Monitoring Bot. https://hetrix.tools/uptime-monitoring-bot.html" 616 **0/616753**
51.68.236.87 - - [14/Mar/2026:09:03:55 -0700] "GET /robots.txt HTTP/1.1" 200 77 "-" "Mozilla/5.0 (compatible; MJ12bot/v2.0.5; http://mj12bot.com/)" 9 **0/9364**
51.68.236.87 - - [14/Mar/2026:09:03:55 -0700] "GET / HTTP/1.1" 200 39791 "-" "Mozilla/5.0 (compatible; MJ12bot/v2.0.5; http://mj12bot.com/)" 639 **0/639957**
79.127.243.80 - - [14/Mar/2026:09:04:06 -0700] "GET / HTTP/2.0" 200 39791 "-" "HetrixTools Uptime Monitoring Bot. https://hetrix.tools/uptime-monitoring-bot.html" 662 **0/662748**
51.89.144.57 - - [14/Mar/2026:09:04:12 -0700] "GET / HTTP/2.0" 200 39791 "-" "HetrixTools Uptime Monitoring Bot. https://hetrix.tools/uptime-monitoring-bot.html" 681 **0/681303**
69.67.149.243 - - [14/Mar/2026:09:04:15 -0700] "GET / HTTP/2.0" 200 39791 "-" "HetrixTools Uptime Monitoring Bot. https://hetrix.tools/uptime-monitoring-bot.html" 613 **0/613442**
66.249.79.203 - - [14/Mar/2026:09:04:20 -0700] "GET /wp-content/uploads/elementor/css/post-36093.css?ver=1772928000 HTTP/1.1" 200 179 "https://todaysiplmatch.in/satta-matka/goa-satta-result/" "Mozilla/5.0 (Linux; Android 6.0.1; Nexus 5X Build/MMB29P) AppleWebKit/537.36 (KHTML, like Gecko) Chrome/145.0.7632.116 Mobile Safari/537.36 (compatible; Googlebot/2.1; +http://www.google.com/bot.html)" 11 **0/11400**
148.113.25.248 - - [14/Mar/2026:09:04:24 -0700] "GET / HTTP/2.0" 200 39791 "-" "HetrixTools Uptime Monitoring Bot. https://hetrix.tools/uptime-monitoring-bot.html" 612 **0/612184**
114.119.132.59 - - [14/Mar/2026:09:04:29 -0700] "GET /t20-world-cup-2024/t20-world-cup-highest-runs HTTP/1.1" 301 - "-" "Mozilla/5.0 (Linux; Android 7.0;) AppleWebKit/537.36 (KHTML, like Gecko) Mobile Safari/537.36 (compatible; PetalBot;+https://webmaster.petalsearch.com/site/petalbot)" 234 **0/234828**
114.119.132.59 - - [14/Mar/2026:09:04:42 -0700] "GET /world-cup/t20-world-cup-highest-runs/ HTTP/1.1" 200 41824 "-" "Mozilla/5.0 (Linux; Android 7.0;) AppleWebKit/537.36 (KHTML, like Gecko) Mobile Safari/537.36 (compatible; PetalBot;+https://webmaster.petalsearch.com/site/petalbot)" 562 **0/562580**
72.56.188.146 - - [14/Mar/2026:09:04:46 -0700] "GET /sharp-betting-xexchange/ HTTP/1.1" 200 33473 "https://todaysiplmatch.in/" "Mozilla/5.0 (Windows NT 10.0; Win64; x64) AppleWebKit/537.36 (KHTML, like Gecko) Chrome/114.0.0.0 Safari/537.36" 436 **0/436566**
72.56.188.146 - - [14/Mar/2026:09:04:49 -0700] "GET /wp-admin/admin-ajax.php HTTP/1.1" 400 5 "https://todaysiplmatch.in/sharp-betting-xexchange/" "Mozilla/5.0 (Windows NT 6.3; Win64; x64) AppleWebKit/537.36 (KHTML, like Gecko) Chrome/103.0.0.0 Safari/537.36" 272 **0/272027**
72.56.188.146 - - [14/Mar/2026:09:04:51 -0700] "GET /wp-admin/admin-ajax.php?action=register HTTP/1.1" 400 5 "https://todaysiplmatch.in/wp-admin/admin-ajax.php" "Mozilla/5.0 (Windows NT 6.3; Win64; x64) AppleWebKit/537.36 (KHTML, like Gecko) Chrome/103.0.0.0 Safari/537.36" 256 **0/256950**
51.89.144.57 - - [14/Mar/2026:09:05:04 -0700] "GET / HTTP/2.0" 200 39791 "-" "HetrixTools Uptime Monitoring Bot. https://hetrix.tools/uptime-monitoring-bot.html" 1003 **1/1003865**
209.222.107.178 - - [14/Mar/2026:09:05:04 -0700] "GET / HTTP/2.0" 200 39791 "-" "HetrixTools Uptime Monitoring Bot. https://hetrix.tools/uptime-monitoring-bot.html" 994 **0/994180**
104.194.8.169 - - [14/Mar/2026:09:05:11 -0700] "GET / HTTP/2.0" 200 39791 "-" "HetrixTools Uptime Monitoring Bot. https://hetrix.tools/uptime-monitoring-bot.html" 723 **0/723223**
118.139.180.95 - - [14/Mar/2026:09:05:22 -0700] "POST /wp-cron.php?doing_wp_cron=1773504322.4602930545806884765625 HTTP/1.1" 200 - "-" "WordPress/6.9.4; https://todaysiplmatch.in" 23 **0/23174**
114.119.132.59 - - [14/Mar/2026:09:05:22 -0700] "GET /articles/satta-matka/ipl-satta-app HTTP/1.1" 301 - "https://todaysiplmatch.in/satta-matka/ipl-satta-kaise-khele" "Mozilla/5.0 (Linux; Android 7.0;) AppleWebKit/537.36 (KHTML, like Gecko) Mobile Safari/537.36 (compatible; PetalBot;+https://webmaster.petalsearch.com/site/petalbot)" 308 **0/308663**
114.119.132.59 - - [14/Mar/2026:09:05:23 -0700] "GET /satta-matka/ipl-satta-app/ HTTP/1.1" 200 37246 "https://todaysiplmatch.in/satta-matka/ipl-satta-kaise-khele" "Mozilla/5.0 (Linux; Android 7.0;) AppleWebKit/537.36 (KHTML, like Gecko) Mobile Safari/537.36 (compatible; PetalBot;+https://webmaster.petalsearch.com/site/petalbot)" 493 **0/493801**
35.154.5.38 - - [14/Mar/2026:09:05:24 -0700] "GET / HTTP/2.0" 200 39791 "-" "HetrixTools Uptime Monitoring Bot. https://hetrix.tools/uptime-monitoring-bot.html" 616 **0/616799**
209.222.107.178 - - [14/Mar/2026:09:06:14 -0700] "GET / HTTP/2.0" 200 39791 "-" "HetrixTools Uptime Monitoring Bot. https://hetrix.tools/uptime-monitoring-bot.html" 671 **0/671322**
106.219.205.173 - - [14/Mar/2026:09:06:15 -0700] "GET /wp-content/uploads/2024/02/1584451584538.jpg HTTP/2.0" 200 213915 "-" "Dalvik/2.1.0 (Linux; U; Android 13; 2302EPCC4I Build/TP1A.220624.014)" 551 **0/551354**
185.38.148.144 - - [14/Mar/2026:09:06:19 -0700] "GET / HTTP/2.0" 200 39791 "-" "HetrixTools Uptime Monitoring Bot. https://hetrix.tools/uptime-monitoring-bot.html" 709 **0/709215**
192.0.91.228 - - [14/Mar/2026:09:06:21 -0700] "HEAD / HTTP/1.1" 200 - "-" "jetmon/1.0 (Jetpack Site Uptime Monitor by WordPress.com)" 234 **0/234059**
35.154.5.38 - - [14/Mar/2026:09:06:23 -0700] "GET / HTTP/2.0" 200 39791 "-" "HetrixTools Uptime Monitoring Bot. https://hetrix.tools/uptime-monitoring-bot.html" 583 **0/583475**
213.230.86.241 - - [14/Mar/2026:09:06:23 -0700] "GET /ipl/ipl-betting-scandal/ HTTP/1.1" 200 42691 "-" "Mozilla/5.0 (Windows NT 10.0; Win64; x64) AppleWebKit/537.36 (KHTML, like Gecko) Chrome/89.0.0.0 Safari/537.36" 518 **0/518113**
77.247.126.141 - - [14/Mar/2026:09:06:24 -0700] "GET / HTTP/2.0" 200 39791 "-" "HetrixTools Uptime Monitoring Bot. https://hetrix.tools/uptime-monitoring-bot.html" 685 **0/685009**
104.152.52.222 - - [14/Mar/2026:09:06:45 -0700] "GET / HTTP/1.1" 301 - "-" "curl/7.61.1" 239 **0/239708**
114.119.131.112 - - [14/Mar/2026:09:07:05 -0700] "GET /public/desbloqueando-los-secretos-de-estrategias-exitosas-en-casinos-en-linea/ HTTP/1.1" 200 39655 "https://todaysiplmatch.in/category/public/page/6/" "Mozilla/5.0 (Linux; Android 7.0;) AppleWebKit/537.36 (KHTML, like Gecko) Mobile Safari/537.36 (compatible; PetalBot;+https://webmaster.petalsearch.com/site/petalbot)" 599 **0/599234**
185.174.110.102 - - [14/Mar/2026:09:07:11 -0700] "GET / HTTP/2.0" 200 39791 "-" "HetrixTools Uptime Monitoring Bot. https://hetrix.tools/uptime-monitoring-bot.html" 633 **0/633032**
148.113.25.248 - - [14/Mar/2026:09:07:11 -0700] "GET / HTTP/2.0" 200 39791 "-" "HetrixTools Uptime Monitoring Bot. https://hetrix.tools/uptime-monitoring-bot.html" 660 **0/660404**
168.245.206.53 - - [14/Mar/2026:09:07:14 -0700] "GET /betinasia-bia/ HTTP/1.1" 200 33142 "https://todaysiplmatch.in/" "Mozilla/5.0 (Macintosh; Intel Mac OS X 12.5; rv:114.0) Gecko/20100101 Firefox/114.0" 437 **0/437587**
168.245.206.53 - - [14/Mar/2026:09:07:16 -0700] "GET /wp-admin/admin-ajax.php HTTP/1.1" 400 5 "https://todaysiplmatch.in/betinasia-bia/" "Mozilla/5.0 (Windows NT 6.3; Win64; x64) AppleWebKit/537.36 (KHTML, like Gecko) Chrome/103.0.0.0 Safari/537.36" 212 **0/212380**
168.245.206.53 - - [14/Mar/2026:09:07:18 -0700] "GET /wp-admin/admin-ajax.php?action=register HTTP/1.1" 400 5 "https://todaysiplmatch.in/wp-admin/admin-ajax.php" "Mozilla/5.0 (Windows NT 6.3; Win64; x64) AppleWebKit/537.36 (KHTML, like Gecko) Chrome/103.0.0.0 Safari/537.36" 280 **0/280869**
66.165.247.154 - - [14/Mar/2026:09:07:24 -0700] "GET / HTTP/2.0" 200 39791 "-" "HetrixTools Uptime Monitoring Bot. https://hetrix.tools/uptime-monitoring-bot.html" 573 **0/573867**
23.106.180.172 - - [14/Mar/2026:09:07:24 -0700] "GET / HTTP/2.0" 200 39791 "-" "HetrixTools Uptime Monitoring Bot. https://hetrix.tools/uptime-monitoring-bot.html" 1019 **1/1019286**
94.154.159.133 - - [14/Mar/2026:09:08:03 -0700] "GET / HTTP/2.0" 200 39791 "-" "HetrixTools Uptime Monitoring Bot. https://hetrix.tools/uptime-monitoring-bot.html" 778 **0/778605**
104.194.8.169 - - [14/Mar/2026:09:08:07 -0700] "GET / HTTP/2.0" 200 39791 "-" "HetrixTools Uptime Monitoring Bot. https://hetrix.tools/uptime-monitoring-bot.html" 604 **0/604968**
118.139.180.95 - - [14/Mar/2026:09:08:13 -0700] "POST /wp-cron.php?doing_wp_cron=1773504493.9545249938964843750000 HTTP/1.1" 200 - "-" "WordPress/6.9.4; https://todaysiplmatch.in" 16 **0/16448**
148.113.25.248 - - [14/Mar/2026:09:08:13 -0700] "GET / HTTP/2.0" 200 39791 "-" "HetrixTools Uptime Monitoring Bot. https://hetrix.tools/uptime-monitoring-bot.html" 630 **0/630273**
185.38.148.144 - - [14/Mar/2026:09:08:18 -0700] "GET / HTTP/2.0" 200 39791 "-" "HetrixTools Uptime Monitoring Bot. https://hetrix.tools/uptime-monitoring-bot.html" 643 **0/643026**
216.73.216.186 - - [14/Mar/2026:09:08:22 -0700] "GET /articles/world-cup/world-cup-india-jersey HTTP/2.0" 301 1 "-" "Mozilla/5.0 AppleWebKit/537.36 (KHTML, like Gecko; compatible; ClaudeBot/1.0; +claudebot@anthropic.com)" 278 **0/278015**
216.73.216.186 - - [14/Mar/2026:09:08:22 -0700] "GET /world-cup/world-cup-india-jersey/ HTTP/2.0" 200 36153 "https://todaysiplmatch.in/articles/world-cup/world-cup-india-jersey" "Mozilla/5.0 AppleWebKit/537.36 (KHTML, like Gecko; compatible; ClaudeBot/1.0; +claudebot@anthropic.com)" 488 **0/488552**
192.0.118.145 - - [14/Mar/2026:09:08:46 -0700] "GET /wp-content/uploads/2025/02/Kuber-Day-Panel-Chart.webp HTTP/2.0" 200 194578 "-" "Photon/1.0" 359 **0/359435**
181.41.142.170 - - [14/Mar/2026:09:09:02 -0700] "GET / HTTP/2.0" 200 39791 "-" "HetrixTools Uptime Monitoring Bot. https://hetrix.tools/uptime-monitoring-bot.html" 1360 **1/1360874**
209.222.107.178 - - [14/Mar/2026:09:09:07 -0700] "GET / HTTP/2.0" 200 39791 "-" "HetrixTools Uptime Monitoring Bot. https://hetrix.tools/uptime-monitoring-bot.html" 988 **0/988619**
69.67.149.243 - - [14/Mar/2026:09:09:12 -0700] "GET / HTTP/2.0" 200 39791 "-" "HetrixTools Uptime Monitoring Bot. https://hetrix.tools/uptime-monitoring-bot.html" 714 **0/714294**
185.38.148.144 - - [14/Mar/2026:09:09:24 -0700] "GET / HTTP/2.0" 200 39791 "-" "HetrixTools Uptime Monitoring Bot. https://hetrix.tools/uptime-monitoring-bot.html" 671 **0/671230**
4.196.198.89 - - [14/Mar/2026:09:09:34 -0700] "GET / HTTP/2.0" 200 39791 "-" "Mozilla/5.0 AppleWebKit/537.36 (KHTML, like Gecko); compatible; ChatGPT-User/1.0; +https://openai.com/bot" 625 **0/625536**
51.89.144.57 - - [14/Mar/2026:09:10:07 -0700] "GET / HTTP/2.0" 200 39791 "-" "HetrixTools Uptime Monitoring Bot. https://hetrix.tools/uptime-monitoring-bot.html" 1022 **1/1022270**
181.41.142.170 - - [14/Mar/2026:09:10:13 -0700] "GET / HTTP/2.0" 200 39791 "-" "HetrixTools Uptime Monitoring Bot. https://hetrix.tools/uptime-monitoring-bot.html" 830 **0/830919**
118.139.180.95 - - [14/Mar/2026:09:10:20 -0700] "POST /wp-cron.php?doing_wp_cron=1773504620.2899041175842285156250 HTTP/1.1" 200 - "-" "WordPress/6.9.4; https://todaysiplmatch.in" 23 **0/23008**
104.194.8.169 - - [14/Mar/2026:09:10:19 -0700] "GET / HTTP/2.0" 200 39791 "-" "HetrixTools Uptime Monitoring Bot. https://hetrix.tools/uptime-monitoring-bot.html" 957 **0/957774**
66.165.247.154 - - [14/Mar/2026:09:10:24 -0700] "GET / HTTP/2.0" 200 39791 "-" "HetrixTools Uptime Monitoring Bot. https://hetrix.tools/uptime-monitoring-bot.html" 837 **0/837677**
94.72.181.90 - - [14/Mar/2026:09:11:03 -0700] "GET / HTTP/2.0" 200 39791 "-" "HetrixTools Uptime Monitoring Bot. https://hetrix.tools/uptime-monitoring-bot.html" 896 **0/896459**
148.113.2.135 - - [14/Mar/2026:09:11:03 -0700] "GET / HTTP/2.0" 200 39791 "-" "HetrixTools Uptime Monitoring Bot. https://hetrix.tools/uptime-monitoring-bot.html" 851 **0/851816**
74.7.229.235 - - [14/Mar/2026:09:11:11 -0700] "GET /ipl/most-dangerous-batsman-in-ipl/ HTTP/2.0" 200 38709 "-" "Mozilla/5.0 (Macintosh; Intel Mac OS X 10_15_7) AppleWebKit/537.36 (KHTML, like Gecko) Chrome/131.0.0.0 Safari/537.36; compatible; OAI-SearchBot/1.3; +https://openai.com/searchbot" 724 **0/724221**
74.7.229.9 - - [14/Mar/2026:09:11:14 -0700] "GET /articles/ipl/highest-run-chase-in-ipl/ HTTP/2.0" 301 1 "https://todaysiplmatch.in/ipl/most-dangerous-batsman-in-ipl/" "Mozilla/5.0 (Macintosh; Intel Mac OS X 10_15_7) AppleWebKit/537.36 (KHTML, like Gecko) Chrome/131.0.0.0 Safari/537.36; compatible; OAI-SearchBot/1.3; +https://openai.com/searchbot" 305 **0/305791**
74.7.229.9 - - [14/Mar/2026:09:11:15 -0700] "GET /ipl/highest-run-chase-in-ipl/ HTTP/2.0" 200 37930 "https://todaysiplmatch.in/articles/ipl/highest-run-chase-in-ipl/" "Mozilla/5.0 (Macintosh; Intel Mac OS X 10_15_7) AppleWebKit/537.36 (KHTML, like Gecko) Chrome/131.0.0.0 Safari/537.36; compatible; OAI-SearchBot/1.3; +https://openai.com/searchbot" 1374 **1/1374517**
94.154.159.133 - - [14/Mar/2026:09:11:16 -0700] "GET / HTTP/2.0" 200 39791 "-" "HetrixTools Uptime Monitoring Bot. https://hetrix.tools/uptime-monitoring-bot.html" 762 **0/762276**
192.0.91.228 - - [14/Mar/2026:09:11:17 -0700] "HEAD / HTTP/1.1" 200 - "-" "jetmon/1.0 (Jetpack Site Uptime Monitor by WordPress.com)" 273 **0/273844**
74.7.242.172 - - [14/Mar/2026:09:11:17 -0700] "GET /casino/vortex/ HTTP/2.0" 200 37709 "https://todaysiplmatch.in/ipl/most-dangerous-batsman-in-ipl/" "Mozilla/5.0 (Macintosh; Intel Mac OS X 10_15_7) AppleWebKit/537.36 (KHTML, like Gecko) Chrome/131.0.0.0 Safari/537.36; compatible; OAI-SearchBot/1.3; +https://openai.com/searchbot" 631 **0/631416**
74.7.241.60 - - [14/Mar/2026:09:11:19 -0700] "GET /?p=29291 HTTP/2.0" 301 1 "https://todaysiplmatch.in/casino/vortex/" "Mozilla/5.0 AppleWebKit/537.36 (KHTML, like Gecko; compatible; GPTBot/1.3; +https://openai.com/gptbot)" 268 **0/268505**
74.7.228.206 - - [14/Mar/2026:09:11:19 -0700] "GET /casino/daman-game/ HTTP/2.0" 200 36723 "https://todaysiplmatch.in/ipl/most-dangerous-batsman-in-ipl/" "Mozilla/5.0 (Macintosh; Intel Mac OS X 10_15_7) AppleWebKit/537.36 (KHTML, like Gecko) Chrome/131.0.0.0 Safari/537.36; compatible; OAI-SearchBot/1.3; +https://openai.com/searchbot" 591 **0/591211**
74.7.241.60 - - [14/Mar/2026:09:11:20 -0700] "GET /casino/vortex/ HTTP/2.0" 200 37709 "https://todaysiplmatch.in/?p=29291" "Mozilla/5.0 AppleWebKit/537.36 (KHTML, like Gecko; compatible; GPTBot/1.3; +https://openai.com/gptbot)" 624 **0/624001**
216.73.216.186 - - [14/Mar/2026:09:11:20 -0700] "GET /articles/world-cup/t20-world-cup-schedule HTTP/2.0" 301 1 "-" "Mozilla/5.0 AppleWebKit/537.36 (KHTML, like Gecko; compatible; ClaudeBot/1.0; +claudebot@anthropic.com)" 280 **0/280944**
74.7.242.172 - - [14/Mar/2026:09:11:21 -0700] "GET /?p=29291 HTTP/2.0" 301 1 "https://todaysiplmatch.in/casino/vortex/" "Mozilla/5.0 (Macintosh; Intel Mac OS X 10_15_7) AppleWebKit/537.36 (KHTML, like Gecko) Chrome/131.0.0.0 Safari/537.36; compatible; OAI-SearchBot/1.3; +https://openai.com/searchbot" 221 **0/221925**
216.73.216.186 - - [14/Mar/2026:09:11:21 -0700] "GET /world-cup/t20-world-cup-schedule/ HTTP/2.0" 200 37288 "https://todaysiplmatch.in/articles/world-cup/t20-world-cup-schedule" "Mozilla/5.0 AppleWebKit/537.36 (KHTML, like Gecko; compatible; ClaudeBot/1.0; +claudebot@anthropic.com)" 591 **0/591000**
74.7.241.60 - - [14/Mar/2026:09:11:22 -0700] "GET /wp-json/oembed/1.0/embed?url=https%3A%2F%2Ftodaysiplmatch.in%2Fcasino%2Fvortex%2F HTTP/2.0" 200 1153 "https://todaysiplmatch.in/casino/vortex/" "Mozilla/5.0 AppleWebKit/537.36 (KHTML, like Gecko; compatible; GPTBot/1.3; +https://openai.com/gptbot)" 391 **0/391038**
74.7.242.172 - - [14/Mar/2026:09:11:22 -0700] "GET /casino/vortex/ HTTP/2.0" 200 37709 "https://todaysiplmatch.in/?p=29291" "Mozilla/5.0 (Macintosh; Intel Mac OS X 10_15_7) AppleWebKit/537.36 (KHTML, like Gecko) Chrome/131.0.0.0 Safari/537.36; compatible; OAI-SearchBot/1.3; +https://openai.com/searchbot" 560 **0/560452**
74.7.228.206 - - [14/Mar/2026:09:11:23 -0700] "GET /wp-json/wp/v2/posts/29673 HTTP/2.0" 200 6458 "https://todaysiplmatch.in/casino/daman-game/" "Mozilla/5.0 (Macintosh; Intel Mac OS X 10_15_7) AppleWebKit/537.36 (KHTML, like Gecko) Chrome/131.0.0.0 Safari/537.36; compatible; OAI-SearchBot/1.3; +https://openai.com/searchbot" 416 **0/416688**
74.7.241.60 - - [14/Mar/2026:09:11:24 -0700] "GET /wp-json/wp/v2/posts/29291 HTTP/2.0" 200 7472 "https://todaysiplmatch.in/casino/vortex/" "Mozilla/5.0 AppleWebKit/537.36 (KHTML, like Gecko; compatible; GPTBot/1.3; +https://openai.com/gptbot)" 408 **0/408421**
74.7.243.32 - - [14/Mar/2026:09:11:26 -0700] "GET /wp-json/oembed/1.0/embed?url=https%3A%2F%2Ftodaysiplmatch.in%2Fcasino%2Fvortex%2F HTTP/2.0" 200 1153 "https://todaysiplmatch.in/casino/vortex/" "Mozilla/5.0 (Macintosh; Intel Mac OS X 10_15_7) AppleWebKit/537.36 (KHTML, like Gecko) Chrome/131.0.0.0 Safari/537.36; compatible; OAI-SearchBot/1.3; +https://openai.com/searchbot" 341 **0/341048**
77.247.126.141 - - [14/Mar/2026:09:11:25 -0700] "GET / HTTP/2.0" 200 39791 "-" "HetrixTools Uptime Monitoring Bot. https://hetrix.tools/uptime-monitoring-bot.html" 733 **0/733343**
74.7.241.60 - - [14/Mar/2026:09:11:27 -0700] "GET /casino/vortex/feed/ HTTP/2.0" 200 394 "https://todaysiplmatch.in/casino/vortex/" "Mozilla/5.0 AppleWebKit/537.36 (KHTML, like Gecko; compatible; GPTBot/1.3; +https://openai.com/gptbot)" 269 **0/269519**
74.7.229.48 - - [14/Mar/2026:09:11:27 -0700] "GET /wp-json/wp/v2/posts/29291 HTTP/2.0" 200 7472 "https://todaysiplmatch.in/casino/vortex/" "Mozilla/5.0 (Macintosh; Intel Mac OS X 10_15_7) AppleWebKit/537.36 (KHTML, like Gecko) Chrome/131.0.0.0 Safari/537.36; compatible; OAI-SearchBot/1.3; +https://openai.com/searchbot" 322 **0/322079**
74.7.242.172 - - [14/Mar/2026:09:11:29 -0700] "GET /casino/vortex/feed/ HTTP/2.0" 200 394 "https://todaysiplmatch.in/casino/vortex/" "Mozilla/5.0 (Macintosh; Intel Mac OS X 10_15_7) AppleWebKit/537.36 (KHTML, like Gecko) Chrome/131.0.0.0 Safari/537.36; compatible; OAI-SearchBot/1.3; +https://openai.com/searchbot" 248 **0/248021**
74.7.241.60 - - [14/Mar/2026:09:11:29 -0700] "GET /casino/vortex/todaysiplmatch.in HTTP/2.0" 301 1 "https://todaysiplmatch.in/casino/vortex/" "Mozilla/5.0 AppleWebKit/537.36 (KHTML, like Gecko; compatible; GPTBot/1.3; +https://openai.com/gptbot)" 241 **0/241884**
74.7.229.48 - - [14/Mar/2026:09:11:30 -0700] "GET /category/news/ipl-news-in-english/ HTTP/2.0" 200 29657 "https://todaysiplmatch.in/ipl/most-dangerous-batsman-in-ipl/" "Mozilla/5.0 (Macintosh; Intel Mac OS X 10_15_7) AppleWebKit/537.36 (KHTML, like Gecko) Chrome/131.0.0.0 Safari/537.36; compatible; OAI-SearchBot/1.3; +https://openai.com/searchbot" 627 **0/627485**
74.7.241.60 - - [14/Mar/2026:09:11:30 -0700] "GET /casino/vortex/ HTTP/2.0" 200 37709 "https://todaysiplmatch.in/casino/vortex/todaysiplmatch.in" "Mozilla/5.0 AppleWebKit/537.36 (KHTML, like Gecko; compatible; GPTBot/1.3; +https://openai.com/gptbot)" 675 **0/675587**
74.7.229.9 - - [14/Mar/2026:09:11:32 -0700] "GET /wp-content/plugins/easy-table-of-contents/vendor/js-cookie/js.cookie.min.js?ver=2.2.1 HTTP/2.0" 200 997 "https://todaysiplmatch.in/ipl/most-dangerous-batsman-in-ipl/" "Mozilla/5.0 (Macintosh; Intel Mac OS X 10_15_7) AppleWebKit/537.36 (KHTML, like Gecko) Chrome/131.0.0.0 Safari/537.36; compatible; OAI-SearchBot/1.3; +https://openai.com/searchbot" 10 **0/10332**
74.7.241.60 - - [14/Mar/2026:09:11:31 -0700] "GET /wp-json/oembed/1.0/embed?format=xml&url=https%3A%2F%2Ftodaysiplmatch.in%2Fcasino%2Fvortex%2F HTTP/2.0" 200 1164 "https://todaysiplmatch.in/casino/vortex/" "Mozilla/5.0 AppleWebKit/537.36 (KHTML, like Gecko; compatible; GPTBot/1.3; +https://openai.com/gptbot)" 283 **0/283282**
74.7.229.235 - - [14/Mar/2026:09:11:33 -0700] "GET /cricket-betting/ipl-betting/ipl-betting-in-jammu-and-kashmir/ HTTP/2.0" 200 32613 "https://todaysiplmatch.in/ipl/most-dangerous-batsman-in-ipl/" "Mozilla/5.0 (Macintosh; Intel Mac OS X 10_15_7) AppleWebKit/537.36 (KHTML, like Gecko) Chrome/131.0.0.0 Safari/537.36; compatible; OAI-SearchBot/1.3; +https://openai.com/searchbot" 643 **0/643899**
74.7.241.60 - - [14/Mar/2026:09:11:33 -0700] "GET /casino/daman-game/feed/ HTTP/2.0" 200 390 "https://todaysiplmatch.in/casino/daman-game/" "Mozilla/5.0 AppleWebKit/537.36 (KHTML, like Gecko; compatible; GPTBot/1.3; +https://openai.com/gptbot)" 276 **0/276767**
74.7.229.48 - - [14/Mar/2026:09:11:34 -0700] "GET /wp-json/oembed/1.0/embed?format=xml&url=https%3A%2F%2Ftodaysiplmatch.in%2Fcasino%2Fvortex%2F HTTP/2.0" 200 1164 "https://todaysiplmatch.in/casino/vortex/" "Mozilla/5.0 (Macintosh; Intel Mac OS X 10_15_7) AppleWebKit/537.36 (KHTML, like Gecko) Chrome/131.0.0.0 Safari/537.36; compatible; OAI-SearchBot/1.3; +https://openai.com/searchbot" 263 **0/263656**
74.7.229.9 - - [14/Mar/2026:09:11:35 -0700] "GET /casino/daman-game/feed/ HTTP/2.0" 200 390 "https://todaysiplmatch.in/casino/daman-game/" "Mozilla/5.0 (Macintosh; Intel Mac OS X 10_15_7) AppleWebKit/537.36 (KHTML, like Gecko) Chrome/131.0.0.0 Safari/537.36; compatible; OAI-SearchBot/1.3; +https://openai.com/searchbot" 273 **0/273546**
74.7.241.60 - - [14/Mar/2026:09:11:35 -0700] "GET /wp-json/oembed/1.0/embed?url=https%3A%2F%2Ftodaysiplmatch.in%2Fcasino%2Fdaman-game%2F HTTP/2.0" 200 1214 "https://todaysiplmatch.in/casino/daman-game/" "Mozilla/5.0 AppleWebKit/537.36 (KHTML, like Gecko; compatible; GPTBot/1.3; +https://openai.com/gptbot)" 299 **0/299329**
74.7.229.128 - - [14/Mar/2026:09:11:36 -0700] "GET /category/news/ipl-news-in-hindi/ HTTP/2.0" 200 30634 "https://todaysiplmatch.in/ipl/most-dangerous-batsman-in-ipl/" "Mozilla/5.0 (Macintosh; Intel Mac OS X 10_15_7) AppleWebKit/537.36 (KHTML, like Gecko) Chrome/131.0.0.0 Safari/537.36; compatible; OAI-SearchBot/1.3; +https://openai.com/searchbot" 471 **0/471567**
74.7.241.60 - - [14/Mar/2026:09:11:37 -0700] "GET /wp-json/oembed/1.0/embed?format=xml&url=https%3A%2F%2Ftodaysiplmatch.in%2Fcasino%2Fdaman-game%2F HTTP/2.0" 200 1232 "https://todaysiplmatch.in/casino/daman-game/" "Mozilla/5.0 AppleWebKit/537.36 (KHTML, like Gecko; compatible; GPTBot/1.3; +https://openai.com/gptbot)" 275 **0/275729**
74.7.229.235 - - [14/Mar/2026:09:11:37 -0700] "GET /wp-json/oembed/1.0/embed?url=https%3A%2F%2Ftodaysiplmatch.in%2Fcasino%2Fdaman-game%2F HTTP/2.0" 200 1213 "https://todaysiplmatch.in/casino/daman-game/" "Mozilla/5.0 (Macintosh; Intel Mac OS X 10_15_7) AppleWebKit/537.36 (KHTML, like Gecko) Chrome/131.0.0.0 Safari/537.36; compatible; OAI-SearchBot/1.3; +https://openai.com/searchbot" 250 **0/250758**
74.7.241.60 - - [14/Mar/2026:09:11:38 -0700] "GET /?p=29673 HTTP/2.0" 301 1 "https://todaysiplmatch.in/casino/daman-game/" "Mozilla/5.0 AppleWebKit/537.36 (KHTML, like Gecko; compatible; GPTBot/1.3; +https://openai.com/gptbot)" 237 **0/237264**
74.7.243.32 - - [14/Mar/2026:09:11:38 -0700] "GET /wp-json/oembed/1.0/embed?format=xml&url=https%3A%2F%2Ftodaysiplmatch.in%2Fcasino%2Fdaman-game%2F HTTP/2.0" 200 1233 "https://todaysiplmatch.in/casino/daman-game/" "Mozilla/5.0 (Macintosh; Intel Mac OS X 10_15_7) AppleWebKit/537.36 (KHTML, like Gecko) Chrome/131.0.0.0 Safari/537.36; compatible; OAI-SearchBot/1.3; +https://openai.com/searchbot" 316 **0/316202**
74.7.241.60 - - [14/Mar/2026:09:11:38 -0700] "GET /casino/daman-game/ HTTP/2.0" 200 36723 "https://todaysiplmatch.in/?p=29673" "Mozilla/5.0 AppleWebKit/537.36 (KHTML, like Gecko; compatible; GPTBot/1.3; +https://openai.com/gptbot)" 516 **0/516052**
74.7.228.206 - - [14/Mar/2026:09:11:40 -0700] "GET /wp-content/uploads/elementor/css/post-33277.css?ver=1773504693 HTTP/2.0" 200 218 "https://todaysiplmatch.in/cricket-betting/ipl-betting/ipl-betting-in-jammu-and-kashmir/" "Mozilla/5.0 (Macintosh; Intel Mac OS X 10_15_7) AppleWebKit/537.36 (KHTML, like Gecko) Chrome/131.0.0.0 Safari/537.36; compatible; OAI-SearchBot/1.3; +https://openai.com/searchbot" 11 **0/11611**
74.7.241.60 - - [14/Mar/2026:09:11:39 -0700] "GET /ipl/lsg-team-players-list/ HTTP/2.0" 200 37358 "https://todaysiplmatch.in/?p=29291" "Mozilla/5.0 AppleWebKit/537.36 (KHTML, like Gecko; compatible; GPTBot/1.3; +https://openai.com/gptbot)" 626 **0/626410**
74.7.228.206 - - [14/Mar/2026:09:11:40 -0700] "GET /?p=29673 HTTP/2.0" 301 1 "https://todaysiplmatch.in/casino/daman-game/" "Mozilla/5.0 (Macintosh; Intel Mac OS X 10_15_7) AppleWebKit/537.36 (KHTML, like Gecko) Chrome/131.0.0.0 Safari/537.36; compatible; OAI-SearchBot/1.3; +https://openai.com/searchbot" 261 **0/261078**
74.7.241.60 - - [14/Mar/2026:09:11:40 -0700] "GET /wp-json/wp/v2/posts/29673 HTTP/2.0" 200 6458 "https://todaysiplmatch.in/casino/daman-game/" "Mozilla/5.0 AppleWebKit/537.36 (KHTML, like Gecko; compatible; GPTBot/1.3; +https://openai.com/gptbot)" 302 **0/302079**
74.7.228.206 - - [14/Mar/2026:09:11:40 -0700] "GET /casino/daman-game/ HTTP/2.0" 200 36723 "https://todaysiplmatch.in/?p=29673" "Mozilla/5.0 (Macintosh; Intel Mac OS X 10_15_7) AppleWebKit/537.36 (KHTML, like Gecko) Chrome/131.0.0.0 Safari/537.36; compatible; OAI-SearchBot/1.3; +https://openai.com/searchbot" 568 **0/568127**
74.7.241.60 - - [14/Mar/2026:09:11:41 -0700] "GET /wp-json/wp/v2/categories/9 HTTP/2.0" 200 1445 "https://todaysiplmatch.in/category/news/ipl-news-in-english/" "Mozilla/5.0 AppleWebKit/537.36 (KHTML, like Gecko; compatible; GPTBot/1.3; +https://openai.com/gptbot)" 327 **0/327782**
74.7.243.32 - - [14/Mar/2026:09:11:41 -0700] "GET /satta-matka/cricket-satta/ HTTP/2.0" 200 31515 "https://todaysiplmatch.in/ipl/most-dangerous-batsman-in-ipl/" "Mozilla/5.0 (Macintosh; Intel Mac OS X 10_15_7) AppleWebKit/537.36 (KHTML, like Gecko) Chrome/131.0.0.0 Safari/537.36; compatible; OAI-SearchBot/1.3; +https://openai.com/searchbot" 562 **0/562593**
74.7.241.60 - - [14/Mar/2026:09:11:42 -0700] "GET /category/news/ipl-news-in-english/feed/ HTTP/2.0" 200 6784 "https://todaysiplmatch.in/category/news/ipl-news-in-english/" "Mozilla/5.0 AppleWebKit/537.36 (KHTML, like Gecko; compatible; GPTBot/1.3; +https://openai.com/gptbot)" 342 **0/342687**
74.7.241.60 - - [14/Mar/2026:09:11:43 -0700] "GET /wp-json/wp/v2/pages/33277 HTTP/2.0" 200 6301 "https://todaysiplmatch.in/cricket-betting/ipl-betting/ipl-betting-in-jammu-and-kashmir/" "Mozilla/5.0 AppleWebKit/537.36 (KHTML, like Gecko; compatible; GPTBot/1.3; +https://openai.com/gptbot)" 345 **0/345325**
