216.73.216.186 - - [14/Mar/2026:10:49:27 -0700] "GET /?p=27241 HTTP/2.0" 301 1 "-" "Mozilla/5.0 AppleWebKit/537.36 (KHTML, like Gecko; compatible; ClaudeBot/1.0; +claudebot@anthropic.com)" 332 **0/332285**
216.73.216.186 - - [14/Mar/2026:10:49:27 -0700] "GET /?p=27172 HTTP/2.0" 301 1 "-" "Mozilla/5.0 AppleWebKit/537.36 (KHTML, like Gecko; compatible; ClaudeBot/1.0; +claudebot@anthropic.com)" 346 **0/346283**
216.73.216.186 - - [14/Mar/2026:10:49:27 -0700] "GET /world-cup/highest-average-in-t20-world-cup/ HTTP/2.0" 200 36024 "https://todaysiplmatch.in/?p=27241" "Mozilla/5.0 AppleWebKit/537.36 (KHTML, like Gecko; compatible; ClaudeBot/1.0; +claudebot@anthropic.com)" 636 **0/636186**
216.73.216.186 - - [14/Mar/2026:10:49:27 -0700] "GET /world-cup/t20-world-cup-highest-runs/ HTTP/2.0" 200 36346 "https://todaysiplmatch.in/?p=27172" "Mozilla/5.0 AppleWebKit/537.36 (KHTML, like Gecko; compatible; ClaudeBot/1.0; +claudebot@anthropic.com)" 701 **0/701098**
114.119.132.59 - - [14/Mar/2026:10:49:43 -0700] "GET /world-cup/icc-umpires-salary HTTP/1.1" 301 - "https://todaysiplmatch.in/articles/world-cup/t20-world-cup-points-table" "Mozilla/5.0 (Linux; Android 7.0;) AppleWebKit/537.36 (KHTML, like Gecko) Mobile Safari/537.36 (compatible; PetalBot;+https://webmaster.petalsearch.com/site/petalbot)" 285 **0/285744**
114.119.132.59 - - [14/Mar/2026:10:49:44 -0700] "GET /world-cup/icc-umpires-salary/ HTTP/1.1" 200 41164 "https://todaysiplmatch.in/articles/world-cup/t20-world-cup-points-table" "Mozilla/5.0 (Linux; Android 7.0;) AppleWebKit/537.36 (KHTML, like Gecko) Mobile Safari/537.36 (compatible; PetalBot;+https://webmaster.petalsearch.com/site/petalbot)" 587 **0/587394**
67.213.120.27 - - [14/Mar/2026:10:50:04 -0700] "GET / HTTP/2.0" 200 39791 "-" "HetrixTools Uptime Monitoring Bot. https://hetrix.tools/uptime-monitoring-bot.html" 1303 **1/1303271**
216.73.216.186 - - [14/Mar/2026:10:50:07 -0700] "GET /?p=27391 HTTP/2.0" 301 1 "-" "Mozilla/5.0 AppleWebKit/537.36 (KHTML, like Gecko; compatible; ClaudeBot/1.0; +claudebot@anthropic.com)" 443 **0/443473**
216.73.216.186 - - [14/Mar/2026:10:50:08 -0700] "GET /world-cup/icc-cricket-world-cup-fantasy/ HTTP/2.0" 200 36850 "https://todaysiplmatch.in/?p=27391" "Mozilla/5.0 AppleWebKit/537.36 (KHTML, like Gecko; compatible; ClaudeBot/1.0; +claudebot@anthropic.com)" 889 **0/889756**
104.194.8.169 - - [14/Mar/2026:10:50:14 -0700] "GET / HTTP/2.0" 200 39791 "-" "HetrixTools Uptime Monitoring Bot. https://hetrix.tools/uptime-monitoring-bot.html" 866 **0/866844**
23.106.61.94 - - [14/Mar/2026:10:50:16 -0700] "GET / HTTP/2.0" 200 39791 "-" "HetrixTools Uptime Monitoring Bot. https://hetrix.tools/uptime-monitoring-bot.html" 898 **0/898241**
118.139.180.95 - - [14/Mar/2026:10:50:24 -0700] "POST /wp-cron.php?doing_wp_cron=1773510624.7401130199432373046875 HTTP/1.1" 200 - "-" "WordPress/6.9.4; https://todaysiplmatch.in" 20 **0/20988**
65.20.70.55 - - [14/Mar/2026:10:50:24 -0700] "GET / HTTP/2.0" 200 39791 "-" "HetrixTools Uptime Monitoring Bot. https://hetrix.tools/uptime-monitoring-bot.html" 695 **0/695695**
216.73.216.186 - - [14/Mar/2026:10:50:44 -0700] "GET /world-cup/t20-world-cup-logo HTTP/2.0" 301 1 "-" "Mozilla/5.0 AppleWebKit/537.36 (KHTML, like Gecko; compatible; ClaudeBot/1.0; +claudebot@anthropic.com)" 280 **0/280496**
216.73.216.186 - - [14/Mar/2026:10:50:44 -0700] "GET /world-cup/t20-world-cup-logo/ HTTP/2.0" 200 35979 "https://todaysiplmatch.in/world-cup/t20-world-cup-logo" "Mozilla/5.0 AppleWebKit/537.36 (KHTML, like Gecko; compatible; ClaudeBot/1.0; +claudebot@anthropic.com)" 515 **0/515665**
216.73.216.186 - - [14/Mar/2026:10:50:49 -0700] "GET /world-cup/most-half-centuries-in-world-cup/feed HTTP/2.0" 301 1 "-" "Mozilla/5.0 AppleWebKit/537.36 (KHTML, like Gecko; compatible; ClaudeBot/1.0; +claudebot@anthropic.com)" 264 **0/264544**
216.73.216.186 - - [14/Mar/2026:10:50:49 -0700] "GET /world-cup/most-half-centuries-in-world-cup/feed/ HTTP/2.0" 200 415 "https://todaysiplmatch.in/world-cup/most-half-centuries-in-world-cup/feed" "Mozilla/5.0 AppleWebKit/537.36 (KHTML, like Gecko; compatible; ClaudeBot/1.0; +claudebot@anthropic.com)" 356 **0/356852**
66.249.79.203 - - [14/Mar/2026:10:50:49 -0700] "GET /ipl/ipl-toss-who-won-the-toss-today/ HTTP/1.1" 200 36751 "-" "Mozilla/5.0 (Linux; Android 6.0.1; Nexus 5X Build/MMB29P) AppleWebKit/537.36 (KHTML, like Gecko) Chrome/145.0.7632.116 Mobile Safari/537.36 (compatible; Googlebot/2.1; +http://www.google.com/bot.html)" 648 **0/648646**
66.249.71.197 - - [14/Mar/2026:10:50:52 -0700] "GET /ipl/ipl-toss-who-won-the-toss-today/?relatedposts=1 HTTP/1.1" 200 1170 "https://todaysiplmatch.in/ipl/ipl-toss-who-won-the-toss-today/" "Mozilla/5.0 (Linux; Android 6.0.1; Nexus 5X Build/MMB29P) AppleWebKit/537.36 (KHTML, like Gecko) Chrome/145.0.7632.116 Mobile Safari/537.36 (compatible; Googlebot/2.1; +http://www.google.com/bot.html)" 1175 **1/1175415**
94.72.181.90 - - [14/Mar/2026:10:51:14 -0700] "GET / HTTP/2.0" 200 39791 "-" "HetrixTools Uptime Monitoring Bot. https://hetrix.tools/uptime-monitoring-bot.html" 742 **0/742615**
114.119.132.59 - - [14/Mar/2026:10:51:15 -0700] "GET /ipl/pbks-ipl-full-form HTTP/1.1" 301 - "https://todaysiplmatch.in/ipl/all-ipl-team-owners" "Mozilla/5.0 (Linux; Android 7.0;) AppleWebKit/537.36 (KHTML, like Gecko) Mobile Safari/537.36 (compatible; PetalBot;+https://webmaster.petalsearch.com/site/petalbot)" 203 **0/203399**
192.0.91.228 - - [14/Mar/2026:10:51:16 -0700] "HEAD / HTTP/1.1" 200 - "-" "jetmon/1.0 (Jetpack Site Uptime Monitor by WordPress.com)" 210 **0/210103**
114.119.132.59 - - [14/Mar/2026:10:51:18 -0700] "GET /ipl/pbks-ipl-full-form/ HTTP/1.1" 200 44601 "https://todaysiplmatch.in/ipl/all-ipl-team-owners" "Mozilla/5.0 (Linux; Android 7.0;) AppleWebKit/537.36 (KHTML, like Gecko) Mobile Safari/537.36 (compatible; PetalBot;+https://webmaster.petalsearch.com/site/petalbot)" 583 **0/583852**
35.154.5.38 - - [14/Mar/2026:10:51:19 -0700] "GET / HTTP/2.0" 200 39791 "-" "HetrixTools Uptime Monitoring Bot. https://hetrix.tools/uptime-monitoring-bot.html" 679 **0/679222**
172.241.23.225 - - [14/Mar/2026:10:51:20 -0700] "GET / HTTP/2.0" 200 39791 "-" "HetrixTools Uptime Monitoring Bot. https://hetrix.tools/uptime-monitoring-bot.html" 600 **0/600852**
69.67.149.243 - - [14/Mar/2026:10:51:26 -0700] "GET / HTTP/2.0" 200 39791 "-" "HetrixTools Uptime Monitoring Bot. https://hetrix.tools/uptime-monitoring-bot.html" 632 **0/632050**
216.73.216.186 - - [14/Mar/2026:10:51:45 -0700] "GET /world-cup/t20-world-cup-predictions/feed HTTP/2.0" 301 1 "-" "Mozilla/5.0 AppleWebKit/537.36 (KHTML, like Gecko; compatible; ClaudeBot/1.0; +claudebot@anthropic.com)" 241 **0/241329**
216.73.216.186 - - [14/Mar/2026:10:51:45 -0700] "GET /world-cup/t20-world-cup-predictions/feed/ HTTP/2.0" 200 396 "https://todaysiplmatch.in/world-cup/t20-world-cup-predictions/feed" "Mozilla/5.0 AppleWebKit/537.36 (KHTML, like Gecko; compatible; ClaudeBot/1.0; +claudebot@anthropic.com)" 275 **0/275074**
216.73.216.186 - - [14/Mar/2026:10:51:51 -0700] "GET /?p=27165 HTTP/2.0" 301 1 "-" "Mozilla/5.0 AppleWebKit/537.36 (KHTML, like Gecko; compatible; ClaudeBot/1.0; +claudebot@anthropic.com)" 272 **0/272495**
113.167.142.223 - - [14/Mar/2026:10:51:52 -0700] "GET /?p=37392 HTTP/1.1" 301 - "-" "Mozilla/5.0 (Macintosh; Intel Mac OS X 10_14_6) AppleWebKit/537.36 (KHTML, like Gecko) Brave Chrome/78.0.3904.108 Safari/537.36" 257 **0/257753**
216.73.216.186 - - [14/Mar/2026:10:51:52 -0700] "GET /ipl/mi-ka-baap-kaun-hai/ HTTP/2.0" 200 36287 "https://todaysiplmatch.in/?p=27165" "Mozilla/5.0 AppleWebKit/537.36 (KHTML, like Gecko; compatible; ClaudeBot/1.0; +claudebot@anthropic.com)" 538 **0/538741**
113.167.142.223 - - [14/Mar/2026:10:51:52 -0700] "GET /ipl/harry-brook-ipl-price/ HTTP/1.1" 200 43179 "-" "Mozilla/5.0 (Macintosh; Intel Mac OS X 10_14_6) AppleWebKit/537.36 (KHTML, like Gecko) Brave Chrome/78.0.3904.108 Safari/537.36" 520 **0/520675**
216.73.216.186 - - [14/Mar/2026:10:51:58 -0700] "GET /world-cup/world-cup-ball-price HTTP/2.0" 301 1 "-" "Mozilla/5.0 AppleWebKit/537.36 (KHTML, like Gecko; compatible; ClaudeBot/1.0; +claudebot@anthropic.com)" 235 **0/235047**
216.73.216.186 - - [14/Mar/2026:10:51:58 -0700] "GET /world-cup/world-cup-ball-price/ HTTP/2.0" 200 36455 "https://todaysiplmatch.in/world-cup/world-cup-ball-price" "Mozilla/5.0 AppleWebKit/537.36 (KHTML, like Gecko; compatible; ClaudeBot/1.0; +claudebot@anthropic.com)" 495 **0/495963**
118.139.180.95 - - [14/Mar/2026:10:52:09 -0700] "POST /wp-cron.php?doing_wp_cron=1773510729.1325750350952148437500 HTTP/1.1" 200 - "-" "WordPress/6.9.4; https://todaysiplmatch.in" 18 **0/18968**
23.106.180.172 - - [14/Mar/2026:10:52:08 -0700] "GET / HTTP/2.0" 200 39791 "-" "HetrixTools Uptime Monitoring Bot. https://hetrix.tools/uptime-monitoring-bot.html" 802 **0/802158**
118.139.180.95 - - [14/Mar/2026:10:52:09 -0700] "POST /wp-cron.php?doing_wp_cron=1773510729.5018639564514160156250 HTTP/1.1" 200 - "-" "WordPress/6.9.4; https://todaysiplmatch.in" 18 **0/18605**
185.174.110.102 - - [14/Mar/2026:10:52:08 -0700] "GET / HTTP/2.0" 200 39791 "-" "HetrixTools Uptime Monitoring Bot. https://hetrix.tools/uptime-monitoring-bot.html" 696 **0/696869**
216.73.216.186 - - [14/Mar/2026:10:52:13 -0700] "GET /articles/ipl/highest-strike-rate-in-ipl HTTP/2.0" 301 1 "-" "Mozilla/5.0 AppleWebKit/537.36 (KHTML, like Gecko; compatible; ClaudeBot/1.0; +claudebot@anthropic.com)" 287 **0/287172**
181.41.142.138 - - [14/Mar/2026:10:52:13 -0700] "GET / HTTP/2.0" 200 39791 "-" "HetrixTools Uptime Monitoring Bot. https://hetrix.tools/uptime-monitoring-bot.html" 676 **0/676553**
216.73.216.186 - - [14/Mar/2026:10:52:13 -0700] "GET /ipl/highest-strike-rate-in-ipl/ HTTP/2.0" 200 36731 "https://todaysiplmatch.in/articles/ipl/highest-strike-rate-in-ipl" "Mozilla/5.0 AppleWebKit/537.36 (KHTML, like Gecko; compatible; ClaudeBot/1.0; +claudebot@anthropic.com)" 581 **0/581166**
66.165.247.154 - - [14/Mar/2026:10:52:18 -0700] "GET / HTTP/2.0" 200 39791 "-" "HetrixTools Uptime Monitoring Bot. https://hetrix.tools/uptime-monitoring-bot.html" 679 **0/679067**
212.192.55.209 - - [14/Mar/2026:10:52:18 -0700] "GET /sharp-betting-xexchange/ HTTP/1.1" 200 33473 "https://todaysiplmatch.in/" "Mozilla/5.0 (Windows NT 10.0; Win64; x64) AppleWebKit/537.36 (KHTML, like Gecko) Chrome/114.0.0.0 Safari/537.36" 477 **0/477468**
212.192.55.209 - - [14/Mar/2026:10:52:27 -0700] "GET /wp-admin/admin-ajax.php HTTP/1.1" 400 5 "https://todaysiplmatch.in/sharp-betting-xexchange/" "Mozilla/5.0 (Windows NT 6.3; Win64; x64) AppleWebKit/537.36 (KHTML, like Gecko) Chrome/103.0.0.0 Safari/537.36" 293 **0/293707**
212.192.55.209 - - [14/Mar/2026:10:52:29 -0700] "GET /wp-admin/admin-ajax.php?action=register HTTP/1.1" 400 5 "https://todaysiplmatch.in/wp-admin/admin-ajax.php" "Mozilla/5.0 (Windows NT 6.3; Win64; x64) AppleWebKit/537.36 (KHTML, like Gecko) Chrome/103.0.0.0 Safari/537.36" 229 **0/229110**
114.119.137.211 - - [14/Mar/2026:10:52:32 -0700] "GET /ipl/liam-livingstone-ipl HTTP/1.1" 301 - "https://todaysiplmatch.in/ipl/best-bowling-figures-in-ipl" "Mozilla/5.0 (Linux; Android 7.0;) AppleWebKit/537.36 (KHTML, like Gecko) Mobile Safari/537.36 (compatible; PetalBot;+https://webmaster.petalsearch.com/site/petalbot)" 265 **0/265906**
114.119.137.211 - - [14/Mar/2026:10:52:34 -0700] "GET /ipl/liam-livingstone-ipl/ HTTP/1.1" 200 42054 "https://todaysiplmatch.in/ipl/best-bowling-figures-in-ipl" "Mozilla/5.0 (Linux; Android 7.0;) AppleWebKit/537.36 (KHTML, like Gecko) Mobile Safari/537.36 (compatible; PetalBot;+https://webmaster.petalsearch.com/site/petalbot)" 537 **0/537572**
107.152.47.63 - - [14/Mar/2026:10:52:55 -0700] "GET /orbit-betting-exchange/ HTTP/1.1" 200 34220 "https://todaysiplmatch.in/" "Mozilla/5.0 (Windows NT 10.0; Win64; x64) AppleWebKit/537.36 (KHTML, like Gecko) Chrome/114.0.0.0 Safari/537.36" 555 **0/555613**
109.67.176.1 - - [14/Mar/2026:10:52:55 -0700] "GET /orbit-betting-exchange/ HTTP/1.1" 200 34220 "https://todaysiplmatch.in/" "Mozilla/5.0 (Windows NT 10.0; WOW64) AppleWebKit/537.36 (KHTML, like Gecko) Chrome/114.0.0.0 Safari/537.36" 511 **0/511019**
109.67.176.1 - - [14/Mar/2026:10:52:58 -0700] "GET /wp-admin/admin-ajax.php HTTP/1.1" 400 5 "https://todaysiplmatch.in/orbit-betting-exchange/" "Mozilla/5.0 (Windows NT 6.3; Win64; x64) AppleWebKit/537.36 (KHTML, like Gecko) Chrome/103.0.0.0 Safari/537.36" 305 **0/305125**
109.67.176.1 - - [14/Mar/2026:10:52:59 -0700] "GET /wp-admin/admin-ajax.php?action=register HTTP/1.1" 400 5 "https://todaysiplmatch.in/wp-admin/admin-ajax.php" "Mozilla/5.0 (Windows NT 6.3; Win64; x64) AppleWebKit/537.36 (KHTML, like Gecko) Chrome/103.0.0.0 Safari/537.36" 234 **0/234727**
148.113.2.135 - - [14/Mar/2026:10:53:11 -0700] "GET / HTTP/2.0" 200 39791 "-" "HetrixTools Uptime Monitoring Bot. https://hetrix.tools/uptime-monitoring-bot.html" 696 **0/696907**
118.139.180.95 - - [14/Mar/2026:10:53:16 -0700] "POST /wp-cron.php?doing_wp_cron=1773510796.0471630096435546875000 HTTP/1.1" 200 - "-" "WordPress/6.9.4; https://todaysiplmatch.in" 18 **0/18907**
94.72.181.90 - - [14/Mar/2026:10:53:15 -0700] "GET / HTTP/2.0" 200 39791 "-" "HetrixTools Uptime Monitoring Bot. https://hetrix.tools/uptime-monitoring-bot.html" 710 **0/710452**
104.194.8.169 - - [14/Mar/2026:10:53:18 -0700] "GET / HTTP/2.0" 200 39791 "-" "HetrixTools Uptime Monitoring Bot. https://hetrix.tools/uptime-monitoring-bot.html" 632 **0/632648**
67.213.120.27 - - [14/Mar/2026:10:53:22 -0700] "GET / HTTP/2.0" 200 39791 "-" "HetrixTools Uptime Monitoring Bot. https://hetrix.tools/uptime-monitoring-bot.html" 599 **0/599161**
216.73.216.186 - - [14/Mar/2026:10:53:29 -0700] "GET /ipl/srh-team-players-list HTTP/2.0" 301 1 "-" "Mozilla/5.0 AppleWebKit/537.36 (KHTML, like Gecko; compatible; ClaudeBot/1.0; +claudebot@anthropic.com)" 241 **0/241744**
216.73.216.186 - - [14/Mar/2026:10:53:29 -0700] "GET /ipl/srh-team-players-list/ HTTP/2.0" 200 37627 "https://todaysiplmatch.in/ipl/srh-team-players-list" "Mozilla/5.0 AppleWebKit/537.36 (KHTML, like Gecko; compatible; ClaudeBot/1.0; +claudebot@anthropic.com)" 586 **0/586998**
216.73.216.186 - - [14/Mar/2026:10:53:33 -0700] "GET /ipl/ipl-betting-news/feed HTTP/2.0" 301 1 "-" "Mozilla/5.0 AppleWebKit/537.36 (KHTML, like Gecko; compatible; ClaudeBot/1.0; +claudebot@anthropic.com)" 280 **0/280858**
216.73.216.186 - - [14/Mar/2026:10:53:33 -0700] "GET /ipl/ipl-betting-news/feed/ HTTP/2.0" 200 389 "https://todaysiplmatch.in/ipl/ipl-betting-news/feed" "Mozilla/5.0 AppleWebKit/537.36 (KHTML, like Gecko; compatible; ClaudeBot/1.0; +claudebot@anthropic.com)" 214 **0/214246**
216.73.216.186 - - [14/Mar/2026:10:53:38 -0700] "GET /ipl/mi-ka-baap-kaun-hai/feed HTTP/2.0" 301 1 "-" "Mozilla/5.0 AppleWebKit/537.36 (KHTML, like Gecko; compatible; ClaudeBot/1.0; +claudebot@anthropic.com)" 268 **0/268546**
216.73.216.186 - - [14/Mar/2026:10:53:39 -0700] "GET /ipl/mi-ka-baap-kaun-hai/feed/ HTTP/2.0" 200 390 "https://todaysiplmatch.in/ipl/mi-ka-baap-kaun-hai/feed" "Mozilla/5.0 AppleWebKit/537.36 (KHTML, like Gecko; compatible; ClaudeBot/1.0; +claudebot@anthropic.com)" 246 **0/246690**
49.13.174.1 - - [14/Mar/2026:10:53:47 -0700] "GET /sharp-betting-xexchange/ HTTP/1.1" 200 33473 "https://todaysiplmatch.in/" "Mozilla/5.0 (Windows NT 10.0; Win64; x64) AppleWebKit/537.36 (KHTML, like Gecko) Chrome/114.0.0.0 Safari/537.36 Edg/114.0.1264.71" 433 **0/433408**
216.73.216.186 - - [14/Mar/2026:10:53:55 -0700] "GET /articles/ipl/most-expensive-player-in-the-ipl HTTP/2.0" 301 1 "-" "Mozilla/5.0 AppleWebKit/537.36 (KHTML, like Gecko; compatible; ClaudeBot/1.0; +claudebot@anthropic.com)" 237 **0/237068**
216.73.216.186 - - [14/Mar/2026:10:53:55 -0700] "GET /ipl/most-expensive-player-in-the-ipl/ HTTP/2.0" 200 39799 "https://todaysiplmatch.in/articles/ipl/most-expensive-player-in-the-ipl" "Mozilla/5.0 AppleWebKit/537.36 (KHTML, like Gecko; compatible; ClaudeBot/1.0; +claudebot@anthropic.com)" 560 **0/560898**
23.106.180.172 - - [14/Mar/2026:10:54:04 -0700] "GET / HTTP/2.0" 200 39791 "-" "HetrixTools Uptime Monitoring Bot. https://hetrix.tools/uptime-monitoring-bot.html" 674 **0/674600**
94.72.181.90 - - [14/Mar/2026:10:54:05 -0700] "GET / HTTP/2.0" 200 39791 "-" "HetrixTools Uptime Monitoring Bot. https://hetrix.tools/uptime-monitoring-bot.html" 573 **0/573725**
114.119.156.175 - - [14/Mar/2026:10:54:06 -0700] "GET /satta-matka/kalyan-panel-chart/ HTTP/1.1" 200 47974 "https://iplpointtables.com/ipl-point-tables/" "Mozilla/5.0 (Linux; Android 7.0;) AppleWebKit/537.36 (KHTML, like Gecko) Mobile Safari/537.36 (compatible; PetalBot;+https://webmaster.petalsearch.com/site/petalbot)" 590 **0/590903**
67.213.120.27 - - [14/Mar/2026:10:54:11 -0700] "GET / HTTP/2.0" 200 39791 "-" "HetrixTools Uptime Monitoring Bot. https://hetrix.tools/uptime-monitoring-bot.html" 604 **0/604089**
181.41.142.170 - - [14/Mar/2026:10:54:23 -0700] "GET / HTTP/2.0" 200 39791 "-" "HetrixTools Uptime Monitoring Bot. https://hetrix.tools/uptime-monitoring-bot.html" 589 **0/589577**
172.241.23.225 - - [14/Mar/2026:10:55:04 -0700] "GET / HTTP/2.0" 200 39791 "-" "HetrixTools Uptime Monitoring Bot. https://hetrix.tools/uptime-monitoring-bot.html" 1336 **1/1336259**
216.73.216.186 - - [14/Mar/2026:10:55:07 -0700] "GET /articles/ipl/most-catches-in-ipl-history HTTP/2.0" 301 1 "-" "Mozilla/5.0 AppleWebKit/537.36 (KHTML, like Gecko; compatible; ClaudeBot/1.0; +claudebot@anthropic.com)" 481 **0/481427**
216.73.216.186 - - [14/Mar/2026:10:55:08 -0700] "GET /ipl/most-catches-in-ipl-history/ HTTP/2.0" 200 37940 "https://todaysiplmatch.in/articles/ipl/most-catches-in-ipl-history" "Mozilla/5.0 AppleWebKit/537.36 (KHTML, like Gecko; compatible; ClaudeBot/1.0; +claudebot@anthropic.com)" 922 **0/922658**
216.73.216.186 - - [14/Mar/2026:10:55:11 -0700] "GET /world-cup/highest-average-in-t20-world-cup/feed HTTP/2.0" 301 1 "-" "Mozilla/5.0 AppleWebKit/537.36 (KHTML, like Gecko; compatible; ClaudeBot/1.0; +claudebot@anthropic.com)" 408 **0/408951**
216.73.216.186 - - [14/Mar/2026:10:55:12 -0700] "GET /world-cup/highest-average-in-t20-world-cup/feed/ HTTP/2.0" 200 421 "https://todaysiplmatch.in/world-cup/highest-average-in-t20-world-cup/feed" "Mozilla/5.0 AppleWebKit/537.36 (KHTML, like Gecko; compatible; ClaudeBot/1.0; +claudebot@anthropic.com)" 359 **0/359838**
35.154.5.38 - - [14/Mar/2026:10:55:14 -0700] "GET / HTTP/2.0" 200 39791 "-" "HetrixTools Uptime Monitoring Bot. https://hetrix.tools/uptime-monitoring-bot.html" 936 **0/936804**
51.89.144.57 - - [14/Mar/2026:10:55:16 -0700] "GET / HTTP/2.0" 200 39791 "-" "HetrixTools Uptime Monitoring Bot. https://hetrix.tools/uptime-monitoring-bot.html" 804 **0/804771**
118.139.180.95 - - [14/Mar/2026:10:55:22 -0700] "POST /wp-cron.php?doing_wp_cron=1773510922.7167830467224121093750 HTTP/1.1" 200 - "-" "WordPress/6.9.4; https://todaysiplmatch.in" 20 **0/20119**
216.73.216.186 - - [14/Mar/2026:10:55:22 -0700] "GET /world-cup/most-catches-in-world-cup/feed HTTP/2.0" 301 1 "-" "Mozilla/5.0 AppleWebKit/537.36 (KHTML, like Gecko; compatible; ClaudeBot/1.0; +claudebot@anthropic.com)" 425 **0/425302**
216.73.216.186 - - [14/Mar/2026:10:55:23 -0700] "GET /world-cup/most-catches-in-world-cup/feed/ HTTP/2.0" 200 392 "https://todaysiplmatch.in/world-cup/most-catches-in-world-cup/feed" "Mozilla/5.0 AppleWebKit/537.36 (KHTML, like Gecko; compatible; ClaudeBot/1.0; +claudebot@anthropic.com)" 339 **0/339114**
104.194.8.169 - - [14/Mar/2026:10:55:24 -0700] "GET / HTTP/2.0" 200 39791 "-" "HetrixTools Uptime Monitoring Bot. https://hetrix.tools/uptime-monitoring-bot.html" 710 **0/710718**
114.119.141.69 - - [14/Mar/2026:10:55:38 -0700] "GET /news/ipl-news-in-english/ipl-2023-final-scorecard-match-info-and-playing-xi/ HTTP/1.1" 301 - "https://todaysiplmatch.in/ipl/ipl-stumps-price/" "Mozilla/5.0 (Linux; Android 7.0;) AppleWebKit/537.36 (KHTML, like Gecko) Mobile Safari/537.36 (compatible; PetalBot;+https://webmaster.petalsearch.com/site/petalbot)" 281 **0/281393**
216.73.216.186 - - [14/Mar/2026:10:56:09 -0700] "GET /world-cup/icc-cricket-world-cup-fantasy/feed HTTP/2.0" 301 1 "-" "Mozilla/5.0 AppleWebKit/537.36 (KHTML, like Gecko; compatible; ClaudeBot/1.0; +claudebot@anthropic.com)" 250 **0/250270**
216.73.216.186 - - [14/Mar/2026:10:56:10 -0700] "GET /world-cup/icc-cricket-world-cup-fantasy/feed/ HTTP/2.0" 200 404 "https://todaysiplmatch.in/world-cup/icc-cricket-world-cup-fantasy/feed" "Mozilla/5.0 AppleWebKit/537.36 (KHTML, like Gecko; compatible; ClaudeBot/1.0; +claudebot@anthropic.com)" 210 **0/210737**
35.154.5.38 - - [14/Mar/2026:10:56:11 -0700] "GET / HTTP/2.0" 200 39791 "-" "HetrixTools Uptime Monitoring Bot. https://hetrix.tools/uptime-monitoring-bot.html" 576 **0/576224**
94.154.159.133 - - [14/Mar/2026:10:56:13 -0700] "GET / HTTP/2.0" 200 39791 "-" "HetrixTools Uptime Monitoring Bot. https://hetrix.tools/uptime-monitoring-bot.html" 533 **0/533087**
192.0.91.228 - - [14/Mar/2026:10:56:18 -0700] "HEAD / HTTP/1.1" 200 - "-" "jetmon/1.0 (Jetpack Site Uptime Monitor by WordPress.com)" 209 **0/209851**
69.67.149.243 - - [14/Mar/2026:10:56:17 -0700] "GET / HTTP/2.0" 200 39791 "-" "HetrixTools Uptime Monitoring Bot. https://hetrix.tools/uptime-monitoring-bot.html" 565 **0/565200**
23.106.61.94 - - [14/Mar/2026:10:56:21 -0700] "GET / HTTP/2.0" 200 39791 "-" "HetrixTools Uptime Monitoring Bot. https://hetrix.tools/uptime-monitoring-bot.html" 567 **0/567172**
114.119.154.82 - - [14/Mar/2026:10:56:42 -0700] "GET /casino/aviator/ HTTP/1.1" 200 42577 "https://iplpointtables.com/ipl-point-tables/" "Mozilla/5.0 (Linux; Android 7.0;) AppleWebKit/537.36 (KHTML, like Gecko) Mobile Safari/537.36 (compatible; PetalBot;+https://webmaster.petalsearch.com/site/petalbot)" 626 **0/626290**
216.73.216.186 - - [14/Mar/2026:10:56:55 -0700] "GET /ipl/highest-opening-partnership-in-ipl/feed HTTP/2.0" 301 1 "-" "Mozilla/5.0 AppleWebKit/537.36 (KHTML, like Gecko; compatible; ClaudeBot/1.0; +claudebot@anthropic.com)" 260 **0/260070**
216.73.216.186 - - [14/Mar/2026:10:56:56 -0700] "GET /ipl/highest-opening-partnership-in-ipl/feed/ HTTP/2.0" 200 390 "https://todaysiplmatch.in/ipl/highest-opening-partnership-in-ipl/feed" "Mozilla/5.0 AppleWebKit/537.36 (KHTML, like Gecko; compatible; ClaudeBot/1.0; +claudebot@anthropic.com)" 195 **0/195726**
216.73.216.186 - - [14/Mar/2026:10:57:00 -0700] "GET /ipl/ipl-betting-odds-and-rates/feed HTTP/2.0" 301 1 "-" "Mozilla/5.0 AppleWebKit/537.36 (KHTML, like Gecko; compatible; ClaudeBot/1.0; +claudebot@anthropic.com)" 292 **0/292018**
216.73.216.186 - - [14/Mar/2026:10:57:01 -0700] "GET /ipl/ipl-betting-odds-and-rates/feed/ HTTP/2.0" 200 400 "https://todaysiplmatch.in/ipl/ipl-betting-odds-and-rates/feed" "Mozilla/5.0 AppleWebKit/537.36 (KHTML, like Gecko; compatible; ClaudeBot/1.0; +claudebot@anthropic.com)" 279 **0/279608**
77.75.76.168 - - [14/Mar/2026:10:57:03 -0700] "GET /top-betting-sites-in-india/roobet/ HTTP/1.1" 200 35465 "-" "Mozilla/5.0 (compatible; SeznamBot/4.0; +https://o-seznam.cz/napoveda/vyhledavani/en/seznambot-crawler/)" 925 **0/925517**
104.194.8.169 - - [14/Mar/2026:10:57:05 -0700] "GET / HTTP/2.0" 200 39791 "-" "HetrixTools Uptime Monitoring Bot. https://hetrix.tools/uptime-monitoring-bot.html" 703 **0/703585**
35.154.5.38 - - [14/Mar/2026:10:57:09 -0700] "GET / HTTP/2.0" 200 39791 "-" "HetrixTools Uptime Monitoring Bot. https://hetrix.tools/uptime-monitoring-bot.html" 561 **0/561478**
51.89.144.57 - - [14/Mar/2026:10:57:14 -0700] "GET / HTTP/2.0" 200 39791 "-" "HetrixTools Uptime Monitoring Bot. https://hetrix.tools/uptime-monitoring-bot.html" 582 **0/582130**
181.215.16.183 - - [14/Mar/2026:10:57:16 -0700] "GET /orbit-betting-exchange/ HTTP/1.1" 200 34220 "-" "Mozilla/5.0 (Linux x86_64; rv:114.0) Gecko/20100101 Firefox/114.0" 467 **0/467399**
181.215.16.183 - - [14/Mar/2026:10:57:19 -0700] "GET /wp-admin/admin-ajax.php HTTP/1.1" 400 5 "https://todaysiplmatch.in/orbit-betting-exchange/" "Mozilla/5.0 (Windows NT 6.3; Win64; x64) AppleWebKit/537.36 (KHTML, like Gecko) Chrome/103.0.0.0 Safari/537.36" 274 **0/274259**
181.215.16.183 - - [14/Mar/2026:10:57:21 -0700] "GET /wp-admin/admin-ajax.php?action=register HTTP/1.1" 400 5 "https://todaysiplmatch.in/wp-admin/admin-ajax.php" "Mozilla/5.0 (Windows NT 6.3; Win64; x64) AppleWebKit/537.36 (KHTML, like Gecko) Chrome/103.0.0.0 Safari/537.36" 272 **0/272130**
172.241.23.225 - - [14/Mar/2026:10:57:22 -0700] "GET / HTTP/2.0" 200 39791 "-" "HetrixTools Uptime Monitoring Bot. https://hetrix.tools/uptime-monitoring-bot.html" 558 **0/558714**
216.73.216.186 - - [14/Mar/2026:10:57:31 -0700] "GET /ipl/ipl-betting-news/todaysiplmatch.in/cricket-betting/ipl-betting HTTP/2.0" 301 1 "-" "Mozilla/5.0 AppleWebKit/537.36 (KHTML, like Gecko; compatible; ClaudeBot/1.0; +claudebot@anthropic.com)" 297 **0/297395**
216.73.216.186 - - [14/Mar/2026:10:57:31 -0700] "GET /cricket-betting/ipl-betting/ HTTP/2.0" 200 44664 "https://todaysiplmatch.in/ipl/ipl-betting-news/todaysiplmatch.in/cricket-betting/ipl-betting" "Mozilla/5.0 AppleWebKit/537.36 (KHTML, like Gecko; compatible; ClaudeBot/1.0; +claudebot@anthropic.com)" 503 **0/503670**
216.73.216.186 - - [14/Mar/2026:10:57:57 -0700] "GET /?p=27004 HTTP/2.0" 301 1 "-" "Mozilla/5.0 AppleWebKit/537.36 (KHTML, like Gecko; compatible; ClaudeBot/1.0; +claudebot@anthropic.com)" 256 **0/256158**
216.73.216.186 - - [14/Mar/2026:10:57:57 -0700] "GET /?p=27094 HTTP/2.0" 301 1 "-" "Mozilla/5.0 AppleWebKit/537.36 (KHTML, like Gecko; compatible; ClaudeBot/1.0; +claudebot@anthropic.com)" 258 **0/258514**
216.73.216.186 - - [14/Mar/2026:10:57:58 -0700] "GET /world-cup/most-half-centuries-in-world-cup/ HTTP/2.0" 200 36569 "https://todaysiplmatch.in/?p=27004" "Mozilla/5.0 AppleWebKit/537.36 (KHTML, like Gecko; compatible; ClaudeBot/1.0; +claudebot@anthropic.com)" 492 **0/492871**
216.73.216.186 - - [14/Mar/2026:10:57:58 -0700] "GET /world-cup/most-catches-in-world-cup/ HTTP/2.0" 200 36242 "https://todaysiplmatch.in/?p=27094" "Mozilla/5.0 AppleWebKit/537.36 (KHTML, like Gecko; compatible; ClaudeBot/1.0; +claudebot@anthropic.com)" 558 **0/558318**
77.247.126.141 - - [14/Mar/2026:10:58:04 -0700] "GET / HTTP/2.0" 200 39791 "-" "HetrixTools Uptime Monitoring Bot. https://hetrix.tools/uptime-monitoring-bot.html" 732 **0/732838**
35.154.5.38 - - [14/Mar/2026:10:58:12 -0700] "GET / HTTP/2.0" 200 39791 "-" "HetrixTools Uptime Monitoring Bot. https://hetrix.tools/uptime-monitoring-bot.html" 681 **0/681620**
118.139.180.95 - - [14/Mar/2026:10:58:17 -0700] "POST /wp-cron.php?doing_wp_cron=1773511097.2343869209289550781250 HTTP/1.1" 200 - "-" "WordPress/6.9.4; https://todaysiplmatch.in" 20 **0/20596**
103.50.32.15 - - [14/Mar/2026:10:58:16 -0700] "GET / HTTP/2.0" 200 39791 "-" "HetrixTools Uptime Monitoring Bot. https://hetrix.tools/uptime-monitoring-bot.html" 751 **0/751285**
118.139.180.95 - - [14/Mar/2026:10:58:17 -0700] "POST /wp-cron.php?doing_wp_cron=1773511097.8455059528350830078125 HTTP/1.1" 200 - "-" "WordPress/6.9.4; https://todaysiplmatch.in" 18 **0/18556**
209.222.107.178 - - [14/Mar/2026:10:58:17 -0700] "GET / HTTP/2.0" 200 39791 "-" "HetrixTools Uptime Monitoring Bot. https://hetrix.tools/uptime-monitoring-bot.html" 715 **0/715499**
118.139.180.95 - - [14/Mar/2026:10:59:11 -0700] "POST /wp-cron.php?doing_wp_cron=1773511151.4021160602569580078125 HTTP/1.1" 200 - "-" "WordPress/6.9.4; https://todaysiplmatch.in" 21 **0/21133**
185.174.110.102 - - [14/Mar/2026:10:59:11 -0700] "GET / HTTP/2.0" 200 39791 "-" "HetrixTools Uptime Monitoring Bot. https://hetrix.tools/uptime-monitoring-bot.html" 734 **0/734175**
172.105.37.103 - - [14/Mar/2026:10:59:13 -0700] "GET / HTTP/2.0" 200 39791 "-" "HetrixTools Uptime Monitoring Bot. https://hetrix.tools/uptime-monitoring-bot.html" 575 **0/575670**
94.154.159.133 - - [14/Mar/2026:10:59:20 -0700] "GET / HTTP/2.0" 200 39791 "-" "HetrixTools Uptime Monitoring Bot. https://hetrix.tools/uptime-monitoring-bot.html" 626 **0/626594**
69.67.149.243 - - [14/Mar/2026:10:59:22 -0700] "GET / HTTP/2.0" 200 39791 "-" "HetrixTools Uptime Monitoring Bot. https://hetrix.tools/uptime-monitoring-bot.html" 589 **0/589045**
143.20.253.23 - - [14/Mar/2026:10:59:28 -0700] "GET /ipl/emerging-player-of-ipl/feed/ HTTP/1.1" 200 452 "-" "Mozilla/5.0 (Macintosh; Intel Mac OS X 10_15_7) AppleWebKit/537.36 (KHTML, like Gecko) Chrome/135.0.0.0 Safari/537.36" 250 **0/250361**
57.141.2.22 - - [14/Mar/2026:11:00:01 -0700] "GET /ipl/unsold-players-in-the-ipl-mega-auction/ HTTP/2.0" 200 334241 "-" "meta-externalagent/1.1 (+https://developers.facebook.com/docs/sharing/webmasters/crawler)" 3436 **3/3436130**
51.89.144.57 - - [14/Mar/2026:11:00:12 -0700] "GET / HTTP/2.0" 200 39791 "-" "HetrixTools Uptime Monitoring Bot. https://hetrix.tools/uptime-monitoring-bot.html" 839 **0/839153**
118.139.180.95 - - [14/Mar/2026:11:00:19 -0700] "POST /wp-cron.php?doing_wp_cron=1773511219.3675470352172851562500 HTTP/1.1" 200 - "-" "WordPress/6.9.4; https://todaysiplmatch.in" 20 **0/20574**
23.106.180.172 - - [14/Mar/2026:11:00:18 -0700] "GET / HTTP/2.0" 200 39791 "-" "HetrixTools Uptime Monitoring Bot. https://hetrix.tools/uptime-monitoring-bot.html" 735 **0/735478**
172.241.23.225 - - [14/Mar/2026:11:00:24 -0700] "GET / HTTP/2.0" 200 39791 "-" "HetrixTools Uptime Monitoring Bot. https://hetrix.tools/uptime-monitoring-bot.html" 746 **0/746658**
65.20.70.55 - - [14/Mar/2026:11:00:26 -0700] "GET / HTTP/2.0" 200 39791 "-" "HetrixTools Uptime Monitoring Bot. https://hetrix.tools/uptime-monitoring-bot.html" 685 **0/685690**
77.247.126.141 - - [14/Mar/2026:11:01:13 -0700] "GET / HTTP/2.0" 200 39791 "-" "HetrixTools Uptime Monitoring Bot. https://hetrix.tools/uptime-monitoring-bot.html" 764 **0/764915**
192.0.91.228 - - [14/Mar/2026:11:01:16 -0700] "HEAD / HTTP/1.1" 200 - "-" "jetmon/1.0 (Jetpack Site Uptime Monitor by WordPress.com)" 266 **0/266226**
67.213.120.27 - - [14/Mar/2026:11:01:17 -0700] "GET / HTTP/2.0" 200 39791 "-" "HetrixTools Uptime Monitoring Bot. https://hetrix.tools/uptime-monitoring-bot.html" 589 **0/589332**
23.106.61.94 - - [14/Mar/2026:11:01:22 -0700] "GET / HTTP/2.0" 200 39791 "-" "HetrixTools Uptime Monitoring Bot. https://hetrix.tools/uptime-monitoring-bot.html" 636 **0/636007**
148.113.2.135 - - [14/Mar/2026:11:01:26 -0700] "GET / HTTP/2.0" 200 39791 "-" "HetrixTools Uptime Monitoring Bot. https://hetrix.tools/uptime-monitoring-bot.html" 680 **0/680041**
67.213.120.27 - - [14/Mar/2026:11:02:08 -0700] "GET / HTTP/2.0" 200 39791 "-" "HetrixTools Uptime Monitoring Bot. https://hetrix.tools/uptime-monitoring-bot.html" 691 **0/691815**
104.194.8.169 - - [14/Mar/2026:11:02:14 -0700] "GET / HTTP/2.0" 200 39791 "-" "HetrixTools Uptime Monitoring Bot. https://hetrix.tools/uptime-monitoring-bot.html" 673 **0/673231**
185.38.148.144 - - [14/Mar/2026:11:02:21 -0700] "GET / HTTP/2.0" 200 39791 "-" "HetrixTools Uptime Monitoring Bot. https://hetrix.tools/uptime-monitoring-bot.html" 714 **0/714811**
35.154.5.38 - - [14/Mar/2026:11:02:22 -0700] "GET / HTTP/2.0" 200 39791 "-" "HetrixTools Uptime Monitoring Bot. https://hetrix.tools/uptime-monitoring-bot.html" 579 **0/579168**
104.194.8.169 - - [14/Mar/2026:11:03:04 -0700] "GET / HTTP/2.0" 200 39791 "-" "HetrixTools Uptime Monitoring Bot. https://hetrix.tools/uptime-monitoring-bot.html" 667 **0/667486**
148.113.2.135 - - [14/Mar/2026:11:03:05 -0700] "GET / HTTP/2.0" 200 39791 "-" "HetrixTools Uptime Monitoring Bot. https://hetrix.tools/uptime-monitoring-bot.html" 666 **0/666736**
172.241.23.225 - - [14/Mar/2026:11:03:07 -0700] "GET / HTTP/2.0" 200 39791 "-" "HetrixTools Uptime Monitoring Bot. https://hetrix.tools/uptime-monitoring-bot.html" 701 **0/701674**
118.139.180.95 - - [14/Mar/2026:11:03:21 -0700] "POST /wp-cron.php?doing_wp_cron=1773511401.1126830577850341796875 HTTP/1.1" 200 - "-" "WordPress/6.9.4; https://todaysiplmatch.in" 17 **0/17839**
185.174.110.102 - - [14/Mar/2026:11:03:20 -0700] "GET / HTTP/2.0" 200 39791 "-" "HetrixTools Uptime Monitoring Bot. https://hetrix.tools/uptime-monitoring-bot.html" 763 **0/763078**
69.67.149.243 - - [14/Mar/2026:11:04:05 -0700] "GET / HTTP/2.0" 200 39791 "-" "HetrixTools Uptime Monitoring Bot. https://hetrix.tools/uptime-monitoring-bot.html" 621 **0/621951**
51.89.144.57 - - [14/Mar/2026:11:04:06 -0700] "GET / HTTP/2.0" 200 39791 "-" "HetrixTools Uptime Monitoring Bot. https://hetrix.tools/uptime-monitoring-bot.html" 622 **0/622005**
181.41.142.170 - - [14/Mar/2026:11:04:10 -0700] "GET / HTTP/2.0" 200 39791 "-" "HetrixTools Uptime Monitoring Bot. https://hetrix.tools/uptime-monitoring-bot.html" 684 **0/684328**
209.222.107.178 - - [14/Mar/2026:11:04:14 -0700] "GET / HTTP/2.0" 200 39791 "-" "HetrixTools Uptime Monitoring Bot. https://hetrix.tools/uptime-monitoring-bot.html" 611 **0/611570**
37.139.53.179 - - [14/Mar/2026:11:04:14 -0700] "GET /orbit-betting-exchange/ HTTP/1.1" 200 34220 "https://todaysiplmatch.in/" "Mozilla/5.0 (Windows NT 10.0; WOW64) AppleWebKit/537.36 (KHTML, like Gecko) Chrome/114.0.0.0 Safari/537.36" 558 **0/558463**
35.154.5.38 - - [14/Mar/2026:11:05:12 -0700] "GET / HTTP/2.0" 200 39791 "-" "HetrixTools Uptime Monitoring Bot. https://hetrix.tools/uptime-monitoring-bot.html" 946 **0/946103**
118.139.180.95 - - [14/Mar/2026:11:05:19 -0700] "POST /wp-cron.php?doing_wp_cron=1773511519.6422410011291503906250 HTTP/1.1" 200 - "-" "WordPress/6.9.4; https://todaysiplmatch.in" 21 **0/21288**
69.67.149.243 - - [14/Mar/2026:11:05:18 -0700] "GET / HTTP/2.0" 200 39791 "-" "HetrixTools Uptime Monitoring Bot. https://hetrix.tools/uptime-monitoring-bot.html" 933 **0/933998**
172.241.23.225 - - [14/Mar/2026:11:05:21 -0700] "GET / HTTP/2.0" 200 39791 "-" "HetrixTools Uptime Monitoring Bot. https://hetrix.tools/uptime-monitoring-bot.html" 873 **0/873553**
51.195.149.151 - - [14/Mar/2026:11:05:24 -0700] "GET / HTTP/2.0" 200 39791 "-" "HetrixTools Uptime Monitoring Bot. https://hetrix.tools/uptime-monitoring-bot.html" 757 **0/757624**
103.176.23.119 - - [14/Mar/2026:11:05:53 -0700] "GET /sharp-betting-xexchange/ HTTP/1.1" 200 33473 "https://todaysiplmatch.in/" "Mozilla/5.0 (Windows NT 10.0; WOW64) AppleWebKit/537.36 (KHTML, like Gecko) Chrome/114.0.0.0 YaBrowser/22.7.0 Yowser/2.5 Safari/537.36" 473 **0/473774**
103.176.23.119 - - [14/Mar/2026:11:06:04 -0700] "GET /?p=30166 HTTP/1.1" 301 1 "https://todaysiplmatch.in/sharp-betting-xexchange/" "Mozilla/5.0 (Windows NT 10.0; WOW64) AppleWebKit/537.36 (KHTML, like Gecko) Chrome/114.0.0.0 YaBrowser/22.7.0 Yowser/2.5 Safari/537.36" 403 **0/403164**
79.127.243.80 - - [14/Mar/2026:11:06:04 -0700] "GET / HTTP/2.0" 200 39791 "-" "HetrixTools Uptime Monitoring Bot. https://hetrix.tools/uptime-monitoring-bot.html" 646 **0/646016**
103.176.23.119 - - [14/Mar/2026:11:06:08 -0700] "GET /sharp-betting-xexchange/ HTTP/1.1" 200 33473 "https://todaysiplmatch.in/?p=30166" "Mozilla/5.0 (Windows NT 10.0; WOW64) AppleWebKit/537.36 (KHTML, like Gecko) Chrome/114.0.0.0 YaBrowser/22.7.0 Yowser/2.5 Safari/537.36" 563 **0/563473**
185.38.148.144 - - [14/Mar/2026:11:06:09 -0700] "GET / HTTP/2.0" 200 39791 "-" "HetrixTools Uptime Monitoring Bot. https://hetrix.tools/uptime-monitoring-bot.html" 943 **0/943539**
192.0.91.228 - - [14/Mar/2026:11:06:18 -0700] "HEAD / HTTP/1.1" 200 - "-" "jetmon/1.0 (Jetpack Site Uptime Monitor by WordPress.com)" 277 **0/277100**
66.165.225.34 - - [14/Mar/2026:11:06:25 -0700] "GET / HTTP/2.0" 200 39791 "-" "HetrixTools Uptime Monitoring Bot. https://hetrix.tools/uptime-monitoring-bot.html" 643 **0/643533**
65.20.70.55 - - [14/Mar/2026:11:06:26 -0700] "GET / HTTP/2.0" 200 39791 "-" "HetrixTools Uptime Monitoring Bot. https://hetrix.tools/uptime-monitoring-bot.html" 561 **0/561594**
216.73.216.186 - - [14/Mar/2026:11:06:41 -0700] "GET /top-betting-sites-in-india/big-boost HTTP/2.0" 301 1 "-" "Mozilla/5.0 AppleWebKit/537.36 (KHTML, like Gecko; compatible; ClaudeBot/1.0; +claudebot@anthropic.com)" 264 **0/264921**
216.73.216.186 - - [14/Mar/2026:11:06:41 -0700] "GET /top-betting-sites-in-india/skyexch HTTP/2.0" 301 1 "-" "Mozilla/5.0 AppleWebKit/537.36 (KHTML, like Gecko; compatible; ClaudeBot/1.0; +claudebot@anthropic.com)" 287 **0/287187**
216.73.216.186 - - [14/Mar/2026:11:06:42 -0700] "GET /top-betting-sites-in-india/big-boost/ HTTP/2.0" 200 30600 "https://todaysiplmatch.in/top-betting-sites-in-india/big-boost" "Mozilla/5.0 AppleWebKit/537.36 (KHTML, like Gecko; compatible; ClaudeBot/1.0; +claudebot@anthropic.com)" 599 **0/599903**
216.73.216.186 - - [14/Mar/2026:11:06:42 -0700] "GET /top-betting-sites-in-india/skyexch/ HTTP/2.0" 200 30475 "https://todaysiplmatch.in/top-betting-sites-in-india/skyexch" "Mozilla/5.0 AppleWebKit/537.36 (KHTML, like Gecko; compatible; ClaudeBot/1.0; +claudebot@anthropic.com)" 602 **0/602205**
216.73.216.186 - - [14/Mar/2026:11:06:43 -0700] "GET /top-betting-sites-in-india/fun88 HTTP/2.0" 301 1 "-" "Mozilla/5.0 AppleWebKit/537.36 (KHTML, like Gecko; compatible; ClaudeBot/1.0; +claudebot@anthropic.com)" 216 **0/216587**
216.73.216.186 - - [14/Mar/2026:11:06:43 -0700] "GET /top-betting-sites-in-india/stake HTTP/2.0" 301 1 "-" "Mozilla/5.0 AppleWebKit/537.36 (KHTML, like Gecko; compatible; ClaudeBot/1.0; +claudebot@anthropic.com)" 216 **0/216882**
216.73.216.186 - - [14/Mar/2026:11:06:43 -0700] "GET /top-betting-sites-in-india/fun88/ HTTP/2.0" 200 30482 "https://todaysiplmatch.in/top-betting-sites-in-india/fun88" "Mozilla/5.0 AppleWebKit/537.36 (KHTML, like Gecko; compatible; ClaudeBot/1.0; +claudebot@anthropic.com)" 618 **0/618746**
216.73.216.186 - - [14/Mar/2026:11:06:44 -0700] "GET /top-betting-sites-in-india/stake/ HTTP/2.0" 200 30719 "https://todaysiplmatch.in/top-betting-sites-in-india/stake" "Mozilla/5.0 AppleWebKit/537.36 (KHTML, like Gecko; compatible; ClaudeBot/1.0; +claudebot@anthropic.com)" 563 **0/563779**
216.73.216.186 - - [14/Mar/2026:11:06:44 -0700] "GET /top-betting-sites-in-india/magic-win HTTP/2.0" 301 1 "-" "Mozilla/5.0 AppleWebKit/537.36 (KHTML, like Gecko; compatible; ClaudeBot/1.0; +claudebot@anthropic.com)" 265 **0/265367**
216.73.216.186 - - [14/Mar/2026:11:06:45 -0700] "GET /top-betting-sites-in-india/magic-win/ HTTP/2.0" 200 30907 "https://todaysiplmatch.in/top-betting-sites-in-india/magic-win" "Mozilla/5.0 AppleWebKit/537.36 (KHTML, like Gecko; compatible; ClaudeBot/1.0; +claudebot@anthropic.com)" 532 **0/532166**
94.72.181.90 - - [14/Mar/2026:11:07:06 -0700] "GET / HTTP/2.0" 200 39791 "-" "HetrixTools Uptime Monitoring Bot. https://hetrix.tools/uptime-monitoring-bot.html" 593 **0/593515**
104.194.8.169 - - [14/Mar/2026:11:07:09 -0700] "GET / HTTP/2.0" 200 39791 "-" "HetrixTools Uptime Monitoring Bot. https://hetrix.tools/uptime-monitoring-bot.html" 716 **0/716122**
123.27.7.159 - - [14/Mar/2026:11:07:14 -0700] "GET /wp-json/oembed/1.0/embed?url=https%3A%2F%2Ftodaysiplmatch.in%2Fipl%2Fipl-2020-final%2F HTTP/1.1" 200 2571 "-" "Mozilla/5.0 (Macintosh; Intel Mac OS X 10_14_6) AppleWebKit/537.36 (KHTML, like Gecko) Chrome/100.0.4896.75 Safari/537.36" 386 **0/386080**
216.73.216.186 - - [14/Mar/2026:11:07:18 -0700] "GET /top-betting-sites-in-india/futureplay HTTP/2.0" 301 1 "-" "Mozilla/5.0 AppleWebKit/537.36 (KHTML, like Gecko; compatible; ClaudeBot/1.0; +claudebot@anthropic.com)" 279 **0/279178**
216.73.216.186 - - [14/Mar/2026:11:07:18 -0700] "GET /top-betting-sites-in-india/bitsler HTTP/2.0" 301 1 "-" "Mozilla/5.0 AppleWebKit/537.36 (KHTML, like Gecko; compatible; ClaudeBot/1.0; +claudebot@anthropic.com)" 286 **0/286464**
94.154.159.133 - - [14/Mar/2026:11:07:17 -0700] "GET / HTTP/2.0" 200 39791 "-" "HetrixTools Uptime Monitoring Bot. https://hetrix.tools/uptime-monitoring-bot.html" 748 **0/748517**
216.73.216.186 - - [14/Mar/2026:11:07:18 -0700] "GET /top-betting-sites-in-india/bitsler/ HTTP/2.0" 200 30736 "https://todaysiplmatch.in/top-betting-sites-in-india/bitsler" "Mozilla/5.0 AppleWebKit/537.36 (KHTML, like Gecko; compatible; ClaudeBot/1.0; +claudebot@anthropic.com)" 562 **0/562054**
216.73.216.186 - - [14/Mar/2026:11:07:18 -0700] "GET /top-betting-sites-in-india/futureplay/ HTTP/2.0" 200 30588 "https://todaysiplmatch.in/top-betting-sites-in-india/futureplay" "Mozilla/5.0 AppleWebKit/537.36 (KHTML, like Gecko; compatible; ClaudeBot/1.0; +claudebot@anthropic.com)" 663 **0/663770**
216.73.216.186 - - [14/Mar/2026:11:07:19 -0700] "GET /ipl/ipl-betting-odds HTTP/2.0" 301 1 "-" "Mozilla/5.0 AppleWebKit/537.36 (KHTML, like Gecko; compatible; ClaudeBot/1.0; +claudebot@anthropic.com)" 279 **0/279798**
216.73.216.186 - - [14/Mar/2026:11:07:20 -0700] "GET /?p=32320 HTTP/2.0" 301 1 "-" "Mozilla/5.0 AppleWebKit/537.36 (KHTML, like Gecko; compatible; ClaudeBot/1.0; +claudebot@anthropic.com)" 337 **0/337669**
216.73.216.186 - - [14/Mar/2026:11:07:20 -0700] "GET /ipl/ipl-betting-odds-and-rates/ HTTP/2.0" 200 38726 "https://todaysiplmatch.in/ipl/ipl-betting-odds" "Mozilla/5.0 AppleWebKit/537.36 (KHTML, like Gecko; compatible; ClaudeBot/1.0; +claudebot@anthropic.com)" 795 **0/795921**
35.154.5.38 - - [14/Mar/2026:11:07:20 -0700] "GET / HTTP/2.0" 200 39791 "-" "HetrixTools Uptime Monitoring Bot. https://hetrix.tools/uptime-monitoring-bot.html" 908 **0/908848**
216.73.216.186 - - [14/Mar/2026:11:07:21 -0700] "GET /ipl/ipl-betting-market/ HTTP/2.0" 200 38017 "https://todaysiplmatch.in/?p=32320" "Mozilla/5.0 AppleWebKit/537.36 (KHTML, like Gecko; compatible; ClaudeBot/1.0; +claudebot@anthropic.com)" 725 **0/725487**
216.73.216.186 - - [14/Mar/2026:11:07:21 -0700] "GET /?p=28308 HTTP/2.0" 301 1 "-" "Mozilla/5.0 AppleWebKit/537.36 (KHTML, like Gecko; compatible; ClaudeBot/1.0; +claudebot@anthropic.com)" 299 **0/299703**
216.73.216.186 - - [14/Mar/2026:11:07:22 -0700] "GET /cricket-betting/ipl-betting/ HTTP/2.0" 200 44664 "https://todaysiplmatch.in/?p=28308" "Mozilla/5.0 AppleWebKit/537.36 (KHTML, like Gecko; compatible; ClaudeBot/1.0; +claudebot@anthropic.com)" 600 **0/600159**
107.152.46.252 - - [14/Mar/2026:11:07:25 -0700] "GET /orbit-betting-exchange/ HTTP/1.1" 200 34220 "https://todaysiplmatch.in/" "Mozilla/5.0 (Windows NT 10.0; WOW64) AppleWebKit/537.36 (KHTML, like Gecko) Chrome/114.0.0.0 YaBrowser/22.7.0 Yowser/2.5 Safari/537.36" 603 **0/603386**
2.189.5.142 - - [14/Mar/2026:11:07:32 -0700] "GET / HTTP/1.1" 200 367406 "-" "Mozilla/5.0 (iPhone; CPU iPhone OS 12_0 like Mac OS X) AppleWebKit/605.1.15 (KHTML, like Gecko) Version/12.0 Mobile/15E148 Safari/604.1" 1199 **1/1199494**
216.73.216.186 - - [14/Mar/2026:11:07:38 -0700] "GET /top-betting-sites-in-india/cobra HTTP/2.0" 301 1 "-" "Mozilla/5.0 AppleWebKit/537.36 (KHTML, like Gecko; compatible; ClaudeBot/1.0; +claudebot@anthropic.com)" 347 **0/347924**
216.73.216.186 - - [14/Mar/2026:11:07:38 -0700] "GET /top-betting-sites-in-india/gamdom HTTP/2.0" 301 1 "-" "Mozilla/5.0 AppleWebKit/537.36 (KHTML, like Gecko; compatible; ClaudeBot/1.0; +claudebot@anthropic.com)" 364 **0/364869**
216.73.216.186 - - [14/Mar/2026:11:07:38 -0700] "GET /top-betting-sites-in-india/cobra/ HTTP/2.0" 200 30503 "https://todaysiplmatch.in/top-betting-sites-in-india/cobra" "Mozilla/5.0 AppleWebKit/537.36 (KHTML, like Gecko; compatible; ClaudeBot/1.0; +claudebot@anthropic.com)" 603 **0/603874**
216.73.216.186 - - [14/Mar/2026:11:07:38 -0700] "GET /top-betting-sites-in-india/gamdom/ HTTP/2.0" 200 30640 "https://todaysiplmatch.in/top-betting-sites-in-india/gamdom" "Mozilla/5.0 AppleWebKit/537.36 (KHTML, like Gecko; compatible; ClaudeBot/1.0; +claudebot@anthropic.com)" 608 **0/608296**
216.73.216.186 - - [14/Mar/2026:11:07:39 -0700] "GET /top-betting-sites-in-india/greatwin HTTP/2.0" 301 1 "-" "Mozilla/5.0 AppleWebKit/537.36 (KHTML, like Gecko; compatible; ClaudeBot/1.0; +claudebot@anthropic.com)" 268 **0/268740**
216.73.216.186 - - [14/Mar/2026:11:07:40 -0700] "GET /top-betting-sites-in-india/m88 HTTP/2.0" 301 1 "-" "Mozilla/5.0 AppleWebKit/537.36 (KHTML, like Gecko; compatible; ClaudeBot/1.0; +claudebot@anthropic.com)" 308 **0/308739**
216.73.216.186 - - [14/Mar/2026:11:07:40 -0700] "GET /top-betting-sites-in-india/greatwin/ HTTP/2.0" 200 30715 "https://todaysiplmatch.in/top-betting-sites-in-india/greatwin" "Mozilla/5.0 AppleWebKit/537.36 (KHTML, like Gecko; compatible; ClaudeBot/1.0; +claudebot@anthropic.com)" 665 **0/665309**
216.73.216.186 - - [14/Mar/2026:11:07:40 -0700] "GET /top-betting-sites-in-india/m88/ HTTP/2.0" 200 30549 "https://todaysiplmatch.in/top-betting-sites-in-india/m88" "Mozilla/5.0 AppleWebKit/537.36 (KHTML, like Gecko; compatible; ClaudeBot/1.0; +claudebot@anthropic.com)" 652 **0/652587**
216.73.216.186 - - [14/Mar/2026:11:08:09 -0700] "GET /top-betting-sites-in-india/pari-pulse HTTP/2.0" 301 1 "-" "Mozilla/5.0 AppleWebKit/537.36 (KHTML, like Gecko; compatible; ClaudeBot/1.0; +claudebot@anthropic.com)" 304 **0/304572**
216.73.216.186 - - [14/Mar/2026:11:08:09 -0700] "GET /top-betting-sites-in-india/great-win HTTP/2.0" 301 1 "-" "Mozilla/5.0 AppleWebKit/537.36 (KHTML, like Gecko; compatible; ClaudeBot/1.0; +claudebot@anthropic.com)" 307 **0/307234**
216.73.216.186 - - [14/Mar/2026:11:08:10 -0700] "GET /top-betting-sites-in-india/great-win/ HTTP/2.0" 200 30611 "https://todaysiplmatch.in/top-betting-sites-in-india/great-win" "Mozilla/5.0 AppleWebKit/537.36 (KHTML, like Gecko; compatible; ClaudeBot/1.0; +claudebot@anthropic.com)" 645 **0/645201**
216.73.216.186 - - [14/Mar/2026:11:08:10 -0700] "GET /top-betting-sites-in-india/pari-pulse/ HTTP/2.0" 200 30276 "https://todaysiplmatch.in/top-betting-sites-in-india/pari-pulse" "Mozilla/5.0 AppleWebKit/537.36 (KHTML, like Gecko; compatible; ClaudeBot/1.0; +claudebot@anthropic.com)" 756 **0/756586**
185.38.148.144 - - [14/Mar/2026:11:08:10 -0700] "GET / HTTP/2.0" 200 39791 "-" "HetrixTools Uptime Monitoring Bot. https://hetrix.tools/uptime-monitoring-bot.html" 720 **0/720500**
216.73.216.186 - - [14/Mar/2026:11:08:11 -0700] "GET /top-betting-sites-in-india/paripesa HTTP/2.0" 301 1 "-" "Mozilla/5.0 AppleWebKit/537.36 (KHTML, like Gecko; compatible; ClaudeBot/1.0; +claudebot@anthropic.com)" 271 **0/271808**
216.73.216.186 - - [14/Mar/2026:11:08:11 -0700] "GET /top-betting-sites-in-india/w88 HTTP/2.0" 301 1 "-" "Mozilla/5.0 AppleWebKit/537.36 (KHTML, like Gecko; compatible; ClaudeBot/1.0; +claudebot@anthropic.com)" 255 **0/255752**
216.73.216.186 - - [14/Mar/2026:11:08:11 -0700] "GET /top-betting-sites-in-india/paripesa/ HTTP/2.0" 200 30530 "https://todaysiplmatch.in/top-betting-sites-in-india/paripesa" "Mozilla/5.0 AppleWebKit/537.36 (KHTML, like Gecko; compatible; ClaudeBot/1.0; +claudebot@anthropic.com)" 647 **0/647019**
216.73.216.186 - - [14/Mar/2026:11:08:12 -0700] "GET /top-betting-sites-in-india/w88/ HTTP/2.0" 200 30478 "https://todaysiplmatch.in/top-betting-sites-in-india/w88" "Mozilla/5.0 AppleWebKit/537.36 (KHTML, like Gecko; compatible; ClaudeBot/1.0; +claudebot@anthropic.com)" 680 **0/680498**
118.139.180.95 - - [14/Mar/2026:11:08:17 -0700] "POST /wp-cron.php?doing_wp_cron=1773511697.0697009563446044921875 HTTP/1.1" 200 - "-" "WordPress/6.9.4; https://todaysiplmatch.in" 23 **0/23771**
79.127.243.80 - - [14/Mar/2026:11:08:16 -0700] "GET / HTTP/2.0" 200 39791 "-" "HetrixTools Uptime Monitoring Bot. https://hetrix.tools/uptime-monitoring-bot.html" 917 **0/917583**
181.41.142.170 - - [14/Mar/2026:11:08:18 -0700] "GET / HTTP/2.0" 200 39791 "-" "HetrixTools Uptime Monitoring Bot. https://hetrix.tools/uptime-monitoring-bot.html" 832 **0/832153**
57.141.2.44 - - [14/Mar/2026:11:08:20 -0700] "GET /ipl/highest-score-in-ipl-history/ HTTP/2.0" 200 308405 "-" "meta-externalagent/1.1 (+https://developers.facebook.com/docs/sharing/webmasters/crawler)" 1367 **1/1367572**
23.106.180.172 - - [14/Mar/2026:11:08:23 -0700] "GET / HTTP/2.0" 200 39791 "-" "HetrixTools Uptime Monitoring Bot. https://hetrix.tools/uptime-monitoring-bot.html" 638 **0/638561**
216.73.216.186 - - [14/Mar/2026:11:09:05 -0700] "GET /top-betting-sites-in-india/10cric HTTP/2.0" 301 1 "-" "Mozilla/5.0 AppleWebKit/537.36 (KHTML, like Gecko; compatible; ClaudeBot/1.0; +claudebot@anthropic.com)" 315 **0/315731**
216.73.216.186 - - [14/Mar/2026:11:09:05 -0700] "GET /ipl/ipl-betting-market/feed HTTP/2.0" 301 1 "-" "Mozilla/5.0 AppleWebKit/537.36 (KHTML, like Gecko; compatible; ClaudeBot/1.0; +claudebot@anthropic.com)" 490 **0/490530**
216.73.216.186 - - [14/Mar/2026:11:09:06 -0700] "GET /ipl/ipl-betting-market/feed/ HTTP/2.0" 200 389 "https://todaysiplmatch.in/ipl/ipl-betting-market/feed" "Mozilla/5.0 AppleWebKit/537.36 (KHTML, like Gecko; compatible; ClaudeBot/1.0; +claudebot@anthropic.com)" 324 **0/324581**
216.73.216.186 - - [14/Mar/2026:11:09:06 -0700] "GET /top-betting-sites-in-india/10cric/ HTTP/2.0" 200 30654 "https://todaysiplmatch.in/top-betting-sites-in-india/10cric" "Mozilla/5.0 AppleWebKit/537.36 (KHTML, like Gecko; compatible; ClaudeBot/1.0; +claudebot@anthropic.com)" 603 **0/603978**
216.73.216.186 - - [14/Mar/2026:11:09:07 -0700] "GET /top-betting-sites-in-india/mglion HTTP/2.0" 301 1 "-" "Mozilla/5.0 AppleWebKit/537.36 (KHTML, like Gecko; compatible; ClaudeBot/1.0; +claudebot@anthropic.com)" 349 **0/349465**
216.73.216.186 - - [14/Mar/2026:11:09:08 -0700] "GET /top-betting-sites-in-india/roobet HTTP/2.0" 301 1 "-" "Mozilla/5.0 AppleWebKit/537.36 (KHTML, like Gecko; compatible; ClaudeBot/1.0; +claudebot@anthropic.com)" 354 **0/354889**
216.73.216.186 - - [14/Mar/2026:11:09:08 -0700] "GET /top-betting-sites-in-india/mglion/ HTTP/2.0" 200 30719 "https://todaysiplmatch.in/top-betting-sites-in-india/mglion" "Mozilla/5.0 AppleWebKit/537.36 (KHTML, like Gecko; compatible; ClaudeBot/1.0; +claudebot@anthropic.com)" 742 **0/742008**
216.73.216.186 - - [14/Mar/2026:11:09:08 -0700] "GET /top-betting-sites-in-india/roobet/ HTTP/2.0" 200 30768 "https://todaysiplmatch.in/top-betting-sites-in-india/roobet" "Mozilla/5.0 AppleWebKit/537.36 (KHTML, like Gecko; compatible; ClaudeBot/1.0; +claudebot@anthropic.com)" 643 **0/643714**
14.228.31.122 - - [14/Mar/2026:11:09:13 -0700] "GET /lottery-sambad/sikkim-lottery-sambad/ HTTP/1.1" 200 36400 "-" "Mozilla/5.0 (Macintosh; Intel Mac OS X 10_14_5) AppleWebKit/537.36 (KHTML, like Gecko) Chrome/74.0.3729.169 Safari/537.36" 528 **0/528874**
