74.7.242.172 - - [14/Mar/2026:09:16:18 -0700] "GET /wp-json/oembed/1.0/embed?format=xml&url=https%3A%2F%2Ftodaysiplmatch.in%2Fcricket-betting%2Fipl-betting%2Fipl-betting-in-madhya-pradesh%2F HTTP/2.0" 200 1159 "https://todaysiplmatch.in/cricket-betting/ipl-betting/ipl-betting-in-madhya-pradesh/" "Mozilla/5.0 (Macintosh; Intel Mac OS X 10_15_7) AppleWebKit/537.36 (KHTML, like Gecko) Chrome/131.0.0.0 Safari/537.36; compatible; OAI-SearchBot/1.3; +https://openai.com/searchbot" 359 **0/359911**
74.7.241.60 - - [14/Mar/2026:09:16:18 -0700] "GET /wp-json/oembed/1.0/embed?url=https%3A%2F%2Ftodaysiplmatch.in%2Fcricket-betting%2Fipl-betting%2Fipl-betting-in-andhra-pradesh%2F HTTP/2.0" 200 1127 "https://todaysiplmatch.in/cricket-betting/ipl-betting/ipl-betting-in-andhra-pradesh/" "Mozilla/5.0 AppleWebKit/537.36 (KHTML, like Gecko; compatible; GPTBot/1.3; +https://openai.com/gptbot)" 355 **0/355331**
74.7.229.3 - - [14/Mar/2026:09:16:19 -0700] "GET /wp-json/oembed/1.0/embed?url=https%3A%2F%2Ftodaysiplmatch.in%2Fcricket-betting%2Fipl-betting%2Fipl-betting-in-madhya-pradesh%2F HTTP/2.0" 200 1143 "https://todaysiplmatch.in/cricket-betting/ipl-betting/ipl-betting-in-madhya-pradesh/" "Mozilla/5.0 (Macintosh; Intel Mac OS X 10_15_7) AppleWebKit/537.36 (KHTML, like Gecko) Chrome/131.0.0.0 Safari/537.36; compatible; OAI-SearchBot/1.3; +https://openai.com/searchbot" 351 **0/351357**
74.7.241.60 - - [14/Mar/2026:09:16:19 -0700] "GET /wp-json/oembed/1.0/embed?format=xml&url=https%3A%2F%2Ftodaysiplmatch.in%2Fcricket-betting%2Fipl-betting%2Fipl-betting-in-andhra-pradesh%2F HTTP/2.0" 200 1138 "https://todaysiplmatch.in/cricket-betting/ipl-betting/ipl-betting-in-andhra-pradesh/" "Mozilla/5.0 AppleWebKit/537.36 (KHTML, like Gecko; compatible; GPTBot/1.3; +https://openai.com/gptbot)" 342 **0/342524**
74.7.241.60 - - [14/Mar/2026:09:16:20 -0700] "GET /?p=32818 HTTP/2.0" 301 1 "https://todaysiplmatch.in/cricket-betting/ipl-betting/ipl-betting-in-madhya-pradesh/" "Mozilla/5.0 AppleWebKit/537.36 (KHTML, like Gecko; compatible; GPTBot/1.3; +https://openai.com/gptbot)" 269 **0/269326**
74.7.229.128 - - [14/Mar/2026:09:16:20 -0700] "GET /wp-json/wp/v2/pages/32818 HTTP/2.0" 200 7018 "https://todaysiplmatch.in/cricket-betting/ipl-betting/ipl-betting-in-madhya-pradesh/" "Mozilla/5.0 (Macintosh; Intel Mac OS X 10_15_7) AppleWebKit/537.36 (KHTML, like Gecko) Chrome/131.0.0.0 Safari/537.36; compatible; OAI-SearchBot/1.3; +https://openai.com/searchbot" 415 **0/415588**
74.7.241.60 - - [14/Mar/2026:09:16:20 -0700] "GET /cricket-betting/ipl-betting/ipl-betting-in-madhya-pradesh/ HTTP/2.0" 200 33317 "https://todaysiplmatch.in/?p=32818" "Mozilla/5.0 AppleWebKit/537.36 (KHTML, like Gecko; compatible; GPTBot/1.3; +https://openai.com/gptbot)" 571 **0/571793**
74.7.243.32 - - [14/Mar/2026:09:16:21 -0700] "GET /wp-content/uploads/elementor/css/post-32818.css?ver=1773504973 HTTP/2.0" 200 194 "https://todaysiplmatch.in/cricket-betting/ipl-betting/ipl-betting-in-madhya-pradesh/" "Mozilla/5.0 (Macintosh; Intel Mac OS X 10_15_7) AppleWebKit/537.36 (KHTML, like Gecko) Chrome/131.0.0.0 Safari/537.36; compatible; OAI-SearchBot/1.3; +https://openai.com/searchbot" 10 **0/10010**
74.7.241.60 - - [14/Mar/2026:09:16:21 -0700] "GET /wp-content/uploads/elementor/css/post-31044.css?ver=1773504974 HTTP/2.0" 200 205 "https://todaysiplmatch.in/cricket-betting/ipl-betting/ipl-betting-in-andhra-pradesh/" "Mozilla/5.0 AppleWebKit/537.36 (KHTML, like Gecko; compatible; GPTBot/1.3; +https://openai.com/gptbot)" 11 **0/11890**
74.7.229.235 - - [14/Mar/2026:09:16:22 -0700] "GET /wp-json/wp/v2/pages/31044 HTTP/2.0" 200 7450 "https://todaysiplmatch.in/cricket-betting/ipl-betting/ipl-betting-in-andhra-pradesh/" "Mozilla/5.0 (Macintosh; Intel Mac OS X 10_15_7) AppleWebKit/537.36 (KHTML, like Gecko) Chrome/131.0.0.0 Safari/537.36; compatible; OAI-SearchBot/1.3; +https://openai.com/searchbot" 415 **0/415914**
74.7.229.9 - - [14/Mar/2026:09:16:23 -0700] "GET /wp-json/oembed/1.0/embed?format=xml&url=https%3A%2F%2Ftodaysiplmatch.in%2Fcricket-betting%2Fipl-betting%2Fipl-betting-in-andhra-pradesh%2F HTTP/2.0" 200 1136 "https://todaysiplmatch.in/cricket-betting/ipl-betting/ipl-betting-in-andhra-pradesh/" "Mozilla/5.0 (Macintosh; Intel Mac OS X 10_15_7) AppleWebKit/537.36 (KHTML, like Gecko) Chrome/131.0.0.0 Safari/537.36; compatible; OAI-SearchBot/1.3; +https://openai.com/searchbot" 300 **0/300733**
77.247.126.141 - - [14/Mar/2026:09:16:24 -0700] "GET / HTTP/2.0" 200 39791 "-" "HetrixTools Uptime Monitoring Bot. https://hetrix.tools/uptime-monitoring-bot.html" 759 **0/759790**
74.7.228.206 - - [14/Mar/2026:09:16:25 -0700] "GET /?p=31044 HTTP/2.0" 301 1 "https://todaysiplmatch.in/cricket-betting/ipl-betting/ipl-betting-in-andhra-pradesh/" "Mozilla/5.0 (Macintosh; Intel Mac OS X 10_15_7) AppleWebKit/537.36 (KHTML, like Gecko) Chrome/131.0.0.0 Safari/537.36; compatible; OAI-SearchBot/1.3; +https://openai.com/searchbot" 338 **0/338534**
74.7.228.206 - - [14/Mar/2026:09:16:25 -0700] "GET /cricket-betting/ipl-betting/ipl-betting-in-andhra-pradesh/ HTTP/2.0" 200 33752 "https://todaysiplmatch.in/?p=31044" "Mozilla/5.0 (Macintosh; Intel Mac OS X 10_15_7) AppleWebKit/537.36 (KHTML, like Gecko) Chrome/131.0.0.0 Safari/537.36; compatible; OAI-SearchBot/1.3; +https://openai.com/searchbot" 510 **0/510306**
74.7.242.172 - - [14/Mar/2026:09:16:28 -0700] "GET /wp-json/oembed/1.0/embed?url=https%3A%2F%2Ftodaysiplmatch.in%2Fcricket-betting%2Fipl-betting%2Fipl-betting-in-andhra-pradesh%2F HTTP/2.0" 200 1127 "https://todaysiplmatch.in/cricket-betting/ipl-betting/ipl-betting-in-andhra-pradesh/" "Mozilla/5.0 (Macintosh; Intel Mac OS X 10_15_7) AppleWebKit/537.36 (KHTML, like Gecko) Chrome/131.0.0.0 Safari/537.36; compatible; OAI-SearchBot/1.3; +https://openai.com/searchbot" 345 **0/345105**
74.7.241.60 - - [14/Mar/2026:09:16:28 -0700] "GET /?p=31044 HTTP/2.0" 301 1 "https://todaysiplmatch.in/cricket-betting/ipl-betting/ipl-betting-in-andhra-pradesh/" "Mozilla/5.0 AppleWebKit/537.36 (KHTML, like Gecko; compatible; GPTBot/1.3; +https://openai.com/gptbot)" 277 **0/277067**
74.7.229.9 - - [14/Mar/2026:09:16:28 -0700] "GET /cricket-betting/ipl-betting/ipl-betting-in-uttar-pradesh/ HTTP/2.0" 200 32814 "https://todaysiplmatch.in/ipl/most-dangerous-batsman-in-ipl/" "Mozilla/5.0 (Macintosh; Intel Mac OS X 10_15_7) AppleWebKit/537.36 (KHTML, like Gecko) Chrome/131.0.0.0 Safari/537.36; compatible; OAI-SearchBot/1.3; +https://openai.com/searchbot" 678 **0/678150**
74.7.241.60 - - [14/Mar/2026:09:16:29 -0700] "GET /cricket-betting/ipl-betting/ipl-betting-in-andhra-pradesh/ HTTP/2.0" 200 33752 "https://todaysiplmatch.in/?p=31044" "Mozilla/5.0 AppleWebKit/537.36 (KHTML, like Gecko; compatible; GPTBot/1.3; +https://openai.com/gptbot)" 519 **0/519340**
195.234.109.128 - - [14/Mar/2026:09:16:29 -0700] "GET /wp-content/uploads/2025/04/Meerut-City-Satta-King.webp HTTP/2.0" 200 136420 "-" "Photon/1.0" 180 **0/180853**
74.7.229.9 - - [14/Mar/2026:09:16:30 -0700] "GET /cricket-betting/ipl-betting/ipl-betting-in-daman-and-diu/ HTTP/2.0" 200 33339 "https://todaysiplmatch.in/ipl/most-dangerous-batsman-in-ipl/" "Mozilla/5.0 (Macintosh; Intel Mac OS X 10_15_7) AppleWebKit/537.36 (KHTML, like Gecko) Chrome/131.0.0.0 Safari/537.36; compatible; OAI-SearchBot/1.3; +https://openai.com/searchbot" 863 **0/863991**
74.7.241.60 - - [14/Mar/2026:09:16:30 -0700] "GET /ipl/highest-powerplay-score-in-ipl/ HTTP/2.0" 200 36712 "https://todaysiplmatch.in/?p=31044" "Mozilla/5.0 AppleWebKit/537.36 (KHTML, like Gecko; compatible; GPTBot/1.3; +https://openai.com/gptbot)" 830 **0/830480**
74.7.229.3 - - [14/Mar/2026:09:16:32 -0700] "GET /?p=33343 HTTP/2.0" 301 1 "https://todaysiplmatch.in/cricket-betting/ipl-betting/ipl-betting-in-uttar-pradesh/" "Mozilla/5.0 (Macintosh; Intel Mac OS X 10_15_7) AppleWebKit/537.36 (KHTML, like Gecko) Chrome/131.0.0.0 Safari/537.36; compatible; OAI-SearchBot/1.3; +https://openai.com/searchbot" 235 **0/235938**
74.7.241.60 - - [14/Mar/2026:09:16:31 -0700] "GET /ipl/most-runs-in-ipl/ HTTP/2.0" 200 38498 "https://todaysiplmatch.in/?p=31044" "Mozilla/5.0 AppleWebKit/537.36 (KHTML, like Gecko; compatible; GPTBot/1.3; +https://openai.com/gptbot)" 656 **0/656075**
74.7.241.60 - - [14/Mar/2026:09:16:32 -0700] "GET /wp-content/uploads/elementor/css/post-33343.css?ver=1773504989 HTTP/2.0" 200 214 "https://todaysiplmatch.in/cricket-betting/ipl-betting/ipl-betting-in-uttar-pradesh/" "Mozilla/5.0 AppleWebKit/537.36 (KHTML, like Gecko; compatible; GPTBot/1.3; +https://openai.com/gptbot)" 8 **0/8856**
74.7.229.3 - - [14/Mar/2026:09:16:32 -0700] "GET /cricket-betting/ipl-betting/ipl-betting-in-uttar-pradesh/ HTTP/2.0" 200 32814 "https://todaysiplmatch.in/?p=33343" "Mozilla/5.0 (Macintosh; Intel Mac OS X 10_15_7) AppleWebKit/537.36 (KHTML, like Gecko) Chrome/131.0.0.0 Safari/537.36; compatible; OAI-SearchBot/1.3; +https://openai.com/searchbot" 510 **0/510723**
74.7.241.60 - - [14/Mar/2026:09:16:33 -0700] "GET /wp-json/oembed/1.0/embed?format=xml&url=https%3A%2F%2Ftodaysiplmatch.in%2Fcricket-betting%2Fipl-betting%2Fipl-betting-in-uttar-pradesh%2F HTTP/2.0" 200 1156 "https://todaysiplmatch.in/cricket-betting/ipl-betting/ipl-betting-in-uttar-pradesh/" "Mozilla/5.0 AppleWebKit/537.36 (KHTML, like Gecko; compatible; GPTBot/1.3; +https://openai.com/gptbot)" 299 **0/299984**
74.7.241.60 - - [14/Mar/2026:09:16:33 -0700] "GET /wp-json/wp/v2/pages/33343 HTTP/2.0" 200 6480 "https://todaysiplmatch.in/cricket-betting/ipl-betting/ipl-betting-in-uttar-pradesh/" "Mozilla/5.0 AppleWebKit/537.36 (KHTML, like Gecko; compatible; GPTBot/1.3; +https://openai.com/gptbot)" 369 **0/369331**
74.7.229.48 - - [14/Mar/2026:09:16:34 -0700] "GET /wp-json/wp/v2/pages/33239 HTTP/2.0" 200 7049 "https://todaysiplmatch.in/cricket-betting/ipl-betting/ipl-betting-in-daman-and-diu/" "Mozilla/5.0 (Macintosh; Intel Mac OS X 10_15_7) AppleWebKit/537.36 (KHTML, like Gecko) Chrome/131.0.0.0 Safari/537.36; compatible; OAI-SearchBot/1.3; +https://openai.com/searchbot" 431 **0/431827**
74.7.241.60 - - [14/Mar/2026:09:16:34 -0700] "GET /cricket-betting/ipl-betting/ipl-betting-in-uttar-pradesh/todaysiplmatch.in/cricket-betting/ipl-betting/ HTTP/2.0" 301 1 "https://todaysiplmatch.in/cricket-betting/ipl-betting/ipl-betting-in-uttar-pradesh/" "Mozilla/5.0 AppleWebKit/537.36 (KHTML, like Gecko; compatible; GPTBot/1.3; +https://openai.com/gptbot)" 244 **0/244118**
74.7.229.3 - - [14/Mar/2026:09:16:34 -0700] "GET /wp-content/uploads/elementor/css/post-33343.css?ver=1773504989 HTTP/2.0" 200 214 "https://todaysiplmatch.in/cricket-betting/ipl-betting/ipl-betting-in-uttar-pradesh/" "Mozilla/5.0 (Macintosh; Intel Mac OS X 10_15_7) AppleWebKit/537.36 (KHTML, like Gecko) Chrome/131.0.0.0 Safari/537.36; compatible; OAI-SearchBot/1.3; +https://openai.com/searchbot" 12 **0/12224**
74.7.241.60 - - [14/Mar/2026:09:16:34 -0700] "GET /cricket-betting/ipl-betting/ HTTP/2.0" 200 44664 "https://todaysiplmatch.in/cricket-betting/ipl-betting/ipl-betting-in-uttar-pradesh/todaysiplmatch.in/cricket-betting/ipl-betting/" "Mozilla/5.0 AppleWebKit/537.36 (KHTML, like Gecko; compatible; GPTBot/1.3; +https://openai.com/gptbot)" 596 **0/596469**
74.7.241.60 - - [14/Mar/2026:09:16:35 -0700] "GET /wp-json/oembed/1.0/embed?url=https%3A%2F%2Ftodaysiplmatch.in%2Fcricket-betting%2Fipl-betting%2Fipl-betting-in-uttar-pradesh%2F HTTP/2.0" 200 1150 "https://todaysiplmatch.in/cricket-betting/ipl-betting/ipl-betting-in-uttar-pradesh/" "Mozilla/5.0 AppleWebKit/537.36 (KHTML, like Gecko; compatible; GPTBot/1.3; +https://openai.com/gptbot)" 286 **0/286824**
74.7.241.60 - - [14/Mar/2026:09:16:36 -0700] "GET /wp-content/uploads/elementor/css/post-33239.css?ver=1773504990 HTTP/2.0" 200 217 "https://todaysiplmatch.in/cricket-betting/ipl-betting/ipl-betting-in-daman-and-diu/" "Mozilla/5.0 AppleWebKit/537.36 (KHTML, like Gecko; compatible; GPTBot/1.3; +https://openai.com/gptbot)" 12 **0/12975**
74.7.229.235 - - [14/Mar/2026:09:16:36 -0700] "GET /wp-json/oembed/1.0/embed?format=xml&url=https%3A%2F%2Ftodaysiplmatch.in%2Fcricket-betting%2Fipl-betting%2Fipl-betting-in-uttar-pradesh%2F HTTP/2.0" 200 1156 "https://todaysiplmatch.in/cricket-betting/ipl-betting/ipl-betting-in-uttar-pradesh/" "Mozilla/5.0 (Macintosh; Intel Mac OS X 10_15_7) AppleWebKit/537.36 (KHTML, like Gecko) Chrome/131.0.0.0 Safari/537.36; compatible; OAI-SearchBot/1.3; +https://openai.com/searchbot" 330 **0/330705**
74.7.241.60 - - [14/Mar/2026:09:16:36 -0700] "GET /?p=33239 HTTP/2.0" 301 1 "https://todaysiplmatch.in/cricket-betting/ipl-betting/ipl-betting-in-daman-and-diu/" "Mozilla/5.0 AppleWebKit/537.36 (KHTML, like Gecko; compatible; GPTBot/1.3; +https://openai.com/gptbot)" 231 **0/231477**
74.7.229.128 - - [14/Mar/2026:09:16:37 -0700] "GET /wp-json/wp/v2/pages/33343 HTTP/2.0" 200 6480 "https://todaysiplmatch.in/cricket-betting/ipl-betting/ipl-betting-in-uttar-pradesh/" "Mozilla/5.0 (Macintosh; Intel Mac OS X 10_15_7) AppleWebKit/537.36 (KHTML, like Gecko) Chrome/131.0.0.0 Safari/537.36; compatible; OAI-SearchBot/1.3; +https://openai.com/searchbot" 361 **0/361346**
74.7.241.60 - - [14/Mar/2026:09:16:37 -0700] "GET /cricket-betting/ipl-betting/ipl-betting-in-daman-and-diu/ HTTP/2.0" 200 33339 "https://todaysiplmatch.in/?p=33239" "Mozilla/5.0 AppleWebKit/537.36 (KHTML, like Gecko; compatible; GPTBot/1.3; +https://openai.com/gptbot)" 548 **0/548702**
74.7.229.3 - - [14/Mar/2026:09:16:37 -0700] "GET /wp-json/oembed/1.0/embed?url=https%3A%2F%2Ftodaysiplmatch.in%2Fcricket-betting%2Fipl-betting%2Fipl-betting-in-uttar-pradesh%2F HTTP/2.0" 200 1150 "https://todaysiplmatch.in/cricket-betting/ipl-betting/ipl-betting-in-uttar-pradesh/" "Mozilla/5.0 (Macintosh; Intel Mac OS X 10_15_7) AppleWebKit/537.36 (KHTML, like Gecko) Chrome/131.0.0.0 Safari/537.36; compatible; OAI-SearchBot/1.3; +https://openai.com/searchbot" 297 **0/297687**
74.7.241.60 - - [14/Mar/2026:09:16:38 -0700] "GET /wp-json/oembed/1.0/embed?url=https%3A%2F%2Ftodaysiplmatch.in%2Fcricket-betting%2Fipl-betting%2Fipl-betting-in-daman-and-diu%2F HTTP/2.0" 200 1136 "https://todaysiplmatch.in/cricket-betting/ipl-betting/ipl-betting-in-daman-and-diu/" "Mozilla/5.0 AppleWebKit/537.36 (KHTML, like Gecko; compatible; GPTBot/1.3; +https://openai.com/gptbot)" 326 **0/326859**
74.7.229.48 - - [14/Mar/2026:09:16:38 -0700] "GET /wp-content/uploads/elementor/css/post-33239.css?ver=1773504990 HTTP/2.0" 200 217 "https://todaysiplmatch.in/cricket-betting/ipl-betting/ipl-betting-in-daman-and-diu/" "Mozilla/5.0 (Macintosh; Intel Mac OS X 10_15_7) AppleWebKit/537.36 (KHTML, like Gecko) Chrome/131.0.0.0 Safari/537.36; compatible; OAI-SearchBot/1.3; +https://openai.com/searchbot" 11 **0/11980**
74.7.241.60 - - [14/Mar/2026:09:16:38 -0700] "GET /wp-json/oembed/1.0/embed?format=xml&url=https%3A%2F%2Ftodaysiplmatch.in%2Fcricket-betting%2Fipl-betting%2Fipl-betting-in-daman-and-diu%2F HTTP/2.0" 200 1152 "https://todaysiplmatch.in/cricket-betting/ipl-betting/ipl-betting-in-daman-and-diu/" "Mozilla/5.0 AppleWebKit/537.36 (KHTML, like Gecko; compatible; GPTBot/1.3; +https://openai.com/gptbot)" 297 **0/297611**
74.7.241.60 - - [14/Mar/2026:09:16:39 -0700] "GET /?p=33343 HTTP/2.0" 301 1 "https://todaysiplmatch.in/cricket-betting/ipl-betting/ipl-betting-in-uttar-pradesh/" "Mozilla/5.0 AppleWebKit/537.36 (KHTML, like Gecko; compatible; GPTBot/1.3; +https://openai.com/gptbot)" 325 **0/325635**
74.7.242.172 - - [14/Mar/2026:09:16:39 -0700] "GET /?p=33239 HTTP/2.0" 301 1 "https://todaysiplmatch.in/cricket-betting/ipl-betting/ipl-betting-in-daman-and-diu/" "Mozilla/5.0 (Macintosh; Intel Mac OS X 10_15_7) AppleWebKit/537.36 (KHTML, like Gecko) Chrome/131.0.0.0 Safari/537.36; compatible; OAI-SearchBot/1.3; +https://openai.com/searchbot" 293 **0/293049**
74.7.241.60 - - [14/Mar/2026:09:16:39 -0700] "GET /cricket-betting/ipl-betting/ipl-betting-in-uttar-pradesh/ HTTP/2.0" 200 32814 "https://todaysiplmatch.in/?p=33343" "Mozilla/5.0 AppleWebKit/537.36 (KHTML, like Gecko; compatible; GPTBot/1.3; +https://openai.com/gptbot)" 684 **0/684123**
74.7.242.172 - - [14/Mar/2026:09:16:40 -0700] "GET /cricket-betting/ipl-betting/ipl-betting-in-daman-and-diu/ HTTP/2.0" 200 33339 "https://todaysiplmatch.in/?p=33239" "Mozilla/5.0 (Macintosh; Intel Mac OS X 10_15_7) AppleWebKit/537.36 (KHTML, like Gecko) Chrome/131.0.0.0 Safari/537.36; compatible; OAI-SearchBot/1.3; +https://openai.com/searchbot" 633 **0/633016**
74.7.241.60 - - [14/Mar/2026:09:16:40 -0700] "GET /wp-json/wp/v2/pages/33239 HTTP/2.0" 200 7049 "https://todaysiplmatch.in/cricket-betting/ipl-betting/ipl-betting-in-daman-and-diu/" "Mozilla/5.0 AppleWebKit/537.36 (KHTML, like Gecko; compatible; GPTBot/1.3; +https://openai.com/gptbot)" 425 **0/425466**
74.7.229.3 - - [14/Mar/2026:09:16:41 -0700] "GET /wp-json/oembed/1.0/embed?url=https%3A%2F%2Ftodaysiplmatch.in%2Fcricket-betting%2Fipl-betting%2Fipl-betting-in-daman-and-diu%2F HTTP/2.0" 200 1135 "https://todaysiplmatch.in/cricket-betting/ipl-betting/ipl-betting-in-daman-and-diu/" "Mozilla/5.0 (Macintosh; Intel Mac OS X 10_15_7) AppleWebKit/537.36 (KHTML, like Gecko) Chrome/131.0.0.0 Safari/537.36; compatible; OAI-SearchBot/1.3; +https://openai.com/searchbot" 322 **0/322491**
74.7.228.206 - - [14/Mar/2026:09:16:42 -0700] "GET /wp-json/oembed/1.0/embed?format=xml&url=https%3A%2F%2Ftodaysiplmatch.in%2Fcricket-betting%2Fipl-betting%2Fipl-betting-in-daman-and-diu%2F HTTP/2.0" 200 1151 "https://todaysiplmatch.in/cricket-betting/ipl-betting/ipl-betting-in-daman-and-diu/" "Mozilla/5.0 (Macintosh; Intel Mac OS X 10_15_7) AppleWebKit/537.36 (KHTML, like Gecko) Chrome/131.0.0.0 Safari/537.36; compatible; OAI-SearchBot/1.3; +https://openai.com/searchbot" 287 **0/287034**
74.7.242.172 - - [14/Mar/2026:09:16:43 -0700] "GET /cricket-betting/ipl-betting/ipl-betting-in-arunachal-pradesh/ HTTP/2.0" 200 32741 "https://todaysiplmatch.in/ipl/most-dangerous-batsman-in-ipl/" "Mozilla/5.0 (Macintosh; Intel Mac OS X 10_15_7) AppleWebKit/537.36 (KHTML, like Gecko) Chrome/131.0.0.0 Safari/537.36; compatible; OAI-SearchBot/1.3; +https://openai.com/searchbot" 717 **0/717486**
74.7.241.60 - - [14/Mar/2026:09:16:44 -0700] "GET /?p=33359 HTTP/2.0" 301 1 "https://todaysiplmatch.in/cricket-betting/ipl-betting/ipl-betting-in-arunachal-pradesh/" "Mozilla/5.0 AppleWebKit/537.36 (KHTML, like Gecko; compatible; GPTBot/1.3; +https://openai.com/gptbot)" 326 **0/326465**
74.7.229.235 - - [14/Mar/2026:09:16:44 -0700] "GET /cricket-betting/ipl-betting/ HTTP/2.0" 200 44664 "https://todaysiplmatch.in/ipl/most-dangerous-batsman-in-ipl/" "Mozilla/5.0 (Macintosh; Intel Mac OS X 10_15_7) AppleWebKit/537.36 (KHTML, like Gecko) Chrome/131.0.0.0 Safari/537.36; compatible; OAI-SearchBot/1.3; +https://openai.com/searchbot" 724 **0/724345**
74.7.241.60 - - [14/Mar/2026:09:16:45 -0700] "GET /cricket-betting/ipl-betting/ipl-betting-in-arunachal-pradesh/ HTTP/2.0" 200 32741 "https://todaysiplmatch.in/?p=33359" "Mozilla/5.0 AppleWebKit/537.36 (KHTML, like Gecko; compatible; GPTBot/1.3; +https://openai.com/gptbot)" 629 **0/629748**
74.7.229.3 - - [14/Mar/2026:09:16:46 -0700] "GET /wp-content/uploads/elementor/css/post-33359.css?ver=1773505003 HTTP/2.0" 200 215 "https://todaysiplmatch.in/cricket-betting/ipl-betting/ipl-betting-in-arunachal-pradesh/" "Mozilla/5.0 (Macintosh; Intel Mac OS X 10_15_7) AppleWebKit/537.36 (KHTML, like Gecko) Chrome/131.0.0.0 Safari/537.36; compatible; OAI-SearchBot/1.3; +https://openai.com/searchbot" 13 **0/13850**
74.7.241.60 - - [14/Mar/2026:09:16:46 -0700] "GET /cricket-betting/ipl-betting/ipl-betting-in-arunachal-pradesh/todaysiplmatch.in/cricket-betting/ipl-betting/ HTTP/2.0" 301 1 "https://todaysiplmatch.in/cricket-betting/ipl-betting/ipl-betting-in-arunachal-pradesh/" "Mozilla/5.0 AppleWebKit/537.36 (KHTML, like Gecko; compatible; GPTBot/1.3; +https://openai.com/gptbot)" 391 **0/391297**
216.73.216.186 - - [14/Mar/2026:09:16:46 -0700] "GET /world-cup/t20-world-cup-schedule/feed HTTP/2.0" 301 1 "-" "Mozilla/5.0 AppleWebKit/537.36 (KHTML, like Gecko; compatible; ClaudeBot/1.0; +claudebot@anthropic.com)" 371 **0/371578**
216.73.216.186 - - [14/Mar/2026:09:16:46 -0700] "GET /articles/ipl/rishabh-pant-ipl HTTP/2.0" 301 1 "-" "Mozilla/5.0 AppleWebKit/537.36 (KHTML, like Gecko; compatible; ClaudeBot/1.0; +claudebot@anthropic.com)" 406 **0/406014**
74.7.241.60 - - [14/Mar/2026:09:16:47 -0700] "GET /cricket-betting/ipl-betting/ HTTP/2.0" 200 44664 "https://todaysiplmatch.in/cricket-betting/ipl-betting/ipl-betting-in-arunachal-pradesh/todaysiplmatch.in/cricket-betting/ipl-betting/" "Mozilla/5.0 AppleWebKit/537.36 (KHTML, like Gecko; compatible; GPTBot/1.3; +https://openai.com/gptbot)" 700 **0/700028**
74.7.243.32 - - [14/Mar/2026:09:16:47 -0700] "GET /?p=33359 HTTP/2.0" 301 1 "https://todaysiplmatch.in/cricket-betting/ipl-betting/ipl-betting-in-arunachal-pradesh/" "Mozilla/5.0 (Macintosh; Intel Mac OS X 10_15_7) AppleWebKit/537.36 (KHTML, like Gecko) Chrome/131.0.0.0 Safari/537.36; compatible; OAI-SearchBot/1.3; +https://openai.com/searchbot" 377 **0/377053**
216.73.216.186 - - [14/Mar/2026:09:16:47 -0700] "GET /world-cup/t20-world-cup-schedule/feed/ HTTP/2.0" 200 396 "https://todaysiplmatch.in/world-cup/t20-world-cup-schedule/feed" "Mozilla/5.0 AppleWebKit/537.36 (KHTML, like Gecko; compatible; ClaudeBot/1.0; +claudebot@anthropic.com)" 388 **0/388253**
74.7.241.60 - - [14/Mar/2026:09:16:48 -0700] "GET /wp-json/oembed/1.0/embed?url=https%3A%2F%2Ftodaysiplmatch.in%2Fcricket-betting%2Fipl-betting%2Fipl-betting-in-arunachal-pradesh%2F HTTP/2.0" 200 1147 "https://todaysiplmatch.in/cricket-betting/ipl-betting/ipl-betting-in-arunachal-pradesh/" "Mozilla/5.0 AppleWebKit/537.36 (KHTML, like Gecko; compatible; GPTBot/1.3; +https://openai.com/gptbot)" 421 **0/421572**
216.73.216.186 - - [14/Mar/2026:09:16:47 -0700] "GET /ipl/rishabh-pant-ipl/ HTTP/2.0" 200 38123 "https://todaysiplmatch.in/articles/ipl/rishabh-pant-ipl" "Mozilla/5.0 AppleWebKit/537.36 (KHTML, like Gecko; compatible; ClaudeBot/1.0; +claudebot@anthropic.com)" 903 **0/903418**
74.7.243.32 - - [14/Mar/2026:09:16:48 -0700] "GET /cricket-betting/ipl-betting/ipl-betting-in-arunachal-pradesh/ HTTP/2.0" 200 32741 "https://todaysiplmatch.in/?p=33359" "Mozilla/5.0 (Macintosh; Intel Mac OS X 10_15_7) AppleWebKit/537.36 (KHTML, like Gecko) Chrome/131.0.0.0 Safari/537.36; compatible; OAI-SearchBot/1.3; +https://openai.com/searchbot" 715 **0/715019**
74.7.241.60 - - [14/Mar/2026:09:16:48 -0700] "GET /wp-json/oembed/1.0/embed?format=xml&url=https%3A%2F%2Ftodaysiplmatch.in%2Fcricket-betting%2Fipl-betting%2Fipl-betting-in-arunachal-pradesh%2F HTTP/2.0" 200 1166 "https://todaysiplmatch.in/cricket-betting/ipl-betting/ipl-betting-in-arunachal-pradesh/" "Mozilla/5.0 AppleWebKit/537.36 (KHTML, like Gecko; compatible; GPTBot/1.3; +https://openai.com/gptbot)" 339 **0/339504**
74.7.241.60 - - [14/Mar/2026:09:16:49 -0700] "GET /wp-json/wp/v2/pages/33359 HTTP/2.0" 200 6401 "https://todaysiplmatch.in/cricket-betting/ipl-betting/ipl-betting-in-arunachal-pradesh/" "Mozilla/5.0 AppleWebKit/537.36 (KHTML, like Gecko; compatible; GPTBot/1.3; +https://openai.com/gptbot)" 396 **0/396266**
74.7.229.235 - - [14/Mar/2026:09:16:49 -0700] "GET /cricket-betting/wcl-betting/ HTTP/2.0" 200 34375 "https://todaysiplmatch.in/ipl/most-dangerous-batsman-in-ipl/" "Mozilla/5.0 (Macintosh; Intel Mac OS X 10_15_7) AppleWebKit/537.36 (KHTML, like Gecko) Chrome/131.0.0.0 Safari/537.36; compatible; OAI-SearchBot/1.3; +https://openai.com/searchbot" 611 **0/611813**
74.7.241.60 - - [14/Mar/2026:09:16:50 -0700] "GET /wp-content/uploads/elementor/css/post-33359.css?ver=1773505003 HTTP/2.0" 200 215 "https://todaysiplmatch.in/cricket-betting/ipl-betting/ipl-betting-in-arunachal-pradesh/" "Mozilla/5.0 AppleWebKit/537.36 (KHTML, like Gecko; compatible; GPTBot/1.3; +https://openai.com/gptbot)" 8 **0/8920**
74.7.243.32 - - [14/Mar/2026:09:16:50 -0700] "GET /wp-json/oembed/1.0/embed?url=https%3A%2F%2Ftodaysiplmatch.in%2Fcricket-betting%2Fipl-betting%2Fipl-betting-in-arunachal-pradesh%2F HTTP/2.0" 200 1148 "https://todaysiplmatch.in/cricket-betting/ipl-betting/ipl-betting-in-arunachal-pradesh/" "Mozilla/5.0 (Macintosh; Intel Mac OS X 10_15_7) AppleWebKit/537.36 (KHTML, like Gecko) Chrome/131.0.0.0 Safari/537.36; compatible; OAI-SearchBot/1.3; +https://openai.com/searchbot" 322 **0/322445**
74.7.241.60 - - [14/Mar/2026:09:16:50 -0700] "GET /t20-betting/ HTTP/2.0" 301 1 "https://todaysiplmatch.in/cricket-betting/wcl-betting/" "Mozilla/5.0 AppleWebKit/537.36 (KHTML, like Gecko; compatible; GPTBot/1.3; +https://openai.com/gptbot)" 250 **0/250685**
74.7.242.172 - - [14/Mar/2026:09:16:51 -0700] "GET /wp-json/oembed/1.0/embed?format=xml&url=https%3A%2F%2Ftodaysiplmatch.in%2Fcricket-betting%2Fipl-betting%2Fipl-betting-in-arunachal-pradesh%2F HTTP/2.0" 200 1166 "https://todaysiplmatch.in/cricket-betting/ipl-betting/ipl-betting-in-arunachal-pradesh/" "Mozilla/5.0 (Macintosh; Intel Mac OS X 10_15_7) AppleWebKit/537.36 (KHTML, like Gecko) Chrome/131.0.0.0 Safari/537.36; compatible; OAI-SearchBot/1.3; +https://openai.com/searchbot" 442 **0/442729**
74.7.241.60 - - [14/Mar/2026:09:16:51 -0700] "GET /cricket-betting/t20-betting/ HTTP/2.0" 200 36305 "https://todaysiplmatch.in/t20-betting/" "Mozilla/5.0 AppleWebKit/537.36 (KHTML, like Gecko; compatible; GPTBot/1.3; +https://openai.com/gptbot)" 708 **0/708920**
74.7.241.60 - - [14/Mar/2026:09:16:52 -0700] "GET /wp-json/oembed/1.0/embed?format=xml&url=https%3A%2F%2Ftodaysiplmatch.in%2Fcricket-betting%2Fwcl-betting%2F HTTP/2.0" 200 1132 "https://todaysiplmatch.in/cricket-betting/wcl-betting/" "Mozilla/5.0 AppleWebKit/537.36 (KHTML, like Gecko; compatible; GPTBot/1.3; +https://openai.com/gptbot)" 301 **0/301482**
74.7.241.60 - - [14/Mar/2026:09:16:52 -0700] "GET /wp-content/uploads/elementor/css/post-28090.css?ver=1773483894 HTTP/2.0" 200 593 "https://todaysiplmatch.in/cricket-betting/wcl-betting/" "Mozilla/5.0 AppleWebKit/537.36 (KHTML, like Gecko; compatible; GPTBot/1.3; +https://openai.com/gptbot)" 11 **0/11879**
74.7.229.9 - - [14/Mar/2026:09:16:52 -0700] "GET /wp-json/wp/v2/pages/33359 HTTP/2.0" 200 6401 "https://todaysiplmatch.in/cricket-betting/ipl-betting/ipl-betting-in-arunachal-pradesh/" "Mozilla/5.0 (Macintosh; Intel Mac OS X 10_15_7) AppleWebKit/537.36 (KHTML, like Gecko) Chrome/131.0.0.0 Safari/537.36; compatible; OAI-SearchBot/1.3; +https://openai.com/searchbot" 386 **0/386102**
74.7.241.60 - - [14/Mar/2026:09:16:53 -0700] "GET /?p=28090 HTTP/2.0" 301 1 "https://todaysiplmatch.in/cricket-betting/wcl-betting/" "Mozilla/5.0 AppleWebKit/537.36 (KHTML, like Gecko; compatible; GPTBot/1.3; +https://openai.com/gptbot)" 238 **0/238906**
74.7.241.60 - - [14/Mar/2026:09:16:53 -0700] "GET /cricket-betting/wcl-betting/ HTTP/2.0" 200 34375 "https://todaysiplmatch.in/?p=28090" "Mozilla/5.0 AppleWebKit/537.36 (KHTML, like Gecko; compatible; GPTBot/1.3; +https://openai.com/gptbot)" 587 **0/587068**
74.7.229.128 - - [14/Mar/2026:09:16:53 -0700] "GET /cricket-betting/ipl-betting/ipl-betting-in-sikkim/ HTTP/2.0" 200 33868 "https://todaysiplmatch.in/ipl/most-dangerous-batsman-in-ipl/" "Mozilla/5.0 (Macintosh; Intel Mac OS X 10_15_7) AppleWebKit/537.36 (KHTML, like Gecko) Chrome/131.0.0.0 Safari/537.36; compatible; OAI-SearchBot/1.3; +https://openai.com/searchbot" 795 **0/795738**
74.7.241.60 - - [14/Mar/2026:09:16:54 -0700] "GET /wp-json/oembed/1.0/embed?url=https%3A%2F%2Ftodaysiplmatch.in%2Fcricket-betting%2Fwcl-betting%2F HTTP/2.0" 200 1128 "https://todaysiplmatch.in/cricket-betting/wcl-betting/" "Mozilla/5.0 AppleWebKit/537.36 (KHTML, like Gecko; compatible; GPTBot/1.3; +https://openai.com/gptbot)" 371 **0/371429**
74.7.241.60 - - [14/Mar/2026:09:16:55 -0700] "GET /wp-json/wp/v2/pages/28090 HTTP/2.0" 200 8064 "https://todaysiplmatch.in/cricket-betting/wcl-betting/" "Mozilla/5.0 AppleWebKit/537.36 (KHTML, like Gecko; compatible; GPTBot/1.3; +https://openai.com/gptbot)" 440 **0/440402**
74.7.241.60 - - [14/Mar/2026:09:16:56 -0700] "GET /wp-content/uploads/elementor/css/post-27818.css?ver=1773478610 HTTP/2.0" 200 614 "https://todaysiplmatch.in/t20-betting/" "Mozilla/5.0 AppleWebKit/537.36 (KHTML, like Gecko; compatible; GPTBot/1.3; +https://openai.com/gptbot)" 11 **0/11781**
74.7.229.48 - - [14/Mar/2026:09:16:55 -0700] "GET /wp-json/oembed/1.0/embed?format=xml&url=https%3A%2F%2Ftodaysiplmatch.in%2Fcricket-betting%2Fwcl-betting%2F HTTP/2.0" 200 1132 "https://todaysiplmatch.in/cricket-betting/wcl-betting/" "Mozilla/5.0 (Macintosh; Intel Mac OS X 10_15_7) AppleWebKit/537.36 (KHTML, like Gecko) Chrome/131.0.0.0 Safari/537.36; compatible; OAI-SearchBot/1.3; +https://openai.com/searchbot" 300 **0/300076**
74.7.241.60 - - [14/Mar/2026:09:16:56 -0700] "GET /wp-json/wp/v2/pages/27818 HTTP/2.0" 200 10019 "https://todaysiplmatch.in/t20-betting/" "Mozilla/5.0 AppleWebKit/537.36 (KHTML, like Gecko; compatible; GPTBot/1.3; +https://openai.com/gptbot)" 487 **0/487634**
74.7.229.3 - - [14/Mar/2026:09:16:57 -0700] "GET /wp-content/uploads/elementor/css/post-28090.css?ver=1773483894 HTTP/2.0" 200 593 "https://todaysiplmatch.in/cricket-betting/wcl-betting/" "Mozilla/5.0 (Macintosh; Intel Mac OS X 10_15_7) AppleWebKit/537.36 (KHTML, like Gecko) Chrome/131.0.0.0 Safari/537.36; compatible; OAI-SearchBot/1.3; +https://openai.com/searchbot" 11 **0/11294**
74.7.241.60 - - [14/Mar/2026:09:16:57 -0700] "GET /wp-json/oembed/1.0/embed?url=https%3A%2F%2Ftodaysiplmatch.in%2Fcricket-betting%2Ft20-betting%2F HTTP/2.0" 200 1141 "https://todaysiplmatch.in/t20-betting/" "Mozilla/5.0 AppleWebKit/537.36 (KHTML, like Gecko; compatible; GPTBot/1.3; +https://openai.com/gptbot)" 337 **0/337271**
74.7.241.60 - - [14/Mar/2026:09:16:58 -0700] "GET /wp-json/oembed/1.0/embed?format=xml&url=https%3A%2F%2Ftodaysiplmatch.in%2Fcricket-betting%2Ft20-betting%2F HTTP/2.0" 200 1147 "https://todaysiplmatch.in/t20-betting/" "Mozilla/5.0 AppleWebKit/537.36 (KHTML, like Gecko; compatible; GPTBot/1.3; +https://openai.com/gptbot)" 356 **0/356176**
74.7.229.235 - - [14/Mar/2026:09:16:58 -0700] "GET /?p=28090 HTTP/2.0" 301 1 "https://todaysiplmatch.in/cricket-betting/wcl-betting/" "Mozilla/5.0 (Macintosh; Intel Mac OS X 10_15_7) AppleWebKit/537.36 (KHTML, like Gecko) Chrome/131.0.0.0 Safari/537.36; compatible; OAI-SearchBot/1.3; +https://openai.com/searchbot" 312 **0/312063**
74.7.241.60 - - [14/Mar/2026:09:16:58 -0700] "GET /?p=27818 HTTP/2.0" 301 1 "https://todaysiplmatch.in/t20-betting/" "Mozilla/5.0 AppleWebKit/537.36 (KHTML, like Gecko; compatible; GPTBot/1.3; +https://openai.com/gptbot)" 283 **0/283661**
74.7.229.235 - - [14/Mar/2026:09:16:58 -0700] "GET /cricket-betting/wcl-betting/ HTTP/2.0" 200 34375 "https://todaysiplmatch.in/?p=28090" "Mozilla/5.0 (Macintosh; Intel Mac OS X 10_15_7) AppleWebKit/537.36 (KHTML, like Gecko) Chrome/131.0.0.0 Safari/537.36; compatible; OAI-SearchBot/1.3; +https://openai.com/searchbot" 610 **0/610685**
74.7.241.60 - - [14/Mar/2026:09:16:59 -0700] "GET /cricket-betting/t20-betting/ HTTP/2.0" 200 36305 "https://todaysiplmatch.in/?p=27818" "Mozilla/5.0 AppleWebKit/537.36 (KHTML, like Gecko; compatible; GPTBot/1.3; +https://openai.com/gptbot)" 613 **0/613464**
74.7.241.60 - - [14/Mar/2026:09:17:00 -0700] "GET /wp-json/oembed/1.0/embed?format=xml&url=https%3A%2F%2Ftodaysiplmatch.in%2Fcricket-betting%2Fipl-betting%2Fipl-betting-in-sikkim%2F HTTP/2.0" 200 1139 "https://todaysiplmatch.in/cricket-betting/ipl-betting/ipl-betting-in-sikkim/" "Mozilla/5.0 AppleWebKit/537.36 (KHTML, like Gecko; compatible; GPTBot/1.3; +https://openai.com/gptbot)" 462 **0/462585**
74.7.243.32 - - [14/Mar/2026:09:17:00 -0700] "GET /wp-json/oembed/1.0/embed?url=https%3A%2F%2Ftodaysiplmatch.in%2Fcricket-betting%2Fwcl-betting%2F HTTP/2.0" 200 1130 "https://todaysiplmatch.in/cricket-betting/wcl-betting/" "Mozilla/5.0 (Macintosh; Intel Mac OS X 10_15_7) AppleWebKit/537.36 (KHTML, like Gecko) Chrome/131.0.0.0 Safari/537.36; compatible; OAI-SearchBot/1.3; +https://openai.com/searchbot" 382 **0/382412**
74.7.241.60 - - [14/Mar/2026:09:17:00 -0700] "GET /wp-json/oembed/1.0/embed?url=https%3A%2F%2Ftodaysiplmatch.in%2Fcricket-betting%2Fipl-betting%2Fipl-betting-in-sikkim%2F HTTP/2.0" 200 1139 "https://todaysiplmatch.in/cricket-betting/ipl-betting/ipl-betting-in-sikkim/" "Mozilla/5.0 AppleWebKit/537.36 (KHTML, like Gecko; compatible; GPTBot/1.3; +https://openai.com/gptbot)" 382 **0/382255**
74.7.243.32 - - [14/Mar/2026:09:17:01 -0700] "GET /wp-json/wp/v2/pages/28090 HTTP/2.0" 200 8064 "https://todaysiplmatch.in/cricket-betting/wcl-betting/" "Mozilla/5.0 (Macintosh; Intel Mac OS X 10_15_7) AppleWebKit/537.36 (KHTML, like Gecko) Chrome/131.0.0.0 Safari/537.36; compatible; OAI-SearchBot/1.3; +https://openai.com/searchbot" 836 **0/836677**
74.7.241.60 - - [14/Mar/2026:09:17:01 -0700] "GET /?p=31084 HTTP/2.0" 301 1 "https://todaysiplmatch.in/cricket-betting/ipl-betting/ipl-betting-in-sikkim/" "Mozilla/5.0 AppleWebKit/537.36 (KHTML, like Gecko; compatible; GPTBot/1.3; +https://openai.com/gptbot)" 825 **0/825653**
216.73.216.186 - - [14/Mar/2026:09:17:03 -0700] "GET /world-cup/t20-world-cup-highest-runs/feed HTTP/2.0" 301 1 "-" "Mozilla/5.0 AppleWebKit/537.36 (KHTML, like Gecko; compatible; ClaudeBot/1.0; +claudebot@anthropic.com)" 621 **0/621410**
216.73.216.186 - - [14/Mar/2026:09:17:03 -0700] "GET /world-cup/t20-world-cup-tickets HTTP/2.0" 301 1 "-" "Mozilla/5.0 AppleWebKit/537.36 (KHTML, like Gecko; compatible; ClaudeBot/1.0; +claudebot@anthropic.com)" 748 **0/748751**
74.7.241.60 - - [14/Mar/2026:09:17:02 -0700] "GET /cricket-betting/ipl-betting/ipl-betting-in-sikkim/ HTTP/2.0" 200 33868 "https://todaysiplmatch.in/?p=31084" "Mozilla/5.0 AppleWebKit/537.36 (KHTML, like Gecko; compatible; GPTBot/1.3; +https://openai.com/gptbot)" 1331 **1/1331021**
74.7.229.3 - - [14/Mar/2026:09:17:03 -0700] "GET /cricket-betting/ipl-betting/ipl-betting-in-west-bengal/ HTTP/2.0" 200 32522 "https://todaysiplmatch.in/ipl/most-dangerous-batsman-in-ipl/" "Mozilla/5.0 (Macintosh; Intel Mac OS X 10_15_7) AppleWebKit/537.36 (KHTML, like Gecko) Chrome/131.0.0.0 Safari/537.36; compatible; OAI-SearchBot/1.3; +https://openai.com/searchbot" 1016 **1/1016066**
216.73.216.186 - - [14/Mar/2026:09:17:04 -0700] "GET /world-cup/t20-world-cup-highest-runs/feed/ HTTP/2.0" 200 412 "https://todaysiplmatch.in/world-cup/t20-world-cup-highest-runs/feed" "Mozilla/5.0 AppleWebKit/537.36 (KHTML, like Gecko; compatible; ClaudeBot/1.0; +claudebot@anthropic.com)" 508 **0/508829**
74.7.241.60 - - [14/Mar/2026:09:17:04 -0700] "GET /wp-json/wp/v2/pages/31084 HTTP/2.0" 200 7540 "https://todaysiplmatch.in/cricket-betting/ipl-betting/ipl-betting-in-sikkim/" "Mozilla/5.0 AppleWebKit/537.36 (KHTML, like Gecko; compatible; GPTBot/1.3; +https://openai.com/gptbot)" 603 **0/603803**
216.73.216.186 - - [14/Mar/2026:09:17:04 -0700] "GET /world-cup/t20-world-cup-tickets/ HTTP/2.0" 200 36032 "https://todaysiplmatch.in/world-cup/t20-world-cup-tickets" "Mozilla/5.0 AppleWebKit/537.36 (KHTML, like Gecko; compatible; ClaudeBot/1.0; +claudebot@anthropic.com)" 964 **0/964628**
74.7.241.60 - - [14/Mar/2026:09:17:05 -0700] "GET /wp-content/uploads/elementor/css/post-31084.css?ver=1773505014 HTTP/2.0" 200 215 "https://todaysiplmatch.in/cricket-betting/ipl-betting/ipl-betting-in-sikkim/" "Mozilla/5.0 AppleWebKit/537.36 (KHTML, like Gecko; compatible; GPTBot/1.3; +https://openai.com/gptbot)" 16 **0/16292**
74.7.242.172 - - [14/Mar/2026:09:17:05 -0700] "GET /cricket-betting/ipl-betting/ipl-betting-in-bihar/ HTTP/2.0" 200 34051 "https://todaysiplmatch.in/ipl/most-dangerous-batsman-in-ipl/" "Mozilla/5.0 (Macintosh; Intel Mac OS X 10_15_7) AppleWebKit/537.36 (KHTML, like Gecko) Chrome/131.0.0.0 Safari/537.36; compatible; OAI-SearchBot/1.3; +https://openai.com/searchbot" 983 **0/983464**
74.7.241.60 - - [14/Mar/2026:09:17:05 -0700] "GET /wp-json/wp/v2/pages/33324 HTTP/2.0" 200 6179 "https://todaysiplmatch.in/cricket-betting/ipl-betting/ipl-betting-in-west-bengal/" "Mozilla/5.0 AppleWebKit/537.36 (KHTML, like Gecko; compatible; GPTBot/1.3; +https://openai.com/gptbot)" 546 **0/546698**
74.7.241.60 - - [14/Mar/2026:09:17:06 -0700] "GET /cricket-betting/ipl-betting/ipl-betting-in-west-bengal/todaysiplmatch.in/cricket-betting/ipl-betting/ HTTP/2.0" 301 1 "https://todaysiplmatch.in/cricket-betting/ipl-betting/ipl-betting-in-west-bengal/" "Mozilla/5.0 AppleWebKit/537.36 (KHTML, like Gecko; compatible; GPTBot/1.3; +https://openai.com/gptbot)" 338 **0/338716**
77.247.126.141 - - [14/Mar/2026:09:17:06 -0700] "GET / HTTP/2.0" 200 39791 "-" "HetrixTools Uptime Monitoring Bot. https://hetrix.tools/uptime-monitoring-bot.html" 962 **0/962057**
74.7.228.206 - - [14/Mar/2026:09:17:07 -0700] "GET /wp-json/oembed/1.0/embed?format=xml&url=https%3A%2F%2Ftodaysiplmatch.in%2Fcricket-betting%2Fipl-betting%2Fipl-betting-in-sikkim%2F HTTP/2.0" 200 1140 "https://todaysiplmatch.in/cricket-betting/ipl-betting/ipl-betting-in-sikkim/" "Mozilla/5.0 (Macintosh; Intel Mac OS X 10_15_7) AppleWebKit/537.36 (KHTML, like Gecko) Chrome/131.0.0.0 Safari/537.36; compatible; OAI-SearchBot/1.3; +https://openai.com/searchbot" 368 **0/368127**
74.7.241.60 - - [14/Mar/2026:09:17:07 -0700] "GET /cricket-betting/ipl-betting/ HTTP/2.0" 200 44664 "https://todaysiplmatch.in/cricket-betting/ipl-betting/ipl-betting-in-west-bengal/todaysiplmatch.in/cricket-betting/ipl-betting/" "Mozilla/5.0 AppleWebKit/537.36 (KHTML, like Gecko; compatible; GPTBot/1.3; +https://openai.com/gptbot)" 791 **0/791147**
74.7.241.60 - - [14/Mar/2026:09:17:08 -0700] "GET /wp-content/uploads/elementor/css/post-33324.css?ver=1773505023 HTTP/2.0" 200 215 "https://todaysiplmatch.in/cricket-betting/ipl-betting/ipl-betting-in-west-bengal/" "Mozilla/5.0 AppleWebKit/537.36 (KHTML, like Gecko; compatible; GPTBot/1.3; +https://openai.com/gptbot)" 19 **0/19134**
74.7.229.128 - - [14/Mar/2026:09:17:08 -0700] "GET /wp-json/oembed/1.0/embed?url=https%3A%2F%2Ftodaysiplmatch.in%2Fcricket-betting%2Fipl-betting%2Fipl-betting-in-sikkim%2F HTTP/2.0" 200 1138 "https://todaysiplmatch.in/cricket-betting/ipl-betting/ipl-betting-in-sikkim/" "Mozilla/5.0 (Macintosh; Intel Mac OS X 10_15_7) AppleWebKit/537.36 (KHTML, like Gecko) Chrome/131.0.0.0 Safari/537.36; compatible; OAI-SearchBot/1.3; +https://openai.com/searchbot" 325 **0/325165**
74.7.241.60 - - [14/Mar/2026:09:17:08 -0700] "GET /?p=33324 HTTP/2.0" 301 1 "https://todaysiplmatch.in/cricket-betting/ipl-betting/ipl-betting-in-west-bengal/" "Mozilla/5.0 AppleWebKit/537.36 (KHTML, like Gecko; compatible; GPTBot/1.3; +https://openai.com/gptbot)" 272 **0/272359**
94.72.181.90 - - [14/Mar/2026:09:17:09 -0700] "GET / HTTP/2.0" 200 39791 "-" "HetrixTools Uptime Monitoring Bot. https://hetrix.tools/uptime-monitoring-bot.html" 703 **0/703006**
74.7.241.60 - - [14/Mar/2026:09:17:09 -0700] "GET /cricket-betting/ipl-betting/ipl-betting-in-west-bengal/ HTTP/2.0" 200 32522 "https://todaysiplmatch.in/?p=33324" "Mozilla/5.0 AppleWebKit/537.36 (KHTML, like Gecko; compatible; GPTBot/1.3; +https://openai.com/gptbot)" 575 **0/575698**
74.7.229.48 - - [14/Mar/2026:09:17:10 -0700] "GET /?p=31084 HTTP/2.0" 301 1 "https://todaysiplmatch.in/cricket-betting/ipl-betting/ipl-betting-in-sikkim/" "Mozilla/5.0 (Macintosh; Intel Mac OS X 10_15_7) AppleWebKit/537.36 (KHTML, like Gecko) Chrome/131.0.0.0 Safari/537.36; compatible; OAI-SearchBot/1.3; +https://openai.com/searchbot" 366 **0/366806**
74.7.241.60 - - [14/Mar/2026:09:17:10 -0700] "GET /wp-json/oembed/1.0/embed?format=xml&url=https%3A%2F%2Ftodaysiplmatch.in%2Fcricket-betting%2Fipl-betting%2Fipl-betting-in-west-bengal%2F HTTP/2.0" 200 1161 "https://todaysiplmatch.in/cricket-betting/ipl-betting/ipl-betting-in-west-bengal/" "Mozilla/5.0 AppleWebKit/537.36 (KHTML, like Gecko; compatible; GPTBot/1.3; +https://openai.com/gptbot)" 421 **0/421224**
74.7.241.60 - - [14/Mar/2026:09:17:10 -0700] "GET /wp-json/oembed/1.0/embed?url=https%3A%2F%2Ftodaysiplmatch.in%2Fcricket-betting%2Fipl-betting%2Fipl-betting-in-west-bengal%2F HTTP/2.0" 200 1148 "https://todaysiplmatch.in/cricket-betting/ipl-betting/ipl-betting-in-west-bengal/" "Mozilla/5.0 AppleWebKit/537.36 (KHTML, like Gecko; compatible; GPTBot/1.3; +https://openai.com/gptbot)" 333 **0/333884**
74.7.229.48 - - [14/Mar/2026:09:17:10 -0700] "GET /cricket-betting/ipl-betting/ipl-betting-in-sikkim/ HTTP/2.0" 200 33868 "https://todaysiplmatch.in/?p=31084" "Mozilla/5.0 (Macintosh; Intel Mac OS X 10_15_7) AppleWebKit/537.36 (KHTML, like Gecko) Chrome/131.0.0.0 Safari/537.36; compatible; OAI-SearchBot/1.3; +https://openai.com/searchbot" 669 **0/669746**
67.213.120.27 - - [14/Mar/2026:09:17:10 -0700] "GET / HTTP/2.0" 200 39791 "-" "HetrixTools Uptime Monitoring Bot. https://hetrix.tools/uptime-monitoring-bot.html" 811 **0/811453**
74.7.241.60 - - [14/Mar/2026:09:17:11 -0700] "GET /wp-json/oembed/1.0/embed?format=xml&url=https%3A%2F%2Ftodaysiplmatch.in%2Fcricket-betting%2Fipl-betting%2Fipl-betting-in-bihar%2F HTTP/2.0" 200 1165 "https://todaysiplmatch.in/cricket-betting/ipl-betting/ipl-betting-in-bihar/" "Mozilla/5.0 AppleWebKit/537.36 (KHTML, like Gecko; compatible; GPTBot/1.3; +https://openai.com/gptbot)" 366 **0/366920**
74.7.228.206 - - [14/Mar/2026:09:17:11 -0700] "GET /wp-json/wp/v2/pages/31084 HTTP/2.0" 200 7540 "https://todaysiplmatch.in/cricket-betting/ipl-betting/ipl-betting-in-sikkim/" "Mozilla/5.0 (Macintosh; Intel Mac OS X 10_15_7) AppleWebKit/537.36 (KHTML, like Gecko) Chrome/131.0.0.0 Safari/537.36; compatible; OAI-SearchBot/1.3; +https://openai.com/searchbot" 445 **0/445919**
74.7.241.60 - - [14/Mar/2026:09:17:12 -0700] "GET /wp-content/uploads/elementor/css/post-32014.css?ver=1773505025 HTTP/2.0" 200 195 "https://todaysiplmatch.in/cricket-betting/ipl-betting/ipl-betting-in-bihar/" "Mozilla/5.0 AppleWebKit/537.36 (KHTML, like Gecko; compatible; GPTBot/1.3; +https://openai.com/gptbot)" 13 **0/13665**
74.7.229.128 - - [14/Mar/2026:09:17:12 -0700] "GET /wp-content/uploads/elementor/css/post-31084.css?ver=1773505014 HTTP/2.0" 200 215 "https://todaysiplmatch.in/cricket-betting/ipl-betting/ipl-betting-in-sikkim/" "Mozilla/5.0 (Macintosh; Intel Mac OS X 10_15_7) AppleWebKit/537.36 (KHTML, like Gecko) Chrome/131.0.0.0 Safari/537.36; compatible; OAI-SearchBot/1.3; +https://openai.com/searchbot" 11 **0/11206**
74.7.241.60 - - [14/Mar/2026:09:17:12 -0700] "GET /wp-json/oembed/1.0/embed?url=https%3A%2F%2Ftodaysiplmatch.in%2Fcricket-betting%2Fipl-betting%2Fipl-betting-in-bihar%2F HTTP/2.0" 200 1155 "https://todaysiplmatch.in/cricket-betting/ipl-betting/ipl-betting-in-bihar/" "Mozilla/5.0 AppleWebKit/537.36 (KHTML, like Gecko; compatible; GPTBot/1.3; +https://openai.com/gptbot)" 291 **0/291460**
74.7.228.206 - - [14/Mar/2026:09:17:13 -0700] "GET /wp-json/oembed/1.0/embed?url=https%3A%2F%2Ftodaysiplmatch.in%2Fcricket-betting%2Fipl-betting%2Fipl-betting-in-west-bengal%2F HTTP/2.0" 200 1145 "https://todaysiplmatch.in/cricket-betting/ipl-betting/ipl-betting-in-west-bengal/" "Mozilla/5.0 (Macintosh; Intel Mac OS X 10_15_7) AppleWebKit/537.36 (KHTML, like Gecko) Chrome/131.0.0.0 Safari/537.36; compatible; OAI-SearchBot/1.3; +https://openai.com/searchbot" 359 **0/359152**
74.7.241.60 - - [14/Mar/2026:09:17:13 -0700] "GET /?p=32014 HTTP/2.0" 301 1 "https://todaysiplmatch.in/cricket-betting/ipl-betting/ipl-betting-in-bihar/" "Mozilla/5.0 AppleWebKit/537.36 (KHTML, like Gecko; compatible; GPTBot/1.3; +https://openai.com/gptbot)" 281 **0/281896**
74.7.241.60 - - [14/Mar/2026:09:17:13 -0700] "GET /cricket-betting/ipl-betting/ipl-betting-in-bihar/ HTTP/2.0" 200 34051 "https://todaysiplmatch.in/?p=32014" "Mozilla/5.0 AppleWebKit/537.36 (KHTML, like Gecko; compatible; GPTBot/1.3; +https://openai.com/gptbot)" 540 **0/540613**
216.73.216.186 - - [14/Mar/2026:09:17:14 -0700] "GET /world-cup/t20-world-cup-tickets/feed HTTP/2.0" 301 1 "-" "Mozilla/5.0 AppleWebKit/537.36 (KHTML, like Gecko; compatible; ClaudeBot/1.0; +claudebot@anthropic.com)" 311 **0/311120**
216.73.216.186 - - [14/Mar/2026:09:17:14 -0700] "GET /world-cup/india-vs-australia-world-cup HTTP/2.0" 301 1 "-" "Mozilla/5.0 AppleWebKit/537.36 (KHTML, like Gecko; compatible; ClaudeBot/1.0; +claudebot@anthropic.com)" 320 **0/320945**
74.7.229.235 - - [14/Mar/2026:09:17:14 -0700] "GET /?p=33324 HTTP/2.0" 301 1 "https://todaysiplmatch.in/cricket-betting/ipl-betting/ipl-betting-in-west-bengal/" "Mozilla/5.0 (Macintosh; Intel Mac OS X 10_15_7) AppleWebKit/537.36 (KHTML, like Gecko) Chrome/131.0.0.0 Safari/537.36; compatible; OAI-SearchBot/1.3; +https://openai.com/searchbot" 289 **0/289292**
74.7.241.60 - - [14/Mar/2026:09:17:14 -0700] "GET /wp-json/wp/v2/pages/32014 HTTP/2.0" 200 7671 "https://todaysiplmatch.in/cricket-betting/ipl-betting/ipl-betting-in-bihar/" "Mozilla/5.0 AppleWebKit/537.36 (KHTML, like Gecko; compatible; GPTBot/1.3; +https://openai.com/gptbot)" 438 **0/438405**
216.73.216.186 - - [14/Mar/2026:09:17:14 -0700] "GET /world-cup/t20-world-cup-tickets/feed/ HTTP/2.0" 200 402 "https://todaysiplmatch.in/world-cup/t20-world-cup-tickets/feed" "Mozilla/5.0 AppleWebKit/537.36 (KHTML, like Gecko; compatible; ClaudeBot/1.0; +claudebot@anthropic.com)" 308 **0/308983**
74.7.229.235 - - [14/Mar/2026:09:17:14 -0700] "GET /cricket-betting/ipl-betting/ipl-betting-in-west-bengal/ HTTP/2.0" 200 32522 "https://todaysiplmatch.in/?p=33324" "Mozilla/5.0 (Macintosh; Intel Mac OS X 10_15_7) AppleWebKit/537.36 (KHTML, like Gecko) Chrome/131.0.0.0 Safari/537.36; compatible; OAI-SearchBot/1.3; +https://openai.com/searchbot" 649 **0/649282**
216.73.216.186 - - [14/Mar/2026:09:17:14 -0700] "GET /world-cup/india-vs-australia-world-cup/ HTTP/2.0" 200 36337 "https://todaysiplmatch.in/world-cup/india-vs-australia-world-cup" "Mozilla/5.0 AppleWebKit/537.36 (KHTML, like Gecko; compatible; ClaudeBot/1.0; +claudebot@anthropic.com)" 717 **0/717521**
74.7.228.206 - - [14/Mar/2026:09:17:16 -0700] "GET /wp-json/oembed/1.0/embed?format=xml&url=https%3A%2F%2Ftodaysiplmatch.in%2Fcricket-betting%2Fipl-betting%2Fipl-betting-in-west-bengal%2F HTTP/2.0" 200 1159 "https://todaysiplmatch.in/cricket-betting/ipl-betting/ipl-betting-in-west-bengal/" "Mozilla/5.0 (Macintosh; Intel Mac OS X 10_15_7) AppleWebKit/537.36 (KHTML, like Gecko) Chrome/131.0.0.0 Safari/537.36; compatible; OAI-SearchBot/1.3; +https://openai.com/searchbot" 327 **0/327556**
74.7.229.235 - - [14/Mar/2026:09:17:16 -0700] "GET /wp-json/wp/v2/pages/33324 HTTP/2.0" 200 6179 "https://todaysiplmatch.in/cricket-betting/ipl-betting/ipl-betting-in-west-bengal/" "Mozilla/5.0 (Macintosh; Intel Mac OS X 10_15_7) AppleWebKit/537.36 (KHTML, like Gecko) Chrome/131.0.0.0 Safari/537.36; compatible; OAI-SearchBot/1.3; +https://openai.com/searchbot" 338 **0/338741**
74.7.229.128 - - [14/Mar/2026:09:17:17 -0700] "GET /wp-content/uploads/elementor/css/post-33324.css?ver=1773505023 HTTP/2.0" 200 215 "https://todaysiplmatch.in/cricket-betting/ipl-betting/ipl-betting-in-west-bengal/" "Mozilla/5.0 (Macintosh; Intel Mac OS X 10_15_7) AppleWebKit/537.36 (KHTML, like Gecko) Chrome/131.0.0.0 Safari/537.36; compatible; OAI-SearchBot/1.3; +https://openai.com/searchbot" 9 **0/9220**
74.7.243.32 - - [14/Mar/2026:09:17:18 -0700] "GET /wp-json/oembed/1.0/embed?format=xml&url=https%3A%2F%2Ftodaysiplmatch.in%2Fcricket-betting%2Fipl-betting%2Fipl-betting-in-bihar%2F HTTP/2.0" 200 1164 "https://todaysiplmatch.in/cricket-betting/ipl-betting/ipl-betting-in-bihar/" "Mozilla/5.0 (Macintosh; Intel Mac OS X 10_15_7) AppleWebKit/537.36 (KHTML, like Gecko) Chrome/131.0.0.0 Safari/537.36; compatible; OAI-SearchBot/1.3; +https://openai.com/searchbot" 312 **0/312606**
74.7.242.172 - - [14/Mar/2026:09:17:19 -0700] "GET /wp-content/uploads/elementor/css/post-32014.css?ver=1773505025 HTTP/2.0" 200 195 "https://todaysiplmatch.in/cricket-betting/ipl-betting/ipl-betting-in-bihar/" "Mozilla/5.0 (Macintosh; Intel Mac OS X 10_15_7) AppleWebKit/537.36 (KHTML, like Gecko) Chrome/131.0.0.0 Safari/537.36; compatible; OAI-SearchBot/1.3; +https://openai.com/searchbot" 11 **0/11181**
74.7.242.172 - - [14/Mar/2026:09:17:20 -0700] "GET /wp-json/oembed/1.0/embed?url=https%3A%2F%2Ftodaysiplmatch.in%2Fcricket-betting%2Fipl-betting%2Fipl-betting-in-bihar%2F HTTP/2.0" 200 1156 "https://todaysiplmatch.in/cricket-betting/ipl-betting/ipl-betting-in-bihar/" "Mozilla/5.0 (Macintosh; Intel Mac OS X 10_15_7) AppleWebKit/537.36 (KHTML, like Gecko) Chrome/131.0.0.0 Safari/537.36; compatible; OAI-SearchBot/1.3; +https://openai.com/searchbot" 289 **0/289615**
148.113.25.248 - - [14/Mar/2026:09:17:19 -0700] "GET / HTTP/2.0" 200 39791 "-" "HetrixTools Uptime Monitoring Bot. https://hetrix.tools/uptime-monitoring-bot.html" 716 **0/716262**
74.7.229.128 - - [14/Mar/2026:09:17:20 -0700] "GET /cricket-betting/ipl-betting/ipl-betting-in-kerala/ HTTP/2.0" 200 32917 "https://todaysiplmatch.in/ipl/most-dangerous-batsman-in-ipl/" "Mozilla/5.0 (Macintosh; Intel Mac OS X 10_15_7) AppleWebKit/537.36 (KHTML, like Gecko) Chrome/131.0.0.0 Safari/537.36; compatible; OAI-SearchBot/1.3; +https://openai.com/searchbot" 733 **0/733043**
74.7.228.206 - - [14/Mar/2026:09:17:22 -0700] "GET /cricket-betting/ipl-betting/ipl-betting-in-delhi/ HTTP/2.0" 200 34155 "https://todaysiplmatch.in/ipl/most-dangerous-batsman-in-ipl/" "Mozilla/5.0 (Macintosh; Intel Mac OS X 10_15_7) AppleWebKit/537.36 (KHTML, like Gecko) Chrome/131.0.0.0 Safari/537.36; compatible; OAI-SearchBot/1.3; +https://openai.com/searchbot" 543 **0/543961**
74.7.241.60 - - [14/Mar/2026:09:17:23 -0700] "GET /wp-content/uploads/elementor/css/post-32001.css?ver=1773505041 HTTP/2.0" 200 196 "https://todaysiplmatch.in/cricket-betting/ipl-betting/ipl-betting-in-kerala/" "Mozilla/5.0 AppleWebKit/537.36 (KHTML, like Gecko; compatible; GPTBot/1.3; +https://openai.com/gptbot)" 11 **0/11428**
74.7.228.206 - - [14/Mar/2026:09:17:23 -0700] "GET /wp-json/oembed/1.0/embed?url=https%3A%2F%2Ftodaysiplmatch.in%2Fcricket-betting%2Fipl-betting%2Fipl-betting-in-kerala%2F HTTP/2.0" 200 1117 "https://todaysiplmatch.in/cricket-betting/ipl-betting/ipl-betting-in-kerala/" "Mozilla/5.0 (Macintosh; Intel Mac OS X 10_15_7) AppleWebKit/537.36 (KHTML, like Gecko) Chrome/131.0.0.0 Safari/537.36; compatible; OAI-SearchBot/1.3; +https://openai.com/searchbot" 279 **0/279391**
