152.56.157.125 - - [14/Mar/2026:05:45:20 -0700] "GET /wp-includes/js/wp-emoji-release.min.js?ver=6.9.4 HTTP/2.0" 200 4940 "https://todaysiplmatch.in/satta-matka/mumbai-smart-matka/" "Mozilla/5.0 (Linux; Android 10; K) AppleWebKit/537.36 (KHTML, like Gecko) Chrome/145.0.0.0 Mobile Safari/537.36" 15 **0/15013**
27.0.178.155 - - [14/Mar/2026:05:45:26 -0700] "GET /lottery-sambad/west-bengal-lottery-sambad/ HTTP/2.0" 200 32271 "https://iplpointtables.com/west-bengal-lottery-sambad/" "Mozilla/5.0 (Windows NT 10.0; Win64; x64; rv:147.0) Gecko/20100101 Firefox/147.0" 565 **0/565352**
198.55.104.202 - - [14/Mar/2026:05:45:28 -0700] "GET /wp-content/plugins/popup-maker/dist/packages/block-library-style.css?ver=dbea705cfafe089d65f1 HTTP/2.0" 200 967 "https://iplpointtables.com/" "Mozilla/5.0 (Linux; Android 5.0; SM-G900P Build/LRX21T) AppleWebKit/537.36 (KHTML, like Gecko) Chrome/49.0.9785.1728 Mobile Safari/537.36" 11 **0/11426**
198.55.104.202 - - [14/Mar/2026:05:45:28 -0700] "GET /wp-content/plugins/elementor/assets/lib/font-awesome/css/v4-shims.min.css?ver=3.35.7 HTTP/2.0" 200 3986 "https://iplpointtables.com/" "Mozilla/5.0 (Linux; Android 5.0; SM-G900P Build/LRX21T) AppleWebKit/537.36 (KHTML, like Gecko) Chrome/49.0.9785.1728 Mobile Safari/537.36" 13 **0/13784**
198.55.104.202 - - [14/Mar/2026:05:45:28 -0700] "GET /wp-content/plugins/wp-responsive-recent-post-slider/assets/css/slick.css?ver=3.7.1 HTTP/2.0" 200 428 "https://iplpointtables.com/" "Mozilla/5.0 (Linux; Android 5.0; SM-G900P Build/LRX21T) AppleWebKit/537.36 (KHTML, like Gecko) Chrome/49.0.9785.1728 Mobile Safari/537.36" 14 **0/14601**
198.55.104.202 - - [14/Mar/2026:05:45:28 -0700] "GET /wp-content/themes/astra/assets/css/minified/main.min.css?ver=4.12.4 HTTP/2.0" 200 8492 "https://iplpointtables.com/" "Mozilla/5.0 (Linux; Android 5.0; SM-G900P Build/LRX21T) AppleWebKit/537.36 (KHTML, like Gecko) Chrome/49.0.9785.1728 Mobile Safari/537.36" 25 **0/25401**
198.55.104.202 - - [14/Mar/2026:05:45:28 -0700] "GET /wp-content/plugins/elementor/assets/css/frontend.min.css?ver=3.35.7 HTTP/2.0" 200 6618 "https://iplpointtables.com/" "Mozilla/5.0 (Linux; Android 5.0; SM-G900P Build/LRX21T) AppleWebKit/537.36 (KHTML, like Gecko) Chrome/49.0.9785.1728 Mobile Safari/537.36" 21 **0/21943**
198.55.104.202 - - [14/Mar/2026:05:45:28 -0700] "GET /wp-content/plugins/elementor/assets/lib/font-awesome/css/all.min.css?ver=3.35.7 HTTP/2.0" 200 12402 "https://iplpointtables.com/" "Mozilla/5.0 (Linux; Android 5.0; SM-G900P Build/LRX21T) AppleWebKit/537.36 (KHTML, like Gecko) Chrome/49.0.9785.1728 Mobile Safari/537.36" 23 **0/23303**
198.55.104.202 - - [14/Mar/2026:05:45:28 -0700] "GET /wp-content/uploads/elementor/css/post-6.css?ver=1773288565 HTTP/2.0" 200 324 "https://iplpointtables.com/" "Mozilla/5.0 (Linux; Android 5.0; SM-G900P Build/LRX21T) AppleWebKit/537.36 (KHTML, like Gecko) Chrome/49.0.9785.1728 Mobile Safari/537.36" 24 **0/24344**
198.55.104.202 - - [14/Mar/2026:05:45:28 -0700] "GET /wp-content/plugins/wp-responsive-recent-post-slider/assets/css/recent-post-style.css?ver=3.7.1 HTTP/2.0" 200 1994 "https://iplpointtables.com/" "Mozilla/5.0 (Linux; Android 5.0; SM-G900P Build/LRX21T) AppleWebKit/537.36 (KHTML, like Gecko) Chrome/49.0.9785.1728 Mobile Safari/537.36" 24 **0/24649**
198.55.104.202 - - [14/Mar/2026:05:45:28 -0700] "GET /wp-content/plugins/jetpack/jetpack_vendor/automattic/jetpack-forms/dist/contact-form/css/jetpack-forms-layout.css?ver=15.6 HTTP/2.0" 200 833 "https://iplpointtables.com/" "Mozilla/5.0 (Linux; Android 5.0; SM-G900P Build/LRX21T) AppleWebKit/537.36 (KHTML, like Gecko) Chrome/49.0.9785.1728 Mobile Safari/537.36" 26 **0/26101**
198.55.104.202 - - [14/Mar/2026:05:45:28 -0700] "GET /wp-content/uploads/elementor/css/post-27633.css?ver=1773485205 HTTP/2.0" 200 301 "https://iplpointtables.com/" "Mozilla/5.0 (Linux; Android 5.0; SM-G900P Build/LRX21T) AppleWebKit/537.36 (KHTML, like Gecko) Chrome/49.0.9785.1728 Mobile Safari/537.36" 9 **0/9910**
198.55.104.202 - - [14/Mar/2026:05:45:28 -0700] "GET /wp-content/plugins/elementor/assets/css/widget-image.min.css?ver=3.35.7 HTTP/2.0" 200 96 "https://iplpointtables.com/" "Mozilla/5.0 (Linux; Android 5.0; SM-G900P Build/LRX21T) AppleWebKit/537.36 (KHTML, like Gecko) Chrome/49.0.9785.1728 Mobile Safari/537.36" 10 **0/10134**
198.55.104.202 - - [14/Mar/2026:05:45:28 -0700] "GET /wp-content/plugins/elementskit-lite/widgets/init/assets/css/responsive.css?ver=3.8.1 HTTP/2.0" 200 2861 "https://iplpointtables.com/" "Mozilla/5.0 (Linux; Android 5.0; SM-G900P Build/LRX21T) AppleWebKit/537.36 (KHTML, like Gecko) Chrome/49.0.9785.1728 Mobile Safari/537.36" 13 **0/13859**
198.55.104.202 - - [14/Mar/2026:05:45:28 -0700] "GET /wp-content/plugins/elementskit-lite/widgets/init/assets/css/widget-styles.css?ver=3.8.1 HTTP/2.0" 200 47723 "https://iplpointtables.com/" "Mozilla/5.0 (Linux; Android 5.0; SM-G900P Build/LRX21T) AppleWebKit/537.36 (KHTML, like Gecko) Chrome/49.0.9785.1728 Mobile Safari/537.36" 40 **0/40708**
198.55.104.202 - - [14/Mar/2026:05:45:28 -0700] "GET /wp-content/uploads/elementor/google-fonts/css/robotoslab.css?ver=1742270861 HTTP/2.0" 200 716 "https://iplpointtables.com/" "Mozilla/5.0 (Linux; Android 5.0; SM-G900P Build/LRX21T) AppleWebKit/537.36 (KHTML, like Gecko) Chrome/49.0.9785.1728 Mobile Safari/537.36" 12 **0/12491**
198.55.104.202 - - [14/Mar/2026:05:45:28 -0700] "GET /wp-content/uploads/elementor/google-fonts/css/roboto.css?ver=1742270851 HTTP/2.0" 200 1878 "https://iplpointtables.com/" "Mozilla/5.0 (Linux; Android 5.0; SM-G900P Build/LRX21T) AppleWebKit/537.36 (KHTML, like Gecko) Chrome/49.0.9785.1728 Mobile Safari/537.36" 13 **0/13458**
114.119.141.69 - - [14/Mar/2026:05:45:28 -0700] "GET /world-cup/most-half-centuries-in-world-cup HTTP/1.1" 301 - "https://todaysiplmatch.in/articles/world-cup/t20-world-cup-schedule" "Mozilla/5.0 (Linux; Android 7.0;) AppleWebKit/537.36 (KHTML, like Gecko) Mobile Safari/537.36 (compatible; PetalBot;+https://webmaster.petalsearch.com/site/petalbot)" 215 **0/215158**
198.55.104.202 - - [14/Mar/2026:05:45:28 -0700] "GET /wp-content/plugins/elementskit-lite/modules/elementskit-icon-pack/assets/css/ekiticons.css?ver=3.8.1 HTTP/2.0" 200 9809 "https://iplpointtables.com/" "Mozilla/5.0 (Linux; Android 5.0; SM-G900P Build/LRX21T) AppleWebKit/537.36 (KHTML, like Gecko) Chrome/49.0.9785.1728 Mobile Safari/537.36" 13 **0/13750**
118.139.180.95 - - [14/Mar/2026:05:45:30 -0700] "POST /wp-cron.php?doing_wp_cron=1773492330.0431649684906005859375 HTTP/1.1" 200 - "-" "WordPress/6.9.4; https://todaysiplmatch.in" 20 **0/20890**
114.119.141.69 - - [14/Mar/2026:05:45:29 -0700] "GET /world-cup/most-half-centuries-in-world-cup/ HTTP/1.1" 200 42002 "https://todaysiplmatch.in/articles/world-cup/t20-world-cup-schedule" "Mozilla/5.0 (Linux; Android 7.0;) AppleWebKit/537.36 (KHTML, like Gecko) Mobile Safari/537.36 (compatible; PetalBot;+https://webmaster.petalsearch.com/site/petalbot)" 549 **0/549952**
192.0.118.209 - - [14/Mar/2026:05:45:29 -0700] "GET /wp-content/uploads/2025/03/Lotterysambad-update-08-PM-13-March-2025.jpg HTTP/2.0" 200 300173 "-" "Photon/1.0" 378 **0/378916**
192.0.116.244 - - [14/Mar/2026:05:45:29 -0700] "GET /wp-content/uploads/2025/03/Lotterysambad-update-06-PM-13-March-2025.jpg HTTP/2.0" 200 299981 "-" "Photon/1.0" 380 **0/380874**
192.0.118.180 - - [14/Mar/2026:05:45:30 -0700] "GET /wp-content/uploads/2025/03/lotterysambad-update-01-PM-17-March-2025.jpg HTTP/2.0" 200 169124 "-" "Photon/1.0" 521 **0/521530**
14.226.25.206 - - [14/Mar/2026:05:45:35 -0700] "GET /articles/ipl/ipl-2020-final/ HTTP/1.1" 301 - "-" "Mozilla/5.0 (Macintosh; Intel Mac OS X 10_13_3) AppleWebKit/537.36 (KHTML, like Gecko) Chrome/66.0.3359.1 Safari/537.36" 285 **0/285087**
14.226.25.206 - - [14/Mar/2026:05:45:35 -0700] "GET /ipl/ipl-2020-final/ HTTP/1.1" 200 42526 "-" "Mozilla/5.0 (Macintosh; Intel Mac OS X 10_13_3) AppleWebKit/537.36 (KHTML, like Gecko) Chrome/66.0.3359.1 Safari/537.36" 505 **0/505116**
23.106.180.172 - - [14/Mar/2026:05:46:14 -0700] "GET / HTTP/2.0" 200 39791 "-" "HetrixTools Uptime Monitoring Bot. https://hetrix.tools/uptime-monitoring-bot.html" 709 **0/709431**
192.0.91.228 - - [14/Mar/2026:05:46:17 -0700] "HEAD / HTTP/1.1" 200 - "-" "jetmon/1.0 (Jetpack Site Uptime Monitor by WordPress.com)" 273 **0/273499**
148.113.25.248 - - [14/Mar/2026:05:46:21 -0700] "GET / HTTP/2.0" 200 39791 "-" "HetrixTools Uptime Monitoring Bot. https://hetrix.tools/uptime-monitoring-bot.html" 582 **0/582168**
94.154.159.133 - - [14/Mar/2026:05:46:22 -0700] "GET / HTTP/2.0" 200 39791 "-" "HetrixTools Uptime Monitoring Bot. https://hetrix.tools/uptime-monitoring-bot.html" 569 **0/569242**
23.106.61.94 - - [14/Mar/2026:05:46:26 -0700] "GET / HTTP/2.0" 200 39791 "-" "HetrixTools Uptime Monitoring Bot. https://hetrix.tools/uptime-monitoring-bot.html" 764 **0/764677**
44.252.95.127 - - [14/Mar/2026:05:46:39 -0700] "GET /wp-content/uploads/2024/07/Indibet-6X-Bonus-05-min-1024x1024.webp HTTP/2.0" 200 70518 "-" "Mozilla/5.0 (Windows NT 10.0; Win64; x64) AppleWebKit/537.36 (KHTML, like Gecko) Chrome/144.0.0.0 Safari/537.36" 12 **0/12133**
23.106.180.172 - - [14/Mar/2026:05:47:09 -0700] "GET / HTTP/2.0" 200 39791 "-" "HetrixTools Uptime Monitoring Bot. https://hetrix.tools/uptime-monitoring-bot.html" 594 **0/594939**
114.119.132.59 - - [14/Mar/2026:05:47:11 -0700] "GET /landing-fair HTTP/1.1" 302 - "https://todaysiplmatch.in/top-betting-sites-in-india/reddy-anna-book-club" "Mozilla/5.0 (Linux; Android 7.0;) AppleWebKit/537.36 (KHTML, like Gecko) Mobile Safari/537.36 (compatible; PetalBot;+https://webmaster.petalsearch.com/site/petalbot)" 202 **0/202064**
23.106.61.94 - - [14/Mar/2026:05:47:12 -0700] "GET / HTTP/2.0" 200 39791 "-" "HetrixTools Uptime Monitoring Bot. https://hetrix.tools/uptime-monitoring-bot.html" 497 **0/497684**
172.241.23.225 - - [14/Mar/2026:05:47:16 -0700] "GET / HTTP/2.0" 200 39791 "-" "HetrixTools Uptime Monitoring Bot. https://hetrix.tools/uptime-monitoring-bot.html" 544 **0/544222**
35.154.5.38 - - [14/Mar/2026:05:47:25 -0700] "GET / HTTP/2.0" 200 39791 "-" "HetrixTools Uptime Monitoring Bot. https://hetrix.tools/uptime-monitoring-bot.html" 772 **0/772543**
66.165.247.154 - - [14/Mar/2026:05:48:04 -0700] "GET / HTTP/2.0" 200 39791 "-" "HetrixTools Uptime Monitoring Bot. https://hetrix.tools/uptime-monitoring-bot.html" 716 **0/716251**
104.194.8.169 - - [14/Mar/2026:05:48:04 -0700] "GET / HTTP/2.0" 200 39791 "-" "HetrixTools Uptime Monitoring Bot. https://hetrix.tools/uptime-monitoring-bot.html" 666 **0/666527**
118.139.180.95 - - [14/Mar/2026:05:48:10 -0700] "POST /wp-cron.php?doing_wp_cron=1773492490.5522069931030273437500 HTTP/1.1" 200 - "-" "WordPress/6.9.4; https://todaysiplmatch.in" 20 **0/20695**
114.119.137.211 - - [14/Mar/2026:05:48:10 -0700] "GET /landing-jannat HTTP/1.1" 302 - "https://todaysiplmatch.in/top-betting-sites-in-india/reddy-anna-book-club" "Mozilla/5.0 (Linux; Android 7.0;) AppleWebKit/537.36 (KHTML, like Gecko) Mobile Safari/537.36 (compatible; PetalBot;+https://webmaster.petalsearch.com/site/petalbot)" 268 **0/268805**
118.139.180.95 - - [14/Mar/2026:05:48:15 -0700] "POST /wp-cron.php?doing_wp_cron=1773492495.8459410667419433593750 HTTP/1.1" 200 - "-" "WordPress/6.9.4; https://todaysiplmatch.in" 19 **0/19550**
185.38.148.144 - - [14/Mar/2026:05:48:15 -0700] "GET / HTTP/2.0" 200 39791 "-" "HetrixTools Uptime Monitoring Bot. https://hetrix.tools/uptime-monitoring-bot.html" 719 **0/719911**
35.154.5.38 - - [14/Mar/2026:05:48:26 -0700] "GET / HTTP/2.0" 200 39791 "-" "HetrixTools Uptime Monitoring Bot. https://hetrix.tools/uptime-monitoring-bot.html" 567 **0/567770**
69.67.149.243 - - [14/Mar/2026:05:49:12 -0700] "GET / HTTP/2.0" 200 39791 "-" "HetrixTools Uptime Monitoring Bot. https://hetrix.tools/uptime-monitoring-bot.html" 553 **0/553999**
172.241.23.225 - - [14/Mar/2026:05:49:17 -0700] "GET / HTTP/2.0" 200 39791 "-" "HetrixTools Uptime Monitoring Bot. https://hetrix.tools/uptime-monitoring-bot.html" 671 **0/671510**
148.113.25.248 - - [14/Mar/2026:05:49:21 -0700] "GET / HTTP/2.0" 200 39791 "-" "HetrixTools Uptime Monitoring Bot. https://hetrix.tools/uptime-monitoring-bot.html" 597 **0/597557**
103.50.32.15 - - [14/Mar/2026:05:49:24 -0700] "GET / HTTP/2.0" 200 39791 "-" "HetrixTools Uptime Monitoring Bot. https://hetrix.tools/uptime-monitoring-bot.html" 595 **0/595836**
1.39.135.143 - - [14/Mar/2026:05:49:35 -0700] "GET /articles/ipl/most-ducks-in-ipl/ HTTP/2.0" 301 1 "https://iplpointtables.com/articles/ipl/most-ducks-in-ipl/" "Mozilla/5.0 (Windows NT 10.0; Win64; x64) AppleWebKit/537.36 (KHTML, like Gecko) Chrome/145.0.0.0 Safari/537.36" 245 **0/245842**
1.39.135.143 - - [14/Mar/2026:05:49:35 -0700] "GET /ipl/most-ducks-in-ipl/ HTTP/2.0" 200 38575 "https://todaysiplmatch.in/articles/ipl/most-ducks-in-ipl/" "Mozilla/5.0 (Windows NT 10.0; Win64; x64) AppleWebKit/537.36 (KHTML, like Gecko) Chrome/145.0.0.0 Safari/537.36" 523 **0/523825**
209.40.213.23 - - [14/Mar/2026:05:49:50 -0700] "GET /wp-content/plugins/easy-table-of-contents/assets/css/screen.min.css?ver=2.0.81 HTTP/2.0" 200 1721 "https://iplpointtables.com/" "Mozilla/5.0 (Linux; Android 6.0; Nexus 5 Build/MRA58N) AppleWebKit/537.36 (KHTML, like Gecko) Chrome/58.0.6575.1950 Mobile Safari/537.36" 13 **0/13063**
114.119.154.82 - - [14/Mar/2026:05:50:07 -0700] "GET /ipl/most-expensive-player-in-the-ipl HTTP/1.1" 301 - "https://todaysiplmatch.in/ipl/most-expensive-player-in-the-ipl" "Mozilla/5.0 (Linux; Android 7.0;) AppleWebKit/537.36 (KHTML, like Gecko) Mobile Safari/537.36 (compatible; PetalBot;+https://webmaster.petalsearch.com/site/petalbot)" 404 **0/404233**
114.119.154.82 - - [14/Mar/2026:05:50:07 -0700] "GET /ipl/most-expensive-player-in-the-ipl/ HTTP/1.1" 200 45405 "https://todaysiplmatch.in/ipl/most-expensive-player-in-the-ipl" "Mozilla/5.0 (Linux; Android 7.0;) AppleWebKit/537.36 (KHTML, like Gecko) Mobile Safari/537.36 (compatible; PetalBot;+https://webmaster.petalsearch.com/site/petalbot)" 831 **0/831891**
172.241.23.225 - - [14/Mar/2026:05:50:12 -0700] "GET / HTTP/2.0" 200 39791 "-" "HetrixTools Uptime Monitoring Bot. https://hetrix.tools/uptime-monitoring-bot.html" 856 **0/856364**
118.139.180.95 - - [14/Mar/2026:05:50:20 -0700] "POST /wp-cron.php?doing_wp_cron=1773492620.3521978855133056640625 HTTP/1.1" 200 - "-" "WordPress/6.9.4; https://todaysiplmatch.in" 24 **0/24340**
51.89.144.57 - - [14/Mar/2026:05:50:19 -0700] "GET / HTTP/2.0" 200 39791 "-" "HetrixTools Uptime Monitoring Bot. https://hetrix.tools/uptime-monitoring-bot.html" 861 **0/861836**
118.139.180.95 - - [14/Mar/2026:05:50:20 -0700] "POST /wp-cron.php?doing_wp_cron=1773492620.7468190193176269531250 HTTP/1.1" 200 - "-" "WordPress/6.9.4; https://todaysiplmatch.in" 22 **0/22454**
148.113.25.248 - - [14/Mar/2026:05:50:19 -0700] "GET / HTTP/2.0" 200 39791 "-" "HetrixTools Uptime Monitoring Bot. https://hetrix.tools/uptime-monitoring-bot.html" 818 **0/818355**
69.67.149.243 - - [14/Mar/2026:05:50:20 -0700] "GET / HTTP/2.0" 200 39791 "-" "HetrixTools Uptime Monitoring Bot. https://hetrix.tools/uptime-monitoring-bot.html" 877 **0/877244**
185.174.110.102 - - [14/Mar/2026:05:51:08 -0700] "GET / HTTP/2.0" 200 39791 "-" "HetrixTools Uptime Monitoring Bot. https://hetrix.tools/uptime-monitoring-bot.html" 759 **0/759832**
114.119.131.112 - - [14/Mar/2026:05:51:11 -0700] "GET /category/world-cup/page/2/ HTTP/1.1" 200 37391 "https://todaysiplmatch.in/category/world-cup/page/2" "Mozilla/5.0 (Linux; Android 7.0;) AppleWebKit/537.36 (KHTML, like Gecko) Mobile Safari/537.36 (compatible; PetalBot;+https://webmaster.petalsearch.com/site/petalbot)" 616 **0/616908**
104.194.8.169 - - [14/Mar/2026:05:51:13 -0700] "GET / HTTP/2.0" 200 39791 "-" "HetrixTools Uptime Monitoring Bot. https://hetrix.tools/uptime-monitoring-bot.html" 497 **0/497516**
94.154.159.133 - - [14/Mar/2026:05:51:14 -0700] "GET / HTTP/2.0" 200 39791 "-" "HetrixTools Uptime Monitoring Bot. https://hetrix.tools/uptime-monitoring-bot.html" 620 **0/620139**
192.0.91.228 - - [14/Mar/2026:05:51:18 -0700] "HEAD / HTTP/1.1" 200 - "-" "jetmon/1.0 (Jetpack Site Uptime Monitor by WordPress.com)" 231 **0/231351**
172.105.37.103 - - [14/Mar/2026:05:51:18 -0700] "GET / HTTP/2.0" 200 39791 "-" "HetrixTools Uptime Monitoring Bot. https://hetrix.tools/uptime-monitoring-bot.html" 559 **0/559625**
118.139.180.95 - - [14/Mar/2026:05:52:08 -0700] "POST /wp-cron.php?doing_wp_cron=1773492728.7746479511260986328125 HTTP/1.1" 200 - "-" "WordPress/6.9.4; https://todaysiplmatch.in" 21 **0/21921**
172.241.23.225 - - [14/Mar/2026:05:52:08 -0700] "GET / HTTP/2.0" 200 39791 "-" "HetrixTools Uptime Monitoring Bot. https://hetrix.tools/uptime-monitoring-bot.html" 612 **0/612151**
69.67.149.243 - - [14/Mar/2026:05:52:09 -0700] "GET / HTTP/2.0" 200 39791 "-" "HetrixTools Uptime Monitoring Bot. https://hetrix.tools/uptime-monitoring-bot.html" 646 **0/646706**
51.195.149.151 - - [14/Mar/2026:05:52:10 -0700] "GET / HTTP/2.0" 200 39791 "-" "HetrixTools Uptime Monitoring Bot. https://hetrix.tools/uptime-monitoring-bot.html" 678 **0/678815**
65.20.70.55 - - [14/Mar/2026:05:52:24 -0700] "GET / HTTP/2.0" 200 39791 "-" "HetrixTools Uptime Monitoring Bot. https://hetrix.tools/uptime-monitoring-bot.html" 665 **0/665322**
23.106.180.172 - - [14/Mar/2026:05:53:04 -0700] "GET / HTTP/2.0" 200 39791 "-" "HetrixTools Uptime Monitoring Bot. https://hetrix.tools/uptime-monitoring-bot.html" 731 **0/731157**
148.113.2.135 - - [14/Mar/2026:05:53:07 -0700] "GET / HTTP/2.0" 200 39791 "-" "HetrixTools Uptime Monitoring Bot. https://hetrix.tools/uptime-monitoring-bot.html" 744 **0/744939**
185.38.148.144 - - [14/Mar/2026:05:53:09 -0700] "GET / HTTP/2.0" 200 39791 "-" "HetrixTools Uptime Monitoring Bot. https://hetrix.tools/uptime-monitoring-bot.html" 547 **0/547584**
118.139.180.95 - - [14/Mar/2026:05:53:16 -0700] "POST /wp-cron.php?doing_wp_cron=1773492796.9699718952178955078125 HTTP/1.1" 200 - "-" "WordPress/6.9.4; https://todaysiplmatch.in" 17 **0/17128**
66.165.247.154 - - [14/Mar/2026:05:53:16 -0700] "GET / HTTP/2.0" 200 39791 "-" "HetrixTools Uptime Monitoring Bot. https://hetrix.tools/uptime-monitoring-bot.html" 634 **0/634513**
66.249.79.203 - - [14/Mar/2026:05:53:37 -0700] "GET /page-sitemap.xml HTTP/1.1" 200 6889 "-" "Mozilla/5.0 (compatible; Googlebot/2.1; +http://www.google.com/bot.html)" 628 **0/628366**
79.127.243.80 - - [14/Mar/2026:05:54:11 -0700] "GET / HTTP/2.0" 200 39791 "-" "HetrixTools Uptime Monitoring Bot. https://hetrix.tools/uptime-monitoring-bot.html" 596 **0/596219**
35.154.5.38 - - [14/Mar/2026:05:54:18 -0700] "GET / HTTP/2.0" 200 39791 "-" "HetrixTools Uptime Monitoring Bot. https://hetrix.tools/uptime-monitoring-bot.html" 554 **0/554982**
5.175.189.44 - - [14/Mar/2026:05:54:17 -0700] "GET / HTTP/1.1" 200 367395 "-" "-" 887 **0/887449**
77.247.126.141 - - [14/Mar/2026:05:54:25 -0700] "GET / HTTP/2.0" 200 39791 "-" "HetrixTools Uptime Monitoring Bot. https://hetrix.tools/uptime-monitoring-bot.html" 559 **0/559072**
185.174.110.102 - - [14/Mar/2026:05:54:26 -0700] "GET / HTTP/2.0" 200 39791 "-" "HetrixTools Uptime Monitoring Bot. https://hetrix.tools/uptime-monitoring-bot.html" 484 **0/484075**
65.20.70.55 - - [14/Mar/2026:05:55:11 -0700] "GET / HTTP/2.0" 200 39791 "-" "HetrixTools Uptime Monitoring Bot. https://hetrix.tools/uptime-monitoring-bot.html" 866 **0/866011**
118.139.180.95 - - [14/Mar/2026:05:55:21 -0700] "POST /wp-cron.php?doing_wp_cron=1773492921.3960359096527099609375 HTTP/1.1" 200 - "-" "WordPress/6.9.4; https://todaysiplmatch.in" 23 **0/23238**
185.38.148.144 - - [14/Mar/2026:05:55:20 -0700] "GET / HTTP/2.0" 200 39791 "-" "HetrixTools Uptime Monitoring Bot. https://hetrix.tools/uptime-monitoring-bot.html" 832 **0/832101**
104.194.8.169 - - [14/Mar/2026:05:55:20 -0700] "GET / HTTP/2.0" 200 39791 "-" "HetrixTools Uptime Monitoring Bot. https://hetrix.tools/uptime-monitoring-bot.html" 849 **0/849082**
66.165.247.154 - - [14/Mar/2026:05:55:20 -0700] "GET / HTTP/2.0" 200 39791 "-" "HetrixTools Uptime Monitoring Bot. https://hetrix.tools/uptime-monitoring-bot.html" 821 **0/821180**
91.188.75.80 - - [14/Mar/2026:05:55:21 -0700] "GET /aaa9 HTTP/1.1" 404 247536 "-" "Mozilla/5.0 (Windows NT 10.0; Win64; x64) AppleWebKit/537.36 (KHTML, like Gecko) Chrome/70.0.3538.77 Safari/537.36" 667 **0/667574**
213.180.203.134 - - [14/Mar/2026:05:56:03 -0700] "GET /ipl/lowest-score-in-ipl/ HTTP/1.1" 200 42397 "-" "Mozilla/5.0 (compatible; YandexBot/3.0; +http://yandex.com/bots) AppleWebKit/537.36 (KHTML, like Gecko) Chrome/108.0.0.0" 712 **0/712555**
5.255.231.133 - - [14/Mar/2026:05:56:08 -0700] "GET /wp-content/themes/astra/assets/js/minified/flexibility.min.js?ver=4.12.4 HTTP/1.1" 200 3938 "https://todaysiplmatch.in/ipl/lowest-score-in-ipl/" "Mozilla/5.0 (compatible; YandexRenderResourcesBot/1.0; +http://yandex.com/bots) AppleWebKit/537.36 (KHTML, like Gecko) Chrome/108.0.0.0" 9 **0/9090**
213.180.203.138 - - [14/Mar/2026:05:56:10 -0700] "GET /wp-content/plugins/easy-table-of-contents/assets/js/smooth_scroll.min.js?ver=2.0.81 HTTP/1.1" 200 553 "https://todaysiplmatch.in/ipl/lowest-score-in-ipl/" "Mozilla/5.0 (compatible; YandexRenderResourcesBot/1.0; +http://yandex.com/bots) AppleWebKit/537.36 (KHTML, like Gecko) Chrome/108.0.0.0" 9 **0/9617**
185.174.110.102 - - [14/Mar/2026:05:56:09 -0700] "GET / HTTP/2.0" 200 39791 "-" "HetrixTools Uptime Monitoring Bot. https://hetrix.tools/uptime-monitoring-bot.html" 693 **0/693334**
213.180.203.100 - - [14/Mar/2026:05:56:11 -0700] "GET /wp-content/plugins/easy-table-of-contents/vendor/sticky-kit/jquery.sticky-kit.min.js?ver=1.9.2 HTTP/1.1" 200 1280 "https://todaysiplmatch.in/ipl/lowest-score-in-ipl/" "Mozilla/5.0 (compatible; YandexRenderResourcesBot/1.0; +http://yandex.com/bots) AppleWebKit/537.36 (KHTML, like Gecko) Chrome/108.0.0.0" 7 **0/7780**
213.180.203.98 - - [14/Mar/2026:05:56:12 -0700] "GET /wp-content/plugins/easy-table-of-contents/assets/js/front.min.js?ver=2.0.81-1771409217 HTTP/1.1" 200 1676 "https://todaysiplmatch.in/ipl/lowest-score-in-ipl/" "Mozilla/5.0 (compatible; YandexRenderResourcesBot/1.0; +http://yandex.com/bots) AppleWebKit/537.36 (KHTML, like Gecko) Chrome/108.0.0.0" 8 **0/8271**
213.180.203.196 - - [14/Mar/2026:05:56:14 -0700] "GET /ipl/lowest-score-in-ipl/?relatedposts=1 HTTP/1.1" 200 4194 "https://todaysiplmatch.in/ipl/lowest-score-in-ipl/" "Mozilla/5.0 (compatible; YandexRenderResourcesBot/1.0; +http://yandex.com/bots) AppleWebKit/537.36 (KHTML, like Gecko) Chrome/108.0.0.0" 277 **0/277456**
5.255.231.72 - - [14/Mar/2026:05:56:14 -0700] "GET /wp-includes/js/wp-emoji-release.min.js?ver=6.9.4 HTTP/1.1" 200 5375 "https://todaysiplmatch.in/ipl/lowest-score-in-ipl/" "Mozilla/5.0 (compatible; YandexRenderResourcesBot/1.0; +http://yandex.com/bots) AppleWebKit/537.36 (KHTML, like Gecko) Chrome/108.0.0.0" 8 **0/8394**
192.0.91.228 - - [14/Mar/2026:05:56:14 -0700] "HEAD / HTTP/1.1" 200 - "-" "jetmon/1.0 (Jetpack Site Uptime Monitor by WordPress.com)" 210 **0/210015**
104.194.8.169 - - [14/Mar/2026:05:56:18 -0700] "GET / HTTP/2.0" 200 39791 "-" "HetrixTools Uptime Monitoring Bot. https://hetrix.tools/uptime-monitoring-bot.html" 537 **0/537898**
172.241.23.225 - - [14/Mar/2026:05:56:21 -0700] "GET / HTTP/2.0" 200 39791 "-" "HetrixTools Uptime Monitoring Bot. https://hetrix.tools/uptime-monitoring-bot.html" 510 **0/510847**
181.41.142.138 - - [14/Mar/2026:05:56:23 -0700] "GET / HTTP/2.0" 200 39791 "-" "HetrixTools Uptime Monitoring Bot. https://hetrix.tools/uptime-monitoring-bot.html" 571 **0/571040**
185.38.148.144 - - [14/Mar/2026:05:57:10 -0700] "GET / HTTP/2.0" 200 39791 "-" "HetrixTools Uptime Monitoring Bot. https://hetrix.tools/uptime-monitoring-bot.html" 645 **0/645825**
148.113.2.135 - - [14/Mar/2026:05:57:16 -0700] "GET / HTTP/2.0" 200 39791 "-" "HetrixTools Uptime Monitoring Bot. https://hetrix.tools/uptime-monitoring-bot.html" 550 **0/550311**
67.213.120.27 - - [14/Mar/2026:05:57:18 -0700] "GET / HTTP/2.0" 200 39791 "-" "HetrixTools Uptime Monitoring Bot. https://hetrix.tools/uptime-monitoring-bot.html" 566 **0/566212**
77.247.126.141 - - [14/Mar/2026:05:57:22 -0700] "GET / HTTP/2.0" 200 39791 "-" "HetrixTools Uptime Monitoring Bot. https://hetrix.tools/uptime-monitoring-bot.html" 520 **0/520197**
216.73.216.186 - - [14/Mar/2026:05:57:45 -0700] "GET /?p=30740 HTTP/2.0" 301 1 "-" "Mozilla/5.0 AppleWebKit/537.36 (KHTML, like Gecko; compatible; ClaudeBot/1.0; +claudebot@anthropic.com)" 247 **0/247146**
216.73.216.186 - - [14/Mar/2026:05:57:45 -0700] "GET /ipl/csk-team-full-list-of-retained-and-new-players/ HTTP/2.0" 200 38167 "https://todaysiplmatch.in/?p=30740" "Mozilla/5.0 AppleWebKit/537.36 (KHTML, like Gecko; compatible; ClaudeBot/1.0; +claudebot@anthropic.com)" 537 **0/537869**
104.194.8.169 - - [14/Mar/2026:05:58:06 -0700] "GET / HTTP/2.0" 200 39791 "-" "HetrixTools Uptime Monitoring Bot. https://hetrix.tools/uptime-monitoring-bot.html" 569 **0/569680**
35.154.5.38 - - [14/Mar/2026:05:58:10 -0700] "GET / HTTP/2.0" 200 39791 "-" "HetrixTools Uptime Monitoring Bot. https://hetrix.tools/uptime-monitoring-bot.html" 589 **0/589428**
118.139.180.95 - - [14/Mar/2026:05:58:24 -0700] "POST /wp-cron.php?doing_wp_cron=1773493104.1199989318847656250000 HTTP/1.1" 200 - "-" "WordPress/6.9.4; https://todaysiplmatch.in" 20 **0/20013**
118.139.180.95 - - [14/Mar/2026:05:58:24 -0700] "POST /wp-cron.php?doing_wp_cron=1773493104.5401639938354492187500 HTTP/1.1" 200 - "-" "WordPress/6.9.4; https://todaysiplmatch.in" 22 **0/22566**
79.127.243.80 - - [14/Mar/2026:05:58:23 -0700] "GET / HTTP/2.0" 200 39791 "-" "HetrixTools Uptime Monitoring Bot. https://hetrix.tools/uptime-monitoring-bot.html" 701 **0/701410**
51.89.144.57 - - [14/Mar/2026:05:58:25 -0700] "GET / HTTP/2.0" 200 39791 "-" "HetrixTools Uptime Monitoring Bot. https://hetrix.tools/uptime-monitoring-bot.html" 608 **0/608423**
216.73.216.186 - - [14/Mar/2026:05:58:53 -0700] "GET /ipl/csk-team-full-list-of-retained-and-new-players/feed HTTP/2.0" 301 1 "-" "Mozilla/5.0 AppleWebKit/537.36 (KHTML, like Gecko; compatible; ClaudeBot/1.0; +claudebot@anthropic.com)" 272 **0/272265**
216.73.216.186 - - [14/Mar/2026:05:58:54 -0700] "GET /ipl/csk-team-full-list-of-retained-and-new-players/feed/ HTTP/2.0" 200 416 "https://todaysiplmatch.in/ipl/csk-team-full-list-of-retained-and-new-players/feed" "Mozilla/5.0 AppleWebKit/537.36 (KHTML, like Gecko; compatible; ClaudeBot/1.0; +claudebot@anthropic.com)" 211 **0/211311**
35.154.5.38 - - [14/Mar/2026:05:59:04 -0700] "GET / HTTP/2.0" 200 39791 "-" "HetrixTools Uptime Monitoring Bot. https://hetrix.tools/uptime-monitoring-bot.html" 617 **0/617218**
51.89.144.57 - - [14/Mar/2026:05:59:16 -0700] "GET / HTTP/2.0" 200 39791 "-" "HetrixTools Uptime Monitoring Bot. https://hetrix.tools/uptime-monitoring-bot.html" 607 **0/607082**
66.165.225.34 - - [14/Mar/2026:05:59:20 -0700] "GET / HTTP/2.0" 200 39791 "-" "HetrixTools Uptime Monitoring Bot. https://hetrix.tools/uptime-monitoring-bot.html" 698 **0/698957**
209.222.107.178 - - [14/Mar/2026:05:59:22 -0700] "GET / HTTP/2.0" 200 39791 "-" "HetrixTools Uptime Monitoring Bot. https://hetrix.tools/uptime-monitoring-bot.html" 578 **0/578350**
118.139.180.95 - - [14/Mar/2026:06:00:19 -0700] "POST /wp-cron.php?doing_wp_cron=1773493219.7037220001220703125000 HTTP/1.1" 200 - "-" "WordPress/6.9.4; https://todaysiplmatch.in" 23 **0/23570**
172.241.23.225 - - [14/Mar/2026:06:00:18 -0700] "GET / HTTP/2.0" 200 39791 "-" "HetrixTools Uptime Monitoring Bot. https://hetrix.tools/uptime-monitoring-bot.html" 863 **0/863655**
23.106.61.94 - - [14/Mar/2026:06:00:20 -0700] "GET / HTTP/2.0" 200 39791 "-" "HetrixTools Uptime Monitoring Bot. https://hetrix.tools/uptime-monitoring-bot.html" 810 **0/810882**
77.247.126.141 - - [14/Mar/2026:06:00:21 -0700] "GET / HTTP/2.0" 200 39791 "-" "HetrixTools Uptime Monitoring Bot. https://hetrix.tools/uptime-monitoring-bot.html" 745 **0/745164**
148.113.25.248 - - [14/Mar/2026:06:00:26 -0700] "GET / HTTP/2.0" 200 39791 "-" "HetrixTools Uptime Monitoring Bot. https://hetrix.tools/uptime-monitoring-bot.html" 694 **0/694320**
51.89.144.57 - - [14/Mar/2026:06:01:06 -0700] "GET / HTTP/2.0" 200 39791 "-" "HetrixTools Uptime Monitoring Bot. https://hetrix.tools/uptime-monitoring-bot.html" 569 **0/569408**
66.165.247.154 - - [14/Mar/2026:06:01:08 -0700] "GET / HTTP/2.0" 200 39791 "-" "HetrixTools Uptime Monitoring Bot. https://hetrix.tools/uptime-monitoring-bot.html" 595 **0/595922**
69.67.149.243 - - [14/Mar/2026:06:01:15 -0700] "GET / HTTP/2.0" 200 39791 "-" "HetrixTools Uptime Monitoring Bot. https://hetrix.tools/uptime-monitoring-bot.html" 690 **0/690414**
192.0.91.228 - - [14/Mar/2026:06:01:17 -0700] "HEAD / HTTP/1.1" 200 - "-" "jetmon/1.0 (Jetpack Site Uptime Monitor by WordPress.com)" 215 **0/215914**
148.113.25.248 - - [14/Mar/2026:06:01:19 -0700] "GET / HTTP/2.0" 200 39791 "-" "HetrixTools Uptime Monitoring Bot. https://hetrix.tools/uptime-monitoring-bot.html" 674 **0/674510**
104.194.8.169 - - [14/Mar/2026:06:02:07 -0700] "GET / HTTP/2.0" 200 39791 "-" "HetrixTools Uptime Monitoring Bot. https://hetrix.tools/uptime-monitoring-bot.html" 562 **0/562104**
94.154.159.133 - - [14/Mar/2026:06:02:11 -0700] "GET / HTTP/2.0" 200 39791 "-" "HetrixTools Uptime Monitoring Bot. https://hetrix.tools/uptime-monitoring-bot.html" 520 **0/520750**
51.89.144.57 - - [14/Mar/2026:06:02:16 -0700] "GET / HTTP/2.0" 200 39791 "-" "HetrixTools Uptime Monitoring Bot. https://hetrix.tools/uptime-monitoring-bot.html" 617 **0/617169**
148.113.25.248 - - [14/Mar/2026:06:02:19 -0700] "GET / HTTP/2.0" 200 39791 "-" "HetrixTools Uptime Monitoring Bot. https://hetrix.tools/uptime-monitoring-bot.html" 583 **0/583273**
104.207.51.201 - - [14/Mar/2026:06:03:07 -0700] "GET /wp-content/themes/programmablecyberinteraction/index.php HTTP/1.1" 200 - "-" "Mozilla/5.0 (Windows NT 6.1; WOW64) AppleWebKit/537.36 (KHTML, like Gecko) Chrome/36.0.1985.143 Safari/537.3680021621" 13 **0/13280**
51.195.149.151 - - [14/Mar/2026:06:03:09 -0700] "GET / HTTP/2.0" 200 39791 "-" "HetrixTools Uptime Monitoring Bot. https://hetrix.tools/uptime-monitoring-bot.html" 597 **0/597874**
77.247.126.141 - - [14/Mar/2026:06:03:10 -0700] "GET / HTTP/2.0" 200 39791 "-" "HetrixTools Uptime Monitoring Bot. https://hetrix.tools/uptime-monitoring-bot.html" 595 **0/595530**
118.139.180.95 - - [14/Mar/2026:06:03:13 -0700] "POST /wp-cron.php?doing_wp_cron=1773493393.2885770797729492187500 HTTP/1.1" 200 - "-" "WordPress/6.9.4; https://todaysiplmatch.in" 18 **0/18069**
35.154.5.38 - - [14/Mar/2026:06:03:12 -0700] "GET / HTTP/2.0" 200 39791 "-" "HetrixTools Uptime Monitoring Bot. https://hetrix.tools/uptime-monitoring-bot.html" 679 **0/679861**
47.128.119.164 - - [14/Mar/2026:06:03:22 -0700] "GET /articles/ipl/star-utsav-movies-ipl-schedule/ HTTP/2.0" 301 1 "-" "Mozilla/5.0 (Linux; Android 5.0) AppleWebKit/537.36 (KHTML, like Gecko) Mobile Safari/537.36 (compatible; TikTokSpider; ttspider-feedback@tiktok.com)" 302 **0/302080**
47.128.119.164 - - [14/Mar/2026:06:03:22 -0700] "GET /ipl/star-utsav-movies-ipl-schedule/ HTTP/2.0" 200 38822 "-" "Mozilla/5.0 (Linux; Android 5.0) AppleWebKit/537.36 (KHTML, like Gecko) Mobile Safari/537.36 (compatible; TikTokSpider; ttspider-feedback@tiktok.com)" 575 **0/575389**
67.213.120.27 - - [14/Mar/2026:06:03:26 -0700] "GET / HTTP/2.0" 200 39791 "-" "HetrixTools Uptime Monitoring Bot. https://hetrix.tools/uptime-monitoring-bot.html" 648 **0/648600**
27.34.72.153 - - [14/Mar/2026:06:03:51 -0700] "GET /cricket-betting/wcl-betting/ HTTP/1.1" 200 34375 "-" "Mozilla/5.0 (X11; Linux i686) AppleWebKit/533.2 (KHTML, like Gecko) Chrome/25.0.894.0 Safari/533.2" 519 **0/519492**
77.75.78.170 - - [14/Mar/2026:06:03:58 -0700] "GET /top-betting-sites-in-india/dafabet/ HTTP/1.1" 200 42382 "-" "Mozilla/5.0 (compatible; SeznamBot/4.0; +https://o-seznam.cz/napoveda/vyhledavani/en/seznambot-crawler/)" 645 **0/645554**
35.154.5.38 - - [14/Mar/2026:06:04:06 -0700] "GET / HTTP/2.0" 200 39791 "-" "HetrixTools Uptime Monitoring Bot. https://hetrix.tools/uptime-monitoring-bot.html" 686 **0/686082**
69.67.149.243 - - [14/Mar/2026:06:04:09 -0700] "GET / HTTP/2.0" 200 39791 "-" "HetrixTools Uptime Monitoring Bot. https://hetrix.tools/uptime-monitoring-bot.html" 630 **0/630115**
103.148.51.145 - - [14/Mar/2026:06:04:13 -0700] "GET /wp-json/wp/v2/posts/37440 HTTP/1.1" 200 40094 "-" "Mozilla/5.0 (Windows NT 6.1; Win64; x64) AppleWebKit/537.36 (KHTML, like Gecko) Chrome/70.0.3538.102 Safari/537.36" 432 **0/432609**
67.213.120.27 - - [14/Mar/2026:06:04:16 -0700] "GET / HTTP/2.0" 200 39791 "-" "HetrixTools Uptime Monitoring Bot. https://hetrix.tools/uptime-monitoring-bot.html" 632 **0/632903**
51.89.144.57 - - [14/Mar/2026:06:04:25 -0700] "GET / HTTP/2.0" 200 39791 "-" "HetrixTools Uptime Monitoring Bot. https://hetrix.tools/uptime-monitoring-bot.html" 578 **0/578904**
209.222.107.178 - - [14/Mar/2026:06:05:10 -0700] "GET / HTTP/2.0" 200 39791 "-" "HetrixTools Uptime Monitoring Bot. https://hetrix.tools/uptime-monitoring-bot.html" 875 **0/875330**
185.174.110.102 - - [14/Mar/2026:06:05:14 -0700] "GET / HTTP/2.0" 200 39791 "-" "HetrixTools Uptime Monitoring Bot. https://hetrix.tools/uptime-monitoring-bot.html" 765 **0/765415**
118.139.180.95 - - [14/Mar/2026:06:05:19 -0700] "POST /wp-cron.php?doing_wp_cron=1773493519.0788400173187255859375 HTTP/1.1" 200 - "-" "WordPress/6.9.4; https://todaysiplmatch.in" 23 **0/23216**
35.154.5.38 - - [14/Mar/2026:06:05:18 -0700] "GET / HTTP/2.0" 200 39791 "-" "HetrixTools Uptime Monitoring Bot. https://hetrix.tools/uptime-monitoring-bot.html" 791 **0/791518**
66.165.225.34 - - [14/Mar/2026:06:05:20 -0700] "GET / HTTP/2.0" 200 39791 "-" "HetrixTools Uptime Monitoring Bot. https://hetrix.tools/uptime-monitoring-bot.html" 743 **0/743510**
65.109.104.153 - - [14/Mar/2026:06:05:59 -0700] "GET /sharp-betting-xexchange/ HTTP/1.1" 200 33473 "https://todaysiplmatch.in/" "Mozilla/5.0 (Macintosh; Intel Mac OS X 12_5) AppleWebKit/537.36 (KHTML, like Gecko) Chrome/114.0.0.0 Safari/537.36 Edg/114.0.1264.71" 475 **0/475972**
65.109.104.153 - - [14/Mar/2026:06:06:02 -0700] "GET /wp-admin/admin-ajax.php HTTP/1.1" 400 5 "https://todaysiplmatch.in/sharp-betting-xexchange/" "Mozilla/5.0 (Windows NT 6.3; Win64; x64) AppleWebKit/537.36 (KHTML, like Gecko) Chrome/103.0.0.0 Safari/537.36" 507 **0/507055**
65.109.104.153 - - [14/Mar/2026:06:06:04 -0700] "GET /wp-admin/admin-ajax.php?action=register HTTP/1.1" 400 5 "https://todaysiplmatch.in/wp-admin/admin-ajax.php" "Mozilla/5.0 (Windows NT 6.3; Win64; x64) AppleWebKit/537.36 (KHTML, like Gecko) Chrome/103.0.0.0 Safari/537.36" 293 **0/293727**
65.20.70.55 - - [14/Mar/2026:06:06:11 -0700] "GET / HTTP/2.0" 200 39791 "-" "HetrixTools Uptime Monitoring Bot. https://hetrix.tools/uptime-monitoring-bot.html" 784 **0/784821**
192.0.91.228 - - [14/Mar/2026:06:06:18 -0700] "HEAD / HTTP/1.1" 200 - "-" "jetmon/1.0 (Jetpack Site Uptime Monitor by WordPress.com)" 255 **0/255376**
104.194.8.169 - - [14/Mar/2026:06:06:23 -0700] "GET / HTTP/2.0" 200 39791 "-" "HetrixTools Uptime Monitoring Bot. https://hetrix.tools/uptime-monitoring-bot.html" 632 **0/632966**
94.154.159.133 - - [14/Mar/2026:06:06:24 -0700] "GET / HTTP/2.0" 200 39791 "-" "HetrixTools Uptime Monitoring Bot. https://hetrix.tools/uptime-monitoring-bot.html" 763 **0/763744**
185.38.148.144 - - [14/Mar/2026:06:06:24 -0700] "GET / HTTP/2.0" 200 39791 "-" "HetrixTools Uptime Monitoring Bot. https://hetrix.tools/uptime-monitoring-bot.html" 630 **0/630333**
2.189.5.142 - - [14/Mar/2026:06:06:24 -0700] "GET / HTTP/1.1" 200 367395 "-" "Mozilla/5.0 (X11; Ubuntu; Linux x86_64; rv:109.0) Gecko/20100101 Firefox/118.0" 1127 **1/1127867**
66.249.79.202 - - [14/Mar/2026:06:06:44 -0700] "GET /ipl/donovan-ferreira-ipl/ HTTP/1.1" 200 38919 "-" "Mozilla/5.0 (Linux; Android 6.0.1; Nexus 5X Build/MMB29P) AppleWebKit/537.36 (KHTML, like Gecko) Chrome/145.0.7632.116 Mobile Safari/537.36 (compatible; Googlebot/2.1; +http://www.google.com/bot.html)" 548 **0/548925**
23.106.180.172 - - [14/Mar/2026:06:07:02 -0700] "GET / HTTP/2.0" 200 39791 "-" "HetrixTools Uptime Monitoring Bot. https://hetrix.tools/uptime-monitoring-bot.html" 956 **0/956597**
148.113.2.135 - - [14/Mar/2026:06:07:03 -0700] "GET / HTTP/2.0" 200 39791 "-" "HetrixTools Uptime Monitoring Bot. https://hetrix.tools/uptime-monitoring-bot.html" 824 **0/824711**
23.106.61.94 - - [14/Mar/2026:06:07:13 -0700] "GET / HTTP/2.0" 200 39791 "-" "HetrixTools Uptime Monitoring Bot. https://hetrix.tools/uptime-monitoring-bot.html" 604 **0/604921**
157.34.215.239 - - [14/Mar/2026:06:07:20 -0700] "GET /satta-matka/tata-time-satta-matka/ HTTP/2.0" 200 33958 "https://www.google.com/" "Mozilla/5.0 (Mobile; LYF/F90M/LYF-F90M-000-03-56-251223; Android; rv:48.0) Gecko/48.0 Firefox/48.0 KAIOS/2.5" 531 **0/531448**
157.34.215.239 - - [14/Mar/2026:06:07:21 -0700] "GET /wp-content/plugins/jetpack/jetpack_vendor/automattic/jetpack-forms/dist/contact-form/css/jetpack-forms-layout.css?ver=15.6 HTTP/2.0" 200 833 "https://todaysiplmatch.in/satta-matka/tata-time-satta-matka/" "Mozilla/5.0 (Mobile; LYF/F90M/LYF-F90M-000-03-56-251223; Android; rv:48.0) Gecko/48.0 Firefox/48.0 KAIOS/2.5" 11 **0/11720**
157.34.215.239 - - [14/Mar/2026:06:07:21 -0700] "GET /wp-content/themes/astra/assets/css/minified/main.min.css?ver=4.12.4 HTTP/2.0" 200 8492 "https://todaysiplmatch.in/satta-matka/tata-time-satta-matka/" "Mozilla/5.0 (Mobile; LYF/F90M/LYF-F90M-000-03-56-251223; Android; rv:48.0) Gecko/48.0 Firefox/48.0 KAIOS/2.5" 16 **0/16745**
157.34.215.239 - - [14/Mar/2026:06:07:21 -0700] "GET /wp-content/plugins/popup-maker/dist/packages/block-library-style.css?ver=dbea705cfafe089d65f1 HTTP/2.0" 200 967 "https://todaysiplmatch.in/satta-matka/tata-time-satta-matka/" "Mozilla/5.0 (Mobile; LYF/F90M/LYF-F90M-000-03-56-251223; Android; rv:48.0) Gecko/48.0 Firefox/48.0 KAIOS/2.5" 10 **0/10788**
157.34.215.239 - - [14/Mar/2026:06:07:21 -0700] "GET /wp-content/plugins/wp-responsive-recent-post-slider/assets/css/slick.css?ver=3.7.1 HTTP/2.0" 200 428 "https://todaysiplmatch.in/satta-matka/tata-time-satta-matka/" "Mozilla/5.0 (Mobile; LYF/F90M/LYF-F90M-000-03-56-251223; Android; rv:48.0) Gecko/48.0 Firefox/48.0 KAIOS/2.5" 10 **0/10774**
157.34.215.239 - - [14/Mar/2026:06:07:21 -0700] "GET /wp-content/plugins/wp-responsive-recent-post-slider/assets/css/recent-post-style.css?ver=3.7.1 HTTP/2.0" 200 1994 "https://todaysiplmatch.in/satta-matka/tata-time-satta-matka/" "Mozilla/5.0 (Mobile; LYF/F90M/LYF-F90M-000-03-56-251223; Android; rv:48.0) Gecko/48.0 Firefox/48.0 KAIOS/2.5" 11 **0/11539**
157.34.215.239 - - [14/Mar/2026:06:07:21 -0700] "GET /wp-content/plugins/elementor/assets/css/frontend.min.css?ver=3.35.7 HTTP/2.0" 200 6618 "https://todaysiplmatch.in/satta-matka/tata-time-satta-matka/" "Mozilla/5.0 (Mobile; LYF/F90M/LYF-F90M-000-03-56-251223; Android; rv:48.0) Gecko/48.0 Firefox/48.0 KAIOS/2.5" 25 **0/25282**
157.34.215.239 - - [14/Mar/2026:06:07:21 -0700] "GET /wp-content/uploads/elementor/css/post-6.css?ver=1773288565 HTTP/2.0" 200 324 "https://todaysiplmatch.in/satta-matka/tata-time-satta-matka/" "Mozilla/5.0 (Mobile; LYF/F90M/LYF-F90M-000-03-56-251223; Android; rv:48.0) Gecko/48.0 Firefox/48.0 KAIOS/2.5" 9 **0/9669**
157.34.215.239 - - [14/Mar/2026:06:07:21 -0700] "GET /wp-content/plugins/elementor/assets/lib/font-awesome/css/all.min.css?ver=3.35.7 HTTP/2.0" 200 12402 "https://todaysiplmatch.in/satta-matka/tata-time-satta-matka/" "Mozilla/5.0 (Mobile; LYF/F90M/LYF-F90M-000-03-56-251223; Android; rv:48.0) Gecko/48.0 Firefox/48.0 KAIOS/2.5" 13 **0/13985**
157.34.215.239 - - [14/Mar/2026:06:07:21 -0700] "GET /wp-content/plugins/elementor/assets/lib/font-awesome/css/v4-shims.min.css?ver=3.35.7 HTTP/2.0" 200 3986 "https://todaysiplmatch.in/satta-matka/tata-time-satta-matka/" "Mozilla/5.0 (Mobile; LYF/F90M/LYF-F90M-000-03-56-251223; Android; rv:48.0) Gecko/48.0 Firefox/48.0 KAIOS/2.5" 13 **0/13328**
157.34.215.239 - - [14/Mar/2026:06:07:21 -0700] "GET /wp-content/uploads/elementor/css/post-36397.css?ver=1773478589 HTTP/2.0" 200 178 "https://todaysiplmatch.in/satta-matka/tata-time-satta-matka/" "Mozilla/5.0 (Mobile; LYF/F90M/LYF-F90M-000-03-56-251223; Android; rv:48.0) Gecko/48.0 Firefox/48.0 KAIOS/2.5" 12 **0/12676**
157.34.215.239 - - [14/Mar/2026:06:07:21 -0700] "GET /wp-content/plugins/elementskit-lite/widgets/init/assets/css/responsive.css?ver=3.8.1 HTTP/2.0" 200 2861 "https://todaysiplmatch.in/satta-matka/tata-time-satta-matka/" "Mozilla/5.0 (Mobile; LYF/F90M/LYF-F90M-000-03-56-251223; Android; rv:48.0) Gecko/48.0 Firefox/48.0 KAIOS/2.5" 11 **0/11403**
157.34.215.239 - - [14/Mar/2026:06:07:21 -0700] "GET /wp-content/plugins/elementskit-lite/widgets/init/assets/css/widget-styles.css?ver=3.8.1 HTTP/2.0" 200 47723 "https://todaysiplmatch.in/satta-matka/tata-time-satta-matka/" "Mozilla/5.0 (Mobile; LYF/F90M/LYF-F90M-000-03-56-251223; Android; rv:48.0) Gecko/48.0 Firefox/48.0 KAIOS/2.5" 50 **0/50572**
157.34.215.239 - - [14/Mar/2026:06:07:21 -0700] "GET /wp-content/uploads/elementor/google-fonts/css/roboto.css?ver=1742270851 HTTP/2.0" 200 1878 "https://todaysiplmatch.in/satta-matka/tata-time-satta-matka/" "Mozilla/5.0 (Mobile; LYF/F90M/LYF-F90M-000-03-56-251223; Android; rv:48.0) Gecko/48.0 Firefox/48.0 KAIOS/2.5" 12 **0/12682**
157.34.215.239 - - [14/Mar/2026:06:07:21 -0700] "GET /wp-content/uploads/elementor/google-fonts/css/robotoslab.css?ver=1742270861 HTTP/2.0" 200 716 "https://todaysiplmatch.in/satta-matka/tata-time-satta-matka/" "Mozilla/5.0 (Mobile; LYF/F90M/LYF-F90M-000-03-56-251223; Android; rv:48.0) Gecko/48.0 Firefox/48.0 KAIOS/2.5" 9 **0/9034**
157.34.215.239 - - [14/Mar/2026:06:07:21 -0700] "GET /wp-content/uploads/2024/08/Indibet-400-offer-Banner-970x90-1.jpg HTTP/2.0" 200 111945 "https://todaysiplmatch.in/satta-matka/tata-time-satta-matka/" "Mozilla/5.0 (Mobile; LYF/F90M/LYF-F90M-000-03-56-251223; Android; rv:48.0) Gecko/48.0 Firefox/48.0 KAIOS/2.5" 9 **0/9959**
157.34.215.239 - - [14/Mar/2026:06:07:21 -0700] "GET /wp-content/themes/astra/assets/js/minified/flexibility.min.js?ver=4.12.4 HTTP/2.0" 200 3762 "https://todaysiplmatch.in/satta-matka/tata-time-satta-matka/" "Mozilla/5.0 (Mobile; LYF/F90M/LYF-F90M-000-03-56-251223; Android; rv:48.0) Gecko/48.0 Firefox/48.0 KAIOS/2.5" 15 **0/15414**
157.34.215.239 - - [14/Mar/2026:06:07:21 -0700] "GET /wp-content/plugins/elementor/assets/lib/font-awesome/js/v4-shims.min.js?ver=3.35.7 HTTP/2.0" 200 4043 "https://todaysiplmatch.in/satta-matka/tata-time-satta-matka/" "Mozilla/5.0 (Mobile; LYF/F90M/LYF-F90M-000-03-56-251223; Android; rv:48.0) Gecko/48.0 Firefox/48.0 KAIOS/2.5" 15 **0/15940**
157.34.215.239 - - [14/Mar/2026:06:07:21 -0700] "GET /wp-content/plugins/elementskit-lite/modules/elementskit-icon-pack/assets/css/ekiticons.css?ver=3.8.1 HTTP/2.0" 200 9809 "https://todaysiplmatch.in/satta-matka/tata-time-satta-matka/" "Mozilla/5.0 (Mobile; LYF/F90M/LYF-F90M-000-03-56-251223; Android; rv:48.0) Gecko/48.0 Firefox/48.0 KAIOS/2.5" 15 **0/15391**
157.34.215.239 - - [14/Mar/2026:06:07:21 -0700] "GET /wp-content/themes/astra/assets/js/minified/frontend.min.js?ver=4.12.4 HTTP/2.0" 200 6218 "https://todaysiplmatch.in/satta-matka/tata-time-satta-matka/" "Mozilla/5.0 (Mobile; LYF/F90M/LYF-F90M-000-03-56-251223; Android; rv:48.0) Gecko/48.0 Firefox/48.0 KAIOS/2.5" 14 **0/14183**
157.34.215.239 - - [14/Mar/2026:06:07:21 -0700] "GET /wp-content/plugins/elementskit-lite/widgets/init/assets/js/widget-scripts.js?ver=3.8.1 HTTP/2.0" 200 16436 "https://todaysiplmatch.in/satta-matka/tata-time-satta-matka/" "Mozilla/5.0 (Mobile; LYF/F90M/LYF-F90M-000-03-56-251223; Android; rv:48.0) Gecko/48.0 Firefox/48.0 KAIOS/2.5" 16 **0/16240**
157.34.215.239 - - [14/Mar/2026:06:07:21 -0700] "GET /wp-content/plugins/elementor/assets/js/webpack.runtime.min.js?ver=3.35.7 HTTP/2.0" 200 2282 "https://todaysiplmatch.in/satta-matka/tata-time-satta-matka/" "Mozilla/5.0 (Mobile; LYF/F90M/LYF-F90M-000-03-56-251223; Android; rv:48.0) Gecko/48.0 Firefox/48.0 KAIOS/2.5" 10 **0/10581**
157.34.215.239 - - [14/Mar/2026:06:07:22 -0700] "GET /wp-content/plugins/elementor/assets/js/frontend-modules.min.js?ver=3.35.7 HTTP/2.0" 200 15429 "https://todaysiplmatch.in/satta-matka/tata-time-satta-matka/" "Mozilla/5.0 (Mobile; LYF/F90M/LYF-F90M-000-03-56-251223; Android; rv:48.0) Gecko/48.0 Firefox/48.0 KAIOS/2.5" 17 **0/17205**
157.34.215.239 - - [14/Mar/2026:06:07:22 -0700] "GET /wp-content/plugins/elementor/assets/js/frontend.min.js?ver=3.35.7 HTTP/2.0" 200 10063 "https://todaysiplmatch.in/satta-matka/tata-time-satta-matka/" "Mozilla/5.0 (Mobile; LYF/F90M/LYF-F90M-000-03-56-251223; Android; rv:48.0) Gecko/48.0 Firefox/48.0 KAIOS/2.5" 13 **0/13301**
157.34.215.239 - - [14/Mar/2026:06:07:22 -0700] "GET /wp-content/plugins/elementskit-lite/widgets/init/assets/js/elementor.js?ver=3.8.1 HTTP/2.0" 200 5750 "https://todaysiplmatch.in/satta-matka/tata-time-satta-matka/" "Mozilla/5.0 (Mobile; LYF/F90M/LYF-F90M-000-03-56-251223; Android; rv:48.0) Gecko/48.0 Firefox/48.0 KAIOS/2.5" 12 **0/12064**
157.34.215.239 - - [14/Mar/2026:06:07:24 -0700] "GET /wp-content/uploads/elementor/google-fonts/fonts/roboto-kfo7cnqeu92fr1me7ksn66agldtyluama3yuba.woff2 HTTP/2.0" 200 40128 "https://todaysiplmatch.in/wp-content/uploads/elementor/google-fonts/css/roboto.css?ver=1742270851" "Mozilla/5.0 (Mobile; LYF/F90M/LYF-F90M-000-03-56-251223; Android; rv:48.0) Gecko/48.0 Firefox/48.0 KAIOS/2.5" 19 **0/19137**
66.206.13.170 - - [14/Mar/2026:06:07:26 -0700] "GET / HTTP/2.0" 200 39791 "-" "HetrixTools Uptime Monitoring Bot. https://hetrix.tools/uptime-monitoring-bot.html" 665 **0/665083**
118.139.180.95 - - [14/Mar/2026:06:08:19 -0700] "POST /wp-cron.php?doing_wp_cron=1773493699.1259620189666748046875 HTTP/1.1" 200 - "-" "WordPress/6.9.4; https://todaysiplmatch.in" 22 **0/22779**
181.41.142.170 - - [14/Mar/2026:06:08:18 -0700] "GET / HTTP/2.0" 200 39791 "-" "HetrixTools Uptime Monitoring Bot. https://hetrix.tools/uptime-monitoring-bot.html" 716 **0/716212**
209.222.107.178 - - [14/Mar/2026:06:08:23 -0700] "GET / HTTP/2.0" 200 39791 "-" "HetrixTools Uptime Monitoring Bot. https://hetrix.tools/uptime-monitoring-bot.html" 764 **0/764036**
77.247.126.141 - - [14/Mar/2026:06:08:23 -0700] "GET / HTTP/2.0" 200 39791 "-" "HetrixTools Uptime Monitoring Bot. https://hetrix.tools/uptime-monitoring-bot.html" 761 **0/761184**
185.38.148.144 - - [14/Mar/2026:06:08:25 -0700] "GET / HTTP/2.0" 200 39791 "-" "HetrixTools Uptime Monitoring Bot. https://hetrix.tools/uptime-monitoring-bot.html" 687 **0/687918**
51.89.144.57 - - [14/Mar/2026:06:09:03 -0700] "GET / HTTP/2.0" 200 39791 "-" "HetrixTools Uptime Monitoring Bot. https://hetrix.tools/uptime-monitoring-bot.html" 1268 **1/1268109**
181.41.142.170 - - [14/Mar/2026:06:09:06 -0700] "GET / HTTP/2.0" 200 39791 "-" "HetrixTools Uptime Monitoring Bot. https://hetrix.tools/uptime-monitoring-bot.html" 892 **0/892865**
23.106.180.172 - - [14/Mar/2026:06:09:12 -0700] "GET / HTTP/2.0" 200 39791 "-" "HetrixTools Uptime Monitoring Bot. https://hetrix.tools/uptime-monitoring-bot.html" 660 **0/660742**
79.127.243.80 - - [14/Mar/2026:06:09:17 -0700] "GET / HTTP/2.0" 200 39791 "-" "HetrixTools Uptime Monitoring Bot. https://hetrix.tools/uptime-monitoring-bot.html" 721 **0/721994**
66.249.79.203 - - [14/Mar/2026:06:09:34 -0700] "GET /wp-content/plugins/easy-table-of-contents/assets/css/screen.min.css?ver=2.0.81 HTTP/1.1" 200 1721 "https://todaysiplmatch.in/ipl/donovan-ferreira-ipl/" "Mozilla/5.0 (Linux; Android 6.0.1; Nexus 5X Build/MMB29P) AppleWebKit/537.36 (KHTML, like Gecko) Chrome/145.0.7632.116 Mobile Safari/537.36 (compatible; Googlebot/2.1; +http://www.google.com/bot.html)" 11 **0/11060**
66.249.79.202 - - [14/Mar/2026:06:09:37 -0700] "GET /wp-content/plugins/easy-table-of-contents/assets/js/smooth_scroll.min.js?ver=2.0.81 HTTP/1.1" 200 478 "https://todaysiplmatch.in/ipl/donovan-ferreira-ipl/" "Mozilla/5.0 (Linux; Android 6.0.1; Nexus 5X Build/MMB29P) AppleWebKit/537.36 (KHTML, like Gecko) Chrome/145.0.7632.116 Mobile Safari/537.36 (compatible; Googlebot/2.1; +http://www.google.com/bot.html)" 11 **0/11770**
66.249.79.202 - - [14/Mar/2026:06:09:38 -0700] "GET /wp-content/themes/astra/assets/js/minified/frontend.min.js?ver=4.12.4 HTTP/1.1" 200 6218 "https://todaysiplmatch.in/ipl/donovan-ferreira-ipl/" "Mozilla/5.0 (Linux; Android 6.0.1; Nexus 5X Build/MMB29P) AppleWebKit/537.36 (KHTML, like Gecko) Chrome/145.0.7632.116 Mobile Safari/537.36 (compatible; Googlebot/2.1; +http://www.google.com/bot.html)" 12 **0/12589**
66.249.79.203 - - [14/Mar/2026:06:09:40 -0700] "GET /wp-content/plugins/jetpack/jetpack_vendor/automattic/jetpack-forms/dist/contact-form/css/jetpack-forms-layout.css?ver=15.6 HTTP/1.1" 200 833 "https://todaysiplmatch.in/ipl/donovan-ferreira-ipl/" "Mozilla/5.0 (Linux; Android 6.0.1; Nexus 5X Build/MMB29P) AppleWebKit/537.36 (KHTML, like Gecko) Chrome/145.0.7632.116 Mobile Safari/537.36 (compatible; Googlebot/2.1; +http://www.google.com/bot.html)" 11 **0/11438**
66.249.79.202 - - [14/Mar/2026:06:09:41 -0700] "GET /wp-content/plugins/easy-table-of-contents/vendor/js-cookie/js.cookie.min.js?ver=2.2.1 HTTP/1.1" 200 997 "https://todaysiplmatch.in/ipl/donovan-ferreira-ipl/" "Mozilla/5.0 (Linux; Android 6.0.1; Nexus 5X Build/MMB29P) AppleWebKit/537.36 (KHTML, like Gecko) Chrome/145.0.7632.116 Mobile Safari/537.36 (compatible; Googlebot/2.1; +http://www.google.com/bot.html)" 8 **0/8793**
66.249.79.203 - - [14/Mar/2026:06:09:43 -0700] "GET /wp-content/plugins/easy-table-of-contents/vendor/sticky-kit/jquery.sticky-kit.min.js?ver=1.9.2 HTTP/1.1" 200 1183 "https://todaysiplmatch.in/ipl/donovan-ferreira-ipl/" "Mozilla/5.0 (Linux; Android 6.0.1; Nexus 5X Build/MMB29P) AppleWebKit/537.36 (KHTML, like Gecko) Chrome/145.0.7632.116 Mobile Safari/537.36 (compatible; Googlebot/2.1; +http://www.google.com/bot.html)" 11 **0/11158**
