74.7.241.60 - - [14/Mar/2026:09:15:06 -0700] "GET /?p=32013 HTTP/2.0" 301 1 "https://todaysiplmatch.in/cricket-betting/ipl-betting/ipl-betting-in-chhattisgarh/" "Mozilla/5.0 AppleWebKit/537.36 (KHTML, like Gecko; compatible; GPTBot/1.3; +https://openai.com/gptbot)" 399 **0/399959**
74.7.229.235 - - [14/Mar/2026:09:15:06 -0700] "GET /cricket-betting/ipl-betting/ipl-betting-in-puducherry/ HTTP/2.0" 200 33021 "https://todaysiplmatch.in/ipl/most-dangerous-batsman-in-ipl/" "Mozilla/5.0 (Macintosh; Intel Mac OS X 10_15_7) AppleWebKit/537.36 (KHTML, like Gecko) Chrome/131.0.0.0 Safari/537.36; compatible; OAI-SearchBot/1.3; +https://openai.com/searchbot" 1095 **1/1095214**
74.7.241.60 - - [14/Mar/2026:09:15:06 -0700] "GET /cricket-betting/ipl-betting/ipl-betting-in-chhattisgarh/ HTTP/2.0" 200 33909 "https://todaysiplmatch.in/?p=32013" "Mozilla/5.0 AppleWebKit/537.36 (KHTML, like Gecko; compatible; GPTBot/1.3; +https://openai.com/gptbot)" 942 **0/942505**
216.73.216.186 - - [14/Mar/2026:09:15:08 -0700] "GET /articles/world-cup/icc-headquarters HTTP/2.0" 301 1 "-" "Mozilla/5.0 AppleWebKit/537.36 (KHTML, like Gecko; compatible; ClaudeBot/1.0; +claudebot@anthropic.com)" 338 **0/338911**
74.7.229.9 - - [14/Mar/2026:09:15:08 -0700] "GET /wp-json/oembed/1.0/embed?url=https%3A%2F%2Ftodaysiplmatch.in%2Fcricket-betting%2Fipl-betting%2Fipl-betting-in-chhattisgarh%2F HTTP/2.0" 200 1157 "https://todaysiplmatch.in/cricket-betting/ipl-betting/ipl-betting-in-chhattisgarh/" "Mozilla/5.0 (Macintosh; Intel Mac OS X 10_15_7) AppleWebKit/537.36 (KHTML, like Gecko) Chrome/131.0.0.0 Safari/537.36; compatible; OAI-SearchBot/1.3; +https://openai.com/searchbot" 463 **0/463485**
216.73.216.186 - - [14/Mar/2026:09:15:08 -0700] "GET /?p=26948 HTTP/2.0" 301 1 "-" "Mozilla/5.0 AppleWebKit/537.36 (KHTML, like Gecko; compatible; ClaudeBot/1.0; +claudebot@anthropic.com)" 395 **0/395908**
74.7.241.60 - - [14/Mar/2026:09:15:08 -0700] "GET /wp-json/oembed/1.0/embed?format=xml&url=https%3A%2F%2Ftodaysiplmatch.in%2Fcricket-betting%2Fipl-betting%2Fipl-betting-in-puducherry%2F HTTP/2.0" 200 1138 "https://todaysiplmatch.in/cricket-betting/ipl-betting/ipl-betting-in-puducherry/" "Mozilla/5.0 AppleWebKit/537.36 (KHTML, like Gecko; compatible; GPTBot/1.3; +https://openai.com/gptbot)" 399 **0/399366**
74.7.229.9 - - [14/Mar/2026:09:15:09 -0700] "GET /wp-json/oembed/1.0/embed?format=xml&url=https%3A%2F%2Ftodaysiplmatch.in%2Fcricket-betting%2Fipl-betting%2Fipl-betting-in-chhattisgarh%2F HTTP/2.0" 200 1169 "https://todaysiplmatch.in/cricket-betting/ipl-betting/ipl-betting-in-chhattisgarh/" "Mozilla/5.0 (Macintosh; Intel Mac OS X 10_15_7) AppleWebKit/537.36 (KHTML, like Gecko) Chrome/131.0.0.0 Safari/537.36; compatible; OAI-SearchBot/1.3; +https://openai.com/searchbot" 435 **0/435247**
74.7.241.60 - - [14/Mar/2026:09:15:09 -0700] "GET /wp-json/oembed/1.0/embed?url=https%3A%2F%2Ftodaysiplmatch.in%2Fcricket-betting%2Fipl-betting%2Fipl-betting-in-puducherry%2F HTTP/2.0" 200 1125 "https://todaysiplmatch.in/cricket-betting/ipl-betting/ipl-betting-in-puducherry/" "Mozilla/5.0 AppleWebKit/537.36 (KHTML, like Gecko; compatible; GPTBot/1.3; +https://openai.com/gptbot)" 515 **0/515490**
216.73.216.186 - - [14/Mar/2026:09:15:09 -0700] "GET /world-cup/t20-world-cup-schedule/ HTTP/2.0" 200 37288 "https://todaysiplmatch.in/?p=26948" "Mozilla/5.0 AppleWebKit/537.36 (KHTML, like Gecko; compatible; ClaudeBot/1.0; +claudebot@anthropic.com)" 817 **0/817140**
216.73.216.186 - - [14/Mar/2026:09:15:09 -0700] "GET /world-cup/icc-headquarters/ HTTP/2.0" 200 37306 "https://todaysiplmatch.in/articles/world-cup/icc-headquarters" "Mozilla/5.0 AppleWebKit/537.36 (KHTML, like Gecko; compatible; ClaudeBot/1.0; +claudebot@anthropic.com)" 892 **0/892104**
79.127.243.80 - - [14/Mar/2026:09:15:09 -0700] "GET / HTTP/2.0" 200 39791 "-" "HetrixTools Uptime Monitoring Bot. https://hetrix.tools/uptime-monitoring-bot.html" 982 **0/982028**
95.179.193.59 - - [14/Mar/2026:09:15:09 -0700] "GET / HTTP/2.0" 200 39791 "-" "HetrixTools Uptime Monitoring Bot. https://hetrix.tools/uptime-monitoring-bot.html" 998 **0/998490**
74.7.241.60 - - [14/Mar/2026:09:15:10 -0700] "GET /wp-json/wp/v2/pages/33820 HTTP/2.0" 200 6763 "https://todaysiplmatch.in/cricket-betting/ipl-betting/ipl-betting-in-puducherry/" "Mozilla/5.0 AppleWebKit/537.36 (KHTML, like Gecko; compatible; GPTBot/1.3; +https://openai.com/gptbot)" 930 **0/930137**
74.7.241.60 - - [14/Mar/2026:09:15:10 -0700] "GET /wp-content/uploads/elementor/css/post-33820.css?ver=1773504906 HTTP/2.0" 200 223 "https://todaysiplmatch.in/cricket-betting/ipl-betting/ipl-betting-in-puducherry/" "Mozilla/5.0 AppleWebKit/537.36 (KHTML, like Gecko; compatible; GPTBot/1.3; +https://openai.com/gptbot)" 19 **0/19155**
74.7.228.206 - - [14/Mar/2026:09:15:10 -0700] "GET /wp-json/wp/v2/pages/32013 HTTP/2.0" 200 7567 "https://todaysiplmatch.in/cricket-betting/ipl-betting/ipl-betting-in-chhattisgarh/" "Mozilla/5.0 (Macintosh; Intel Mac OS X 10_15_7) AppleWebKit/537.36 (KHTML, like Gecko) Chrome/131.0.0.0 Safari/537.36; compatible; OAI-SearchBot/1.3; +https://openai.com/searchbot" 538 **0/538720**
74.7.229.9 - - [14/Mar/2026:09:15:11 -0700] "GET /wp-content/uploads/elementor/css/post-32013.css?ver=1773481402 HTTP/2.0" 200 195 "https://todaysiplmatch.in/cricket-betting/ipl-betting/ipl-betting-in-chhattisgarh/" "Mozilla/5.0 (Macintosh; Intel Mac OS X 10_15_7) AppleWebKit/537.36 (KHTML, like Gecko) Chrome/131.0.0.0 Safari/537.36; compatible; OAI-SearchBot/1.3; +https://openai.com/searchbot" 16 **0/16024**
74.7.241.60 - - [14/Mar/2026:09:15:11 -0700] "GET /?p=33820 HTTP/2.0" 301 1 "https://todaysiplmatch.in/cricket-betting/ipl-betting/ipl-betting-in-puducherry/" "Mozilla/5.0 AppleWebKit/537.36 (KHTML, like Gecko; compatible; GPTBot/1.3; +https://openai.com/gptbot)" 447 **0/447034**
74.7.241.60 - - [14/Mar/2026:09:15:12 -0700] "GET /cricket-betting/ipl-betting/ipl-betting-in-puducherry/ HTTP/2.0" 200 33021 "https://todaysiplmatch.in/?p=33820" "Mozilla/5.0 AppleWebKit/537.36 (KHTML, like Gecko; compatible; GPTBot/1.3; +https://openai.com/gptbot)" 757 **0/757030**
74.7.242.172 - - [14/Mar/2026:09:15:12 -0700] "GET /wp-json/oembed/1.0/embed?url=https%3A%2F%2Ftodaysiplmatch.in%2Fcricket-betting%2Fipl-betting%2Fipl-betting-in-puducherry%2F HTTP/2.0" 200 1124 "https://todaysiplmatch.in/cricket-betting/ipl-betting/ipl-betting-in-puducherry/" "Mozilla/5.0 (Macintosh; Intel Mac OS X 10_15_7) AppleWebKit/537.36 (KHTML, like Gecko) Chrome/131.0.0.0 Safari/537.36; compatible; OAI-SearchBot/1.3; +https://openai.com/searchbot" 447 **0/447854**
74.7.229.48 - - [14/Mar/2026:09:15:13 -0700] "GET /wp-json/wp/v2/pages/33820 HTTP/2.0" 200 6763 "https://todaysiplmatch.in/cricket-betting/ipl-betting/ipl-betting-in-puducherry/" "Mozilla/5.0 (Macintosh; Intel Mac OS X 10_15_7) AppleWebKit/537.36 (KHTML, like Gecko) Chrome/131.0.0.0 Safari/537.36; compatible; OAI-SearchBot/1.3; +https://openai.com/searchbot" 509 **0/509893**
74.7.229.9 - - [14/Mar/2026:09:15:14 -0700] "GET /wp-content/uploads/elementor/css/post-33820.css?ver=1773504906 HTTP/2.0" 200 223 "https://todaysiplmatch.in/cricket-betting/ipl-betting/ipl-betting-in-puducherry/" "Mozilla/5.0 (Macintosh; Intel Mac OS X 10_15_7) AppleWebKit/537.36 (KHTML, like Gecko) Chrome/131.0.0.0 Safari/537.36; compatible; OAI-SearchBot/1.3; +https://openai.com/searchbot" 11 **0/11344**
74.7.243.32 - - [14/Mar/2026:09:15:15 -0700] "GET /?p=33820 HTTP/2.0" 301 1 "https://todaysiplmatch.in/cricket-betting/ipl-betting/ipl-betting-in-puducherry/" "Mozilla/5.0 (Macintosh; Intel Mac OS X 10_15_7) AppleWebKit/537.36 (KHTML, like Gecko) Chrome/131.0.0.0 Safari/537.36; compatible; OAI-SearchBot/1.3; +https://openai.com/searchbot" 415 **0/415140**
74.7.243.32 - - [14/Mar/2026:09:15:16 -0700] "GET /cricket-betting/ipl-betting/ipl-betting-in-puducherry/ HTTP/2.0" 200 33021 "https://todaysiplmatch.in/?p=33820" "Mozilla/5.0 (Macintosh; Intel Mac OS X 10_15_7) AppleWebKit/537.36 (KHTML, like Gecko) Chrome/131.0.0.0 Safari/537.36; compatible; OAI-SearchBot/1.3; +https://openai.com/searchbot" 673 **0/673293**
65.20.70.55 - - [14/Mar/2026:09:15:16 -0700] "GET / HTTP/2.0" 200 39791 "-" "HetrixTools Uptime Monitoring Bot. https://hetrix.tools/uptime-monitoring-bot.html" 831 **0/831945**
118.139.180.95 - - [14/Mar/2026:09:15:18 -0700] "POST /wp-cron.php?doing_wp_cron=1773504918.4930601119995117187500 HTTP/1.1" 200 - "-" "WordPress/6.9.4; https://todaysiplmatch.in" 20 **0/20985**
74.7.243.32 - - [14/Mar/2026:09:15:17 -0700] "GET /cricket-betting/ipl-betting/ipl-betting-in-chandigarh/ HTTP/2.0" 200 32735 "https://todaysiplmatch.in/ipl/most-dangerous-batsman-in-ipl/" "Mozilla/5.0 (Macintosh; Intel Mac OS X 10_15_7) AppleWebKit/537.36 (KHTML, like Gecko) Chrome/131.0.0.0 Safari/537.36; compatible; OAI-SearchBot/1.3; +https://openai.com/searchbot" 770 **0/770154**
74.7.228.206 - - [14/Mar/2026:09:15:19 -0700] "GET /cricket-betting/ipl-betting/ipl-betting-in-manipur/ HTTP/2.0" 200 33015 "https://todaysiplmatch.in/ipl/most-dangerous-batsman-in-ipl/" "Mozilla/5.0 (Macintosh; Intel Mac OS X 10_15_7) AppleWebKit/537.36 (KHTML, like Gecko) Chrome/131.0.0.0 Safari/537.36; compatible; OAI-SearchBot/1.3; +https://openai.com/searchbot" 808 **0/808714**
74.7.241.60 - - [14/Mar/2026:09:15:20 -0700] "GET /wp-content/uploads/elementor/css/post-33307.css?ver=1773504918 HTTP/2.0" 200 215 "https://todaysiplmatch.in/cricket-betting/ipl-betting/ipl-betting-in-chandigarh/" "Mozilla/5.0 AppleWebKit/537.36 (KHTML, like Gecko; compatible; GPTBot/1.3; +https://openai.com/gptbot)" 12 **0/12309**
74.7.241.60 - - [14/Mar/2026:09:15:20 -0700] "GET /cricket-betting/ipl-betting/ipl-betting-in-chandigarh/todaysiplmatch.in/cricket-betting/ipl-betting/ HTTP/2.0" 301 1 "https://todaysiplmatch.in/cricket-betting/ipl-betting/ipl-betting-in-chandigarh/" "Mozilla/5.0 AppleWebKit/537.36 (KHTML, like Gecko; compatible; GPTBot/1.3; +https://openai.com/gptbot)" 369 **0/369783**
74.7.229.3 - - [14/Mar/2026:09:15:21 -0700] "GET /?p=33307 HTTP/2.0" 301 1 "https://todaysiplmatch.in/cricket-betting/ipl-betting/ipl-betting-in-chandigarh/" "Mozilla/5.0 (Macintosh; Intel Mac OS X 10_15_7) AppleWebKit/537.36 (KHTML, like Gecko) Chrome/131.0.0.0 Safari/537.36; compatible; OAI-SearchBot/1.3; +https://openai.com/searchbot" 321 **0/321897**
74.7.241.60 - - [14/Mar/2026:09:15:21 -0700] "GET /cricket-betting/ipl-betting/ HTTP/2.0" 200 44664 "https://todaysiplmatch.in/cricket-betting/ipl-betting/ipl-betting-in-chandigarh/todaysiplmatch.in/cricket-betting/ipl-betting/" "Mozilla/5.0 AppleWebKit/537.36 (KHTML, like Gecko; compatible; GPTBot/1.3; +https://openai.com/gptbot)" 795 **0/795580**
77.247.126.141 - - [14/Mar/2026:09:15:21 -0700] "GET / HTTP/2.0" 200 39791 "-" "HetrixTools Uptime Monitoring Bot. https://hetrix.tools/uptime-monitoring-bot.html" 886 **0/886131**
74.7.229.3 - - [14/Mar/2026:09:15:21 -0700] "GET /cricket-betting/ipl-betting/ipl-betting-in-chandigarh/ HTTP/2.0" 200 32735 "https://todaysiplmatch.in/?p=33307" "Mozilla/5.0 (Macintosh; Intel Mac OS X 10_15_7) AppleWebKit/537.36 (KHTML, like Gecko) Chrome/131.0.0.0 Safari/537.36; compatible; OAI-SearchBot/1.3; +https://openai.com/searchbot" 694 **0/694840**
74.7.241.60 - - [14/Mar/2026:09:15:22 -0700] "GET /wp-json/wp/v2/pages/33307 HTTP/2.0" 200 6421 "https://todaysiplmatch.in/cricket-betting/ipl-betting/ipl-betting-in-chandigarh/" "Mozilla/5.0 AppleWebKit/537.36 (KHTML, like Gecko; compatible; GPTBot/1.3; +https://openai.com/gptbot)" 473 **0/473556**
74.7.241.60 - - [14/Mar/2026:09:15:23 -0700] "GET /wp-json/oembed/1.0/embed?url=https%3A%2F%2Ftodaysiplmatch.in%2Fcricket-betting%2Fipl-betting%2Fipl-betting-in-chandigarh%2F HTTP/2.0" 200 1130 "https://todaysiplmatch.in/cricket-betting/ipl-betting/ipl-betting-in-chandigarh/" "Mozilla/5.0 AppleWebKit/537.36 (KHTML, like Gecko; compatible; GPTBot/1.3; +https://openai.com/gptbot)" 342 **0/342422**
74.7.229.235 - - [14/Mar/2026:09:15:23 -0700] "GET /?p=32255 HTTP/2.0" 301 1 "https://todaysiplmatch.in/cricket-betting/ipl-betting/ipl-betting-in-manipur/" "Mozilla/5.0 (Macintosh; Intel Mac OS X 10_15_7) AppleWebKit/537.36 (KHTML, like Gecko) Chrome/131.0.0.0 Safari/537.36; compatible; OAI-SearchBot/1.3; +https://openai.com/searchbot" 269 **0/269941**
74.7.241.60 - - [14/Mar/2026:09:15:24 -0700] "GET /wp-json/oembed/1.0/embed?format=xml&url=https%3A%2F%2Ftodaysiplmatch.in%2Fcricket-betting%2Fipl-betting%2Fipl-betting-in-chandigarh%2F HTTP/2.0" 200 1145 "https://todaysiplmatch.in/cricket-betting/ipl-betting/ipl-betting-in-chandigarh/" "Mozilla/5.0 AppleWebKit/537.36 (KHTML, like Gecko; compatible; GPTBot/1.3; +https://openai.com/gptbot)" 393 **0/393894**
74.7.229.235 - - [14/Mar/2026:09:15:24 -0700] "GET /cricket-betting/ipl-betting/ipl-betting-in-manipur/ HTTP/2.0" 200 33015 "https://todaysiplmatch.in/?p=32255" "Mozilla/5.0 (Macintosh; Intel Mac OS X 10_15_7) AppleWebKit/537.36 (KHTML, like Gecko) Chrome/131.0.0.0 Safari/537.36; compatible; OAI-SearchBot/1.3; +https://openai.com/searchbot" 591 **0/591024**
74.7.241.60 - - [14/Mar/2026:09:15:24 -0700] "GET /wp-json/wp/v2/pages/32255 HTTP/2.0" 200 6680 "https://todaysiplmatch.in/cricket-betting/ipl-betting/ipl-betting-in-manipur/" "Mozilla/5.0 AppleWebKit/537.36 (KHTML, like Gecko; compatible; GPTBot/1.3; +https://openai.com/gptbot)" 369 **0/369210**
74.7.241.60 - - [14/Mar/2026:09:15:25 -0700] "GET /wp-json/oembed/1.0/embed?format=xml&url=https%3A%2F%2Ftodaysiplmatch.in%2Fcricket-betting%2Fipl-betting%2Fipl-betting-in-manipur%2F HTTP/2.0" 200 1151 "https://todaysiplmatch.in/cricket-betting/ipl-betting/ipl-betting-in-manipur/" "Mozilla/5.0 AppleWebKit/537.36 (KHTML, like Gecko; compatible; GPTBot/1.3; +https://openai.com/gptbot)" 327 **0/327325**
74.7.229.48 - - [14/Mar/2026:09:15:26 -0700] "GET /wp-content/uploads/elementor/css/post-33307.css?ver=1773504918 HTTP/2.0" 200 215 "https://todaysiplmatch.in/cricket-betting/ipl-betting/ipl-betting-in-chandigarh/" "Mozilla/5.0 (Macintosh; Intel Mac OS X 10_15_7) AppleWebKit/537.36 (KHTML, like Gecko) Chrome/131.0.0.0 Safari/537.36; compatible; OAI-SearchBot/1.3; +https://openai.com/searchbot" 11 **0/11390**
74.7.241.60 - - [14/Mar/2026:09:15:26 -0700] "GET /wp-content/uploads/elementor/css/post-32255.css?ver=1773504920 HTTP/2.0" 200 194 "https://todaysiplmatch.in/cricket-betting/ipl-betting/ipl-betting-in-manipur/" "Mozilla/5.0 AppleWebKit/537.36 (KHTML, like Gecko; compatible; GPTBot/1.3; +https://openai.com/gptbot)" 14 **0/14911**
74.7.229.48 - - [14/Mar/2026:09:15:26 -0700] "GET /wp-json/wp/v2/pages/33307 HTTP/2.0" 200 6421 "https://todaysiplmatch.in/cricket-betting/ipl-betting/ipl-betting-in-chandigarh/" "Mozilla/5.0 (Macintosh; Intel Mac OS X 10_15_7) AppleWebKit/537.36 (KHTML, like Gecko) Chrome/131.0.0.0 Safari/537.36; compatible; OAI-SearchBot/1.3; +https://openai.com/searchbot" 452 **0/452955**
74.7.241.60 - - [14/Mar/2026:09:15:26 -0700] "GET /wp-json/oembed/1.0/embed?url=https%3A%2F%2Ftodaysiplmatch.in%2Fcricket-betting%2Fipl-betting%2Fipl-betting-in-manipur%2F HTTP/2.0" 200 1144 "https://todaysiplmatch.in/cricket-betting/ipl-betting/ipl-betting-in-manipur/" "Mozilla/5.0 AppleWebKit/537.36 (KHTML, like Gecko; compatible; GPTBot/1.3; +https://openai.com/gptbot)" 340 **0/340441**
74.7.241.60 - - [14/Mar/2026:09:15:27 -0700] "GET /?p=33307 HTTP/2.0" 301 1 "https://todaysiplmatch.in/cricket-betting/ipl-betting/ipl-betting-in-chandigarh/" "Mozilla/5.0 AppleWebKit/537.36 (KHTML, like Gecko; compatible; GPTBot/1.3; +https://openai.com/gptbot)" 316 **0/316987**
74.7.228.206 - - [14/Mar/2026:09:15:27 -0700] "GET /wp-json/oembed/1.0/embed?url=https%3A%2F%2Ftodaysiplmatch.in%2Fcricket-betting%2Fipl-betting%2Fipl-betting-in-chandigarh%2F HTTP/2.0" 200 1126 "https://todaysiplmatch.in/cricket-betting/ipl-betting/ipl-betting-in-chandigarh/" "Mozilla/5.0 (Macintosh; Intel Mac OS X 10_15_7) AppleWebKit/537.36 (KHTML, like Gecko) Chrome/131.0.0.0 Safari/537.36; compatible; OAI-SearchBot/1.3; +https://openai.com/searchbot" 317 **0/317976**
74.7.241.60 - - [14/Mar/2026:09:15:27 -0700] "GET /cricket-betting/ipl-betting/ipl-betting-in-chandigarh/ HTTP/2.0" 200 32735 "https://todaysiplmatch.in/?p=33307" "Mozilla/5.0 AppleWebKit/537.36 (KHTML, like Gecko; compatible; GPTBot/1.3; +https://openai.com/gptbot)" 584 **0/584585**
74.7.241.60 - - [14/Mar/2026:09:15:29 -0700] "GET /?p=32255 HTTP/2.0" 301 1 "https://todaysiplmatch.in/cricket-betting/ipl-betting/ipl-betting-in-manipur/" "Mozilla/5.0 AppleWebKit/537.36 (KHTML, like Gecko; compatible; GPTBot/1.3; +https://openai.com/gptbot)" 247 **0/247800**
74.7.242.172 - - [14/Mar/2026:09:15:30 -0700] "GET /wp-json/oembed/1.0/embed?format=xml&url=https%3A%2F%2Ftodaysiplmatch.in%2Fcricket-betting%2Fipl-betting%2Fipl-betting-in-chandigarh%2F HTTP/2.0" 200 1145 "https://todaysiplmatch.in/cricket-betting/ipl-betting/ipl-betting-in-chandigarh/" "Mozilla/5.0 (Macintosh; Intel Mac OS X 10_15_7) AppleWebKit/537.36 (KHTML, like Gecko) Chrome/131.0.0.0 Safari/537.36; compatible; OAI-SearchBot/1.3; +https://openai.com/searchbot" 377 **0/377667**
74.7.241.60 - - [14/Mar/2026:09:15:30 -0700] "GET /cricket-betting/ipl-betting/ipl-betting-in-manipur/ HTTP/2.0" 200 33015 "https://todaysiplmatch.in/?p=32255" "Mozilla/5.0 AppleWebKit/537.36 (KHTML, like Gecko; compatible; GPTBot/1.3; +https://openai.com/gptbot)" 769 **0/769975**
74.7.229.235 - - [14/Mar/2026:09:15:31 -0700] "GET /wp-json/oembed/1.0/embed?format=xml&url=https%3A%2F%2Ftodaysiplmatch.in%2Fcricket-betting%2Fipl-betting%2Fipl-betting-in-manipur%2F HTTP/2.0" 200 1151 "https://todaysiplmatch.in/cricket-betting/ipl-betting/ipl-betting-in-manipur/" "Mozilla/5.0 (Macintosh; Intel Mac OS X 10_15_7) AppleWebKit/537.36 (KHTML, like Gecko) Chrome/131.0.0.0 Safari/537.36; compatible; OAI-SearchBot/1.3; +https://openai.com/searchbot" 372 **0/372064**
74.7.229.9 - - [14/Mar/2026:09:15:32 -0700] "GET /wp-json/wp/v2/pages/32255 HTTP/2.0" 200 6680 "https://todaysiplmatch.in/cricket-betting/ipl-betting/ipl-betting-in-manipur/" "Mozilla/5.0 (Macintosh; Intel Mac OS X 10_15_7) AppleWebKit/537.36 (KHTML, like Gecko) Chrome/131.0.0.0 Safari/537.36; compatible; OAI-SearchBot/1.3; +https://openai.com/searchbot" 403 **0/403517**
216.73.216.186 - - [14/Mar/2026:09:15:33 -0700] "GET /?p=27858 HTTP/2.0" 301 1 "-" "Mozilla/5.0 AppleWebKit/537.36 (KHTML, like Gecko; compatible; ClaudeBot/1.0; +claudebot@anthropic.com)" 345 **0/345395**
216.73.216.186 - - [14/Mar/2026:09:15:33 -0700] "GET /ipl/ipl-2017-final/feed HTTP/2.0" 301 1 "-" "Mozilla/5.0 AppleWebKit/537.36 (KHTML, like Gecko; compatible; ClaudeBot/1.0; +claudebot@anthropic.com)" 345 **0/345488**
216.73.216.186 - - [14/Mar/2026:09:15:34 -0700] "GET /ipl/ipl-2017-final/feed/ HTTP/2.0" 200 395 "https://todaysiplmatch.in/ipl/ipl-2017-final/feed" "Mozilla/5.0 AppleWebKit/537.36 (KHTML, like Gecko; compatible; ClaudeBot/1.0; +claudebot@anthropic.com)" 380 **0/380636**
74.7.229.128 - - [14/Mar/2026:09:15:34 -0700] "GET /wp-json/oembed/1.0/embed?url=https%3A%2F%2Ftodaysiplmatch.in%2Fcricket-betting%2Fipl-betting%2Fipl-betting-in-manipur%2F HTTP/2.0" 200 1142 "https://todaysiplmatch.in/cricket-betting/ipl-betting/ipl-betting-in-manipur/" "Mozilla/5.0 (Macintosh; Intel Mac OS X 10_15_7) AppleWebKit/537.36 (KHTML, like Gecko) Chrome/131.0.0.0 Safari/537.36; compatible; OAI-SearchBot/1.3; +https://openai.com/searchbot" 409 **0/409319**
216.73.216.186 - - [14/Mar/2026:09:15:34 -0700] "GET /world-cup/world-cup-highlights/ HTTP/2.0" 200 37567 "https://todaysiplmatch.in/?p=27858" "Mozilla/5.0 AppleWebKit/537.36 (KHTML, like Gecko; compatible; ClaudeBot/1.0; +claudebot@anthropic.com)" 765 **0/765328**
74.7.229.235 - - [14/Mar/2026:09:15:34 -0700] "GET /cricket-betting/ipl-betting/ipl-betting-in-himachal-pradesh/ HTTP/2.0" 200 32934 "https://todaysiplmatch.in/ipl/most-dangerous-batsman-in-ipl/" "Mozilla/5.0 (Macintosh; Intel Mac OS X 10_15_7) AppleWebKit/537.36 (KHTML, like Gecko) Chrome/131.0.0.0 Safari/537.36; compatible; OAI-SearchBot/1.3; +https://openai.com/searchbot" 825 **0/825994**
74.7.229.48 - - [14/Mar/2026:09:15:36 -0700] "GET /cricket-betting/ipl-betting/ipl-betting-in-maharashtra/ HTTP/2.0" 200 32558 "https://todaysiplmatch.in/ipl/most-dangerous-batsman-in-ipl/" "Mozilla/5.0 (Macintosh; Intel Mac OS X 10_15_7) AppleWebKit/537.36 (KHTML, like Gecko) Chrome/131.0.0.0 Safari/537.36; compatible; OAI-SearchBot/1.3; +https://openai.com/searchbot" 657 **0/657714**
74.7.241.60 - - [14/Mar/2026:09:15:37 -0700] "GET /wp-json/oembed/1.0/embed?format=xml&url=https%3A%2F%2Ftodaysiplmatch.in%2Fcricket-betting%2Fipl-betting%2Fipl-betting-in-himachal-pradesh%2F HTTP/2.0" 200 1168 "https://todaysiplmatch.in/cricket-betting/ipl-betting/ipl-betting-in-himachal-pradesh/" "Mozilla/5.0 AppleWebKit/537.36 (KHTML, like Gecko; compatible; GPTBot/1.3; +https://openai.com/gptbot)" 315 **0/315123**
74.7.241.60 - - [14/Mar/2026:09:15:38 -0700] "GET /wp-content/uploads/elementor/css/post-32937.css?ver=1773504935 HTTP/2.0" 200 218 "https://todaysiplmatch.in/cricket-betting/ipl-betting/ipl-betting-in-himachal-pradesh/" "Mozilla/5.0 AppleWebKit/537.36 (KHTML, like Gecko; compatible; GPTBot/1.3; +https://openai.com/gptbot)" 12 **0/12302**
74.7.229.235 - - [14/Mar/2026:09:15:37 -0700] "GET /?p=32937 HTTP/2.0" 301 1 "https://todaysiplmatch.in/cricket-betting/ipl-betting/ipl-betting-in-himachal-pradesh/" "Mozilla/5.0 (Macintosh; Intel Mac OS X 10_15_7) AppleWebKit/537.36 (KHTML, like Gecko) Chrome/131.0.0.0 Safari/537.36; compatible; OAI-SearchBot/1.3; +https://openai.com/searchbot" 268 **0/268855**
74.7.229.235 - - [14/Mar/2026:09:15:38 -0700] "GET /cricket-betting/ipl-betting/ipl-betting-in-himachal-pradesh/ HTTP/2.0" 200 32934 "https://todaysiplmatch.in/?p=32937" "Mozilla/5.0 (Macintosh; Intel Mac OS X 10_15_7) AppleWebKit/537.36 (KHTML, like Gecko) Chrome/131.0.0.0 Safari/537.36; compatible; OAI-SearchBot/1.3; +https://openai.com/searchbot" 565 **0/565587**
74.7.241.60 - - [14/Mar/2026:09:15:38 -0700] "GET /wp-json/wp/v2/pages/32937 HTTP/2.0" 200 6583 "https://todaysiplmatch.in/cricket-betting/ipl-betting/ipl-betting-in-himachal-pradesh/" "Mozilla/5.0 AppleWebKit/537.36 (KHTML, like Gecko; compatible; GPTBot/1.3; +https://openai.com/gptbot)" 414 **0/414831**
74.7.241.60 - - [14/Mar/2026:09:15:39 -0700] "GET /wp-json/oembed/1.0/embed?url=https%3A%2F%2Ftodaysiplmatch.in%2Fcricket-betting%2Fipl-betting%2Fipl-betting-in-himachal-pradesh%2F HTTP/2.0" 200 1146 "https://todaysiplmatch.in/cricket-betting/ipl-betting/ipl-betting-in-himachal-pradesh/" "Mozilla/5.0 AppleWebKit/537.36 (KHTML, like Gecko; compatible; GPTBot/1.3; +https://openai.com/gptbot)" 323 **0/323535**
74.7.228.206 - - [14/Mar/2026:09:15:39 -0700] "GET /wp-content/uploads/elementor/css/post-32833.css?ver=1773477552 HTTP/2.0" 200 215 "https://todaysiplmatch.in/cricket-betting/ipl-betting/ipl-betting-in-maharashtra/" "Mozilla/5.0 (Macintosh; Intel Mac OS X 10_15_7) AppleWebKit/537.36 (KHTML, like Gecko) Chrome/131.0.0.0 Safari/537.36; compatible; OAI-SearchBot/1.3; +https://openai.com/searchbot" 13 **0/13097**
74.7.241.60 - - [14/Mar/2026:09:15:39 -0700] "GET /?p=32833 HTTP/2.0" 301 1 "https://todaysiplmatch.in/cricket-betting/ipl-betting/ipl-betting-in-maharashtra/" "Mozilla/5.0 AppleWebKit/537.36 (KHTML, like Gecko; compatible; GPTBot/1.3; +https://openai.com/gptbot)" 290 **0/290643**
74.7.241.60 - - [14/Mar/2026:09:15:40 -0700] "GET /cricket-betting/ipl-betting/ipl-betting-in-maharashtra/ HTTP/2.0" 200 32558 "https://todaysiplmatch.in/?p=32833" "Mozilla/5.0 AppleWebKit/537.36 (KHTML, like Gecko; compatible; GPTBot/1.3; +https://openai.com/gptbot)" 494 **0/494928**
74.7.229.128 - - [14/Mar/2026:09:15:40 -0700] "GET /wp-json/oembed/1.0/embed?format=xml&url=https%3A%2F%2Ftodaysiplmatch.in%2Fcricket-betting%2Fipl-betting%2Fipl-betting-in-himachal-pradesh%2F HTTP/2.0" 200 1165 "https://todaysiplmatch.in/cricket-betting/ipl-betting/ipl-betting-in-himachal-pradesh/" "Mozilla/5.0 (Macintosh; Intel Mac OS X 10_15_7) AppleWebKit/537.36 (KHTML, like Gecko) Chrome/131.0.0.0 Safari/537.36; compatible; OAI-SearchBot/1.3; +https://openai.com/searchbot" 356 **0/356838**
74.7.229.128 - - [14/Mar/2026:09:15:41 -0700] "GET /wp-content/uploads/elementor/css/post-32937.css?ver=1773504935 HTTP/2.0" 200 218 "https://todaysiplmatch.in/cricket-betting/ipl-betting/ipl-betting-in-himachal-pradesh/" "Mozilla/5.0 (Macintosh; Intel Mac OS X 10_15_7) AppleWebKit/537.36 (KHTML, like Gecko) Chrome/131.0.0.0 Safari/537.36; compatible; OAI-SearchBot/1.3; +https://openai.com/searchbot" 14 **0/14098**
74.7.241.60 - - [14/Mar/2026:09:15:41 -0700] "GET /wp-json/wp/v2/pages/32833 HTTP/2.0" 200 6209 "https://todaysiplmatch.in/cricket-betting/ipl-betting/ipl-betting-in-maharashtra/" "Mozilla/5.0 AppleWebKit/537.36 (KHTML, like Gecko; compatible; GPTBot/1.3; +https://openai.com/gptbot)" 396 **0/396152**
74.7.241.60 - - [14/Mar/2026:09:15:42 -0700] "GET /wp-json/oembed/1.0/embed?format=xml&url=https%3A%2F%2Ftodaysiplmatch.in%2Fcricket-betting%2Fipl-betting%2Fipl-betting-in-maharashtra%2F HTTP/2.0" 200 1155 "https://todaysiplmatch.in/cricket-betting/ipl-betting/ipl-betting-in-maharashtra/" "Mozilla/5.0 AppleWebKit/537.36 (KHTML, like Gecko; compatible; GPTBot/1.3; +https://openai.com/gptbot)" 306 **0/306621**
74.7.243.32 - - [14/Mar/2026:09:15:42 -0700] "GET /wp-json/wp/v2/pages/32937 HTTP/2.0" 200 6583 "https://todaysiplmatch.in/cricket-betting/ipl-betting/ipl-betting-in-himachal-pradesh/" "Mozilla/5.0 (Macintosh; Intel Mac OS X 10_15_7) AppleWebKit/537.36 (KHTML, like Gecko) Chrome/131.0.0.0 Safari/537.36; compatible; OAI-SearchBot/1.3; +https://openai.com/searchbot" 388 **0/388097**
74.7.241.60 - - [14/Mar/2026:09:15:42 -0700] "GET /wp-json/oembed/1.0/embed?url=https%3A%2F%2Ftodaysiplmatch.in%2Fcricket-betting%2Fipl-betting%2Fipl-betting-in-maharashtra%2F HTTP/2.0" 200 1142 "https://todaysiplmatch.in/cricket-betting/ipl-betting/ipl-betting-in-maharashtra/" "Mozilla/5.0 AppleWebKit/537.36 (KHTML, like Gecko; compatible; GPTBot/1.3; +https://openai.com/gptbot)" 303 **0/303429**
74.7.241.60 - - [14/Mar/2026:09:15:43 -0700] "GET /?p=32937 HTTP/2.0" 301 1 "https://todaysiplmatch.in/cricket-betting/ipl-betting/ipl-betting-in-himachal-pradesh/" "Mozilla/5.0 AppleWebKit/537.36 (KHTML, like Gecko; compatible; GPTBot/1.3; +https://openai.com/gptbot)" 276 **0/276879**
74.7.242.172 - - [14/Mar/2026:09:15:44 -0700] "GET /wp-json/oembed/1.0/embed?url=https%3A%2F%2Ftodaysiplmatch.in%2Fcricket-betting%2Fipl-betting%2Fipl-betting-in-himachal-pradesh%2F HTTP/2.0" 200 1152 "https://todaysiplmatch.in/cricket-betting/ipl-betting/ipl-betting-in-himachal-pradesh/" "Mozilla/5.0 (Macintosh; Intel Mac OS X 10_15_7) AppleWebKit/537.36 (KHTML, like Gecko) Chrome/131.0.0.0 Safari/537.36; compatible; OAI-SearchBot/1.3; +https://openai.com/searchbot" 306 **0/306027**
74.7.241.60 - - [14/Mar/2026:09:15:44 -0700] "GET /cricket-betting/ipl-betting/ipl-betting-in-himachal-pradesh/ HTTP/2.0" 200 32934 "https://todaysiplmatch.in/?p=32937" "Mozilla/5.0 AppleWebKit/537.36 (KHTML, like Gecko; compatible; GPTBot/1.3; +https://openai.com/gptbot)" 629 **0/629051**
74.7.241.60 - - [14/Mar/2026:09:15:45 -0700] "GET /wp-content/uploads/elementor/css/post-32833.css?ver=1773477552 HTTP/2.0" 200 215 "https://todaysiplmatch.in/cricket-betting/ipl-betting/ipl-betting-in-maharashtra/" "Mozilla/5.0 AppleWebKit/537.36 (KHTML, like Gecko; compatible; GPTBot/1.3; +https://openai.com/gptbot)" 11 **0/11247**
74.7.229.128 - - [14/Mar/2026:09:15:44 -0700] "GET /wp-json/wp/v2/pages/32833 HTTP/2.0" 200 6209 "https://todaysiplmatch.in/cricket-betting/ipl-betting/ipl-betting-in-maharashtra/" "Mozilla/5.0 (Macintosh; Intel Mac OS X 10_15_7) AppleWebKit/537.36 (KHTML, like Gecko) Chrome/131.0.0.0 Safari/537.36; compatible; OAI-SearchBot/1.3; +https://openai.com/searchbot" 445 **0/445418**
74.7.229.235 - - [14/Mar/2026:09:15:46 -0700] "GET /wp-json/oembed/1.0/embed?format=xml&url=https%3A%2F%2Ftodaysiplmatch.in%2Fcricket-betting%2Fipl-betting%2Fipl-betting-in-maharashtra%2F HTTP/2.0" 200 1154 "https://todaysiplmatch.in/cricket-betting/ipl-betting/ipl-betting-in-maharashtra/" "Mozilla/5.0 (Macintosh; Intel Mac OS X 10_15_7) AppleWebKit/537.36 (KHTML, like Gecko) Chrome/131.0.0.0 Safari/537.36; compatible; OAI-SearchBot/1.3; +https://openai.com/searchbot" 355 **0/355175**
216.73.216.186 - - [14/Mar/2026:09:15:46 -0700] "GET /world-cup/highest-average-in-t20-world-cup HTTP/2.0" 301 1 "-" "Mozilla/5.0 AppleWebKit/537.36 (KHTML, like Gecko; compatible; ClaudeBot/1.0; +claudebot@anthropic.com)" 271 **0/271671**
216.73.216.186 - - [14/Mar/2026:09:15:46 -0700] "GET /?p=26927 HTTP/2.0" 301 1 "-" "Mozilla/5.0 AppleWebKit/537.36 (KHTML, like Gecko; compatible; ClaudeBot/1.0; +claudebot@anthropic.com)" 279 **0/279149**
216.73.216.186 - - [14/Mar/2026:09:15:46 -0700] "GET /ipl/wankhede-stadium-ipl-matches/ HTTP/2.0" 200 38448 "https://todaysiplmatch.in/?p=26927" "Mozilla/5.0 AppleWebKit/537.36 (KHTML, like Gecko; compatible; ClaudeBot/1.0; +claudebot@anthropic.com)" 713 **0/713238**
216.73.216.186 - - [14/Mar/2026:09:15:46 -0700] "GET /world-cup/highest-average-in-t20-world-cup/ HTTP/2.0" 200 36024 "https://todaysiplmatch.in/world-cup/highest-average-in-t20-world-cup" "Mozilla/5.0 AppleWebKit/537.36 (KHTML, like Gecko; compatible; ClaudeBot/1.0; +claudebot@anthropic.com)" 731 **0/731161**
74.7.229.9 - - [14/Mar/2026:09:15:47 -0700] "GET /?p=32833 HTTP/2.0" 301 1 "https://todaysiplmatch.in/cricket-betting/ipl-betting/ipl-betting-in-maharashtra/" "Mozilla/5.0 (Macintosh; Intel Mac OS X 10_15_7) AppleWebKit/537.36 (KHTML, like Gecko) Chrome/131.0.0.0 Safari/537.36; compatible; OAI-SearchBot/1.3; +https://openai.com/searchbot" 280 **0/280879**
74.7.229.9 - - [14/Mar/2026:09:15:47 -0700] "GET /cricket-betting/ipl-betting/ipl-betting-in-maharashtra/ HTTP/2.0" 200 32558 "https://todaysiplmatch.in/?p=32833" "Mozilla/5.0 (Macintosh; Intel Mac OS X 10_15_7) AppleWebKit/537.36 (KHTML, like Gecko) Chrome/131.0.0.0 Safari/537.36; compatible; OAI-SearchBot/1.3; +https://openai.com/searchbot" 572 **0/572376**
74.7.229.48 - - [14/Mar/2026:09:15:49 -0700] "GET /wp-json/oembed/1.0/embed?url=https%3A%2F%2Ftodaysiplmatch.in%2Fcricket-betting%2Fipl-betting%2Fipl-betting-in-maharashtra%2F HTTP/2.0" 200 1143 "https://todaysiplmatch.in/cricket-betting/ipl-betting/ipl-betting-in-maharashtra/" "Mozilla/5.0 (Macintosh; Intel Mac OS X 10_15_7) AppleWebKit/537.36 (KHTML, like Gecko) Chrome/131.0.0.0 Safari/537.36; compatible; OAI-SearchBot/1.3; +https://openai.com/searchbot" 347 **0/347511**
74.7.228.206 - - [14/Mar/2026:09:15:50 -0700] "GET /cricket-betting/ipl-betting/ipl-betting-in-uttarakhand/ HTTP/2.0" 200 32651 "https://todaysiplmatch.in/ipl/most-dangerous-batsman-in-ipl/" "Mozilla/5.0 (Macintosh; Intel Mac OS X 10_15_7) AppleWebKit/537.36 (KHTML, like Gecko) Chrome/131.0.0.0 Safari/537.36; compatible; OAI-SearchBot/1.3; +https://openai.com/searchbot" 646 **0/646027**
74.7.228.206 - - [14/Mar/2026:09:15:52 -0700] "GET /cricket-betting/ipl-betting/ipl-betting-in-lakshadweep/ HTTP/2.0" 200 32886 "https://todaysiplmatch.in/ipl/most-dangerous-batsman-in-ipl/" "Mozilla/5.0 (Macintosh; Intel Mac OS X 10_15_7) AppleWebKit/537.36 (KHTML, like Gecko) Chrome/131.0.0.0 Safari/537.36; compatible; OAI-SearchBot/1.3; +https://openai.com/searchbot" 671 **0/671072**
74.7.229.48 - - [14/Mar/2026:09:15:52 -0700] "GET /?p=33396 HTTP/2.0" 301 1 "https://todaysiplmatch.in/cricket-betting/ipl-betting/ipl-betting-in-uttarakhand/" "Mozilla/5.0 (Macintosh; Intel Mac OS X 10_15_7) AppleWebKit/537.36 (KHTML, like Gecko) Chrome/131.0.0.0 Safari/537.36; compatible; OAI-SearchBot/1.3; +https://openai.com/searchbot" 271 **0/271770**
74.7.241.60 - - [14/Mar/2026:09:15:53 -0700] "GET /wp-content/uploads/elementor/css/post-33396.css?ver=1773478244 HTTP/2.0" 200 214 "https://todaysiplmatch.in/cricket-betting/ipl-betting/ipl-betting-in-uttarakhand/" "Mozilla/5.0 AppleWebKit/537.36 (KHTML, like Gecko; compatible; GPTBot/1.3; +https://openai.com/gptbot)" 14 **0/14067**
74.7.229.48 - - [14/Mar/2026:09:15:53 -0700] "GET /cricket-betting/ipl-betting/ipl-betting-in-uttarakhand/ HTTP/2.0" 200 32651 "https://todaysiplmatch.in/?p=33396" "Mozilla/5.0 (Macintosh; Intel Mac OS X 10_15_7) AppleWebKit/537.36 (KHTML, like Gecko) Chrome/131.0.0.0 Safari/537.36; compatible; OAI-SearchBot/1.3; +https://openai.com/searchbot" 637 **0/637991**
74.7.241.60 - - [14/Mar/2026:09:15:53 -0700] "GET /cricket-betting/ipl-betting/ipl-betting-in-uttarakhand/todaysiplmatch.in/cricket-betting/ipl-betting/ HTTP/2.0" 301 1 "https://todaysiplmatch.in/cricket-betting/ipl-betting/ipl-betting-in-uttarakhand/" "Mozilla/5.0 AppleWebKit/537.36 (KHTML, like Gecko; compatible; GPTBot/1.3; +https://openai.com/gptbot)" 313 **0/313897**
74.7.241.60 - - [14/Mar/2026:09:15:54 -0700] "GET /cricket-betting/ipl-betting/ HTTP/2.0" 200 44664 "https://todaysiplmatch.in/cricket-betting/ipl-betting/ipl-betting-in-uttarakhand/todaysiplmatch.in/cricket-betting/ipl-betting/" "Mozilla/5.0 AppleWebKit/537.36 (KHTML, like Gecko; compatible; GPTBot/1.3; +https://openai.com/gptbot)" 640 **0/640818**
74.7.229.9 - - [14/Mar/2026:09:15:55 -0700] "GET /wp-json/oembed/1.0/embed?url=https%3A%2F%2Ftodaysiplmatch.in%2Fcricket-betting%2Fipl-betting%2Fipl-betting-in-lakshadweep%2F HTTP/2.0" 200 1129 "https://todaysiplmatch.in/cricket-betting/ipl-betting/ipl-betting-in-lakshadweep/" "Mozilla/5.0 (Macintosh; Intel Mac OS X 10_15_7) AppleWebKit/537.36 (KHTML, like Gecko) Chrome/131.0.0.0 Safari/537.36; compatible; OAI-SearchBot/1.3; +https://openai.com/searchbot" 422 **0/422191**
74.7.241.60 - - [14/Mar/2026:09:15:55 -0700] "GET /wp-json/wp/v2/pages/33396 HTTP/2.0" 200 6339 "https://todaysiplmatch.in/cricket-betting/ipl-betting/ipl-betting-in-uttarakhand/" "Mozilla/5.0 AppleWebKit/537.36 (KHTML, like Gecko; compatible; GPTBot/1.3; +https://openai.com/gptbot)" 421 **0/421848**
74.7.242.172 - - [14/Mar/2026:09:15:56 -0700] "GET /wp-content/uploads/elementor/css/post-33396.css?ver=1773478244 HTTP/2.0" 200 214 "https://todaysiplmatch.in/cricket-betting/ipl-betting/ipl-betting-in-uttarakhand/" "Mozilla/5.0 (Macintosh; Intel Mac OS X 10_15_7) AppleWebKit/537.36 (KHTML, like Gecko) Chrome/131.0.0.0 Safari/537.36; compatible; OAI-SearchBot/1.3; +https://openai.com/searchbot" 16 **0/16389**
74.7.241.60 - - [14/Mar/2026:09:15:56 -0700] "GET /wp-json/oembed/1.0/embed?url=https%3A%2F%2Ftodaysiplmatch.in%2Fcricket-betting%2Fipl-betting%2Fipl-betting-in-uttarakhand%2F HTTP/2.0" 200 1129 "https://todaysiplmatch.in/cricket-betting/ipl-betting/ipl-betting-in-uttarakhand/" "Mozilla/5.0 AppleWebKit/537.36 (KHTML, like Gecko; compatible; GPTBot/1.3; +https://openai.com/gptbot)" 674 **0/674515**
74.7.241.60 - - [14/Mar/2026:09:15:57 -0700] "GET /wp-json/oembed/1.0/embed?format=xml&url=https%3A%2F%2Ftodaysiplmatch.in%2Fcricket-betting%2Fipl-betting%2Fipl-betting-in-uttarakhand%2F HTTP/2.0" 200 1141 "https://todaysiplmatch.in/cricket-betting/ipl-betting/ipl-betting-in-uttarakhand/" "Mozilla/5.0 AppleWebKit/537.36 (KHTML, like Gecko; compatible; GPTBot/1.3; +https://openai.com/gptbot)" 378 **0/378391**
74.7.242.172 - - [14/Mar/2026:09:15:56 -0700] "GET /cricket-betting/ipl-betting/ipl-betting-in-goa/ HTTP/2.0" 200 33284 "https://todaysiplmatch.in/ipl/most-dangerous-batsman-in-ipl/" "Mozilla/5.0 (Macintosh; Intel Mac OS X 10_15_7) AppleWebKit/537.36 (KHTML, like Gecko) Chrome/131.0.0.0 Safari/537.36; compatible; OAI-SearchBot/1.3; +https://openai.com/searchbot" 841 **0/841464**
74.7.241.60 - - [14/Mar/2026:09:15:57 -0700] "GET /wp-json/wp/v2/pages/33819 HTTP/2.0" 200 6687 "https://todaysiplmatch.in/cricket-betting/ipl-betting/ipl-betting-in-lakshadweep/" "Mozilla/5.0 AppleWebKit/537.36 (KHTML, like Gecko; compatible; GPTBot/1.3; +https://openai.com/gptbot)" 465 **0/465602**
74.7.241.60 - - [14/Mar/2026:09:15:58 -0700] "GET /?p=33819 HTTP/2.0" 301 1 "https://todaysiplmatch.in/cricket-betting/ipl-betting/ipl-betting-in-lakshadweep/" "Mozilla/5.0 AppleWebKit/537.36 (KHTML, like Gecko; compatible; GPTBot/1.3; +https://openai.com/gptbot)" 310 **0/310680**
74.7.228.206 - - [14/Mar/2026:09:15:58 -0700] "GET /wp-json/wp/v2/pages/33396 HTTP/2.0" 200 6339 "https://todaysiplmatch.in/cricket-betting/ipl-betting/ipl-betting-in-uttarakhand/" "Mozilla/5.0 (Macintosh; Intel Mac OS X 10_15_7) AppleWebKit/537.36 (KHTML, like Gecko) Chrome/131.0.0.0 Safari/537.36; compatible; OAI-SearchBot/1.3; +https://openai.com/searchbot" 410 **0/410140**
74.7.241.60 - - [14/Mar/2026:09:15:59 -0700] "GET /cricket-betting/ipl-betting/ipl-betting-in-lakshadweep/ HTTP/2.0" 200 32886 "https://todaysiplmatch.in/?p=33819" "Mozilla/5.0 AppleWebKit/537.36 (KHTML, like Gecko; compatible; GPTBot/1.3; +https://openai.com/gptbot)" 562 **0/562725**
74.7.229.9 - - [14/Mar/2026:09:15:59 -0700] "GET /wp-json/oembed/1.0/embed?url=https%3A%2F%2Ftodaysiplmatch.in%2Fcricket-betting%2Fipl-betting%2Fipl-betting-in-uttarakhand%2F HTTP/2.0" 200 1129 "https://todaysiplmatch.in/cricket-betting/ipl-betting/ipl-betting-in-uttarakhand/" "Mozilla/5.0 (Macintosh; Intel Mac OS X 10_15_7) AppleWebKit/537.36 (KHTML, like Gecko) Chrome/131.0.0.0 Safari/537.36; compatible; OAI-SearchBot/1.3; +https://openai.com/searchbot" 326 **0/326465**
74.7.241.60 - - [14/Mar/2026:09:16:00 -0700] "GET /wp-json/oembed/1.0/embed?format=xml&url=https%3A%2F%2Ftodaysiplmatch.in%2Fcricket-betting%2Fipl-betting%2Fipl-betting-in-lakshadweep%2F HTTP/2.0" 200 1139 "https://todaysiplmatch.in/cricket-betting/ipl-betting/ipl-betting-in-lakshadweep/" "Mozilla/5.0 AppleWebKit/537.36 (KHTML, like Gecko; compatible; GPTBot/1.3; +https://openai.com/gptbot)" 422 **0/422116**
74.7.241.60 - - [14/Mar/2026:09:16:00 -0700] "GET /?p=33396 HTTP/2.0" 301 1 "https://todaysiplmatch.in/cricket-betting/ipl-betting/ipl-betting-in-uttarakhand/" "Mozilla/5.0 AppleWebKit/537.36 (KHTML, like Gecko; compatible; GPTBot/1.3; +https://openai.com/gptbot)" 323 **0/323721**
74.7.243.32 - - [14/Mar/2026:09:16:00 -0700] "GET /wp-json/oembed/1.0/embed?format=xml&url=https%3A%2F%2Ftodaysiplmatch.in%2Fcricket-betting%2Fipl-betting%2Fipl-betting-in-uttarakhand%2F HTTP/2.0" 200 1140 "https://todaysiplmatch.in/cricket-betting/ipl-betting/ipl-betting-in-uttarakhand/" "Mozilla/5.0 (Macintosh; Intel Mac OS X 10_15_7) AppleWebKit/537.36 (KHTML, like Gecko) Chrome/131.0.0.0 Safari/537.36; compatible; OAI-SearchBot/1.3; +https://openai.com/searchbot" 378 **0/378728**
74.7.241.60 - - [14/Mar/2026:09:16:01 -0700] "GET /cricket-betting/ipl-betting/ipl-betting-in-uttarakhand/ HTTP/2.0" 200 32651 "https://todaysiplmatch.in/?p=33396" "Mozilla/5.0 AppleWebKit/537.36 (KHTML, like Gecko; compatible; GPTBot/1.3; +https://openai.com/gptbot)" 794 **0/794976**
74.7.243.32 - - [14/Mar/2026:09:16:01 -0700] "GET /wp-json/wp/v2/pages/33819 HTTP/2.0" 200 6687 "https://todaysiplmatch.in/cricket-betting/ipl-betting/ipl-betting-in-lakshadweep/" "Mozilla/5.0 (Macintosh; Intel Mac OS X 10_15_7) AppleWebKit/537.36 (KHTML, like Gecko) Chrome/131.0.0.0 Safari/537.36; compatible; OAI-SearchBot/1.3; +https://openai.com/searchbot" 919 **0/919880**
74.7.241.60 - - [14/Mar/2026:09:16:02 -0700] "GET /wp-json/oembed/1.0/embed?url=https%3A%2F%2Ftodaysiplmatch.in%2Fcricket-betting%2Fipl-betting%2Fipl-betting-in-lakshadweep%2F HTTP/2.0" 200 1130 "https://todaysiplmatch.in/cricket-betting/ipl-betting/ipl-betting-in-lakshadweep/" "Mozilla/5.0 AppleWebKit/537.36 (KHTML, like Gecko; compatible; GPTBot/1.3; +https://openai.com/gptbot)" 516 **0/516776**
74.7.241.60 - - [14/Mar/2026:09:16:03 -0700] "GET /wp-content/uploads/elementor/css/post-33819.css?ver=1773502807 HTTP/2.0" 200 226 "https://todaysiplmatch.in/cricket-betting/ipl-betting/ipl-betting-in-lakshadweep/" "Mozilla/5.0 AppleWebKit/537.36 (KHTML, like Gecko; compatible; GPTBot/1.3; +https://openai.com/gptbot)" 16 **0/16846**
74.7.229.128 - - [14/Mar/2026:09:16:03 -0700] "GET /?p=33819 HTTP/2.0" 301 1 "https://todaysiplmatch.in/cricket-betting/ipl-betting/ipl-betting-in-lakshadweep/" "Mozilla/5.0 (Macintosh; Intel Mac OS X 10_15_7) AppleWebKit/537.36 (KHTML, like Gecko) Chrome/131.0.0.0 Safari/537.36; compatible; OAI-SearchBot/1.3; +https://openai.com/searchbot" 371 **0/371162**
74.7.241.60 - - [14/Mar/2026:09:16:03 -0700] "GET /wp-json/oembed/1.0/embed?url=https%3A%2F%2Ftodaysiplmatch.in%2Fcricket-betting%2Fipl-betting%2Fipl-betting-in-goa%2F HTTP/2.0" 200 1131 "https://todaysiplmatch.in/cricket-betting/ipl-betting/ipl-betting-in-goa/" "Mozilla/5.0 AppleWebKit/537.36 (KHTML, like Gecko; compatible; GPTBot/1.3; +https://openai.com/gptbot)" 429 **0/429943**
74.7.229.128 - - [14/Mar/2026:09:16:04 -0700] "GET /cricket-betting/ipl-betting/ipl-betting-in-lakshadweep/ HTTP/2.0" 200 32886 "https://todaysiplmatch.in/?p=33819" "Mozilla/5.0 (Macintosh; Intel Mac OS X 10_15_7) AppleWebKit/537.36 (KHTML, like Gecko) Chrome/131.0.0.0 Safari/537.36; compatible; OAI-SearchBot/1.3; +https://openai.com/searchbot" 742 **0/742261**
74.7.241.60 - - [14/Mar/2026:09:16:04 -0700] "GET /wp-json/oembed/1.0/embed?format=xml&url=https%3A%2F%2Ftodaysiplmatch.in%2Fcricket-betting%2Fipl-betting%2Fipl-betting-in-goa%2F HTTP/2.0" 200 1133 "https://todaysiplmatch.in/cricket-betting/ipl-betting/ipl-betting-in-goa/" "Mozilla/5.0 AppleWebKit/537.36 (KHTML, like Gecko; compatible; GPTBot/1.3; +https://openai.com/gptbot)" 377 **0/377919**
74.7.241.60 - - [14/Mar/2026:09:16:05 -0700] "GET /?p=31741 HTTP/2.0" 301 1 "https://todaysiplmatch.in/cricket-betting/ipl-betting/ipl-betting-in-goa/" "Mozilla/5.0 AppleWebKit/537.36 (KHTML, like Gecko; compatible; GPTBot/1.3; +https://openai.com/gptbot)" 306 **0/306818**
74.7.229.235 - - [14/Mar/2026:09:16:05 -0700] "GET /wp-json/oembed/1.0/embed?format=xml&url=https%3A%2F%2Ftodaysiplmatch.in%2Fcricket-betting%2Fipl-betting%2Fipl-betting-in-lakshadweep%2F HTTP/2.0" 200 1140 "https://todaysiplmatch.in/cricket-betting/ipl-betting/ipl-betting-in-lakshadweep/" "Mozilla/5.0 (Macintosh; Intel Mac OS X 10_15_7) AppleWebKit/537.36 (KHTML, like Gecko) Chrome/131.0.0.0 Safari/537.36; compatible; OAI-SearchBot/1.3; +https://openai.com/searchbot" 322 **0/322254**
74.7.241.60 - - [14/Mar/2026:09:16:05 -0700] "GET /cricket-betting/ipl-betting/ipl-betting-in-goa/ HTTP/2.0" 200 33284 "https://todaysiplmatch.in/?p=31741" "Mozilla/5.0 AppleWebKit/537.36 (KHTML, like Gecko; compatible; GPTBot/1.3; +https://openai.com/gptbot)" 560 **0/560662**
74.7.243.32 - - [14/Mar/2026:09:16:06 -0700] "GET /wp-content/uploads/elementor/css/post-33819.css?ver=1773502807 HTTP/2.0" 200 226 "https://todaysiplmatch.in/cricket-betting/ipl-betting/ipl-betting-in-lakshadweep/" "Mozilla/5.0 (Macintosh; Intel Mac OS X 10_15_7) AppleWebKit/537.36 (KHTML, like Gecko) Chrome/131.0.0.0 Safari/537.36; compatible; OAI-SearchBot/1.3; +https://openai.com/searchbot" 11 **0/11898**
74.7.241.60 - - [14/Mar/2026:09:16:06 -0700] "GET /wp-json/wp/v2/pages/31741 HTTP/2.0" 200 6926 "https://todaysiplmatch.in/cricket-betting/ipl-betting/ipl-betting-in-goa/" "Mozilla/5.0 AppleWebKit/537.36 (KHTML, like Gecko; compatible; GPTBot/1.3; +https://openai.com/gptbot)" 407 **0/407929**
74.7.241.60 - - [14/Mar/2026:09:16:07 -0700] "GET /wp-content/uploads/elementor/css/post-31741.css?ver=1773504957 HTTP/2.0" 200 192 "https://todaysiplmatch.in/cricket-betting/ipl-betting/ipl-betting-in-goa/" "Mozilla/5.0 AppleWebKit/537.36 (KHTML, like Gecko; compatible; GPTBot/1.3; +https://openai.com/gptbot)" 11 **0/11831**
35.154.5.38 - - [14/Mar/2026:09:16:07 -0700] "GET / HTTP/2.0" 200 39791 "-" "HetrixTools Uptime Monitoring Bot. https://hetrix.tools/uptime-monitoring-bot.html" 854 **0/854534**
74.7.229.48 - - [14/Mar/2026:09:16:07 -0700] "GET /wp-json/oembed/1.0/embed?url=https%3A%2F%2Ftodaysiplmatch.in%2Fcricket-betting%2Fipl-betting%2Fipl-betting-in-goa%2F HTTP/2.0" 200 1130 "https://todaysiplmatch.in/cricket-betting/ipl-betting/ipl-betting-in-goa/" "Mozilla/5.0 (Macintosh; Intel Mac OS X 10_15_7) AppleWebKit/537.36 (KHTML, like Gecko) Chrome/131.0.0.0 Safari/537.36; compatible; OAI-SearchBot/1.3; +https://openai.com/searchbot" 377 **0/377776**
74.7.229.3 - - [14/Mar/2026:09:16:09 -0700] "GET /wp-json/oembed/1.0/embed?format=xml&url=https%3A%2F%2Ftodaysiplmatch.in%2Fcricket-betting%2Fipl-betting%2Fipl-betting-in-goa%2F HTTP/2.0" 200 1133 "https://todaysiplmatch.in/cricket-betting/ipl-betting/ipl-betting-in-goa/" "Mozilla/5.0 (Macintosh; Intel Mac OS X 10_15_7) AppleWebKit/537.36 (KHTML, like Gecko) Chrome/131.0.0.0 Safari/537.36; compatible; OAI-SearchBot/1.3; +https://openai.com/searchbot" 371 **0/371868**
74.7.243.32 - - [14/Mar/2026:09:16:09 -0700] "GET /?p=31741 HTTP/2.0" 301 1 "https://todaysiplmatch.in/cricket-betting/ipl-betting/ipl-betting-in-goa/" "Mozilla/5.0 (Macintosh; Intel Mac OS X 10_15_7) AppleWebKit/537.36 (KHTML, like Gecko) Chrome/131.0.0.0 Safari/537.36; compatible; OAI-SearchBot/1.3; +https://openai.com/searchbot" 331 **0/331468**
74.7.243.32 - - [14/Mar/2026:09:16:10 -0700] "GET /cricket-betting/ipl-betting/ipl-betting-in-goa/ HTTP/2.0" 200 33284 "https://todaysiplmatch.in/?p=31741" "Mozilla/5.0 (Macintosh; Intel Mac OS X 10_15_7) AppleWebKit/537.36 (KHTML, like Gecko) Chrome/131.0.0.0 Safari/537.36; compatible; OAI-SearchBot/1.3; +https://openai.com/searchbot" 642 **0/642961**
74.7.228.206 - - [14/Mar/2026:09:16:12 -0700] "GET /wp-json/wp/v2/pages/31741 HTTP/2.0" 200 6926 "https://todaysiplmatch.in/cricket-betting/ipl-betting/ipl-betting-in-goa/" "Mozilla/5.0 (Macintosh; Intel Mac OS X 10_15_7) AppleWebKit/537.36 (KHTML, like Gecko) Chrome/131.0.0.0 Safari/537.36; compatible; OAI-SearchBot/1.3; +https://openai.com/searchbot" 408 **0/408484**
95.179.193.59 - - [14/Mar/2026:09:16:12 -0700] "GET / HTTP/2.0" 200 39791 "-" "HetrixTools Uptime Monitoring Bot. https://hetrix.tools/uptime-monitoring-bot.html" 702 **0/702662**
74.7.243.32 - - [14/Mar/2026:09:16:12 -0700] "GET /cricket-betting/ipl-betting/ipl-betting-in-madhya-pradesh/ HTTP/2.0" 200 33317 "https://todaysiplmatch.in/ipl/most-dangerous-batsman-in-ipl/" "Mozilla/5.0 (Macintosh; Intel Mac OS X 10_15_7) AppleWebKit/537.36 (KHTML, like Gecko) Chrome/131.0.0.0 Safari/537.36; compatible; OAI-SearchBot/1.3; +https://openai.com/searchbot" 746 **0/746908**
74.7.229.3 - - [14/Mar/2026:09:16:13 -0700] "GET /cricket-betting/ipl-betting/ipl-betting-in-andhra-pradesh/ HTTP/2.0" 200 33752 "https://todaysiplmatch.in/ipl/most-dangerous-batsman-in-ipl/" "Mozilla/5.0 (Macintosh; Intel Mac OS X 10_15_7) AppleWebKit/537.36 (KHTML, like Gecko) Chrome/131.0.0.0 Safari/537.36; compatible; OAI-SearchBot/1.3; +https://openai.com/searchbot" 799 **0/799837**
74.7.241.60 - - [14/Mar/2026:09:16:15 -0700] "GET /wp-json/oembed/1.0/embed?format=xml&url=https%3A%2F%2Ftodaysiplmatch.in%2Fcricket-betting%2Fipl-betting%2Fipl-betting-in-madhya-pradesh%2F HTTP/2.0" 200 1158 "https://todaysiplmatch.in/cricket-betting/ipl-betting/ipl-betting-in-madhya-pradesh/" "Mozilla/5.0 AppleWebKit/537.36 (KHTML, like Gecko; compatible; GPTBot/1.3; +https://openai.com/gptbot)" 395 **0/395379**
74.7.229.9 - - [14/Mar/2026:09:16:15 -0700] "GET /?p=32818 HTTP/2.0" 301 1 "https://todaysiplmatch.in/cricket-betting/ipl-betting/ipl-betting-in-madhya-pradesh/" "Mozilla/5.0 (Macintosh; Intel Mac OS X 10_15_7) AppleWebKit/537.36 (KHTML, like Gecko) Chrome/131.0.0.0 Safari/537.36; compatible; OAI-SearchBot/1.3; +https://openai.com/searchbot" 317 **0/317296**
74.7.241.60 - - [14/Mar/2026:09:16:16 -0700] "GET /wp-json/oembed/1.0/embed?url=https%3A%2F%2Ftodaysiplmatch.in%2Fcricket-betting%2Fipl-betting%2Fipl-betting-in-madhya-pradesh%2F HTTP/2.0" 200 1144 "https://todaysiplmatch.in/cricket-betting/ipl-betting/ipl-betting-in-madhya-pradesh/" "Mozilla/5.0 AppleWebKit/537.36 (KHTML, like Gecko; compatible; GPTBot/1.3; +https://openai.com/gptbot)" 434 **0/434815**
192.0.91.228 - - [14/Mar/2026:09:16:16 -0700] "HEAD / HTTP/1.1" 200 - "-" "jetmon/1.0 (Jetpack Site Uptime Monitor by WordPress.com)" 345 **0/345318**
74.7.229.9 - - [14/Mar/2026:09:16:16 -0700] "GET /cricket-betting/ipl-betting/ipl-betting-in-madhya-pradesh/ HTTP/2.0" 200 33317 "https://todaysiplmatch.in/?p=32818" "Mozilla/5.0 (Macintosh; Intel Mac OS X 10_15_7) AppleWebKit/537.36 (KHTML, like Gecko) Chrome/131.0.0.0 Safari/537.36; compatible; OAI-SearchBot/1.3; +https://openai.com/searchbot" 648 **0/648594**
74.7.241.60 - - [14/Mar/2026:09:16:16 -0700] "GET /wp-json/wp/v2/pages/32818 HTTP/2.0" 200 7018 "https://todaysiplmatch.in/cricket-betting/ipl-betting/ipl-betting-in-madhya-pradesh/" "Mozilla/5.0 AppleWebKit/537.36 (KHTML, like Gecko; compatible; GPTBot/1.3; +https://openai.com/gptbot)" 436 **0/436714**
74.7.243.32 - - [14/Mar/2026:09:16:17 -0700] "GET /wp-content/uploads/elementor/css/post-31044.css?ver=1773504974 HTTP/2.0" 200 205 "https://todaysiplmatch.in/cricket-betting/ipl-betting/ipl-betting-in-andhra-pradesh/" "Mozilla/5.0 (Macintosh; Intel Mac OS X 10_15_7) AppleWebKit/537.36 (KHTML, like Gecko) Chrome/131.0.0.0 Safari/537.36; compatible; OAI-SearchBot/1.3; +https://openai.com/searchbot" 14 **0/14365**
74.7.241.60 - - [14/Mar/2026:09:16:17 -0700] "GET /wp-content/uploads/elementor/css/post-32818.css?ver=1773504973 HTTP/2.0" 200 194 "https://todaysiplmatch.in/cricket-betting/ipl-betting/ipl-betting-in-madhya-pradesh/" "Mozilla/5.0 AppleWebKit/537.36 (KHTML, like Gecko; compatible; GPTBot/1.3; +https://openai.com/gptbot)" 13 **0/13852**
79.127.243.80 - - [14/Mar/2026:09:16:17 -0700] "GET / HTTP/2.0" 200 39791 "-" "HetrixTools Uptime Monitoring Bot. https://hetrix.tools/uptime-monitoring-bot.html" 787 **0/787215**
74.7.241.60 - - [14/Mar/2026:09:16:18 -0700] "GET /wp-json/wp/v2/pages/31044 HTTP/2.0" 200 7450 "https://todaysiplmatch.in/cricket-betting/ipl-betting/ipl-betting-in-andhra-pradesh/" "Mozilla/5.0 AppleWebKit/537.36 (KHTML, like Gecko; compatible; GPTBot/1.3; +https://openai.com/gptbot)" 470 **0/470113**
