74.7.241.60 - - [14/Mar/2026:09:17:23 -0700] "GET /?p=32001 HTTP/2.0" 301 1 "https://todaysiplmatch.in/cricket-betting/ipl-betting/ipl-betting-in-kerala/" "Mozilla/5.0 AppleWebKit/537.36 (KHTML, like Gecko; compatible; GPTBot/1.3; +https://openai.com/gptbot)" 257 **0/257099**
74.7.241.60 - - [14/Mar/2026:09:17:24 -0700] "GET /cricket-betting/ipl-betting/ipl-betting-in-kerala/ HTTP/2.0" 200 32917 "https://todaysiplmatch.in/?p=32001" "Mozilla/5.0 AppleWebKit/537.36 (KHTML, like Gecko; compatible; GPTBot/1.3; +https://openai.com/gptbot)" 489 **0/489983**
74.7.229.48 - - [14/Mar/2026:09:17:24 -0700] "GET /?p=31911 HTTP/2.0" 301 1 "https://todaysiplmatch.in/cricket-betting/ipl-betting/ipl-betting-in-delhi/" "Mozilla/5.0 (Macintosh; Intel Mac OS X 10_15_7) AppleWebKit/537.36 (KHTML, like Gecko) Chrome/131.0.0.0 Safari/537.36; compatible; OAI-SearchBot/1.3; +https://openai.com/searchbot" 286 **0/286502**
74.7.241.60 - - [14/Mar/2026:09:17:25 -0700] "GET /wp-json/oembed/1.0/embed?format=xml&url=https%3A%2F%2Ftodaysiplmatch.in%2Fcricket-betting%2Fipl-betting%2Fipl-betting-in-kerala%2F HTTP/2.0" 200 1126 "https://todaysiplmatch.in/cricket-betting/ipl-betting/ipl-betting-in-kerala/" "Mozilla/5.0 AppleWebKit/537.36 (KHTML, like Gecko; compatible; GPTBot/1.3; +https://openai.com/gptbot)" 371 **0/371805**
74.7.229.48 - - [14/Mar/2026:09:17:25 -0700] "GET /cricket-betting/ipl-betting/ipl-betting-in-delhi/ HTTP/2.0" 200 34155 "https://todaysiplmatch.in/?p=31911" "Mozilla/5.0 (Macintosh; Intel Mac OS X 10_15_7) AppleWebKit/537.36 (KHTML, like Gecko) Chrome/131.0.0.0 Safari/537.36; compatible; OAI-SearchBot/1.3; +https://openai.com/searchbot" 527 **0/527493**
74.7.241.60 - - [14/Mar/2026:09:17:26 -0700] "GET /wp-json/wp/v2/pages/32001 HTTP/2.0" 200 6624 "https://todaysiplmatch.in/cricket-betting/ipl-betting/ipl-betting-in-kerala/" "Mozilla/5.0 AppleWebKit/537.36 (KHTML, like Gecko; compatible; GPTBot/1.3; +https://openai.com/gptbot)" 383 **0/383211**
74.7.229.48 - - [14/Mar/2026:09:17:26 -0700] "GET /wp-content/uploads/elementor/css/post-32001.css?ver=1773505041 HTTP/2.0" 200 196 "https://todaysiplmatch.in/cricket-betting/ipl-betting/ipl-betting-in-kerala/" "Mozilla/5.0 (Macintosh; Intel Mac OS X 10_15_7) AppleWebKit/537.36 (KHTML, like Gecko) Chrome/131.0.0.0 Safari/537.36; compatible; OAI-SearchBot/1.3; +https://openai.com/searchbot" 10 **0/10034**
74.7.241.60 - - [14/Mar/2026:09:17:26 -0700] "GET /wp-json/oembed/1.0/embed?format=xml&url=https%3A%2F%2Ftodaysiplmatch.in%2Fcricket-betting%2Fipl-betting%2Fipl-betting-in-delhi%2F HTTP/2.0" 200 1119 "https://todaysiplmatch.in/cricket-betting/ipl-betting/ipl-betting-in-delhi/" "Mozilla/5.0 AppleWebKit/537.36 (KHTML, like Gecko; compatible; GPTBot/1.3; +https://openai.com/gptbot)" 304 **0/304853**
74.7.229.48 - - [14/Mar/2026:09:17:27 -0700] "GET /?p=32001 HTTP/2.0" 301 1 "https://todaysiplmatch.in/cricket-betting/ipl-betting/ipl-betting-in-kerala/" "Mozilla/5.0 (Macintosh; Intel Mac OS X 10_15_7) AppleWebKit/537.36 (KHTML, like Gecko) Chrome/131.0.0.0 Safari/537.36; compatible; OAI-SearchBot/1.3; +https://openai.com/searchbot" 244 **0/244522**
74.7.241.60 - - [14/Mar/2026:09:17:27 -0700] "GET /wp-json/wp/v2/pages/31911 HTTP/2.0" 200 7823 "https://todaysiplmatch.in/cricket-betting/ipl-betting/ipl-betting-in-delhi/" "Mozilla/5.0 AppleWebKit/537.36 (KHTML, like Gecko; compatible; GPTBot/1.3; +https://openai.com/gptbot)" 383 **0/383121**
74.7.229.48 - - [14/Mar/2026:09:17:27 -0700] "GET /cricket-betting/ipl-betting/ipl-betting-in-kerala/ HTTP/2.0" 200 32917 "https://todaysiplmatch.in/?p=32001" "Mozilla/5.0 (Macintosh; Intel Mac OS X 10_15_7) AppleWebKit/537.36 (KHTML, like Gecko) Chrome/131.0.0.0 Safari/537.36; compatible; OAI-SearchBot/1.3; +https://openai.com/searchbot" 477 **0/477092**
74.7.241.60 - - [14/Mar/2026:09:17:28 -0700] "GET /wp-json/oembed/1.0/embed?url=https%3A%2F%2Ftodaysiplmatch.in%2Fcricket-betting%2Fipl-betting%2Fipl-betting-in-delhi%2F HTTP/2.0" 200 1111 "https://todaysiplmatch.in/cricket-betting/ipl-betting/ipl-betting-in-delhi/" "Mozilla/5.0 AppleWebKit/537.36 (KHTML, like Gecko; compatible; GPTBot/1.3; +https://openai.com/gptbot)" 301 **0/301250**
74.7.241.60 - - [14/Mar/2026:09:17:28 -0700] "GET /wp-json/oembed/1.0/embed?url=https%3A%2F%2Ftodaysiplmatch.in%2Fcricket-betting%2Fipl-betting%2Fipl-betting-in-kerala%2F HTTP/2.0" 200 1115 "https://todaysiplmatch.in/cricket-betting/ipl-betting/ipl-betting-in-kerala/" "Mozilla/5.0 AppleWebKit/537.36 (KHTML, like Gecko; compatible; GPTBot/1.3; +https://openai.com/gptbot)" 321 **0/321490**
74.7.229.9 - - [14/Mar/2026:09:17:28 -0700] "GET /wp-json/oembed/1.0/embed?format=xml&url=https%3A%2F%2Ftodaysiplmatch.in%2Fcricket-betting%2Fipl-betting%2Fipl-betting-in-kerala%2F HTTP/2.0" 200 1127 "https://todaysiplmatch.in/cricket-betting/ipl-betting/ipl-betting-in-kerala/" "Mozilla/5.0 (Macintosh; Intel Mac OS X 10_15_7) AppleWebKit/537.36 (KHTML, like Gecko) Chrome/131.0.0.0 Safari/537.36; compatible; OAI-SearchBot/1.3; +https://openai.com/searchbot" 305 **0/305167**
74.7.241.60 - - [14/Mar/2026:09:17:29 -0700] "GET /wp-content/uploads/elementor/css/post-31911.css?ver=1773486506 HTTP/2.0" 200 194 "https://todaysiplmatch.in/cricket-betting/ipl-betting/ipl-betting-in-delhi/" "Mozilla/5.0 AppleWebKit/537.36 (KHTML, like Gecko; compatible; GPTBot/1.3; +https://openai.com/gptbot)" 10 **0/10068**
74.7.241.60 - - [14/Mar/2026:09:17:29 -0700] "GET /?p=31911 HTTP/2.0" 301 1 "https://todaysiplmatch.in/cricket-betting/ipl-betting/ipl-betting-in-delhi/" "Mozilla/5.0 AppleWebKit/537.36 (KHTML, like Gecko; compatible; GPTBot/1.3; +https://openai.com/gptbot)" 263 **0/263816**
74.7.243.32 - - [14/Mar/2026:09:17:30 -0700] "GET /wp-json/wp/v2/pages/32001 HTTP/2.0" 200 6624 "https://todaysiplmatch.in/cricket-betting/ipl-betting/ipl-betting-in-kerala/" "Mozilla/5.0 (Macintosh; Intel Mac OS X 10_15_7) AppleWebKit/537.36 (KHTML, like Gecko) Chrome/131.0.0.0 Safari/537.36; compatible; OAI-SearchBot/1.3; +https://openai.com/searchbot" 493 **0/493682**
74.7.241.60 - - [14/Mar/2026:09:17:30 -0700] "GET /cricket-betting/ipl-betting/ipl-betting-in-delhi/ HTTP/2.0" 200 34155 "https://todaysiplmatch.in/?p=31911" "Mozilla/5.0 AppleWebKit/537.36 (KHTML, like Gecko; compatible; GPTBot/1.3; +https://openai.com/gptbot)" 629 **0/629514**
74.7.229.235 - - [14/Mar/2026:09:17:33 -0700] "GET /wp-json/oembed/1.0/embed?url=https%3A%2F%2Ftodaysiplmatch.in%2Fcricket-betting%2Fipl-betting%2Fipl-betting-in-delhi%2F HTTP/2.0" 200 1111 "https://todaysiplmatch.in/cricket-betting/ipl-betting/ipl-betting-in-delhi/" "Mozilla/5.0 (Macintosh; Intel Mac OS X 10_15_7) AppleWebKit/537.36 (KHTML, like Gecko) Chrome/131.0.0.0 Safari/537.36; compatible; OAI-SearchBot/1.3; +https://openai.com/searchbot" 316 **0/316462**
74.7.229.9 - - [14/Mar/2026:09:17:33 -0700] "GET /wp-json/oembed/1.0/embed?format=xml&url=https%3A%2F%2Ftodaysiplmatch.in%2Fcricket-betting%2Fipl-betting%2Fipl-betting-in-delhi%2F HTTP/2.0" 200 1119 "https://todaysiplmatch.in/cricket-betting/ipl-betting/ipl-betting-in-delhi/" "Mozilla/5.0 (Macintosh; Intel Mac OS X 10_15_7) AppleWebKit/537.36 (KHTML, like Gecko) Chrome/131.0.0.0 Safari/537.36; compatible; OAI-SearchBot/1.3; +https://openai.com/searchbot" 273 **0/273231**
74.7.229.9 - - [14/Mar/2026:09:17:34 -0700] "GET /wp-json/wp/v2/pages/31911 HTTP/2.0" 200 7823 "https://todaysiplmatch.in/cricket-betting/ipl-betting/ipl-betting-in-delhi/" "Mozilla/5.0 (Macintosh; Intel Mac OS X 10_15_7) AppleWebKit/537.36 (KHTML, like Gecko) Chrome/131.0.0.0 Safari/537.36; compatible; OAI-SearchBot/1.3; +https://openai.com/searchbot" 383 **0/383352**
74.7.229.3 - - [14/Mar/2026:09:17:35 -0700] "GET /wp-content/uploads/elementor/css/post-31911.css?ver=1773486506 HTTP/2.0" 200 194 "https://todaysiplmatch.in/cricket-betting/ipl-betting/ipl-betting-in-delhi/" "Mozilla/5.0 (Macintosh; Intel Mac OS X 10_15_7) AppleWebKit/537.36 (KHTML, like Gecko) Chrome/131.0.0.0 Safari/537.36; compatible; OAI-SearchBot/1.3; +https://openai.com/searchbot" 9 **0/9242**
74.7.229.235 - - [14/Mar/2026:09:17:35 -0700] "GET /cricket-betting/ipl-betting/ipl-betting-in-tripura/ HTTP/2.0" 200 33169 "https://todaysiplmatch.in/ipl/most-dangerous-batsman-in-ipl/" "Mozilla/5.0 (Macintosh; Intel Mac OS X 10_15_7) AppleWebKit/537.36 (KHTML, like Gecko) Chrome/131.0.0.0 Safari/537.36; compatible; OAI-SearchBot/1.3; +https://openai.com/searchbot" 760 **0/760604**
74.7.243.32 - - [14/Mar/2026:09:17:37 -0700] "GET /cricket-betting/ipl-betting/ipl-betting-in-nagaland/ HTTP/2.0" 200 32802 "https://todaysiplmatch.in/ipl/most-dangerous-batsman-in-ipl/" "Mozilla/5.0 (Macintosh; Intel Mac OS X 10_15_7) AppleWebKit/537.36 (KHTML, like Gecko) Chrome/131.0.0.0 Safari/537.36; compatible; OAI-SearchBot/1.3; +https://openai.com/searchbot" 826 **0/826808**
74.7.241.60 - - [14/Mar/2026:09:17:38 -0700] "GET /?p=32863 HTTP/2.0" 301 1 "https://todaysiplmatch.in/cricket-betting/ipl-betting/ipl-betting-in-tripura/" "Mozilla/5.0 AppleWebKit/537.36 (KHTML, like Gecko; compatible; GPTBot/1.3; +https://openai.com/gptbot)" 308 **0/308365**
74.7.241.60 - - [14/Mar/2026:09:17:39 -0700] "GET /cricket-betting/ipl-betting/ipl-betting-in-tripura/ HTTP/2.0" 200 33169 "https://todaysiplmatch.in/?p=32863" "Mozilla/5.0 AppleWebKit/537.36 (KHTML, like Gecko; compatible; GPTBot/1.3; +https://openai.com/gptbot)" 588 **0/588343**
74.7.229.48 - - [14/Mar/2026:09:17:39 -0700] "GET /wp-content/uploads/elementor/css/post-32863.css?ver=1773505056 HTTP/2.0" 200 215 "https://todaysiplmatch.in/cricket-betting/ipl-betting/ipl-betting-in-tripura/" "Mozilla/5.0 (Macintosh; Intel Mac OS X 10_15_7) AppleWebKit/537.36 (KHTML, like Gecko) Chrome/131.0.0.0 Safari/537.36; compatible; OAI-SearchBot/1.3; +https://openai.com/searchbot" 13 **0/13024**
74.7.229.48 - - [14/Mar/2026:09:17:40 -0700] "GET /wp-json/oembed/1.0/embed?format=xml&url=https%3A%2F%2Ftodaysiplmatch.in%2Fcricket-betting%2Fipl-betting%2Fipl-betting-in-nagaland%2F HTTP/2.0" 200 1140 "https://todaysiplmatch.in/cricket-betting/ipl-betting/ipl-betting-in-nagaland/" "Mozilla/5.0 (Macintosh; Intel Mac OS X 10_15_7) AppleWebKit/537.36 (KHTML, like Gecko) Chrome/131.0.0.0 Safari/537.36; compatible; OAI-SearchBot/1.3; +https://openai.com/searchbot" 412 **0/412419**
74.7.241.60 - - [14/Mar/2026:09:17:40 -0700] "GET /wp-json/wp/v2/pages/32863 HTTP/2.0" 200 6906 "https://todaysiplmatch.in/cricket-betting/ipl-betting/ipl-betting-in-tripura/" "Mozilla/5.0 AppleWebKit/537.36 (KHTML, like Gecko; compatible; GPTBot/1.3; +https://openai.com/gptbot)" 415 **0/415756**
74.7.241.60 - - [14/Mar/2026:09:17:41 -0700] "GET /wp-json/oembed/1.0/embed?url=https%3A%2F%2Ftodaysiplmatch.in%2Fcricket-betting%2Fipl-betting%2Fipl-betting-in-tripura%2F HTTP/2.0" 200 1131 "https://todaysiplmatch.in/cricket-betting/ipl-betting/ipl-betting-in-tripura/" "Mozilla/5.0 AppleWebKit/537.36 (KHTML, like Gecko; compatible; GPTBot/1.3; +https://openai.com/gptbot)" 327 **0/327467**
74.7.229.128 - - [14/Mar/2026:09:17:41 -0700] "GET /?p=32863 HTTP/2.0" 301 1 "https://todaysiplmatch.in/cricket-betting/ipl-betting/ipl-betting-in-tripura/" "Mozilla/5.0 (Macintosh; Intel Mac OS X 10_15_7) AppleWebKit/537.36 (KHTML, like Gecko) Chrome/131.0.0.0 Safari/537.36; compatible; OAI-SearchBot/1.3; +https://openai.com/searchbot" 292 **0/292598**
74.7.241.60 - - [14/Mar/2026:09:17:41 -0700] "GET /wp-json/oembed/1.0/embed?format=xml&url=https%3A%2F%2Ftodaysiplmatch.in%2Fcricket-betting%2Fipl-betting%2Fipl-betting-in-tripura%2F HTTP/2.0" 200 1144 "https://todaysiplmatch.in/cricket-betting/ipl-betting/ipl-betting-in-tripura/" "Mozilla/5.0 AppleWebKit/537.36 (KHTML, like Gecko; compatible; GPTBot/1.3; +https://openai.com/gptbot)" 310 **0/310915**
74.7.229.128 - - [14/Mar/2026:09:17:41 -0700] "GET /cricket-betting/ipl-betting/ipl-betting-in-tripura/ HTTP/2.0" 200 33169 "https://todaysiplmatch.in/?p=32863" "Mozilla/5.0 (Macintosh; Intel Mac OS X 10_15_7) AppleWebKit/537.36 (KHTML, like Gecko) Chrome/131.0.0.0 Safari/537.36; compatible; OAI-SearchBot/1.3; +https://openai.com/searchbot" 520 **0/520319**
74.7.241.60 - - [14/Mar/2026:09:17:42 -0700] "GET /wp-json/oembed/1.0/embed?url=https%3A%2F%2Ftodaysiplmatch.in%2Fcricket-betting%2Fipl-betting%2Fipl-betting-in-nagaland%2F HTTP/2.0" 200 1128 "https://todaysiplmatch.in/cricket-betting/ipl-betting/ipl-betting-in-nagaland/" "Mozilla/5.0 AppleWebKit/537.36 (KHTML, like Gecko; compatible; GPTBot/1.3; +https://openai.com/gptbot)" 328 **0/328464**
74.7.241.60 - - [14/Mar/2026:09:17:43 -0700] "GET /wp-content/uploads/elementor/css/post-32953.css?ver=1773505058 HTTP/2.0" 200 216 "https://todaysiplmatch.in/cricket-betting/ipl-betting/ipl-betting-in-nagaland/" "Mozilla/5.0 AppleWebKit/537.36 (KHTML, like Gecko; compatible; GPTBot/1.3; +https://openai.com/gptbot)" 9 **0/9246**
74.7.241.60 - - [14/Mar/2026:09:17:43 -0700] "GET /wp-json/wp/v2/pages/32953 HTTP/2.0" 200 6559 "https://todaysiplmatch.in/cricket-betting/ipl-betting/ipl-betting-in-nagaland/" "Mozilla/5.0 AppleWebKit/537.36 (KHTML, like Gecko; compatible; GPTBot/1.3; +https://openai.com/gptbot)" 430 **0/430124**
74.7.228.206 - - [14/Mar/2026:09:17:43 -0700] "GET /wp-json/wp/v2/pages/32863 HTTP/2.0" 200 6906 "https://todaysiplmatch.in/cricket-betting/ipl-betting/ipl-betting-in-tripura/" "Mozilla/5.0 (Macintosh; Intel Mac OS X 10_15_7) AppleWebKit/537.36 (KHTML, like Gecko) Chrome/131.0.0.0 Safari/537.36; compatible; OAI-SearchBot/1.3; +https://openai.com/searchbot" 409 **0/409386**
74.7.241.60 - - [14/Mar/2026:09:17:44 -0700] "GET /?p=32953 HTTP/2.0" 301 1 "https://todaysiplmatch.in/cricket-betting/ipl-betting/ipl-betting-in-nagaland/" "Mozilla/5.0 AppleWebKit/537.36 (KHTML, like Gecko; compatible; GPTBot/1.3; +https://openai.com/gptbot)" 235 **0/235559**
74.7.241.60 - - [14/Mar/2026:09:17:44 -0700] "GET /cricket-betting/ipl-betting/ipl-betting-in-nagaland/ HTTP/2.0" 200 32802 "https://todaysiplmatch.in/?p=32953" "Mozilla/5.0 AppleWebKit/537.36 (KHTML, like Gecko; compatible; GPTBot/1.3; +https://openai.com/gptbot)" 602 **0/602286**
74.7.242.172 - - [14/Mar/2026:09:17:44 -0700] "GET /wp-json/oembed/1.0/embed?url=https%3A%2F%2Ftodaysiplmatch.in%2Fcricket-betting%2Fipl-betting%2Fipl-betting-in-tripura%2F HTTP/2.0" 200 1130 "https://todaysiplmatch.in/cricket-betting/ipl-betting/ipl-betting-in-tripura/" "Mozilla/5.0 (Macintosh; Intel Mac OS X 10_15_7) AppleWebKit/537.36 (KHTML, like Gecko) Chrome/131.0.0.0 Safari/537.36; compatible; OAI-SearchBot/1.3; +https://openai.com/searchbot" 333 **0/333514**
74.7.241.60 - - [14/Mar/2026:09:17:45 -0700] "GET /wp-content/uploads/elementor/css/post-32863.css?ver=1773505056 HTTP/2.0" 200 215 "https://todaysiplmatch.in/cricket-betting/ipl-betting/ipl-betting-in-tripura/" "Mozilla/5.0 AppleWebKit/537.36 (KHTML, like Gecko; compatible; GPTBot/1.3; +https://openai.com/gptbot)" 17 **0/17190**
74.7.241.60 - - [14/Mar/2026:09:17:46 -0700] "GET /wp-json/oembed/1.0/embed?format=xml&url=https%3A%2F%2Ftodaysiplmatch.in%2Fcricket-betting%2Fipl-betting%2Fipl-betting-in-nagaland%2F HTTP/2.0" 200 1139 "https://todaysiplmatch.in/cricket-betting/ipl-betting/ipl-betting-in-nagaland/" "Mozilla/5.0 AppleWebKit/537.36 (KHTML, like Gecko; compatible; GPTBot/1.3; +https://openai.com/gptbot)" 317 **0/317785**
74.7.229.9 - - [14/Mar/2026:09:17:46 -0700] "GET /wp-json/oembed/1.0/embed?format=xml&url=https%3A%2F%2Ftodaysiplmatch.in%2Fcricket-betting%2Fipl-betting%2Fipl-betting-in-tripura%2F HTTP/2.0" 200 1144 "https://todaysiplmatch.in/cricket-betting/ipl-betting/ipl-betting-in-tripura/" "Mozilla/5.0 (Macintosh; Intel Mac OS X 10_15_7) AppleWebKit/537.36 (KHTML, like Gecko) Chrome/131.0.0.0 Safari/537.36; compatible; OAI-SearchBot/1.3; +https://openai.com/searchbot" 304 **0/304019**
74.7.229.3 - - [14/Mar/2026:09:17:47 -0700] "GET /wp-json/oembed/1.0/embed?url=https%3A%2F%2Ftodaysiplmatch.in%2Fcricket-betting%2Fipl-betting%2Fipl-betting-in-nagaland%2F HTTP/2.0" 200 1130 "https://todaysiplmatch.in/cricket-betting/ipl-betting/ipl-betting-in-nagaland/" "Mozilla/5.0 (Macintosh; Intel Mac OS X 10_15_7) AppleWebKit/537.36 (KHTML, like Gecko) Chrome/131.0.0.0 Safari/537.36; compatible; OAI-SearchBot/1.3; +https://openai.com/searchbot" 291 **0/291674**
74.7.228.206 - - [14/Mar/2026:09:17:48 -0700] "GET /wp-content/uploads/elementor/css/post-32953.css?ver=1773505058 HTTP/2.0" 200 216 "https://todaysiplmatch.in/cricket-betting/ipl-betting/ipl-betting-in-nagaland/" "Mozilla/5.0 (Macintosh; Intel Mac OS X 10_15_7) AppleWebKit/537.36 (KHTML, like Gecko) Chrome/131.0.0.0 Safari/537.36; compatible; OAI-SearchBot/1.3; +https://openai.com/searchbot" 10 **0/10192**
74.7.229.128 - - [14/Mar/2026:09:17:49 -0700] "GET /wp-json/wp/v2/pages/32953 HTTP/2.0" 200 6559 "https://todaysiplmatch.in/cricket-betting/ipl-betting/ipl-betting-in-nagaland/" "Mozilla/5.0 (Macintosh; Intel Mac OS X 10_15_7) AppleWebKit/537.36 (KHTML, like Gecko) Chrome/131.0.0.0 Safari/537.36; compatible; OAI-SearchBot/1.3; +https://openai.com/searchbot" 454 **0/454466**
74.7.229.9 - - [14/Mar/2026:09:17:49 -0700] "GET /?p=32953 HTTP/2.0" 301 1 "https://todaysiplmatch.in/cricket-betting/ipl-betting/ipl-betting-in-nagaland/" "Mozilla/5.0 (Macintosh; Intel Mac OS X 10_15_7) AppleWebKit/537.36 (KHTML, like Gecko) Chrome/131.0.0.0 Safari/537.36; compatible; OAI-SearchBot/1.3; +https://openai.com/searchbot" 302 **0/302522**
74.7.229.9 - - [14/Mar/2026:09:17:50 -0700] "GET /cricket-betting/ipl-betting/ipl-betting-in-nagaland/ HTTP/2.0" 200 32802 "https://todaysiplmatch.in/?p=32953" "Mozilla/5.0 (Macintosh; Intel Mac OS X 10_15_7) AppleWebKit/537.36 (KHTML, like Gecko) Chrome/131.0.0.0 Safari/537.36; compatible; OAI-SearchBot/1.3; +https://openai.com/searchbot" 562 **0/562643**
74.7.243.32 - - [14/Mar/2026:09:17:52 -0700] "GET /cricket-betting/ipl-betting/ipl-betting-in-karnataka/ HTTP/2.0" 200 33030 "https://todaysiplmatch.in/ipl/most-dangerous-batsman-in-ipl/" "Mozilla/5.0 (Macintosh; Intel Mac OS X 10_15_7) AppleWebKit/537.36 (KHTML, like Gecko) Chrome/131.0.0.0 Safari/537.36; compatible; OAI-SearchBot/1.3; +https://openai.com/searchbot" 698 **0/698146**
74.7.242.172 - - [14/Mar/2026:09:17:54 -0700] "GET /top-betting-sites-in-india/dafabet/ HTTP/2.0" 200 36825 "https://todaysiplmatch.in/ipl/most-dangerous-batsman-in-ipl/" "Mozilla/5.0 (Macintosh; Intel Mac OS X 10_15_7) AppleWebKit/537.36 (KHTML, like Gecko) Chrome/131.0.0.0 Safari/537.36; compatible; OAI-SearchBot/1.3; +https://openai.com/searchbot" 587 **0/587294**
74.7.241.60 - - [14/Mar/2026:09:17:54 -0700] "GET /wp-json/oembed/1.0/embed?url=https%3A%2F%2Ftodaysiplmatch.in%2Fcricket-betting%2Fipl-betting%2Fipl-betting-in-karnataka%2F HTTP/2.0" 200 1143 "https://todaysiplmatch.in/cricket-betting/ipl-betting/ipl-betting-in-karnataka/" "Mozilla/5.0 AppleWebKit/537.36 (KHTML, like Gecko; compatible; GPTBot/1.3; +https://openai.com/gptbot)" 363 **0/363322**
74.7.241.60 - - [14/Mar/2026:09:17:55 -0700] "GET /wp-content/uploads/elementor/css/post-32015.css?ver=1773505072 HTTP/2.0" 200 195 "https://todaysiplmatch.in/cricket-betting/ipl-betting/ipl-betting-in-karnataka/" "Mozilla/5.0 AppleWebKit/537.36 (KHTML, like Gecko; compatible; GPTBot/1.3; +https://openai.com/gptbot)" 14 **0/14569**
216.73.216.186 - - [14/Mar/2026:09:17:55 -0700] "GET /world-cup/t20-world-cup-predictions HTTP/2.0" 301 1 "-" "Mozilla/5.0 AppleWebKit/537.36 (KHTML, like Gecko; compatible; ClaudeBot/1.0; +claudebot@anthropic.com)" 360 **0/360917**
216.73.216.186 - - [14/Mar/2026:09:17:55 -0700] "GET /articles/world-cup/t20-world-cup-highest-runs HTTP/2.0" 301 1 "-" "Mozilla/5.0 AppleWebKit/537.36 (KHTML, like Gecko; compatible; ClaudeBot/1.0; +claudebot@anthropic.com)" 366 **0/366454**
74.7.228.206 - - [14/Mar/2026:09:17:55 -0700] "GET /wp-json/oembed/1.0/embed?format=xml&url=https%3A%2F%2Ftodaysiplmatch.in%2Fcricket-betting%2Fipl-betting%2Fipl-betting-in-karnataka%2F HTTP/2.0" 200 1156 "https://todaysiplmatch.in/cricket-betting/ipl-betting/ipl-betting-in-karnataka/" "Mozilla/5.0 (Macintosh; Intel Mac OS X 10_15_7) AppleWebKit/537.36 (KHTML, like Gecko) Chrome/131.0.0.0 Safari/537.36; compatible; OAI-SearchBot/1.3; +https://openai.com/searchbot" 342 **0/342140**
216.73.216.186 - - [14/Mar/2026:09:17:55 -0700] "GET /world-cup/t20-world-cup-highest-runs/ HTTP/2.0" 200 36346 "https://todaysiplmatch.in/articles/world-cup/t20-world-cup-highest-runs" "Mozilla/5.0 AppleWebKit/537.36 (KHTML, like Gecko; compatible; ClaudeBot/1.0; +claudebot@anthropic.com)" 685 **0/685268**
216.73.216.186 - - [14/Mar/2026:09:17:55 -0700] "GET /world-cup/t20-world-cup-predictions/ HTTP/2.0" 200 36589 "https://todaysiplmatch.in/world-cup/t20-world-cup-predictions" "Mozilla/5.0 AppleWebKit/537.36 (KHTML, like Gecko; compatible; ClaudeBot/1.0; +claudebot@anthropic.com)" 711 **0/711733**
74.7.241.60 - - [14/Mar/2026:09:17:56 -0700] "GET /wp-json/wp/v2/pages/32015 HTTP/2.0" 200 6673 "https://todaysiplmatch.in/cricket-betting/ipl-betting/ipl-betting-in-karnataka/" "Mozilla/5.0 AppleWebKit/537.36 (KHTML, like Gecko; compatible; GPTBot/1.3; +https://openai.com/gptbot)" 545 **0/545440**
74.7.241.60 - - [14/Mar/2026:09:17:57 -0700] "GET /?p=32015 HTTP/2.0" 301 1 "https://todaysiplmatch.in/cricket-betting/ipl-betting/ipl-betting-in-karnataka/" "Mozilla/5.0 AppleWebKit/537.36 (KHTML, like Gecko; compatible; GPTBot/1.3; +https://openai.com/gptbot)" 323 **0/323141**
74.7.243.32 - - [14/Mar/2026:09:17:56 -0700] "GET /top-betting-sites-in-india/parimatch/ HTTP/2.0" 200 37020 "https://todaysiplmatch.in/ipl/most-dangerous-batsman-in-ipl/" "Mozilla/5.0 (Macintosh; Intel Mac OS X 10_15_7) AppleWebKit/537.36 (KHTML, like Gecko) Chrome/131.0.0.0 Safari/537.36; compatible; OAI-SearchBot/1.3; +https://openai.com/searchbot" 903 **0/903525**
74.7.241.60 - - [14/Mar/2026:09:17:57 -0700] "GET /cricket-betting/ipl-betting/ipl-betting-in-karnataka/ HTTP/2.0" 200 33030 "https://todaysiplmatch.in/?p=32015" "Mozilla/5.0 AppleWebKit/537.36 (KHTML, like Gecko; compatible; GPTBot/1.3; +https://openai.com/gptbot)" 598 **0/598739**
74.7.229.235 - - [14/Mar/2026:09:17:58 -0700] "GET /wp-content/uploads/elementor/css/post-32015.css?ver=1773505072 HTTP/2.0" 200 195 "https://todaysiplmatch.in/cricket-betting/ipl-betting/ipl-betting-in-karnataka/" "Mozilla/5.0 (Macintosh; Intel Mac OS X 10_15_7) AppleWebKit/537.36 (KHTML, like Gecko) Chrome/131.0.0.0 Safari/537.36; compatible; OAI-SearchBot/1.3; +https://openai.com/searchbot" 10 **0/10967**
74.7.243.32 - - [14/Mar/2026:09:17:58 -0700] "GET /wp-json/oembed/1.0/embed?url=https%3A%2F%2Ftodaysiplmatch.in%2Fcricket-betting%2Fipl-betting%2Fipl-betting-in-karnataka%2F HTTP/2.0" 200 1143 "https://todaysiplmatch.in/cricket-betting/ipl-betting/ipl-betting-in-karnataka/" "Mozilla/5.0 (Macintosh; Intel Mac OS X 10_15_7) AppleWebKit/537.36 (KHTML, like Gecko) Chrome/131.0.0.0 Safari/537.36; compatible; OAI-SearchBot/1.3; +https://openai.com/searchbot" 287 **0/287279**
74.7.241.60 - - [14/Mar/2026:09:17:58 -0700] "GET /wp-json/oembed/1.0/embed?format=xml&url=https%3A%2F%2Ftodaysiplmatch.in%2Fcricket-betting%2Fipl-betting%2Fipl-betting-in-karnataka%2F HTTP/2.0" 200 1158 "https://todaysiplmatch.in/cricket-betting/ipl-betting/ipl-betting-in-karnataka/" "Mozilla/5.0 AppleWebKit/537.36 (KHTML, like Gecko; compatible; GPTBot/1.3; +https://openai.com/gptbot)" 254 **0/254907**
74.7.241.60 - - [14/Mar/2026:09:17:59 -0700] "GET /?p=31429 HTTP/2.0" 301 1 "https://todaysiplmatch.in/top-betting-sites-in-india/parimatch/" "Mozilla/5.0 AppleWebKit/537.36 (KHTML, like Gecko; compatible; GPTBot/1.3; +https://openai.com/gptbot)" 231 **0/231445**
74.7.229.128 - - [14/Mar/2026:09:17:59 -0700] "GET /wp-json/wp/v2/pages/32015 HTTP/2.0" 200 6673 "https://todaysiplmatch.in/cricket-betting/ipl-betting/ipl-betting-in-karnataka/" "Mozilla/5.0 (Macintosh; Intel Mac OS X 10_15_7) AppleWebKit/537.36 (KHTML, like Gecko) Chrome/131.0.0.0 Safari/537.36; compatible; OAI-SearchBot/1.3; +https://openai.com/searchbot" 357 **0/357904**
74.7.241.60 - - [14/Mar/2026:09:17:59 -0700] "GET /top-betting-sites-in-india/parimatch/ HTTP/2.0" 200 37020 "https://todaysiplmatch.in/?p=31429" "Mozilla/5.0 AppleWebKit/537.36 (KHTML, like Gecko; compatible; GPTBot/1.3; +https://openai.com/gptbot)" 517 **0/517819**
74.7.241.60 - - [14/Mar/2026:09:18:00 -0700] "GET /wp-content/uploads/elementor/css/post-31429.css?ver=1773505077 HTTP/2.0" 200 572 "https://todaysiplmatch.in/top-betting-sites-in-india/parimatch/" "Mozilla/5.0 AppleWebKit/537.36 (KHTML, like Gecko; compatible; GPTBot/1.3; +https://openai.com/gptbot)" 10 **0/10320**
74.7.229.128 - - [14/Mar/2026:09:18:00 -0700] "GET /?p=32015 HTTP/2.0" 301 1 "https://todaysiplmatch.in/cricket-betting/ipl-betting/ipl-betting-in-karnataka/" "Mozilla/5.0 (Macintosh; Intel Mac OS X 10_15_7) AppleWebKit/537.36 (KHTML, like Gecko) Chrome/131.0.0.0 Safari/537.36; compatible; OAI-SearchBot/1.3; +https://openai.com/searchbot" 225 **0/225671**
74.7.229.128 - - [14/Mar/2026:09:18:01 -0700] "GET /cricket-betting/ipl-betting/ipl-betting-in-karnataka/ HTTP/2.0" 200 33030 "https://todaysiplmatch.in/?p=32015" "Mozilla/5.0 (Macintosh; Intel Mac OS X 10_15_7) AppleWebKit/537.36 (KHTML, like Gecko) Chrome/131.0.0.0 Safari/537.36; compatible; OAI-SearchBot/1.3; +https://openai.com/searchbot" 845 **0/845117**
74.7.241.60 - - [14/Mar/2026:09:18:01 -0700] "GET /wp-json/wp/v2/pages/31429 HTTP/2.0" 200 10707 "https://todaysiplmatch.in/top-betting-sites-in-india/parimatch/" "Mozilla/5.0 AppleWebKit/537.36 (KHTML, like Gecko; compatible; GPTBot/1.3; +https://openai.com/gptbot)" 668 **0/668108**
74.7.241.60 - - [14/Mar/2026:09:18:02 -0700] "GET /wp-json/oembed/1.0/embed?url=https%3A%2F%2Ftodaysiplmatch.in%2Ftop-betting-sites-in-india%2Fparimatch%2F HTTP/2.0" 200 1177 "https://todaysiplmatch.in/top-betting-sites-in-india/parimatch/" "Mozilla/5.0 AppleWebKit/537.36 (KHTML, like Gecko; compatible; GPTBot/1.3; +https://openai.com/gptbot)" 578 **0/578070**
74.7.229.3 - - [14/Mar/2026:09:18:03 -0700] "GET /?p=31429 HTTP/2.0" 301 1 "https://todaysiplmatch.in/top-betting-sites-in-india/parimatch/" "Mozilla/5.0 (Macintosh; Intel Mac OS X 10_15_7) AppleWebKit/537.36 (KHTML, like Gecko) Chrome/131.0.0.0 Safari/537.36; compatible; OAI-SearchBot/1.3; +https://openai.com/searchbot" 353 **0/353710**
74.7.241.60 - - [14/Mar/2026:09:18:03 -0700] "GET /wp-json/oembed/1.0/embed?format=xml&url=https%3A%2F%2Ftodaysiplmatch.in%2Ftop-betting-sites-in-india%2Fparimatch%2F HTTP/2.0" 200 1190 "https://todaysiplmatch.in/top-betting-sites-in-india/parimatch/" "Mozilla/5.0 AppleWebKit/537.36 (KHTML, like Gecko; compatible; GPTBot/1.3; +https://openai.com/gptbot)" 353 **0/353530**
74.7.229.3 - - [14/Mar/2026:09:18:03 -0700] "GET /top-betting-sites-in-india/parimatch/ HTTP/2.0" 200 37020 "https://todaysiplmatch.in/?p=31429" "Mozilla/5.0 (Macintosh; Intel Mac OS X 10_15_7) AppleWebKit/537.36 (KHTML, like Gecko) Chrome/131.0.0.0 Safari/537.36; compatible; OAI-SearchBot/1.3; +https://openai.com/searchbot" 713 **0/713955**
74.7.229.235 - - [14/Mar/2026:09:18:05 -0700] "GET /wp-content/uploads/elementor/css/post-31429.css?ver=1773505077 HTTP/2.0" 200 572 "https://todaysiplmatch.in/top-betting-sites-in-india/parimatch/" "Mozilla/5.0 (Macintosh; Intel Mac OS X 10_15_7) AppleWebKit/537.36 (KHTML, like Gecko) Chrome/131.0.0.0 Safari/537.36; compatible; OAI-SearchBot/1.3; +https://openai.com/searchbot" 11 **0/11969**
74.7.229.3 - - [14/Mar/2026:09:18:06 -0700] "GET /wp-json/wp/v2/pages/31429 HTTP/2.0" 200 10707 "https://todaysiplmatch.in/top-betting-sites-in-india/parimatch/" "Mozilla/5.0 (Macintosh; Intel Mac OS X 10_15_7) AppleWebKit/537.36 (KHTML, like Gecko) Chrome/131.0.0.0 Safari/537.36; compatible; OAI-SearchBot/1.3; +https://openai.com/searchbot" 463 **0/463186**
74.7.242.172 - - [14/Mar/2026:09:18:07 -0700] "GET /wp-json/oembed/1.0/embed?url=https%3A%2F%2Ftodaysiplmatch.in%2Ftop-betting-sites-in-india%2Fparimatch%2F HTTP/2.0" 200 1175 "https://todaysiplmatch.in/top-betting-sites-in-india/parimatch/" "Mozilla/5.0 (Macintosh; Intel Mac OS X 10_15_7) AppleWebKit/537.36 (KHTML, like Gecko) Chrome/131.0.0.0 Safari/537.36; compatible; OAI-SearchBot/1.3; +https://openai.com/searchbot" 309 **0/309756**
74.7.229.9 - - [14/Mar/2026:09:18:08 -0700] "GET /wp-json/oembed/1.0/embed?format=xml&url=https%3A%2F%2Ftodaysiplmatch.in%2Ftop-betting-sites-in-india%2Fparimatch%2F HTTP/2.0" 200 1190 "https://todaysiplmatch.in/top-betting-sites-in-india/parimatch/" "Mozilla/5.0 (Macintosh; Intel Mac OS X 10_15_7) AppleWebKit/537.36 (KHTML, like Gecko) Chrome/131.0.0.0 Safari/537.36; compatible; OAI-SearchBot/1.3; +https://openai.com/searchbot" 304 **0/304627**
74.7.243.32 - - [14/Mar/2026:09:18:09 -0700] "GET /cricket-betting/t20-betting/ HTTP/2.0" 200 36305 "https://todaysiplmatch.in/ipl/most-dangerous-batsman-in-ipl/" "Mozilla/5.0 (Macintosh; Intel Mac OS X 10_15_7) AppleWebKit/537.36 (KHTML, like Gecko) Chrome/131.0.0.0 Safari/537.36; compatible; OAI-SearchBot/1.3; +https://openai.com/searchbot" 614 **0/614388**
65.20.70.55 - - [14/Mar/2026:09:18:11 -0700] "GET / HTTP/2.0" 200 39791 "-" "HetrixTools Uptime Monitoring Bot. https://hetrix.tools/uptime-monitoring-bot.html" 715 **0/715925**
74.7.229.128 - - [14/Mar/2026:09:18:11 -0700] "GET /top-betting-sites-in-india/fairplay/ HTTP/2.0" 200 36841 "https://todaysiplmatch.in/ipl/most-dangerous-batsman-in-ipl/" "Mozilla/5.0 (Macintosh; Intel Mac OS X 10_15_7) AppleWebKit/537.36 (KHTML, like Gecko) Chrome/131.0.0.0 Safari/537.36; compatible; OAI-SearchBot/1.3; +https://openai.com/searchbot" 751 **0/751998**
118.139.180.95 - - [14/Mar/2026:09:18:14 -0700] "POST /wp-cron.php?doing_wp_cron=1773505094.4429259300231933593750 HTTP/1.1" 200 - "-" "WordPress/6.9.4; https://todaysiplmatch.in" 20 **0/20207**
74.7.229.235 - - [14/Mar/2026:09:18:13 -0700] "GET /ipl/star-utsav-movies-ipl-schedule/ HTTP/2.0" 200 38821 "https://todaysiplmatch.in/ipl/most-dangerous-batsman-in-ipl/" "Mozilla/5.0 (Macintosh; Intel Mac OS X 10_15_7) AppleWebKit/537.36 (KHTML, like Gecko) Chrome/131.0.0.0 Safari/537.36; compatible; OAI-SearchBot/1.3; +https://openai.com/searchbot" 694 **0/694633**
74.7.241.60 - - [14/Mar/2026:09:18:14 -0700] "GET /wp-json/wp/v2/pages/31555 HTTP/2.0" 200 10723 "https://todaysiplmatch.in/top-betting-sites-in-india/fairplay/" "Mozilla/5.0 AppleWebKit/537.36 (KHTML, like Gecko; compatible; GPTBot/1.3; +https://openai.com/gptbot)" 433 **0/433117**
74.7.229.235 - - [14/Mar/2026:09:18:15 -0700] "GET /wp-content/uploads/elementor/css/post-31555.css?ver=1773505092 HTTP/2.0" 200 571 "https://todaysiplmatch.in/top-betting-sites-in-india/fairplay/" "Mozilla/5.0 (Macintosh; Intel Mac OS X 10_15_7) AppleWebKit/537.36 (KHTML, like Gecko) Chrome/131.0.0.0 Safari/537.36; compatible; OAI-SearchBot/1.3; +https://openai.com/searchbot" 10 **0/10140**
74.7.241.60 - - [14/Mar/2026:09:18:15 -0700] "GET /wp-json/oembed/1.0/embed?url=https%3A%2F%2Ftodaysiplmatch.in%2Ftop-betting-sites-in-india%2Ffairplay%2F HTTP/2.0" 200 1112 "https://todaysiplmatch.in/top-betting-sites-in-india/fairplay/" "Mozilla/5.0 AppleWebKit/537.36 (KHTML, like Gecko; compatible; GPTBot/1.3; +https://openai.com/gptbot)" 280 **0/280465**
74.7.241.60 - - [14/Mar/2026:09:18:15 -0700] "GET /?p=31555 HTTP/2.0" 301 1 "https://todaysiplmatch.in/top-betting-sites-in-india/fairplay/" "Mozilla/5.0 AppleWebKit/537.36 (KHTML, like Gecko; compatible; GPTBot/1.3; +https://openai.com/gptbot)" 214 **0/214981**
74.7.243.32 - - [14/Mar/2026:09:18:16 -0700] "GET /?p=25726 HTTP/2.0" 301 1 "https://todaysiplmatch.in/ipl/star-utsav-movies-ipl-schedule/" "Mozilla/5.0 (Macintosh; Intel Mac OS X 10_15_7) AppleWebKit/537.36 (KHTML, like Gecko) Chrome/131.0.0.0 Safari/537.36; compatible; OAI-SearchBot/1.3; +https://openai.com/searchbot" 265 **0/265984**
74.7.241.60 - - [14/Mar/2026:09:18:16 -0700] "GET /top-betting-sites-in-india/fairplay/ HTTP/2.0" 200 36841 "https://todaysiplmatch.in/?p=31555" "Mozilla/5.0 AppleWebKit/537.36 (KHTML, like Gecko; compatible; GPTBot/1.3; +https://openai.com/gptbot)" 585 **0/585097**
74.7.243.32 - - [14/Mar/2026:09:18:16 -0700] "GET /ipl/star-utsav-movies-ipl-schedule/ HTTP/2.0" 200 38821 "https://todaysiplmatch.in/?p=25726" "Mozilla/5.0 (Macintosh; Intel Mac OS X 10_15_7) AppleWebKit/537.36 (KHTML, like Gecko) Chrome/131.0.0.0 Safari/537.36; compatible; OAI-SearchBot/1.3; +https://openai.com/searchbot" 676 **0/676888**
74.7.241.60 - - [14/Mar/2026:09:18:17 -0700] "GET /wp-json/oembed/1.0/embed?format=xml&url=https%3A%2F%2Ftodaysiplmatch.in%2Ftop-betting-sites-in-india%2Ffairplay%2F HTTP/2.0" 200 1111 "https://todaysiplmatch.in/top-betting-sites-in-india/fairplay/" "Mozilla/5.0 AppleWebKit/537.36 (KHTML, like Gecko; compatible; GPTBot/1.3; +https://openai.com/gptbot)" 362 **0/362632**
74.7.241.60 - - [14/Mar/2026:09:18:18 -0700] "GET /wp-content/uploads/elementor/css/post-31555.css?ver=1773505092 HTTP/2.0" 200 571 "https://todaysiplmatch.in/top-betting-sites-in-india/fairplay/" "Mozilla/5.0 AppleWebKit/537.36 (KHTML, like Gecko; compatible; GPTBot/1.3; +https://openai.com/gptbot)" 10 **0/10341**
77.247.126.141 - - [14/Mar/2026:09:18:17 -0700] "GET / HTTP/2.0" 200 39791 "-" "HetrixTools Uptime Monitoring Bot. https://hetrix.tools/uptime-monitoring-bot.html" 751 **0/751284**
185.38.148.144 - - [14/Mar/2026:09:18:17 -0700] "GET / HTTP/2.0" 200 39791 "-" "HetrixTools Uptime Monitoring Bot. https://hetrix.tools/uptime-monitoring-bot.html" 639 **0/639298**
74.7.241.60 - - [14/Mar/2026:09:18:18 -0700] "GET /?p=25726 HTTP/2.0" 301 1 "https://todaysiplmatch.in/ipl/star-utsav-movies-ipl-schedule/" "Mozilla/5.0 AppleWebKit/537.36 (KHTML, like Gecko; compatible; GPTBot/1.3; +https://openai.com/gptbot)" 291 **0/291518**
74.7.229.9 - - [14/Mar/2026:09:18:18 -0700] "GET /wp-json/wp/v2/pages/31555 HTTP/2.0" 200 10723 "https://todaysiplmatch.in/top-betting-sites-in-india/fairplay/" "Mozilla/5.0 (Macintosh; Intel Mac OS X 10_15_7) AppleWebKit/537.36 (KHTML, like Gecko) Chrome/131.0.0.0 Safari/537.36; compatible; OAI-SearchBot/1.3; +https://openai.com/searchbot" 491 **0/491549**
74.7.241.60 - - [14/Mar/2026:09:18:19 -0700] "GET /ipl/star-utsav-movies-ipl-schedule/ HTTP/2.0" 200 38821 "https://todaysiplmatch.in/?p=25726" "Mozilla/5.0 AppleWebKit/537.36 (KHTML, like Gecko; compatible; GPTBot/1.3; +https://openai.com/gptbot)" 795 **0/795146**
74.7.229.3 - - [14/Mar/2026:09:18:20 -0700] "GET /wp-json/oembed/1.0/embed?url=https%3A%2F%2Ftodaysiplmatch.in%2Ftop-betting-sites-in-india%2Ffairplay%2F HTTP/2.0" 200 1110 "https://todaysiplmatch.in/top-betting-sites-in-india/fairplay/" "Mozilla/5.0 (Macintosh; Intel Mac OS X 10_15_7) AppleWebKit/537.36 (KHTML, like Gecko) Chrome/131.0.0.0 Safari/537.36; compatible; OAI-SearchBot/1.3; +https://openai.com/searchbot" 375 **0/375317**
74.7.241.60 - - [14/Mar/2026:09:18:20 -0700] "GET /ipl/kal-ka-ipl-match-kon-jeeta/ HTTP/2.0" 200 38841 "https://todaysiplmatch.in/?p=25726" "Mozilla/5.0 AppleWebKit/537.36 (KHTML, like Gecko; compatible; GPTBot/1.3; +https://openai.com/gptbot)" 732 **0/732158**
74.7.242.172 - - [14/Mar/2026:09:18:21 -0700] "GET /?p=31555 HTTP/2.0" 301 1 "https://todaysiplmatch.in/top-betting-sites-in-india/fairplay/" "Mozilla/5.0 (Macintosh; Intel Mac OS X 10_15_7) AppleWebKit/537.36 (KHTML, like Gecko) Chrome/131.0.0.0 Safari/537.36; compatible; OAI-SearchBot/1.3; +https://openai.com/searchbot" 299 **0/299189**
74.7.241.60 - - [14/Mar/2026:09:18:21 -0700] "GET /wp-json/oembed/1.0/embed?url=https%3A%2F%2Ftodaysiplmatch.in%2Fipl%2Fstar-utsav-movies-ipl-schedule%2F HTTP/2.0" 200 1156 "https://todaysiplmatch.in/?p=25726" "Mozilla/5.0 AppleWebKit/537.36 (KHTML, like Gecko; compatible; GPTBot/1.3; +https://openai.com/gptbot)" 320 **0/320833**
74.7.242.172 - - [14/Mar/2026:09:18:22 -0700] "GET /top-betting-sites-in-india/fairplay/ HTTP/2.0" 200 36841 "https://todaysiplmatch.in/?p=31555" "Mozilla/5.0 (Macintosh; Intel Mac OS X 10_15_7) AppleWebKit/537.36 (KHTML, like Gecko) Chrome/131.0.0.0 Safari/537.36; compatible; OAI-SearchBot/1.3; +https://openai.com/searchbot" 614 **0/614328**
74.7.241.60 - - [14/Mar/2026:09:18:22 -0700] "GET /wp-json/oembed/1.0/embed?format=xml&url=https%3A%2F%2Ftodaysiplmatch.in%2Fipl%2Fstar-utsav-movies-ipl-schedule%2F HTTP/2.0" 200 1163 "https://todaysiplmatch.in/?p=25726" "Mozilla/5.0 AppleWebKit/537.36 (KHTML, like Gecko; compatible; GPTBot/1.3; +https://openai.com/gptbot)" 277 **0/277342**
118.139.180.95 - - [14/Mar/2026:09:18:23 -0700] "POST /wp-cron.php?doing_wp_cron=1773505103.4084410667419433593750 HTTP/1.1" 200 - "-" "WordPress/6.9.4; https://todaysiplmatch.in" 21 **0/21979**
74.7.229.3 - - [14/Mar/2026:09:18:23 -0700] "GET /wp-json/oembed/1.0/embed?format=xml&url=https%3A%2F%2Ftodaysiplmatch.in%2Ftop-betting-sites-in-india%2Ffairplay%2F HTTP/2.0" 200 1113 "https://todaysiplmatch.in/top-betting-sites-in-india/fairplay/" "Mozilla/5.0 (Macintosh; Intel Mac OS X 10_15_7) AppleWebKit/537.36 (KHTML, like Gecko) Chrome/131.0.0.0 Safari/537.36; compatible; OAI-SearchBot/1.3; +https://openai.com/searchbot" 317 **0/317202**
74.7.241.60 - - [14/Mar/2026:09:18:23 -0700] "GET /articles/ipl/highest-individual-score-in-ipl/ HTTP/2.0" 301 1 "https://todaysiplmatch.in/?p=25726" "Mozilla/5.0 AppleWebKit/537.36 (KHTML, like Gecko; compatible; GPTBot/1.3; +https://openai.com/gptbot)" 299 **0/299578**
118.139.180.95 - - [14/Mar/2026:09:18:24 -0700] "POST /wp-cron.php?doing_wp_cron=1773505103.9966480731964111328125 HTTP/1.1" 200 - "-" "WordPress/6.9.4; https://todaysiplmatch.in" 22 **0/22090**
94.154.159.133 - - [14/Mar/2026:09:18:23 -0700] "GET / HTTP/2.0" 200 39791 "-" "HetrixTools Uptime Monitoring Bot. https://hetrix.tools/uptime-monitoring-bot.html" 712 **0/712366**
74.7.242.172 - - [14/Mar/2026:09:18:23 -0700] "GET /ipl/highest-strike-rate-in-ipl/ HTTP/2.0" 200 36731 "https://todaysiplmatch.in/ipl/most-dangerous-batsman-in-ipl/" "Mozilla/5.0 (Macintosh; Intel Mac OS X 10_15_7) AppleWebKit/537.36 (KHTML, like Gecko) Chrome/131.0.0.0 Safari/537.36; compatible; OAI-SearchBot/1.3; +https://openai.com/searchbot" 599 **0/599267**
74.7.241.60 - - [14/Mar/2026:09:18:23 -0700] "GET /ipl/highest-individual-score-in-ipl/ HTTP/2.0" 200 36760 "https://todaysiplmatch.in/articles/ipl/highest-individual-score-in-ipl/" "Mozilla/5.0 AppleWebKit/537.36 (KHTML, like Gecko; compatible; GPTBot/1.3; +https://openai.com/gptbot)" 583 **0/583894**
74.7.241.60 - - [14/Mar/2026:09:18:24 -0700] "GET /ipl/top-buys-in-ipl-best-buys-in-ipl-mega-auction/ HTTP/2.0" 200 37620 "https://todaysiplmatch.in/?p=25726" "Mozilla/5.0 AppleWebKit/537.36 (KHTML, like Gecko; compatible; GPTBot/1.3; +https://openai.com/gptbot)" 733 **0/733363**
74.7.229.235 - - [14/Mar/2026:09:18:25 -0700] "GET /satta-matka/ipl-satta-app/ HTTP/2.0" 200 32419 "https://todaysiplmatch.in/ipl/most-dangerous-batsman-in-ipl/" "Mozilla/5.0 (Macintosh; Intel Mac OS X 10_15_7) AppleWebKit/537.36 (KHTML, like Gecko) Chrome/131.0.0.0 Safari/537.36; compatible; OAI-SearchBot/1.3; +https://openai.com/searchbot" 596 **0/596486**
74.7.241.60 - - [14/Mar/2026:09:18:25 -0700] "GET /ipl/star-utsav-movies-ipl-schedule/feed/ HTTP/2.0" 200 1409 "https://todaysiplmatch.in/?p=25726" "Mozilla/5.0 AppleWebKit/537.36 (KHTML, like Gecko; compatible; GPTBot/1.3; +https://openai.com/gptbot)" 279 **0/279400**
74.7.241.60 - - [14/Mar/2026:09:18:26 -0700] "GET /wp-json/wp/v2/posts/25726 HTTP/2.0" 200 6654 "https://todaysiplmatch.in/?p=25726" "Mozilla/5.0 AppleWebKit/537.36 (KHTML, like Gecko; compatible; GPTBot/1.3; +https://openai.com/gptbot)" 303 **0/303086**
74.7.229.235 - - [14/Mar/2026:09:18:26 -0700] "GET /articles/ipl/most-dangerous-team-in-ipl/ HTTP/2.0" 301 1 "https://todaysiplmatch.in/ipl/most-dangerous-batsman-in-ipl/" "Mozilla/5.0 (Macintosh; Intel Mac OS X 10_15_7) AppleWebKit/537.36 (KHTML, like Gecko) Chrome/131.0.0.0 Safari/537.36; compatible; OAI-SearchBot/1.3; +https://openai.com/searchbot" 236 **0/236974**
74.7.229.235 - - [14/Mar/2026:09:18:26 -0700] "GET /ipl/most-dangerous-team-in-ipl/ HTTP/2.0" 200 40518 "https://todaysiplmatch.in/articles/ipl/most-dangerous-team-in-ipl/" "Mozilla/5.0 (Macintosh; Intel Mac OS X 10_15_7) AppleWebKit/537.36 (KHTML, like Gecko) Chrome/131.0.0.0 Safari/537.36; compatible; OAI-SearchBot/1.3; +https://openai.com/searchbot" 615 **0/615956**
74.7.241.60 - - [14/Mar/2026:09:18:26 -0700] "GET /ipl/nicholas-pooran-ipl/ HTTP/2.0" 200 39325 "https://todaysiplmatch.in/?p=25726" "Mozilla/5.0 AppleWebKit/537.36 (KHTML, like Gecko; compatible; GPTBot/1.3; +https://openai.com/gptbot)" 656 **0/656872**
74.7.241.60 - - [14/Mar/2026:09:18:27 -0700] "GET /ipl/kal-ka-ipl-match-kon-jeeta/ HTTP/2.0" 200 38841 "https://todaysiplmatch.in/?p=25726" "Mozilla/5.0 AppleWebKit/537.36 (KHTML, like Gecko; compatible; GPTBot/1.3; +https://openai.com/gptbot)" 537 **0/537102**
74.7.241.60 - - [14/Mar/2026:09:18:28 -0700] "GET /?p=37133 HTTP/2.0" 301 1 "https://todaysiplmatch.in/ipl/kal-ka-ipl-match-kon-jeeta/" "Mozilla/5.0 AppleWebKit/537.36 (KHTML, like Gecko; compatible; GPTBot/1.3; +https://openai.com/gptbot)" 233 **0/233828**
74.7.229.9 - - [14/Mar/2026:09:18:28 -0700] "GET /satta-matka/kalyan-panel-chart/ HTTP/2.0" 200 41606 "https://todaysiplmatch.in/ipl/most-dangerous-batsman-in-ipl/" "Mozilla/5.0 (Macintosh; Intel Mac OS X 10_15_7) AppleWebKit/537.36 (KHTML, like Gecko) Chrome/131.0.0.0 Safari/537.36; compatible; OAI-SearchBot/1.3; +https://openai.com/searchbot" 796 **0/796249**
74.7.241.60 - - [14/Mar/2026:09:18:29 -0700] "GET /ipl/kal-ka-ipl-match-kon-jeeta/ HTTP/2.0" 200 38841 "https://todaysiplmatch.in/?p=37133" "Mozilla/5.0 AppleWebKit/537.36 (KHTML, like Gecko; compatible; GPTBot/1.3; +https://openai.com/gptbot)" 590 **0/590674**
74.7.241.60 - - [14/Mar/2026:09:18:30 -0700] "GET /wp-json/oembed/1.0/embed?url=https%3A%2F%2Ftodaysiplmatch.in%2Fipl%2Fstar-utsav-movies-ipl-schedule%2F HTTP/2.0" 200 1155 "https://todaysiplmatch.in/?p=25726" "Mozilla/5.0 AppleWebKit/537.36 (KHTML, like Gecko; compatible; GPTBot/1.3; +https://openai.com/gptbot)" 358 **0/358807**
216.73.216.186 - - [14/Mar/2026:09:18:30 -0700] "GET /articles/world-cup/most-catches-in-world-cup HTTP/2.0" 301 1 "-" "Mozilla/5.0 AppleWebKit/537.36 (KHTML, like Gecko; compatible; ClaudeBot/1.0; +claudebot@anthropic.com)" 314 **0/314701**
216.73.216.186 - - [14/Mar/2026:09:18:30 -0700] "GET /ipl/most-ducks-in-ipl/feed HTTP/2.0" 301 1 "-" "Mozilla/5.0 AppleWebKit/537.36 (KHTML, like Gecko; compatible; ClaudeBot/1.0; +claudebot@anthropic.com)" 318 **0/318362**
216.73.216.186 - - [14/Mar/2026:09:18:30 -0700] "GET /ipl/most-ducks-in-ipl/feed/ HTTP/2.0" 200 394 "https://todaysiplmatch.in/ipl/most-ducks-in-ipl/feed" "Mozilla/5.0 AppleWebKit/537.36 (KHTML, like Gecko; compatible; ClaudeBot/1.0; +claudebot@anthropic.com)" 354 **0/354816**
74.7.241.60 - - [14/Mar/2026:09:18:30 -0700] "GET /wp-json/oembed/1.0/embed?format=xml&url=https%3A%2F%2Ftodaysiplmatch.in%2Fipl%2Fstar-utsav-movies-ipl-schedule%2F HTTP/2.0" 200 1163 "https://todaysiplmatch.in/?p=25726" "Mozilla/5.0 AppleWebKit/537.36 (KHTML, like Gecko; compatible; GPTBot/1.3; +https://openai.com/gptbot)" 360 **0/360180**
216.73.216.186 - - [14/Mar/2026:09:18:30 -0700] "GET /world-cup/most-catches-in-world-cup/ HTTP/2.0" 200 36242 "https://todaysiplmatch.in/articles/world-cup/most-catches-in-world-cup" "Mozilla/5.0 AppleWebKit/537.36 (KHTML, like Gecko; compatible; ClaudeBot/1.0; +claudebot@anthropic.com)" 768 **0/768642**
74.7.242.172 - - [14/Mar/2026:09:18:30 -0700] "GET /satta-matka/rajdhani-day-chart/ HTTP/2.0" 200 31326 "https://todaysiplmatch.in/ipl/most-dangerous-batsman-in-ipl/" "Mozilla/5.0 (Macintosh; Intel Mac OS X 10_15_7) AppleWebKit/537.36 (KHTML, like Gecko) Chrome/131.0.0.0 Safari/537.36; compatible; OAI-SearchBot/1.3; +https://openai.com/searchbot" 703 **0/703326**
74.7.241.60 - - [14/Mar/2026:09:18:31 -0700] "GET /articles/ipl/highest-individual-score-in-ipl/ HTTP/2.0" 301 1 "https://todaysiplmatch.in/?p=25726" "Mozilla/5.0 AppleWebKit/537.36 (KHTML, like Gecko; compatible; GPTBot/1.3; +https://openai.com/gptbot)" 335 **0/335546**
74.7.241.60 - - [14/Mar/2026:09:18:31 -0700] "GET /ipl/highest-individual-score-in-ipl/ HTTP/2.0" 200 36760 "https://todaysiplmatch.in/articles/ipl/highest-individual-score-in-ipl/" "Mozilla/5.0 AppleWebKit/537.36 (KHTML, like Gecko; compatible; GPTBot/1.3; +https://openai.com/gptbot)" 669 **0/669496**
74.7.229.3 - - [14/Mar/2026:09:18:32 -0700] "GET /?p=30475 HTTP/2.0" 301 1 "https://todaysiplmatch.in/satta-matka/kalyan-panel-chart/" "Mozilla/5.0 (Macintosh; Intel Mac OS X 10_15_7) AppleWebKit/537.36 (KHTML, like Gecko) Chrome/131.0.0.0 Safari/537.36; compatible; OAI-SearchBot/1.3; +https://openai.com/searchbot" 249 **0/249911**
74.7.241.60 - - [14/Mar/2026:09:18:32 -0700] "GET /articles/ipl/fastest-centuries-in-ipl/https:/todaysiplmatch.in/articles/ipl/fastest-50-in-ipl/ HTTP/2.0" 301 1 "https://todaysiplmatch.in/articles/ipl/highest-individual-score-in-ipl/" "Mozilla/5.0 AppleWebKit/537.36 (KHTML, like Gecko; compatible; GPTBot/1.3; +https://openai.com/gptbot)" 235 **0/235698**
74.7.229.3 - - [14/Mar/2026:09:18:33 -0700] "GET /satta-matka/kalyan-panel-chart/ HTTP/2.0" 200 41606 "https://todaysiplmatch.in/?p=30475" "Mozilla/5.0 (Macintosh; Intel Mac OS X 10_15_7) AppleWebKit/537.36 (KHTML, like Gecko) Chrome/131.0.0.0 Safari/537.36; compatible; OAI-SearchBot/1.3; +https://openai.com/searchbot" 664 **0/664553**
74.7.241.60 - - [14/Mar/2026:09:18:33 -0700] "GET /ipl/fastest-50-in-ipl/ HTTP/2.0" 200 38082 "https://todaysiplmatch.in/articles/ipl/fastest-centuries-in-ipl/https:/todaysiplmatch.in/articles/ipl/fastest-50-in-ipl/" "Mozilla/5.0 AppleWebKit/537.36 (KHTML, like Gecko; compatible; GPTBot/1.3; +https://openai.com/gptbot)" 672 **0/672451**
74.7.242.172 - - [14/Mar/2026:09:18:34 -0700] "GET /wp-json/oembed/1.0/embed?url=https%3A%2F%2Ftodaysiplmatch.in%2Fsatta-matka%2Fkalyan-panel-chart%2F HTTP/2.0" 200 1131 "https://todaysiplmatch.in/satta-matka/kalyan-panel-chart/" "Mozilla/5.0 (Macintosh; Intel Mac OS X 10_15_7) AppleWebKit/537.36 (KHTML, like Gecko) Chrome/131.0.0.0 Safari/537.36; compatible; OAI-SearchBot/1.3; +https://openai.com/searchbot" 341 **0/341222**
74.7.241.60 - - [14/Mar/2026:09:18:34 -0700] "GET /ipl/top-buys-in-ipl-best-buys-in-ipl-mega-auction/ HTTP/2.0" 200 37620 "https://todaysiplmatch.in/?p=25726" "Mozilla/5.0 AppleWebKit/537.36 (KHTML, like Gecko; compatible; GPTBot/1.3; +https://openai.com/gptbot)" 725 **0/725104**
74.7.241.60 - - [14/Mar/2026:09:18:35 -0700] "GET /ipl/star-utsav-movies-ipl-schedule/feed/ HTTP/2.0" 200 1409 "https://todaysiplmatch.in/?p=25726" "Mozilla/5.0 AppleWebKit/537.36 (KHTML, like Gecko; compatible; GPTBot/1.3; +https://openai.com/gptbot)" 256 **0/256652**
74.7.241.60 - - [14/Mar/2026:09:18:35 -0700] "GET /wp-json/wp/v2/posts/25726 HTTP/2.0" 200 6654 "https://todaysiplmatch.in/?p=25726" "Mozilla/5.0 AppleWebKit/537.36 (KHTML, like Gecko; compatible; GPTBot/1.3; +https://openai.com/gptbot)" 303 **0/303514**
74.7.229.235 - - [14/Mar/2026:09:18:35 -0700] "GET /wp-json/wp/v2/pages/30475 HTTP/2.0" 200 15980 "https://todaysiplmatch.in/satta-matka/kalyan-panel-chart/" "Mozilla/5.0 (Macintosh; Intel Mac OS X 10_15_7) AppleWebKit/537.36 (KHTML, like Gecko) Chrome/131.0.0.0 Safari/537.36; compatible; OAI-SearchBot/1.3; +https://openai.com/searchbot" 572 **0/572052**
74.7.241.60 - - [14/Mar/2026:09:18:36 -0700] "GET /ipl/nicholas-pooran-ipl/ HTTP/2.0" 200 39325 "https://todaysiplmatch.in/?p=25726" "Mozilla/5.0 AppleWebKit/537.36 (KHTML, like Gecko; compatible; GPTBot/1.3; +https://openai.com/gptbot)" 571 **0/571020**
74.7.241.60 - - [14/Mar/2026:09:18:37 -0700] "GET /?p=30978 HTTP/2.0" 301 1 "https://todaysiplmatch.in/ipl/top-buys-in-ipl-best-buys-in-ipl-mega-auction/" "Mozilla/5.0 AppleWebKit/537.36 (KHTML, like Gecko; compatible; GPTBot/1.3; +https://openai.com/gptbot)" 302 **0/302460**
74.7.229.48 - - [14/Mar/2026:09:18:37 -0700] "GET /wp-json/oembed/1.0/embed?format=xml&url=https%3A%2F%2Ftodaysiplmatch.in%2Fsatta-matka%2Fkalyan-panel-chart%2F HTTP/2.0" 200 1148 "https://todaysiplmatch.in/satta-matka/kalyan-panel-chart/" "Mozilla/5.0 (Macintosh; Intel Mac OS X 10_15_7) AppleWebKit/537.36 (KHTML, like Gecko) Chrome/131.0.0.0 Safari/537.36; compatible; OAI-SearchBot/1.3; +https://openai.com/searchbot" 310 **0/310095**
74.7.241.60 - - [14/Mar/2026:09:18:37 -0700] "GET /ipl/top-buys-in-ipl-best-buys-in-ipl-mega-auction/ HTTP/2.0" 200 37620 "https://todaysiplmatch.in/?p=30978" "Mozilla/5.0 AppleWebKit/537.36 (KHTML, like Gecko; compatible; GPTBot/1.3; +https://openai.com/gptbot)" 624 **0/624365**
74.7.243.32 - - [14/Mar/2026:09:18:38 -0700] "GET /wp-json/oembed/1.0/embed?format=xml&url=https%3A%2F%2Ftodaysiplmatch.in%2Fsatta-matka%2Frajdhani-day-chart%2F HTTP/2.0" 200 1137 "https://todaysiplmatch.in/satta-matka/rajdhani-day-chart/" "Mozilla/5.0 (Macintosh; Intel Mac OS X 10_15_7) AppleWebKit/537.36 (KHTML, like Gecko) Chrome/131.0.0.0 Safari/537.36; compatible; OAI-SearchBot/1.3; +https://openai.com/searchbot" 288 **0/288240**
74.7.241.60 - - [14/Mar/2026:09:18:38 -0700] "GET /?p=25692 HTTP/2.0" 301 1 "https://todaysiplmatch.in/articles/ipl/highest-individual-score-in-ipl/" "Mozilla/5.0 AppleWebKit/537.36 (KHTML, like Gecko; compatible; GPTBot/1.3; +https://openai.com/gptbot)" 275 **0/275948**
74.7.229.235 - - [14/Mar/2026:09:18:39 -0700] "GET /wp-content/uploads/elementor/css/post-30475.css?ver=1773505109 HTTP/2.0" 200 806 "https://todaysiplmatch.in/satta-matka/kalyan-panel-chart/" "Mozilla/5.0 (Macintosh; Intel Mac OS X 10_15_7) AppleWebKit/537.36 (KHTML, like Gecko) Chrome/131.0.0.0 Safari/537.36; compatible; OAI-SearchBot/1.3; +https://openai.com/searchbot" 10 **0/10518**
74.7.241.60 - - [14/Mar/2026:09:18:39 -0700] "GET /ipl/highest-individual-score-in-ipl/ HTTP/2.0" 200 36760 "https://todaysiplmatch.in/?p=25692" "Mozilla/5.0 AppleWebKit/537.36 (KHTML, like Gecko; compatible; GPTBot/1.3; +https://openai.com/gptbot)" 582 **0/582598**
