74.7.241.60 - - [14/Mar/2026:07:09:35 -0700] "GET /top-betting-sites-in-india/yolo-247/ HTTP/2.0" 200 30945 "https://todaysiplmatch.in/?p=35948" "Mozilla/5.0 AppleWebKit/537.36 (KHTML, like Gecko; compatible; GPTBot/1.3; +https://openai.com/gptbot)" 429 **0/429189**
74.7.241.60 - - [14/Mar/2026:07:09:36 -0700] "GET /?p=35956 HTTP/2.0" 301 1 "http://todaysiplmatch.in" "Mozilla/5.0 AppleWebKit/537.36 (KHTML, like Gecko; compatible; GPTBot/1.3; +https://openai.com/gptbot)" 246 **0/246469**
74.7.241.60 - - [14/Mar/2026:07:09:36 -0700] "GET /top-betting-sites-in-india/10cric/ HTTP/2.0" 200 30654 "https://todaysiplmatch.in/?p=35956" "Mozilla/5.0 AppleWebKit/537.36 (KHTML, like Gecko; compatible; GPTBot/1.3; +https://openai.com/gptbot)" 469 **0/469324**
74.7.241.60 - - [14/Mar/2026:07:09:37 -0700] "GET /?p=31682 HTTP/2.0" 301 1 "http://todaysiplmatch.in" "Mozilla/5.0 AppleWebKit/537.36 (KHTML, like Gecko; compatible; GPTBot/1.3; +https://openai.com/gptbot)" 217 **0/217581**
74.7.241.60 - - [14/Mar/2026:07:09:38 -0700] "GET /top-betting-sites-in-india/1win/ HTTP/2.0" 200 36074 "https://todaysiplmatch.in/?p=31682" "Mozilla/5.0 AppleWebKit/537.36 (KHTML, like Gecko; compatible; GPTBot/1.3; +https://openai.com/gptbot)" 534 **0/534307**
74.7.241.60 - - [14/Mar/2026:07:09:39 -0700] "GET /world-cup/t20-cricket-betting-strategy/feed/ HTTP/2.0" 200 399 "https://todaysiplmatch.in/world-cup/t20-cricket-betting-strategy/" "Mozilla/5.0 AppleWebKit/537.36 (KHTML, like Gecko; compatible; GPTBot/1.3; +https://openai.com/gptbot)" 229 **0/229502**
74.7.241.60 - - [14/Mar/2026:07:09:39 -0700] "GET /ipl/ipl-2015-final/feed/ HTTP/2.0" 200 401 "https://todaysiplmatch.in/ipl/ipl-2015-final/" "Mozilla/5.0 AppleWebKit/537.36 (KHTML, like Gecko; compatible; GPTBot/1.3; +https://openai.com/gptbot)" 275 **0/275692**
74.7.241.60 - - [14/Mar/2026:07:09:40 -0700] "GET /top-betting-sites-in-india/jannat-betting/todaysiplmatch.in/cricket-betting/ipl-betting/ HTTP/2.0" 301 1 "https://todaysiplmatch.in/?p=35658" "Mozilla/5.0 AppleWebKit/537.36 (KHTML, like Gecko; compatible; GPTBot/1.3; +https://openai.com/gptbot)" 226 **0/226460**
74.7.241.60 - - [14/Mar/2026:07:09:40 -0700] "GET /cricket-betting/ipl-betting/ HTTP/2.0" 200 44664 "https://todaysiplmatch.in/top-betting-sites-in-india/jannat-betting/todaysiplmatch.in/cricket-betting/ipl-betting/" "Mozilla/5.0 AppleWebKit/537.36 (KHTML, like Gecko; compatible; GPTBot/1.3; +https://openai.com/gptbot)" 555 **0/555766**
149.88.24.143 - - [14/Mar/2026:07:09:40 -0700] "GET /orbit-betting-exchange/ HTTP/1.1" 200 34220 "https://todaysiplmatch.in/" "Mozilla/5.0 (Windows NT 10.0; Win64; x64) AppleWebKit/537.36 (KHTML, like Gecko) Chrome/114.0.0.0 Safari/537.36" 505 **0/505117**
74.7.241.60 - - [14/Mar/2026:07:09:42 -0700] "GET /cricket-betting/ipl-betting/ HTTP/2.0" 200 44664 "http://todaysiplmatch.in" "Mozilla/5.0 AppleWebKit/537.36 (KHTML, like Gecko; compatible; GPTBot/1.3; +https://openai.com/gptbot)" 534 **0/534434**
74.7.241.60 - - [14/Mar/2026:07:09:42 -0700] "GET /world-cup/t20-world-cup-points-table/feed/ HTTP/2.0" 200 401 "https://todaysiplmatch.in/world-cup/t20-world-cup-points-table/" "Mozilla/5.0 AppleWebKit/537.36 (KHTML, like Gecko; compatible; GPTBot/1.3; +https://openai.com/gptbot)" 280 **0/280448**
74.7.241.60 - - [14/Mar/2026:07:09:43 -0700] "GET /world-cup/icc-t20-world-cup-anthem/feed/ HTTP/2.0" 200 393 "https://todaysiplmatch.in/world-cup/icc-t20-world-cup-anthem/" "Mozilla/5.0 AppleWebKit/537.36 (KHTML, like Gecko; compatible; GPTBot/1.3; +https://openai.com/gptbot)" 241 **0/241305**
74.7.241.60 - - [14/Mar/2026:07:09:44 -0700] "GET /world-cup/most-wickets-in-t20-world-cup/feed/ HTTP/2.0" 200 405 "https://todaysiplmatch.in/world-cup/most-wickets-in-t20-world-cup/" "Mozilla/5.0 AppleWebKit/537.36 (KHTML, like Gecko; compatible; GPTBot/1.3; +https://openai.com/gptbot)" 222 **0/222128**
149.88.24.143 - - [14/Mar/2026:07:09:44 -0700] "GET /wp-admin/admin-ajax.php HTTP/1.1" 400 5 "https://todaysiplmatch.in/orbit-betting-exchange/" "Mozilla/5.0 (Windows NT 6.3; Win64; x64) AppleWebKit/537.36 (KHTML, like Gecko) Chrome/103.0.0.0 Safari/537.36" 332 **0/332024**
74.7.241.60 - - [14/Mar/2026:07:09:44 -0700] "GET /category/news/feed/ HTTP/2.0" 200 18654 "https://todaysiplmatch.in/category/news/" "Mozilla/5.0 AppleWebKit/537.36 (KHTML, like Gecko; compatible; GPTBot/1.3; +https://openai.com/gptbot)" 367 **0/367955**
74.7.241.60 - - [14/Mar/2026:07:09:45 -0700] "GET /world-cup/highest-average-in-t20-world-cup/feed/ HTTP/2.0" 200 421 "https://todaysiplmatch.in/articles/world-cup/highest-average-in-t20-world-cup/" "Mozilla/5.0 AppleWebKit/537.36 (KHTML, like Gecko; compatible; GPTBot/1.3; +https://openai.com/gptbot)" 273 **0/273341**
149.88.24.143 - - [14/Mar/2026:07:09:45 -0700] "GET /wp-admin/admin-ajax.php?action=register HTTP/1.1" 400 5 "https://todaysiplmatch.in/wp-admin/admin-ajax.php" "Mozilla/5.0 (Windows NT 6.3; Win64; x64) AppleWebKit/537.36 (KHTML, like Gecko) Chrome/103.0.0.0 Safari/537.36" 286 **0/286387**
74.7.241.60 - - [14/Mar/2026:07:09:45 -0700] "GET /wp-json/wp/v2/posts/26794 HTTP/2.0" 200 6960 "https://todaysiplmatch.in/ipl/worst-ipl-team/" "Mozilla/5.0 AppleWebKit/537.36 (KHTML, like Gecko; compatible; GPTBot/1.3; +https://openai.com/gptbot)" 334 **0/334354**
74.7.241.60 - - [14/Mar/2026:07:09:46 -0700] "GET /wp-json/wp/v2/posts/36920 HTTP/2.0" 200 9214 "https://todaysiplmatch.in/ipl/chetan-sakariya-ipl-price/" "Mozilla/5.0 AppleWebKit/537.36 (KHTML, like Gecko; compatible; GPTBot/1.3; +https://openai.com/gptbot)" 334 **0/334913**
74.7.241.60 - - [14/Mar/2026:07:09:47 -0700] "GET /uncategorized/sportivnye-stavki-kak-1khbet-pomogaet-vam-vyigryvat/feed/ HTTP/2.0" 200 481 "https://todaysiplmatch.in/uncategorized/sportivnye-stavki-kak-1khbet-pomogaet-vam-vyigryvat/" "Mozilla/5.0 AppleWebKit/537.36 (KHTML, like Gecko; compatible; GPTBot/1.3; +https://openai.com/gptbot)" 253 **0/253552**
74.7.241.60 - - [14/Mar/2026:07:09:48 -0700] "GET /cricket-betting/ipl-betting/ HTTP/2.0" 200 44664 "http://todaysiplmatch.in" "Mozilla/5.0 AppleWebKit/537.36 (KHTML, like Gecko; compatible; GPTBot/1.3; +https://openai.com/gptbot)" 538 **0/538745**
74.7.241.60 - - [14/Mar/2026:07:09:49 -0700] "GET /top-betting-sites-in-india/kheloyar/todaysiplmatch.in/cricket-betting/ipl-betting/ HTTP/2.0" 301 1 "https://todaysiplmatch.in/top-betting-sites-in-india/kheloyar/" "Mozilla/5.0 AppleWebKit/537.36 (KHTML, like Gecko; compatible; GPTBot/1.3; +https://openai.com/gptbot)" 204 **0/204633**
74.7.241.60 - - [14/Mar/2026:07:09:49 -0700] "GET /cricket-betting/ipl-betting/ HTTP/2.0" 200 44664 "https://todaysiplmatch.in/top-betting-sites-in-india/kheloyar/todaysiplmatch.in/cricket-betting/ipl-betting/" "Mozilla/5.0 AppleWebKit/537.36 (KHTML, like Gecko; compatible; GPTBot/1.3; +https://openai.com/gptbot)" 520 **0/520511**
74.7.241.60 - - [14/Mar/2026:07:09:50 -0700] "GET /world-cup/icc-t20-world-cup-match-highlights/feed/ HTTP/2.0" 200 403 "https://todaysiplmatch.in/world-cup/icc-t20-world-cup-match-highlights/" "Mozilla/5.0 AppleWebKit/537.36 (KHTML, like Gecko; compatible; GPTBot/1.3; +https://openai.com/gptbot)" 266 **0/266645**
74.7.241.60 - - [14/Mar/2026:07:09:51 -0700] "GET /ipl/rr-team-players-list/ HTTP/2.0" 200 37201 "https://todaysiplmatch.in/post-sitemap.xml" "Mozilla/5.0 AppleWebKit/537.36 (KHTML, like Gecko; compatible; GPTBot/1.3; +https://openai.com/gptbot)" 647 **0/647911**
74.7.241.60 - - [14/Mar/2026:07:09:52 -0700] "GET /ipl/ipl-cricket-game/feed/ HTTP/2.0" 200 391 "https://todaysiplmatch.in/ipl/ipl-cricket-game/" "Mozilla/5.0 AppleWebKit/537.36 (KHTML, like Gecko; compatible; GPTBot/1.3; +https://openai.com/gptbot)" 243 **0/243281**
74.7.241.60 - - [14/Mar/2026:07:09:52 -0700] "GET /articles/ipl/shardul-thakur-ipl/ HTTP/2.0" 301 1 "https://todaysiplmatch.in/ipl/wankhede-stadium-ipl-matches/" "Mozilla/5.0 AppleWebKit/537.36 (KHTML, like Gecko; compatible; GPTBot/1.3; +https://openai.com/gptbot)" 223 **0/223395**
74.7.241.60 - - [14/Mar/2026:07:09:53 -0700] "GET /ipl/shardul-thakur-ipl/ HTTP/2.0" 200 37366 "https://todaysiplmatch.in/articles/ipl/shardul-thakur-ipl/" "Mozilla/5.0 AppleWebKit/537.36 (KHTML, like Gecko; compatible; GPTBot/1.3; +https://openai.com/gptbot)" 598 **0/598760**
74.7.241.60 - - [14/Mar/2026:07:09:54 -0700] "GET /world-cup/t20-world-cup-logo/feed/ HTTP/2.0" 200 387 "https://todaysiplmatch.in/world-cup/t20-world-cup-logo/" "Mozilla/5.0 AppleWebKit/537.36 (KHTML, like Gecko; compatible; GPTBot/1.3; +https://openai.com/gptbot)" 271 **0/271021**
74.7.241.60 - - [14/Mar/2026:07:09:54 -0700] "GET /uncategorized/vavada-betting-kak-sposob-uvlekatel-nogo-otdykha/feed/ HTTP/2.0" 200 481 "https://todaysiplmatch.in/uncategorized/vavada-betting-kak-sposob-uvlekatel-nogo-otdykha/" "Mozilla/5.0 AppleWebKit/537.36 (KHTML, like Gecko; compatible; GPTBot/1.3; +https://openai.com/gptbot)" 264 **0/264324**
74.7.241.60 - - [14/Mar/2026:07:09:55 -0700] "GET /world-cup/most-man-of-the-match-in-world-cup-history/feed/ HTTP/2.0" 200 426 "https://todaysiplmatch.in/world-cup/most-man-of-the-match-in-world-cup-history/" "Mozilla/5.0 AppleWebKit/537.36 (KHTML, like Gecko; compatible; GPTBot/1.3; +https://openai.com/gptbot)" 238 **0/238299**
74.7.241.60 - - [14/Mar/2026:07:09:55 -0700] "GET /today-ipl-match-prediction/ipl-2025-qualifier-1-pbks-vs-rcb-match-prediction-playing-xi-fantasy-tips/feed/ HTTP/2.0" 200 488 "https://todaysiplmatch.in/today-ipl-match-prediction/ipl-2025-qualifier-1-pbks-vs-rcb-match-prediction-playing-xi-fantasy-tips/" "Mozilla/5.0 AppleWebKit/537.36 (KHTML, like Gecko; compatible; GPTBot/1.3; +https://openai.com/gptbot)" 247 **0/247916**
74.7.241.60 - - [14/Mar/2026:07:09:56 -0700] "GET /ipl/ipl-ball-price/feed/ HTTP/2.0" 200 393 "https://todaysiplmatch.in/ipl/ipl-ball-price/" "Mozilla/5.0 AppleWebKit/537.36 (KHTML, like Gecko; compatible; GPTBot/1.3; +https://openai.com/gptbot)" 198 **0/198042**
74.7.241.60 - - [14/Mar/2026:07:09:57 -0700] "GET /google-googly/who-was-the-first-player-to-take-a-wicket-on-the-0th-ball-in-mens-international/feed/ HTTP/2.0" 200 446 "https://todaysiplmatch.in/google-googly/who-was-the-first-player-to-take-a-wicket-on-the-0th-ball-in-mens-international/" "Mozilla/5.0 AppleWebKit/537.36 (KHTML, like Gecko; compatible; GPTBot/1.3; +https://openai.com/gptbot)" 254 **0/254023**
74.7.241.60 - - [14/Mar/2026:07:09:57 -0700] "GET /ipl/ipl-full-form/feed/ HTTP/2.0" 200 401 "https://todaysiplmatch.in/articles/ipl/ipl-full-form/" "Mozilla/5.0 AppleWebKit/537.36 (KHTML, like Gecko; compatible; GPTBot/1.3; +https://openai.com/gptbot)" 259 **0/259239**
74.7.241.60 - - [14/Mar/2026:07:09:58 -0700] "GET /ipl/ipl-t-shirts/feed/ HTTP/2.0" 200 409 "https://todaysiplmatch.in/ipl/ipl-t-shirts/" "Mozilla/5.0 AppleWebKit/537.36 (KHTML, like Gecko; compatible; GPTBot/1.3; +https://openai.com/gptbot)" 225 **0/225301**
74.7.241.60 - - [14/Mar/2026:07:09:58 -0700] "GET /?p=31224 HTTP/2.0" 301 1 "https://todaysiplmatch.in/ipl/rr-team-players-list/" "Mozilla/5.0 AppleWebKit/537.36 (KHTML, like Gecko; compatible; GPTBot/1.3; +https://openai.com/gptbot)" 226 **0/226030**
74.7.241.60 - - [14/Mar/2026:07:09:59 -0700] "GET /ipl/rr-team-players-list/ HTTP/2.0" 200 37201 "https://todaysiplmatch.in/?p=31224" "Mozilla/5.0 AppleWebKit/537.36 (KHTML, like Gecko; compatible; GPTBot/1.3; +https://openai.com/gptbot)" 534 **0/534502**
74.7.241.60 - - [14/Mar/2026:07:10:00 -0700] "GET /ipl/mark-wood-ipl/feed/ HTTP/2.0" 200 412 "https://todaysiplmatch.in/ipl/mark-wood-ipl/" "Mozilla/5.0 AppleWebKit/537.36 (KHTML, like Gecko; compatible; GPTBot/1.3; +https://openai.com/gptbot)" 326 **0/326012**
74.7.241.60 - - [14/Mar/2026:07:10:00 -0700] "GET /?p=26861 HTTP/2.0" 301 1 "https://todaysiplmatch.in/articles/ipl/shardul-thakur-ipl/" "Mozilla/5.0 AppleWebKit/537.36 (KHTML, like Gecko; compatible; GPTBot/1.3; +https://openai.com/gptbot)" 221 **0/221885**
74.7.241.60 - - [14/Mar/2026:07:10:01 -0700] "GET /ipl/shardul-thakur-ipl/ HTTP/2.0" 200 37366 "https://todaysiplmatch.in/?p=26861" "Mozilla/5.0 AppleWebKit/537.36 (KHTML, like Gecko; compatible; GPTBot/1.3; +https://openai.com/gptbot)" 1336 **1/1336004**
74.7.241.60 - - [14/Mar/2026:07:10:02 -0700] "GET /world-cup/world-cup-stumps-price/feed/ HTTP/2.0" 200 396 "https://todaysiplmatch.in/world-cup/world-cup-stumps-price/" "Mozilla/5.0 AppleWebKit/537.36 (KHTML, like Gecko; compatible; GPTBot/1.3; +https://openai.com/gptbot)" 769 **0/769601**
74.7.241.60 - - [14/Mar/2026:07:10:03 -0700] "GET /ipl/ipl-suspended/feed/ HTTP/2.0" 200 397 "https://todaysiplmatch.in/ipl/ipl-suspended/" "Mozilla/5.0 AppleWebKit/537.36 (KHTML, like Gecko; compatible; GPTBot/1.3; +https://openai.com/gptbot)" 585 **0/585904**
74.7.241.60 - - [14/Mar/2026:07:10:04 -0700] "GET /wpl/wpl-schedule/feed/ HTTP/2.0" 200 403 "https://todaysiplmatch.in/wpl/wpl-schedule/" "Mozilla/5.0 AppleWebKit/537.36 (KHTML, like Gecko; compatible; GPTBot/1.3; +https://openai.com/gptbot)" 465 **0/465381**
74.7.241.60 - - [14/Mar/2026:07:10:05 -0700] "GET /ipl/ipl-schedule/feed/ HTTP/2.0" 200 392 "http://todaysiplmatch.in" "Mozilla/5.0 AppleWebKit/537.36 (KHTML, like Gecko; compatible; GPTBot/1.3; +https://openai.com/gptbot)" 383 **0/383107**
23.106.180.172 - - [14/Mar/2026:07:10:05 -0700] "GET / HTTP/2.0" 200 39791 "-" "HetrixTools Uptime Monitoring Bot. https://hetrix.tools/uptime-monitoring-bot.html" 1018 **1/1018959**
74.7.241.60 - - [14/Mar/2026:07:10:06 -0700] "GET /ipl/worst-ipl-team/feed/ HTTP/2.0" 200 384 "https://todaysiplmatch.in/ipl/worst-ipl-team/" "Mozilla/5.0 AppleWebKit/537.36 (KHTML, like Gecko; compatible; GPTBot/1.3; +https://openai.com/gptbot)" 370 **0/370598**
74.7.241.60 - - [14/Mar/2026:07:10:06 -0700] "GET /ipl/most-man-of-the-match-in-ipl/feed/ HTTP/2.0" 200 397 "https://todaysiplmatch.in/articles/ipl/most-man-of-the-match-in-ipl/" "Mozilla/5.0 AppleWebKit/537.36 (KHTML, like Gecko; compatible; GPTBot/1.3; +https://openai.com/gptbot)" 366 **0/366901**
66.165.247.154 - - [14/Mar/2026:07:10:06 -0700] "GET / HTTP/2.0" 200 39791 "-" "HetrixTools Uptime Monitoring Bot. https://hetrix.tools/uptime-monitoring-bot.html" 912 **0/912251**
74.7.241.60 - - [14/Mar/2026:07:10:07 -0700] "GET /ipl/lowest-score-in-ipl/feed/ HTTP/2.0" 200 405 "https://todaysiplmatch.in/ipl/lowest-score-in-ipl/" "Mozilla/5.0 AppleWebKit/537.36 (KHTML, like Gecko; compatible; GPTBot/1.3; +https://openai.com/gptbot)" 351 **0/351591**
74.7.241.60 - - [14/Mar/2026:07:10:08 -0700] "GET /ipl/ipl-stumps-price/feed/ HTTP/2.0" 200 402 "https://todaysiplmatch.in/articles/ipl/ipl-stumps-price/" "Mozilla/5.0 AppleWebKit/537.36 (KHTML, like Gecko; compatible; GPTBot/1.3; +https://openai.com/gptbot)" 376 **0/376340**
216.73.216.186 - - [14/Mar/2026:07:10:08 -0700] "GET /?p=25943 HTTP/2.0" 301 1 "-" "Mozilla/5.0 AppleWebKit/537.36 (KHTML, like Gecko; compatible; ClaudeBot/1.0; +claudebot@anthropic.com)" 404 **0/404098**
74.7.241.60 - - [14/Mar/2026:07:10:08 -0700] "GET /ipl/ipl-media-rights/feed/ HTTP/2.0" 200 393 "https://todaysiplmatch.in/ipl/ipl-media-rights/" "Mozilla/5.0 AppleWebKit/537.36 (KHTML, like Gecko; compatible; GPTBot/1.3; +https://openai.com/gptbot)" 355 **0/355492**
74.7.241.60 - - [14/Mar/2026:07:10:09 -0700] "GET /wp-content/uploads/2024/12/lotus365-signup-and-login-1024x390-1.webp HTTP/2.0" 200 64074 "https://todaysiplmatch.in/page-sitemap.xml" "Mozilla/5.0 AppleWebKit/537.36 (KHTML, like Gecko; compatible; GPTBot/1.3; +https://openai.com/gptbot)" 17 **0/17321**
185.174.110.102 - - [14/Mar/2026:07:10:08 -0700] "GET / HTTP/2.0" 200 39791 "-" "HetrixTools Uptime Monitoring Bot. https://hetrix.tools/uptime-monitoring-bot.html" 1128 **1/1128271**
216.73.216.186 - - [14/Mar/2026:07:10:09 -0700] "GET /ipl/rohit-sharma-ipl-runs/ HTTP/2.0" 200 36666 "https://todaysiplmatch.in/?p=25943" "Mozilla/5.0 AppleWebKit/537.36 (KHTML, like Gecko; compatible; ClaudeBot/1.0; +claudebot@anthropic.com)" 828 **0/828604**
74.7.241.60 - - [14/Mar/2026:07:10:10 -0700] "GET /ipl/most-ducks-in-ipl/feed/ HTTP/2.0" 200 394 "https://todaysiplmatch.in/articles/ipl/most-ducks-in-ipl/" "Mozilla/5.0 AppleWebKit/537.36 (KHTML, like Gecko; compatible; GPTBot/1.3; +https://openai.com/gptbot)" 279 **0/279373**
74.7.241.60 - - [14/Mar/2026:07:10:10 -0700] "GET /world-cup/world-cup-highlights/feed/ HTTP/2.0" 200 384 "https://todaysiplmatch.in/world-cup/world-cup-highlights/" "Mozilla/5.0 AppleWebKit/537.36 (KHTML, like Gecko; compatible; GPTBot/1.3; +https://openai.com/gptbot)" 294 **0/294999**
74.7.241.60 - - [14/Mar/2026:07:10:12 -0700] "GET /world-cup/world-cup-ball-price/feed/ HTTP/2.0" 200 395 "https://todaysiplmatch.in/world-cup/world-cup-ball-price/" "Mozilla/5.0 AppleWebKit/537.36 (KHTML, like Gecko; compatible; GPTBot/1.3; +https://openai.com/gptbot)" 381 **0/381014**
74.7.241.60 - - [14/Mar/2026:07:10:14 -0700] "GET /ipl/lowest-total-defended-in-ipl/feed/ HTTP/2.0" 200 387 "https://todaysiplmatch.in/ipl/lowest-total-defended-in-ipl/" "Mozilla/5.0 AppleWebKit/537.36 (KHTML, like Gecko; compatible; GPTBot/1.3; +https://openai.com/gptbot)" 361 **0/361193**
216.73.216.186 - - [14/Mar/2026:07:10:14 -0700] "GET /ipl/rohit-sharma-ipl-runs/feed HTTP/2.0" 301 1 "-" "Mozilla/5.0 AppleWebKit/537.36 (KHTML, like Gecko; compatible; ClaudeBot/1.0; +claudebot@anthropic.com)" 369 **0/369601**
74.7.241.60 - - [14/Mar/2026:07:10:15 -0700] "GET /ipl/sawai-mansingh-stadium-ipl-records/feed/ HTTP/2.0" 200 389 "https://todaysiplmatch.in/ipl/sawai-mansingh-stadium-ipl-records/" "Mozilla/5.0 AppleWebKit/537.36 (KHTML, like Gecko; compatible; GPTBot/1.3; +https://openai.com/gptbot)" 378 **0/378142**
216.73.216.186 - - [14/Mar/2026:07:10:15 -0700] "GET /ipl/rohit-sharma-ipl-runs/feed/ HTTP/2.0" 200 384 "https://todaysiplmatch.in/ipl/rohit-sharma-ipl-runs/feed" "Mozilla/5.0 AppleWebKit/537.36 (KHTML, like Gecko; compatible; ClaudeBot/1.0; +claudebot@anthropic.com)" 334 **0/334939**
74.7.241.60 - - [14/Mar/2026:07:10:15 -0700] "GET /ipl/chennai-super-kings-coaching-staff/feed/ HTTP/2.0" 200 405 "https://todaysiplmatch.in/ipl/chennai-super-kings-coaching-staff/" "Mozilla/5.0 AppleWebKit/537.36 (KHTML, like Gecko; compatible; GPTBot/1.3; +https://openai.com/gptbot)" 279 **0/279632**
74.7.241.60 - - [14/Mar/2026:07:10:16 -0700] "GET /ipl/highest-opening-partnership-in-ipl/feed/ HTTP/2.0" 200 390 "https://todaysiplmatch.in/ipl/highest-opening-partnership-in-ipl/" "Mozilla/5.0 AppleWebKit/537.36 (KHTML, like Gecko; compatible; GPTBot/1.3; +https://openai.com/gptbot)" 284 **0/284600**
74.7.241.60 - - [14/Mar/2026:07:10:17 -0700] "GET /wp-json/oembed/1.0/embed?url=https%3A%2F%2Ftodaysiplmatch.in%2Fnews%2Fipl-news-in-hindi%2Fipl-2024-kkr-camp-started-blame-game-after-loss-to-csk%2F HTTP/2.0" 200 1286 "https://todaysiplmatch.in/news/ipl-news-in-hindi/ipl-2024-kkr-camp-started-blame-game-after-loss-to-csk/" "Mozilla/5.0 AppleWebKit/537.36 (KHTML, like Gecko; compatible; GPTBot/1.3; +https://openai.com/gptbot)" 319 **0/319370**
74.7.241.60 - - [14/Mar/2026:07:10:17 -0700] "GET /ipl/who-is-the-god-of-ipl/feed/ HTTP/2.0" 200 401 "https://todaysiplmatch.in/ipl/who-is-the-god-of-ipl/" "Mozilla/5.0 AppleWebKit/537.36 (KHTML, like Gecko; compatible; GPTBot/1.3; +https://openai.com/gptbot)" 277 **0/277596**
118.139.180.95 - - [14/Mar/2026:07:10:18 -0700] "POST /wp-cron.php?doing_wp_cron=1773497418.5692269802093505859375 HTTP/1.1" 200 - "-" "WordPress/6.9.4; https://todaysiplmatch.in" 20 **0/20654**
74.7.241.60 - - [14/Mar/2026:07:10:18 -0700] "GET /world-cup/icc-full-form/feed/ HTTP/2.0" 200 385 "https://todaysiplmatch.in/world-cup/icc-full-form/" "Mozilla/5.0 AppleWebKit/537.36 (KHTML, like Gecko; compatible; GPTBot/1.3; +https://openai.com/gptbot)" 358 **0/358351**
74.7.241.60 - - [14/Mar/2026:07:10:18 -0700] "GET /ipl/today-ipl-match-pitch-report/feed/ HTTP/2.0" 200 384 "https://todaysiplmatch.in/ipl/today-ipl-match-pitch-report/" "Mozilla/5.0 AppleWebKit/537.36 (KHTML, like Gecko; compatible; GPTBot/1.3; +https://openai.com/gptbot)" 425 **0/425813**
65.20.70.55 - - [14/Mar/2026:07:10:18 -0700] "GET / HTTP/2.0" 200 39791 "-" "HetrixTools Uptime Monitoring Bot. https://hetrix.tools/uptime-monitoring-bot.html" 823 **0/823862**
74.7.241.60 - - [14/Mar/2026:07:10:19 -0700] "GET /ipl/fastest-delivery-in-ipl/feed/ HTTP/2.0" 200 399 "https://todaysiplmatch.in/ipl/fastest-delivery-in-ipl/" "Mozilla/5.0 AppleWebKit/537.36 (KHTML, like Gecko; compatible; GPTBot/1.3; +https://openai.com/gptbot)" 361 **0/361859**
74.7.241.60 - - [14/Mar/2026:07:10:20 -0700] "GET /ipl/all-ipl-team-owners/feed/ HTTP/2.0" 200 396 "https://todaysiplmatch.in/ipl/all-ipl-team-owners/" "Mozilla/5.0 AppleWebKit/537.36 (KHTML, like Gecko; compatible; GPTBot/1.3; +https://openai.com/gptbot)" 312 **0/312310**
74.7.241.60 - - [14/Mar/2026:07:10:20 -0700] "GET /?p=25908 HTTP/2.0" 301 1 "http://todaysiplmatch.in" "Mozilla/5.0 AppleWebKit/537.36 (KHTML, like Gecko; compatible; GPTBot/1.3; +https://openai.com/gptbot)" 291 **0/291123**
74.7.241.60 - - [14/Mar/2026:07:10:21 -0700] "GET /contact-us/ HTTP/2.0" 200 30505 "https://todaysiplmatch.in/?p=25908" "Mozilla/5.0 AppleWebKit/537.36 (KHTML, like Gecko; compatible; GPTBot/1.3; +https://openai.com/gptbot)" 686 **0/686296**
74.7.241.60 - - [14/Mar/2026:07:10:22 -0700] "GET /ipl/ipl-toss-who-won-the-toss-today/feed/ HTTP/2.0" 200 388 "https://todaysiplmatch.in/articles/ipl/ipl-toss-who-won-the-toss-today/" "Mozilla/5.0 AppleWebKit/537.36 (KHTML, like Gecko; compatible; GPTBot/1.3; +https://openai.com/gptbot)" 263 **0/263741**
74.7.241.60 - - [14/Mar/2026:07:10:23 -0700] "GET /ipl/longest-six-in-the-ipl/feed/ HTTP/2.0" 200 384 "https://todaysiplmatch.in/ipl/longest-six-in-the-ipl/" "Mozilla/5.0 AppleWebKit/537.36 (KHTML, like Gecko; compatible; GPTBot/1.3; +https://openai.com/gptbot)" 247 **0/247491**
74.7.241.60 - - [14/Mar/2026:07:10:23 -0700] "GET /ipl/most-expensive-player-in-the-ipl/feed/ HTTP/2.0" 200 412 "https://todaysiplmatch.in/articles/ipl/most-expensive-player-in-the-ipl/" "Mozilla/5.0 AppleWebKit/537.36 (KHTML, like Gecko; compatible; GPTBot/1.3; +https://openai.com/gptbot)" 296 **0/296581**
74.7.241.60 - - [14/Mar/2026:07:10:24 -0700] "GET /ipl/youngest-players-to-debut-in-ipl/feed/ HTTP/2.0" 200 399 "https://todaysiplmatch.in/ipl/youngest-players-to-debut-in-ipl/" "Mozilla/5.0 AppleWebKit/537.36 (KHTML, like Gecko; compatible; GPTBot/1.3; +https://openai.com/gptbot)" 329 **0/329266**
74.7.241.60 - - [14/Mar/2026:07:10:24 -0700] "GET /ipl/ipl-mega-auction-date-time-venue-players-and-squads/feed/ HTTP/2.0" 200 420 "https://todaysiplmatch.in/ipl/ipl-mega-auction-date-time-venue-players-and-squads/" "Mozilla/5.0 AppleWebKit/537.36 (KHTML, like Gecko; compatible; GPTBot/1.3; +https://openai.com/gptbot)" 276 **0/276563**
74.7.241.60 - - [14/Mar/2026:07:10:25 -0700] "GET /ipl/highest-score-in-ipl-history/feed/ HTTP/2.0" 200 390 "https://todaysiplmatch.in/articles/ipl/highest-score-in-ipl-history-ipl-me-sabse-jyada-run/" "Mozilla/5.0 AppleWebKit/537.36 (KHTML, like Gecko; compatible; GPTBot/1.3; +https://openai.com/gptbot)" 271 **0/271022**
74.7.241.60 - - [14/Mar/2026:07:10:26 -0700] "GET /ipl/most-dangerous-batsman-in-ipl/feed/ HTTP/2.0" 200 388 "https://todaysiplmatch.in/articles/ipl/most-dangerous-batsman-in-ipl/" "Mozilla/5.0 AppleWebKit/537.36 (KHTML, like Gecko; compatible; GPTBot/1.3; +https://openai.com/gptbot)" 253 **0/253557**
74.7.241.60 - - [14/Mar/2026:07:10:26 -0700] "GET /ipl/unsuccessful-team-in-ipl/feed/ HTTP/2.0" 200 396 "https://todaysiplmatch.in/ipl/unsuccessful-team-in-ipl/" "Mozilla/5.0 AppleWebKit/537.36 (KHTML, like Gecko; compatible; GPTBot/1.3; +https://openai.com/gptbot)" 258 **0/258790**
74.7.241.60 - - [14/Mar/2026:07:10:27 -0700] "GET /wp-json/oembed/1.0/embed?url=https%3A%2F%2Ftodaysiplmatch.in%2Fnews%2Fipl-news-in-hindi%2Fshikhar-dhawan-falls-into-srhs-trap-klaasen-made-lightning-stumping-off-b-kumars-140kph-delivery%2F HTTP/2.0" 200 1335 "https://todaysiplmatch.in/news/ipl-news-in-hindi/shikhar-dhawan-falls-into-srhs-trap-klaasen-made-lightning-stumping-off-b-kumars-140kph-delivery/" "Mozilla/5.0 AppleWebKit/537.36 (KHTML, like Gecko; compatible; GPTBot/1.3; +https://openai.com/gptbot)" 364 **0/364071**
74.7.241.60 - - [14/Mar/2026:07:10:27 -0700] "GET /world-cup/cricket-ball-weight/feed/ HTTP/2.0" 200 405 "https://todaysiplmatch.in/articles/world-cup/cricket-ball-weight/" "Mozilla/5.0 AppleWebKit/537.36 (KHTML, like Gecko; compatible; GPTBot/1.3; +https://openai.com/gptbot)" 280 **0/280353**
74.7.241.60 - - [14/Mar/2026:07:10:28 -0700] "GET /ipl/mi-lowest-score-in-ipl/feed/ HTTP/2.0" 200 405 "https://todaysiplmatch.in/articles/ipl/mi-lowest-score-in-ipl-lowest-score-by-mumbai-indians/" "Mozilla/5.0 AppleWebKit/537.36 (KHTML, like Gecko; compatible; GPTBot/1.3; +https://openai.com/gptbot)" 267 **0/267176**
74.7.241.60 - - [14/Mar/2026:07:10:28 -0700] "GET /ipl/ipl-betting-odds-and-rates/feed/ HTTP/2.0" 200 400 "https://todaysiplmatch.in/ipl/ipl-betting-odds/" "Mozilla/5.0 AppleWebKit/537.36 (KHTML, like Gecko; compatible; GPTBot/1.3; +https://openai.com/gptbot)" 270 **0/270850**
74.7.241.60 - - [14/Mar/2026:07:10:29 -0700] "GET /ipl/most-dangerous-team-in-ipl/feed/ HTTP/2.0" 200 403 "https://todaysiplmatch.in/articles/ipl/most-dangerous-team-in-ipl/" "Mozilla/5.0 AppleWebKit/537.36 (KHTML, like Gecko; compatible; GPTBot/1.3; +https://openai.com/gptbot)" 235 **0/235996**
74.7.241.60 - - [14/Mar/2026:07:10:30 -0700] "GET /ipl/highest-powerplay-score-in-ipl/feed/ HTTP/2.0" 200 404 "https://todaysiplmatch.in/articles/ipl/highest-powerplay-score-in-ipl/" "Mozilla/5.0 AppleWebKit/537.36 (KHTML, like Gecko; compatible; GPTBot/1.3; +https://openai.com/gptbot)" 346 **0/346699**
74.7.241.60 - - [14/Mar/2026:07:10:30 -0700] "GET /ipl/highest-batting-average-in-ipl/feed/ HTTP/2.0" 200 419 "https://todaysiplmatch.in/ipl/highest-batting-average-in-ipl/" "Mozilla/5.0 AppleWebKit/537.36 (KHTML, like Gecko; compatible; GPTBot/1.3; +https://openai.com/gptbot)" 329 **0/329325**
74.7.241.60 - - [14/Mar/2026:07:10:31 -0700] "GET /wp-json/oembed/1.0/embed?url=https%3A%2F%2Ftodaysiplmatch.in%2Fnews%2Fipl-news-in-english%2Fipl-final-highlights-scorecard-and-playing-xi%2F HTTP/2.0" 200 1187 "https://todaysiplmatch.in/news/ipl-news-in-english/ipl-final-highlights-scorecard-and-playing-xi/" "Mozilla/5.0 AppleWebKit/537.36 (KHTML, like Gecko; compatible; GPTBot/1.3; +https://openai.com/gptbot)" 346 **0/346783**
74.7.241.60 - - [14/Mar/2026:07:10:32 -0700] "GET /google-googly/what-is-a-rabbits-favorite-food/feed/ HTTP/2.0" 200 400 "https://todaysiplmatch.in/google-googly/what-is-a-rabbits-favorite-food/" "Mozilla/5.0 AppleWebKit/537.36 (KHTML, like Gecko; compatible; GPTBot/1.3; +https://openai.com/gptbot)" 280 **0/280564**
74.7.241.60 - - [14/Mar/2026:07:10:32 -0700] "GET /ipl/sameer-rizvi-ipl-auction/feed/ HTTP/2.0" 200 408 "https://todaysiplmatch.in/ipl/sameer-rizvi-ipl-auction/" "Mozilla/5.0 AppleWebKit/537.36 (KHTML, like Gecko; compatible; GPTBot/1.3; +https://openai.com/gptbot)" 253 **0/253053**
74.7.241.60 - - [14/Mar/2026:07:10:33 -0700] "GET /ipl/chetan-sakariya-ipl-price/feed/ HTTP/2.0" 200 402 "https://todaysiplmatch.in/ipl/chetan-sakariya-ipl-price/" "Mozilla/5.0 AppleWebKit/537.36 (KHTML, like Gecko; compatible; GPTBot/1.3; +https://openai.com/gptbot)" 278 **0/278633**
74.7.241.60 - - [14/Mar/2026:07:10:33 -0700] "GET /world-cup/cricket-bails-price/feed/ HTTP/2.0" 200 398 "https://todaysiplmatch.in/world-cup/cricket-bails-price/" "Mozilla/5.0 AppleWebKit/537.36 (KHTML, like Gecko; compatible; GPTBot/1.3; +https://openai.com/gptbot)" 239 **0/239283**
74.7.241.60 - - [14/Mar/2026:07:10:34 -0700] "GET /world-cup/icc-headquarters/feed/ HTTP/2.0" 200 427 "https://todaysiplmatch.in/articles/world-cup/icc-headquarters/" "Mozilla/5.0 AppleWebKit/537.36 (KHTML, like Gecko; compatible; GPTBot/1.3; +https://openai.com/gptbot)" 230 **0/230876**
74.7.241.60 - - [14/Mar/2026:07:10:34 -0700] "GET /wp-json/oembed/1.0/embed?url=https%3A%2F%2Ftodaysiplmatch.in%2Fnews%2Fipl-news-in-hindi%2Fipl-2024-rcb-vs-srh-match-prediction-playing-xi-fantasy-team-and-squads%2F HTTP/2.0" 200 1428 "https://todaysiplmatch.in/news/ipl-news-in-hindi/ipl-2024-rcb-vs-srh-match-prediction-playing-xi-fantasy-team-and-squads/" "Mozilla/5.0 AppleWebKit/537.36 (KHTML, like Gecko; compatible; GPTBot/1.3; +https://openai.com/gptbot)" 333 **0/333815**
74.7.241.60 - - [14/Mar/2026:07:10:35 -0700] "GET /wp-json/oembed/1.0/embed?url=https%3A%2F%2Ftodaysiplmatch.in%2Fnews%2Fipl-news-in-hindi%2Fipl-2024-match-highlights-lsg-vs-gt-yash-thakur-destroyed-gujarat-titans-batting-lineup%2F HTTP/2.0" 200 1394 "https://todaysiplmatch.in/news/ipl-news-in-hindi/ipl-2024-match-highlights-lsg-vs-gt-yash-thakur-destroyed-gujarat-titans-batting-lineup/" "Mozilla/5.0 AppleWebKit/537.36 (KHTML, like Gecko; compatible; GPTBot/1.3; +https://openai.com/gptbot)" 291 **0/291890**
74.7.241.60 - - [14/Mar/2026:07:10:36 -0700] "GET /world-cup/most-sixes-in-an-innings/feed/ HTTP/2.0" 200 404 "https://todaysiplmatch.in/articles/world-cup/most-sixes-in-an-innings/" "Mozilla/5.0 AppleWebKit/537.36 (KHTML, like Gecko; compatible; GPTBot/1.3; +https://openai.com/gptbot)" 285 **0/285919**
74.7.241.60 - - [14/Mar/2026:07:10:36 -0700] "GET /world-cup/best-cricket-betting-sites-in-india/feed/ HTTP/2.0" 200 413 "https://todaysiplmatch.in/world-cup/best-cricket-betting-sites-in-india/" "Mozilla/5.0 AppleWebKit/537.36 (KHTML, like Gecko; compatible; GPTBot/1.3; +https://openai.com/gptbot)" 246 **0/246032**
74.7.241.60 - - [14/Mar/2026:07:10:37 -0700] "GET /wp-json/oembed/1.0/embed?url=https%3A%2F%2Ftodaysiplmatch.in%2Fnews%2Fipl-news-in-english%2Fipl-2024-csk-vs-gt-dream11-team-prediction-fantasy-cricket-tips-playing-xi-update%2F HTTP/2.0" 200 1200 "https://todaysiplmatch.in/news/ipl-news-in-english/ipl-2024-csk-vs-gt-dream11-team-prediction-fantasy-cricket-tips-playing-xi-update/" "Mozilla/5.0 AppleWebKit/537.36 (KHTML, like Gecko; compatible; GPTBot/1.3; +https://openai.com/gptbot)" 283 **0/283101**
74.7.241.60 - - [14/Mar/2026:07:10:37 -0700] "GET /wp-json/oembed/1.0/embed?url=https%3A%2F%2Ftodaysiplmatch.in%2Fnews%2Fipl-news-in-hindi%2Fipl-2024-mi-vs-csk-chennai-super-kings-break-mumbai-indians-winning-streak-at-wankhede%2F HTTP/2.0" 200 1343 "https://todaysiplmatch.in/news/ipl-news-in-hindi/ipl-2024-mi-vs-csk-chennai-super-kings-break-mumbai-indians-winning-streak-at-wankhede/" "Mozilla/5.0 AppleWebKit/537.36 (KHTML, like Gecko; compatible; GPTBot/1.3; +https://openai.com/gptbot)" 251 **0/251025**
74.7.241.60 - - [14/Mar/2026:07:10:38 -0700] "GET /wp-json/oembed/1.0/embed?url=https%3A%2F%2Ftodaysiplmatch.in%2Fnews%2Fipl-news-in-english%2Fipl-2024-sunrisers-hyderabad-made-a-record-against-mumbai-indians%2F HTTP/2.0" 200 1173 "https://todaysiplmatch.in/news/ipl-news-in-english/ipl-2024-sunrisers-hyderabad-made-a-record-against-mumbai-indians/" "Mozilla/5.0 AppleWebKit/537.36 (KHTML, like Gecko; compatible; GPTBot/1.3; +https://openai.com/gptbot)" 298 **0/298940**
74.7.241.60 - - [14/Mar/2026:07:10:38 -0700] "GET /ipl/wankhede-stadium-ipl-matches/feed/ HTTP/2.0" 200 395 "https://todaysiplmatch.in/ipl/wankhede-stadium-ipl-matches/" "Mozilla/5.0 AppleWebKit/537.36 (KHTML, like Gecko; compatible; GPTBot/1.3; +https://openai.com/gptbot)" 210 **0/210611**
74.7.241.60 - - [14/Mar/2026:07:10:39 -0700] "GET /jodipanel-dev/ HTTP/2.0" 200 32044 "https://todaysiplmatch.in/page-sitemap.xml" "Mozilla/5.0 AppleWebKit/537.36 (KHTML, like Gecko; compatible; GPTBot/1.3; +https://openai.com/gptbot)" 706 **0/706329**
74.7.241.60 - - [14/Mar/2026:07:10:40 -0700] "GET /wp-json/oembed/1.0/embed?url=https%3A%2F%2Ftodaysiplmatch.in%2Fnews%2Fipl-news-in-hindi%2Fwho-is-going-to-win-today-csk-vs-kkr-match-prediction-fantasy-team-pitch-report-and-more%2F HTTP/2.0" 200 1377 "https://todaysiplmatch.in/news/ipl-news-in-hindi/who-is-going-to-win-today-csk-vs-kkr-match-prediction-fantasy-team-pitch-report-and-more/" "Mozilla/5.0 AppleWebKit/537.36 (KHTML, like Gecko; compatible; GPTBot/1.3; +https://openai.com/gptbot)" 288 **0/288142**
74.7.241.60 - - [14/Mar/2026:07:10:41 -0700] "GET /ipl/ipl-winning-captains-list/feed/ HTTP/2.0" 200 389 "https://todaysiplmatch.in/ipl/ipl-winning-captains-list/" "Mozilla/5.0 AppleWebKit/537.36 (KHTML, like Gecko; compatible; GPTBot/1.3; +https://openai.com/gptbot)" 267 **0/267153**
74.7.241.60 - - [14/Mar/2026:07:10:41 -0700] "GET /ipl/rr-team-players-list/feed/ HTTP/2.0" 200 396 "https://todaysiplmatch.in/ipl/rr-team-players-list/" "Mozilla/5.0 AppleWebKit/537.36 (KHTML, like Gecko; compatible; GPTBot/1.3; +https://openai.com/gptbot)" 251 **0/251195**
74.7.241.60 - - [14/Mar/2026:07:10:42 -0700] "GET /wp-json/oembed/1.0/embed?url=https%3A%2F%2Ftodaysiplmatch.in%2Fgoogle-googly%2Fwho-was-the-first-player-to-take-a-wicket-on-the-0th-ball-in-mens-international%2F HTTP/2.0" 200 1164 "https://todaysiplmatch.in/google-googly/who-was-the-first-player-to-take-a-wicket-on-the-0th-ball-in-mens-international/" "Mozilla/5.0 AppleWebKit/537.36 (KHTML, like Gecko; compatible; GPTBot/1.3; +https://openai.com/gptbot)" 301 **0/301909**
74.7.241.60 - - [14/Mar/2026:07:10:42 -0700] "GET /home-dev/ HTTP/2.0" 200 39428 "https://todaysiplmatch.in/page-sitemap.xml" "Mozilla/5.0 AppleWebKit/537.36 (KHTML, like Gecko; compatible; GPTBot/1.3; +https://openai.com/gptbot)" 2025 **2/2025147**
74.7.241.60 - - [14/Mar/2026:07:10:45 -0700] "GET /category/articles/feed/ HTTP/2.0" 200 47391 "https://todaysiplmatch.in/articles/" "Mozilla/5.0 AppleWebKit/537.36 (KHTML, like Gecko; compatible; GPTBot/1.3; +https://openai.com/gptbot)" 567 **0/567574**
74.7.241.60 - - [14/Mar/2026:07:10:46 -0700] "GET /wp-json/oembed/1.0/embed?url=https%3A%2F%2Ftodaysiplmatch.in%2Fnews%2Fipl-news-in-english%2Fipl-2024-rcb-vs-pbks-match-result%2F HTTP/2.0" 200 1162 "https://todaysiplmatch.in/news/ipl-news-in-english/ipl-2024-rcb-vs-pbks-match-result/" "Mozilla/5.0 AppleWebKit/537.36 (KHTML, like Gecko; compatible; GPTBot/1.3; +https://openai.com/gptbot)" 260 **0/260778**
74.7.241.60 - - [14/Mar/2026:07:10:46 -0700] "GET /wp-json/oembed/1.0/embed?url=https%3A%2F%2Ftodaysiplmatch.in%2Ftoday-ipl-match-prediction%2Fipl-2025-qualifier-1-pbks-vs-rcb-match-prediction-playing-xi-fantasy-tips%2F HTTP/2.0" 200 1229 "https://todaysiplmatch.in/today-ipl-match-prediction/ipl-2025-qualifier-1-pbks-vs-rcb-match-prediction-playing-xi-fantasy-tips/" "Mozilla/5.0 AppleWebKit/537.36 (KHTML, like Gecko; compatible; GPTBot/1.3; +https://openai.com/gptbot)" 270 **0/270925**
74.7.241.60 - - [14/Mar/2026:07:10:47 -0700] "GET /category/articles/page/2/ HTTP/2.0" 200 32717 "https://todaysiplmatch.in/articles/" "Mozilla/5.0 AppleWebKit/537.36 (KHTML, like Gecko; compatible; GPTBot/1.3; +https://openai.com/gptbot)" 561 **0/561109**
2.189.5.142 - - [14/Mar/2026:07:10:46 -0700] "GET / HTTP/1.1" 200 367395 "-" "Mozilla/5.0 (Linux x86_64; rv:115.0) Gecko/20100101 Firefox/115.0" 1169 **1/1169533**
74.7.241.60 - - [14/Mar/2026:07:10:48 -0700] "GET /category/articles/page/7/ HTTP/2.0" 200 30336 "https://todaysiplmatch.in/articles/" "Mozilla/5.0 AppleWebKit/537.36 (KHTML, like Gecko; compatible; GPTBot/1.3; +https://openai.com/gptbot)" 528 **0/528483**
74.7.241.60 - - [14/Mar/2026:07:10:48 -0700] "GET /?p=30000 HTTP/2.0" 301 1 "https://todaysiplmatch.in/jodipanel-dev/" "Mozilla/5.0 AppleWebKit/537.36 (KHTML, like Gecko; compatible; GPTBot/1.3; +https://openai.com/gptbot)" 228 **0/228711**
74.7.241.60 - - [14/Mar/2026:07:10:49 -0700] "GET /jodipanel-dev/ HTTP/2.0" 200 32044 "https://todaysiplmatch.in/?p=30000" "Mozilla/5.0 AppleWebKit/537.36 (KHTML, like Gecko; compatible; GPTBot/1.3; +https://openai.com/gptbot)" 541 **0/541496**
74.7.241.60 - - [14/Mar/2026:07:10:50 -0700] "GET /wp-json/oembed/1.0/embed?url=https%3A%2F%2Ftodaysiplmatch.in%2Ftoday-ipl-match-prediction%2Fmar-30-2025-dc-vs-srh-dream11-team-prediction-fantasy-cricket-tips-delhi-capitals-vs-sunrisers-hyderabad-dream11-prediction-today-match-todays-playing-11-and-pitch-report-for-ipl-2025-match%2F HTTP/2.0" 200 1319 "https://todaysiplmatch.in/today-ipl-match-prediction/mar-30-2025-dc-vs-srh-dream11-team-prediction-fantasy-cricket-tips-delhi-capitals-vs-sunrisers-hyderabad-dream11-prediction-today-match-todays-playing-11-and-pitch-report-for-ipl-2025-match/" "Mozilla/5.0 AppleWebKit/537.36 (KHTML, like Gecko; compatible; GPTBot/1.3; +https://openai.com/gptbot)" 289 **0/289836**
74.7.241.60 - - [14/Mar/2026:07:10:50 -0700] "GET /wp-json/oembed/1.0/embed?url=https%3A%2F%2Ftodaysiplmatch.in%2Ftoday-ipl-match-prediction%2Fgt-vs-mi-dream11-team-prediction-todays-playing-11-fantasy-cricket-tips-gujarat-titans-vs-mumbai-indians-dream11-prediction-today-match-and-pitch-report-for-ipl-2025%2F HTTP/2.0" 200 1295 "https://todaysiplmatch.in/today-ipl-match-prediction/gt-vs-mi-dream11-team-prediction-todays-playing-11-fantasy-cricket-tips-gujarat-titans-vs-mumbai-indians-dream11-prediction-today-match-and-pitch-report-for-ipl-2025/" "Mozilla/5.0 AppleWebKit/537.36 (KHTML, like Gecko; compatible; GPTBot/1.3; +https://openai.com/gptbot)" 281 **0/281458**
74.7.241.60 - - [14/Mar/2026:07:10:51 -0700] "GET /wp-json/oembed/1.0/embed?format=xml&url=https%3A%2F%2Ftodaysiplmatch.in%2Fnews%2Fipl-news-in-english%2Fipl-2024-csk-vs-gt-dream11-team-prediction-fantasy-cricket-tips-playing-xi-update%2F HTTP/2.0" 200 1218 "https://todaysiplmatch.in/news/ipl-news-in-english/ipl-2024-csk-vs-gt-dream11-team-prediction-fantasy-cricket-tips-playing-xi-update/" "Mozilla/5.0 AppleWebKit/537.36 (KHTML, like Gecko; compatible; GPTBot/1.3; +https://openai.com/gptbot)" 324 **0/324297**
74.7.241.60 - - [14/Mar/2026:07:10:52 -0700] "GET /wp-json/oembed/1.0/embed?url=https%3A%2F%2Ftodaysiplmatch.in%2Ftop-betting-sites-in-india%2Flucky-block%2F HTTP/2.0" 200 1089 "https://todaysiplmatch.in/top-betting-sites-in-india/lucky-block/" "Mozilla/5.0 AppleWebKit/537.36 (KHTML, like Gecko; compatible; GPTBot/1.3; +https://openai.com/gptbot)" 220 **0/220453**
74.7.241.60 - - [14/Mar/2026:07:10:52 -0700] "GET /?p=29450 HTTP/2.0" 301 1 "https://todaysiplmatch.in/home-dev/" "Mozilla/5.0 AppleWebKit/537.36 (KHTML, like Gecko; compatible; GPTBot/1.3; +https://openai.com/gptbot)" 226 **0/226293**
74.7.241.60 - - [14/Mar/2026:07:10:53 -0700] "GET /home-dev/ HTTP/2.0" 200 39428 "https://todaysiplmatch.in/?p=29450" "Mozilla/5.0 AppleWebKit/537.36 (KHTML, like Gecko; compatible; GPTBot/1.3; +https://openai.com/gptbot)" 669 **0/669580**
74.7.241.60 - - [14/Mar/2026:07:10:54 -0700] "GET /wp-json/wp/v2/pages/29450 HTTP/2.0" 200 14041 "https://todaysiplmatch.in/home-dev/" "Mozilla/5.0 AppleWebKit/537.36 (KHTML, like Gecko; compatible; GPTBot/1.3; +https://openai.com/gptbot)" 761 **0/761208**
74.7.241.60 - - [14/Mar/2026:07:10:55 -0700] "GET /wp-json/oembed/1.0/embed?url=https%3A%2F%2Ftodaysiplmatch.in%2Fgoogle-googly%2Fwhat-is-a-rabbits-favorite-food%2F HTTP/2.0" 200 1164 "https://todaysiplmatch.in/google-googly/what-is-a-rabbits-favorite-food/" "Mozilla/5.0 AppleWebKit/537.36 (KHTML, like Gecko; compatible; GPTBot/1.3; +https://openai.com/gptbot)" 309 **0/309500**
74.7.241.60 - - [14/Mar/2026:07:10:55 -0700] "GET /wp-json/oembed/1.0/embed?url=https%3A%2F%2Ftodaysiplmatch.in%2Fipl%2Fchennai-super-kings-coaching-staff%2F HTTP/2.0" 200 1196 "https://todaysiplmatch.in/ipl/chennai-super-kings-coaching-staff/" "Mozilla/5.0 AppleWebKit/537.36 (KHTML, like Gecko; compatible; GPTBot/1.3; +https://openai.com/gptbot)" 301 **0/301885**
74.7.241.60 - - [14/Mar/2026:07:10:56 -0700] "GET /category/articles/page/3/ HTTP/2.0" 200 32720 "https://todaysiplmatch.in/category/articles/page/2/" "Mozilla/5.0 AppleWebKit/537.36 (KHTML, like Gecko; compatible; GPTBot/1.3; +https://openai.com/gptbot)" 673 **0/673759**
74.7.241.60 - - [14/Mar/2026:07:10:57 -0700] "GET /category/articles/page/6/ HTTP/2.0" 200 32586 "https://todaysiplmatch.in/category/articles/page/7/" "Mozilla/5.0 AppleWebKit/537.36 (KHTML, like Gecko; compatible; GPTBot/1.3; +https://openai.com/gptbot)" 658 **0/658302**
74.7.241.60 - - [14/Mar/2026:07:10:58 -0700] "GET /wp-json/oembed/1.0/embed?url=https%3A%2F%2Ftodaysiplmatch.in%2Funcategorized%2Fkak-uznat-kakie-igry-est-v-kazino-mostbet-v-2023%2F HTTP/2.0" 200 1178 "https://todaysiplmatch.in/uncategorized/kak-uznat-kakie-igry-est-v-kazino-mostbet-v-2023/" "Mozilla/5.0 AppleWebKit/537.36 (KHTML, like Gecko; compatible; GPTBot/1.3; +https://openai.com/gptbot)" 269 **0/269647**
74.7.241.60 - - [14/Mar/2026:07:10:58 -0700] "GET /wp-json/wp/v2/categories/2 HTTP/2.0" 200 1398 "https://todaysiplmatch.in/articles/" "Mozilla/5.0 AppleWebKit/537.36 (KHTML, like Gecko; compatible; GPTBot/1.3; +https://openai.com/gptbot)" 276 **0/276356**
74.7.241.60 - - [14/Mar/2026:07:10:59 -0700] "GET /wp-json/wp/v2/categories/5 HTTP/2.0" 200 1367 "https://todaysiplmatch.in/category/news/" "Mozilla/5.0 AppleWebKit/537.36 (KHTML, like Gecko; compatible; GPTBot/1.3; +https://openai.com/gptbot)" 273 **0/273982**
74.7.241.60 - - [14/Mar/2026:07:10:59 -0700] "GET /wp-json/oembed/1.0/embed?url=https%3A%2F%2Ftodaysiplmatch.in%2Fipl%2Fsawai-mansingh-stadium-ipl-records%2F HTTP/2.0" 200 1099 "https://todaysiplmatch.in/ipl/sawai-mansingh-stadium-ipl-records/" "Mozilla/5.0 AppleWebKit/537.36 (KHTML, like Gecko; compatible; GPTBot/1.3; +https://openai.com/gptbot)" 300 **0/300145**
74.7.241.60 - - [14/Mar/2026:07:11:00 -0700] "GET /wp-json/oembed/1.0/embed?url=https%3A%2F%2Ftodaysiplmatch.in%2Fworld-cup%2Fbest-cricket-betting-sites-in-india%2F HTTP/2.0" 200 1162 "https://todaysiplmatch.in/world-cup/best-cricket-betting-sites-in-india/" "Mozilla/5.0 AppleWebKit/537.36 (KHTML, like Gecko; compatible; GPTBot/1.3; +https://openai.com/gptbot)" 359 **0/359727**
74.7.241.60 - - [14/Mar/2026:07:11:01 -0700] "GET /wp-json/oembed/1.0/embed?url=https%3A%2F%2Ftodaysiplmatch.in%2Fipl%2Fipl-mega-auction-date-time-venue-players-and-squads%2F HTTP/2.0" 200 1181 "https://todaysiplmatch.in/ipl/ipl-mega-auction-date-time-venue-players-and-squads/" "Mozilla/5.0 AppleWebKit/537.36 (KHTML, like Gecko; compatible; GPTBot/1.3; +https://openai.com/gptbot)" 479 **0/479555**
74.7.241.60 - - [14/Mar/2026:07:11:02 -0700] "GET /wp-json/oembed/1.0/embed?format=xml&url=https%3A%2F%2Ftodaysiplmatch.in%2Ftoday-ipl-match-prediction%2Fmar-30-2025-dc-vs-srh-dream11-team-prediction-fantasy-cricket-tips-delhi-capitals-vs-sunrisers-hyderabad-dream11-prediction-today-match-todays-playing-11-and-pitch-report-for-ipl-2025-match%2F HTTP/2.0" 200 1334 "https://todaysiplmatch.in/today-ipl-match-prediction/mar-30-2025-dc-vs-srh-dream11-team-prediction-fantasy-cricket-tips-delhi-capitals-vs-sunrisers-hyderabad-dream11-prediction-today-match-todays-playing-11-and-pitch-report-for-ipl-2025-match/" "Mozilla/5.0 AppleWebKit/537.36 (KHTML, like Gecko; compatible; GPTBot/1.3; +https://openai.com/gptbot)" 597 **0/597968**
74.7.241.60 - - [14/Mar/2026:07:11:02 -0700] "GET /wp-json/oembed/1.0/embed?url=https%3A%2F%2Ftodaysiplmatch.in%2Ftop-betting-sites-in-india%2Findibet-betting%2F HTTP/2.0" 200 1179 "http://todaysiplmatch.in" "Mozilla/5.0 AppleWebKit/537.36 (KHTML, like Gecko; compatible; GPTBot/1.3; +https://openai.com/gptbot)" 363 **0/363638**
74.7.241.60 - - [14/Mar/2026:07:11:03 -0700] "GET /wp-json/oembed/1.0/embed?url=https%3A%2F%2Ftodaysiplmatch.in%2Ftoday-ipl-match-prediction%2Fipl-2025-csk-vs-rcb-ipl-dream11-prediction-today-match%2F HTTP/2.0" 200 1292 "https://todaysiplmatch.in/today-ipl-match-prediction/ipl-2025-csk-vs-rcb-ipl-dream11-prediction-today-match/" "Mozilla/5.0 AppleWebKit/537.36 (KHTML, like Gecko; compatible; GPTBot/1.3; +https://openai.com/gptbot)" 393 **0/393855**
74.7.241.60 - - [14/Mar/2026:07:11:04 -0700] "GET /category/articles/page/4/ HTTP/2.0" 200 32674 "https://todaysiplmatch.in/category/articles/page/3/" "Mozilla/5.0 AppleWebKit/537.36 (KHTML, like Gecko; compatible; GPTBot/1.3; +https://openai.com/gptbot)" 682 **0/682946**
74.7.241.60 - - [14/Mar/2026:07:11:05 -0700] "GET /category/articles/page/5/ HTTP/2.0" 200 33047 "https://todaysiplmatch.in/category/articles/page/6/" "Mozilla/5.0 AppleWebKit/537.36 (KHTML, like Gecko; compatible; GPTBot/1.3; +https://openai.com/gptbot)" 621 **0/621356**
74.7.241.60 - - [14/Mar/2026:07:11:06 -0700] "GET /wp-json/oembed/1.0/embed?url=https%3A%2F%2Ftodaysiplmatch.in%2Fworld-cup%2Ft20-cricket-betting-strategy%2F HTTP/2.0" 200 1155 "https://todaysiplmatch.in/world-cup/t20-cricket-betting-strategy/" "Mozilla/5.0 AppleWebKit/537.36 (KHTML, like Gecko; compatible; GPTBot/1.3; +https://openai.com/gptbot)" 318 **0/318841**
74.7.241.60 - - [14/Mar/2026:07:11:06 -0700] "GET /wp-json/oembed/1.0/embed?url=https%3A%2F%2Ftodaysiplmatch.in%2Funcategorized%2Fvavada-betting-kak-sposob-uvlekatel-nogo-otdykha%2F HTTP/2.0" 200 1226 "https://todaysiplmatch.in/uncategorized/vavada-betting-kak-sposob-uvlekatel-nogo-otdykha/" "Mozilla/5.0 AppleWebKit/537.36 (KHTML, like Gecko; compatible; GPTBot/1.3; +https://openai.com/gptbot)" 294 **0/294204**
74.7.241.60 - - [14/Mar/2026:07:11:07 -0700] "GET /wp-json/oembed/1.0/embed?url=https%3A%2F%2Ftodaysiplmatch.in%2Ftop-betting-sites-in-india%2Fbatery-bet%2F HTTP/2.0" 200 1148 "http://todaysiplmatch.in" "Mozilla/5.0 AppleWebKit/537.36 (KHTML, like Gecko; compatible; GPTBot/1.3; +https://openai.com/gptbot)" 244 **0/244030**
74.7.241.60 - - [14/Mar/2026:07:11:07 -0700] "GET /wp-json/oembed/1.0/embed?url=https%3A%2F%2Ftodaysiplmatch.in%2Fipl%2Fhighest-opening-partnership-in-ipl%2F HTTP/2.0" 200 1114 "https://todaysiplmatch.in/ipl/highest-opening-partnership-in-ipl/" "Mozilla/5.0 AppleWebKit/537.36 (KHTML, like Gecko; compatible; GPTBot/1.3; +https://openai.com/gptbot)" 308 **0/308202**
74.7.241.60 - - [14/Mar/2026:07:11:08 -0700] "GET /wp-json/oembed/1.0/embed?url=https%3A%2F%2Ftodaysiplmatch.in%2Funcategorized%2Fsportivnye-stavki-kak-1khbet-pomogaet-vam-vyigryvat%2F HTTP/2.0" 200 1236 "https://todaysiplmatch.in/uncategorized/sportivnye-stavki-kak-1khbet-pomogaet-vam-vyigryvat/" "Mozilla/5.0 AppleWebKit/537.36 (KHTML, like Gecko; compatible; GPTBot/1.3; +https://openai.com/gptbot)" 363 **0/363572**
94.72.181.90 - - [14/Mar/2026:07:11:08 -0700] "GET / HTTP/2.0" 200 39791 "-" "HetrixTools Uptime Monitoring Bot. https://hetrix.tools/uptime-monitoring-bot.html" 752 **0/752389**
181.41.142.138 - - [14/Mar/2026:07:11:08 -0700] "GET / HTTP/2.0" 200 39791 "-" "HetrixTools Uptime Monitoring Bot. https://hetrix.tools/uptime-monitoring-bot.html" 764 **0/764731**
74.7.241.60 - - [14/Mar/2026:07:11:09 -0700] "GET /wp-json/oembed/1.0/embed?url=https%3A%2F%2Ftodaysiplmatch.in%2Fworld-cup%2Fmost-sixes-in-an-innings%2F HTTP/2.0" 200 1198 "https://todaysiplmatch.in/articles/world-cup/most-sixes-in-an-innings/" "Mozilla/5.0 AppleWebKit/537.36 (KHTML, like Gecko; compatible; GPTBot/1.3; +https://openai.com/gptbot)" 369 **0/369666**
104.194.8.169 - - [14/Mar/2026:07:11:08 -0700] "GET / HTTP/2.0" 200 39791 "-" "HetrixTools Uptime Monitoring Bot. https://hetrix.tools/uptime-monitoring-bot.html" 833 **0/833802**
74.7.241.60 - - [14/Mar/2026:07:11:09 -0700] "GET /wp-json/oembed/1.0/embed?url=https%3A%2F%2Ftodaysiplmatch.in%2Fipl%2Fhighest-batting-average-in-ipl%2F HTTP/2.0" 200 1172 "https://todaysiplmatch.in/ipl/highest-batting-average-in-ipl/" "Mozilla/5.0 AppleWebKit/537.36 (KHTML, like Gecko; compatible; GPTBot/1.3; +https://openai.com/gptbot)" 301 **0/301878**
74.7.241.60 - - [14/Mar/2026:07:11:10 -0700] "GET /wp-json/oembed/1.0/embed?url=https%3A%2F%2Ftodaysiplmatch.in%2Fipl%2Fmost-expensive-player-in-the-ipl%2F HTTP/2.0" 200 1152 "https://todaysiplmatch.in/articles/ipl/most-expensive-player-in-the-ipl/" "Mozilla/5.0 AppleWebKit/537.36 (KHTML, like Gecko; compatible; GPTBot/1.3; +https://openai.com/gptbot)" 305 **0/305234**
74.7.241.60 - - [14/Mar/2026:07:11:10 -0700] "GET /wp-json/oembed/1.0/embed?url=https%3A%2F%2Ftodaysiplmatch.in%2Fipl%2Fyoungest-players-to-debut-in-ipl%2F HTTP/2.0" 200 1126 "https://todaysiplmatch.in/ipl/youngest-players-to-debut-in-ipl/" "Mozilla/5.0 AppleWebKit/537.36 (KHTML, like Gecko; compatible; GPTBot/1.3; +https://openai.com/gptbot)" 298 **0/298588**
74.7.241.60 - - [14/Mar/2026:07:11:11 -0700] "GET /wp-json/oembed/1.0/embed?url=https%3A%2F%2Ftodaysiplmatch.in%2Fipl%2Fhighest-score-in-ipl-history%2F HTTP/2.0" 200 1110 "https://todaysiplmatch.in/articles/ipl/highest-score-in-ipl-history-ipl-me-sabse-jyada-run/" "Mozilla/5.0 AppleWebKit/537.36 (KHTML, like Gecko; compatible; GPTBot/1.3; +https://openai.com/gptbot)" 271 **0/271289**
74.7.241.60 - - [14/Mar/2026:07:11:12 -0700] "GET /wp-json/oembed/1.0/embed?url=https%3A%2F%2Ftodaysiplmatch.in%2Fsatta-matka%2Fdelhi-darbar-satta-king%2F HTTP/2.0" 200 1125 "https://todaysiplmatch.in/satta-matka/delhi-darbar-satta-king/" "Mozilla/5.0 AppleWebKit/537.36 (KHTML, like Gecko; compatible; GPTBot/1.3; +https://openai.com/gptbot)" 287 **0/287562**
74.7.241.60 - - [14/Mar/2026:07:11:12 -0700] "GET /wp-json/oembed/1.0/embed?url=https%3A%2F%2Ftodaysiplmatch.in%2Fipl%2Fhighest-powerplay-score-in-ipl%2F HTTP/2.0" 200 1133 "https://todaysiplmatch.in/articles/ipl/highest-powerplay-score-in-ipl/" "Mozilla/5.0 AppleWebKit/537.36 (KHTML, like Gecko; compatible; GPTBot/1.3; +https://openai.com/gptbot)" 258 **0/258338**
34.198.37.209 - - [14/Mar/2026:07:11:12 -0700] "GET /robots.txt HTTP/1.1" 200 103 "-" "Apache-HttpClient/4.5.9 (Java/1.8.0_482)" 10 **0/10174**
74.7.241.60 - - [14/Mar/2026:07:11:13 -0700] "GET /wp-json/oembed/1.0/embed?url=https%3A%2F%2Ftodaysiplmatch.in%2Ftop-betting-sites-in-india%2Fkheloyar%2F HTTP/2.0" 200 1125 "https://todaysiplmatch.in/top-betting-sites-in-india/kheloyar/" "Mozilla/5.0 AppleWebKit/537.36 (KHTML, like Gecko; compatible; GPTBot/1.3; +https://openai.com/gptbot)" 267 **0/267941**
74.7.241.60 - - [14/Mar/2026:07:11:13 -0700] "GET /wp-json/oembed/1.0/embed?url=https%3A%2F%2Ftodaysiplmatch.in%2Ftop-betting-sites-in-india%2Frokubet%2F HTTP/2.0" 200 1092 "https://todaysiplmatch.in/top-betting-sites-in-india/rokubet/" "Mozilla/5.0 AppleWebKit/537.36 (KHTML, like Gecko; compatible; GPTBot/1.3; +https://openai.com/gptbot)" 290 **0/290866**
