74.7.242.172 - - [14/Mar/2026:09:11:43 -0700] "GET /wp-json/wp/v2/categories/9 HTTP/2.0" 200 1445 "https://todaysiplmatch.in/category/news/ipl-news-in-english/" "Mozilla/5.0 (Macintosh; Intel Mac OS X 10_15_7) AppleWebKit/537.36 (KHTML, like Gecko) Chrome/131.0.0.0 Safari/537.36; compatible; OAI-SearchBot/1.3; +https://openai.com/searchbot" 287 **0/287810**
74.7.241.60 - - [14/Mar/2026:09:11:44 -0700] "GET /?p=33277 HTTP/2.0" 301 1 "https://todaysiplmatch.in/cricket-betting/ipl-betting/ipl-betting-in-jammu-and-kashmir/" "Mozilla/5.0 AppleWebKit/537.36 (KHTML, like Gecko; compatible; GPTBot/1.3; +https://openai.com/gptbot)" 276 **0/276097**
74.7.241.60 - - [14/Mar/2026:09:11:44 -0700] "GET /cricket-betting/ipl-betting/ipl-betting-in-jammu-and-kashmir/ HTTP/2.0" 200 32613 "https://todaysiplmatch.in/?p=33277" "Mozilla/5.0 AppleWebKit/537.36 (KHTML, like Gecko; compatible; GPTBot/1.3; +https://openai.com/gptbot)" 534 **0/534071**
74.7.229.3 - - [14/Mar/2026:09:11:44 -0700] "GET /wp-content/uploads/2024/07/Indibet-6X-Bonus-04-min-1024x1024.webp HTTP/2.0" 200 100119 "https://todaysiplmatch.in/ipl/most-dangerous-batsman-in-ipl/" "Mozilla/5.0 (Macintosh; Intel Mac OS X 10_15_7) AppleWebKit/537.36 (KHTML, like Gecko) Chrome/131.0.0.0 Safari/537.36; compatible; OAI-SearchBot/1.3; +https://openai.com/searchbot" 449 **0/449508**
74.7.241.60 - - [14/Mar/2026:09:11:45 -0700] "GET /cricket-betting/ipl-betting/ipl-betting-in-jammu-and-kashmir/todaysiplmatch.in/cricket-betting/ipl-betting/ HTTP/2.0" 301 1 "https://todaysiplmatch.in/cricket-betting/ipl-betting/ipl-betting-in-jammu-and-kashmir/" "Mozilla/5.0 AppleWebKit/537.36 (KHTML, like Gecko; compatible; GPTBot/1.3; +https://openai.com/gptbot)" 241 **0/241579**
74.7.241.60 - - [14/Mar/2026:09:11:45 -0700] "GET /cricket-betting/ipl-betting/ HTTP/2.0" 200 44664 "https://todaysiplmatch.in/cricket-betting/ipl-betting/ipl-betting-in-jammu-and-kashmir/todaysiplmatch.in/cricket-betting/ipl-betting/" "Mozilla/5.0 AppleWebKit/537.36 (KHTML, like Gecko; compatible; GPTBot/1.3; +https://openai.com/gptbot)" 714 **0/714498**
74.7.229.48 - - [14/Mar/2026:09:11:46 -0700] "GET /category/news/ipl-news-in-english/feed/ HTTP/2.0" 200 6784 "https://todaysiplmatch.in/category/news/ipl-news-in-english/" "Mozilla/5.0 (Macintosh; Intel Mac OS X 10_15_7) AppleWebKit/537.36 (KHTML, like Gecko) Chrome/131.0.0.0 Safari/537.36; compatible; OAI-SearchBot/1.3; +https://openai.com/searchbot" 445 **0/445985**
74.7.241.60 - - [14/Mar/2026:09:11:46 -0700] "GET /wp-json/oembed/1.0/embed?url=https%3A%2F%2Ftodaysiplmatch.in%2Fcricket-betting%2Fipl-betting%2Fipl-betting-in-jammu-and-kashmir%2F HTTP/2.0" 200 1140 "https://todaysiplmatch.in/cricket-betting/ipl-betting/ipl-betting-in-jammu-and-kashmir/" "Mozilla/5.0 AppleWebKit/537.36 (KHTML, like Gecko; compatible; GPTBot/1.3; +https://openai.com/gptbot)" 317 **0/317888**
74.7.229.3 - - [14/Mar/2026:09:11:47 -0700] "GET /wp-json/wp/v2/pages/33277 HTTP/2.0" 200 6301 "https://todaysiplmatch.in/cricket-betting/ipl-betting/ipl-betting-in-jammu-and-kashmir/" "Mozilla/5.0 (Macintosh; Intel Mac OS X 10_15_7) AppleWebKit/537.36 (KHTML, like Gecko) Chrome/131.0.0.0 Safari/537.36; compatible; OAI-SearchBot/1.3; +https://openai.com/searchbot" 469 **0/469985**
74.7.241.60 - - [14/Mar/2026:09:11:47 -0700] "GET /wp-json/oembed/1.0/embed?format=xml&url=https%3A%2F%2Ftodaysiplmatch.in%2Fcricket-betting%2Fipl-betting%2Fipl-betting-in-jammu-and-kashmir%2F HTTP/2.0" 200 1154 "https://todaysiplmatch.in/cricket-betting/ipl-betting/ipl-betting-in-jammu-and-kashmir/" "Mozilla/5.0 AppleWebKit/537.36 (KHTML, like Gecko; compatible; GPTBot/1.3; +https://openai.com/gptbot)" 344 **0/344465**
74.7.229.48 - - [14/Mar/2026:09:11:48 -0700] "GET /?p=33277 HTTP/2.0" 301 1 "https://todaysiplmatch.in/cricket-betting/ipl-betting/ipl-betting-in-jammu-and-kashmir/" "Mozilla/5.0 (Macintosh; Intel Mac OS X 10_15_7) AppleWebKit/537.36 (KHTML, like Gecko) Chrome/131.0.0.0 Safari/537.36; compatible; OAI-SearchBot/1.3; +https://openai.com/searchbot" 251 **0/251616**
74.7.241.60 - - [14/Mar/2026:09:11:48 -0700] "GET /category/news/ipl-news-in-hindi/feed/ HTTP/2.0" 200 12973 "https://todaysiplmatch.in/category/news/ipl-news-in-hindi/" "Mozilla/5.0 AppleWebKit/537.36 (KHTML, like Gecko; compatible; GPTBot/1.3; +https://openai.com/gptbot)" 366 **0/366284**
74.7.229.48 - - [14/Mar/2026:09:11:48 -0700] "GET /cricket-betting/ipl-betting/ipl-betting-in-jammu-and-kashmir/ HTTP/2.0" 200 32613 "https://todaysiplmatch.in/?p=33277" "Mozilla/5.0 (Macintosh; Intel Mac OS X 10_15_7) AppleWebKit/537.36 (KHTML, like Gecko) Chrome/131.0.0.0 Safari/537.36; compatible; OAI-SearchBot/1.3; +https://openai.com/searchbot" 610 **0/610027**
74.7.241.60 - - [14/Mar/2026:09:11:49 -0700] "GET /author/toolika-shrivastava/ HTTP/2.0" 301 1 "https://todaysiplmatch.in/?p=29673" "Mozilla/5.0 AppleWebKit/537.36 (KHTML, like Gecko; compatible; GPTBot/1.3; +https://openai.com/gptbot)" 281 **0/281256**
74.7.241.60 - - [14/Mar/2026:09:11:49 -0700] "GET / HTTP/2.0" 200 39791 "https://todaysiplmatch.in/author/toolika-shrivastava/" "Mozilla/5.0 AppleWebKit/537.36 (KHTML, like Gecko; compatible; GPTBot/1.3; +https://openai.com/gptbot)" 777 **0/777788**
74.7.229.9 - - [14/Mar/2026:09:11:50 -0700] "GET /wp-json/oembed/1.0/embed?url=https%3A%2F%2Ftodaysiplmatch.in%2Fcricket-betting%2Fipl-betting%2Fipl-betting-in-jammu-and-kashmir%2F HTTP/2.0" 200 1141 "https://todaysiplmatch.in/cricket-betting/ipl-betting/ipl-betting-in-jammu-and-kashmir/" "Mozilla/5.0 (Macintosh; Intel Mac OS X 10_15_7) AppleWebKit/537.36 (KHTML, like Gecko) Chrome/131.0.0.0 Safari/537.36; compatible; OAI-SearchBot/1.3; +https://openai.com/searchbot" 377 **0/377634**
74.7.241.60 - - [14/Mar/2026:09:11:50 -0700] "GET /?p=31259 HTTP/2.0" 301 1 "https://todaysiplmatch.in/ipl/lsg-team-players-list/" "Mozilla/5.0 AppleWebKit/537.36 (KHTML, like Gecko; compatible; GPTBot/1.3; +https://openai.com/gptbot)" 342 **0/342909**
74.7.241.60 - - [14/Mar/2026:09:11:51 -0700] "GET /ipl/lsg-team-players-list/ HTTP/2.0" 200 37358 "https://todaysiplmatch.in/?p=31259" "Mozilla/5.0 AppleWebKit/537.36 (KHTML, like Gecko; compatible; GPTBot/1.3; +https://openai.com/gptbot)" 687 **0/687463**
74.7.243.32 - - [14/Mar/2026:09:11:51 -0700] "GET /wp-json/oembed/1.0/embed?format=xml&url=https%3A%2F%2Ftodaysiplmatch.in%2Fcricket-betting%2Fipl-betting%2Fipl-betting-in-jammu-and-kashmir%2F HTTP/2.0" 200 1154 "https://todaysiplmatch.in/cricket-betting/ipl-betting/ipl-betting-in-jammu-and-kashmir/" "Mozilla/5.0 (Macintosh; Intel Mac OS X 10_15_7) AppleWebKit/537.36 (KHTML, like Gecko) Chrome/131.0.0.0 Safari/537.36; compatible; OAI-SearchBot/1.3; +https://openai.com/searchbot" 344 **0/344146**
74.7.241.60 - - [14/Mar/2026:09:11:52 -0700] "GET /wp-json/wp/v2/categories/10 HTTP/2.0" 200 1446 "https://todaysiplmatch.in/category/news/ipl-news-in-hindi/" "Mozilla/5.0 AppleWebKit/537.36 (KHTML, like Gecko; compatible; GPTBot/1.3; +https://openai.com/gptbot)" 301 **0/301282**
74.7.241.60 - - [14/Mar/2026:09:11:52 -0700] "GET /wp-content/uploads/elementor/css/post-33277.css?ver=1773504693 HTTP/2.0" 200 218 "https://todaysiplmatch.in/cricket-betting/ipl-betting/ipl-betting-in-jammu-and-kashmir/" "Mozilla/5.0 AppleWebKit/537.36 (KHTML, like Gecko; compatible; GPTBot/1.3; +https://openai.com/gptbot)" 12 **0/12793**
74.7.228.206 - - [14/Mar/2026:09:11:52 -0700] "GET /category/news/ipl-news-in-hindi/feed/ HTTP/2.0" 200 12973 "https://todaysiplmatch.in/category/news/ipl-news-in-hindi/" "Mozilla/5.0 (Macintosh; Intel Mac OS X 10_15_7) AppleWebKit/537.36 (KHTML, like Gecko) Chrome/131.0.0.0 Safari/537.36; compatible; OAI-SearchBot/1.3; +https://openai.com/searchbot" 355 **0/355269**
74.7.241.60 - - [14/Mar/2026:09:11:53 -0700] "GET /?p=29854 HTTP/2.0" 301 1 "https://todaysiplmatch.in/satta-matka/cricket-satta/" "Mozilla/5.0 AppleWebKit/537.36 (KHTML, like Gecko; compatible; GPTBot/1.3; +https://openai.com/gptbot)" 226 **0/226893**
74.7.241.60 - - [14/Mar/2026:09:11:53 -0700] "GET /satta-matka/cricket-satta/ HTTP/2.0" 200 31515 "https://todaysiplmatch.in/?p=29854" "Mozilla/5.0 AppleWebKit/537.36 (KHTML, like Gecko; compatible; GPTBot/1.3; +https://openai.com/gptbot)" 419 **0/419448**
74.7.242.172 - - [14/Mar/2026:09:11:54 -0700] "GET /wp-content/uploads/elementor/css/post-29854.css?ver=1773504702 HTTP/2.0" 200 180 "https://todaysiplmatch.in/satta-matka/cricket-satta/" "Mozilla/5.0 (Macintosh; Intel Mac OS X 10_15_7) AppleWebKit/537.36 (KHTML, like Gecko) Chrome/131.0.0.0 Safari/537.36; compatible; OAI-SearchBot/1.3; +https://openai.com/searchbot" 10 **0/10670**
74.7.241.60 - - [14/Mar/2026:09:11:54 -0700] "GET /wp-json/wp/v2/pages/29854 HTTP/2.0" 200 5061 "https://todaysiplmatch.in/satta-matka/cricket-satta/" "Mozilla/5.0 AppleWebKit/537.36 (KHTML, like Gecko; compatible; GPTBot/1.3; +https://openai.com/gptbot)" 334 **0/334315**
74.7.241.60 - - [14/Mar/2026:09:11:55 -0700] "GET /wp-json/oembed/1.0/embed?url=https%3A%2F%2Ftodaysiplmatch.in%2Fsatta-matka%2Fcricket-satta%2F HTTP/2.0" 200 1068 "https://todaysiplmatch.in/satta-matka/cricket-satta/" "Mozilla/5.0 AppleWebKit/537.36 (KHTML, like Gecko; compatible; GPTBot/1.3; +https://openai.com/gptbot)" 240 **0/240798**
74.7.229.128 - - [14/Mar/2026:09:11:55 -0700] "GET /wp-json/wp/v2/categories/10 HTTP/2.0" 200 1446 "https://todaysiplmatch.in/category/news/ipl-news-in-hindi/" "Mozilla/5.0 (Macintosh; Intel Mac OS X 10_15_7) AppleWebKit/537.36 (KHTML, like Gecko) Chrome/131.0.0.0 Safari/537.36; compatible; OAI-SearchBot/1.3; +https://openai.com/searchbot" 266 **0/266281**
74.7.241.60 - - [14/Mar/2026:09:11:55 -0700] "GET /wp-json/oembed/1.0/embed?format=xml&url=https%3A%2F%2Ftodaysiplmatch.in%2Fsatta-matka%2Fcricket-satta%2F HTTP/2.0" 200 1079 "https://todaysiplmatch.in/satta-matka/cricket-satta/" "Mozilla/5.0 AppleWebKit/537.36 (KHTML, like Gecko; compatible; GPTBot/1.3; +https://openai.com/gptbot)" 262 **0/262764**
74.7.241.60 - - [14/Mar/2026:09:11:56 -0700] "GET /articles/ipl/highest-strike-rate-in-ipl-highest-strike-rate-in-ipl-2024/ HTTP/2.0" 301 1 "https://todaysiplmatch.in/?p=29854" "Mozilla/5.0 AppleWebKit/537.36 (KHTML, like Gecko; compatible; GPTBot/1.3; +https://openai.com/gptbot)" 267 **0/267952**
74.7.229.235 - - [14/Mar/2026:09:11:56 -0700] "GET /?p=29854 HTTP/2.0" 301 1 "https://todaysiplmatch.in/satta-matka/cricket-satta/" "Mozilla/5.0 (Macintosh; Intel Mac OS X 10_15_7) AppleWebKit/537.36 (KHTML, like Gecko) Chrome/131.0.0.0 Safari/537.36; compatible; OAI-SearchBot/1.3; +https://openai.com/searchbot" 289 **0/289018**
74.7.241.60 - - [14/Mar/2026:09:11:56 -0700] "GET /articles/ipl/highest-strike-rate-in-ipl/ HTTP/2.0" 301 1 "https://todaysiplmatch.in/articles/ipl/highest-strike-rate-in-ipl-highest-strike-rate-in-ipl-2024/" "Mozilla/5.0 AppleWebKit/537.36 (KHTML, like Gecko; compatible; GPTBot/1.3; +https://openai.com/gptbot)" 293 **0/293458**
74.7.229.235 - - [14/Mar/2026:09:11:56 -0700] "GET /satta-matka/cricket-satta/ HTTP/2.0" 200 31515 "https://todaysiplmatch.in/?p=29854" "Mozilla/5.0 (Macintosh; Intel Mac OS X 10_15_7) AppleWebKit/537.36 (KHTML, like Gecko) Chrome/131.0.0.0 Safari/537.36; compatible; OAI-SearchBot/1.3; +https://openai.com/searchbot" 574 **0/574982**
57.141.2.2 - - [14/Mar/2026:09:11:56 -0700] "GET /today-ipl-match-prediction/mar-30-2025-dc-vs-srh-dream11-team-prediction-fantasy-cricket-tips-delhi-capitals-vs-sunrisers-hyderabad-dream11-prediction-today-match-todays-playing-11-and-pitch-report-for-ipl-2025-match/ HTTP/2.0" 200 304008 "-" "meta-externalagent/1.1 (+https://developers.facebook.com/docs/sharing/webmasters/crawler)" 999 **0/999005**
74.7.241.60 - - [14/Mar/2026:09:11:57 -0700] "GET /ipl/highest-strike-rate-in-ipl/ HTTP/2.0" 200 36731 "https://todaysiplmatch.in/articles/ipl/highest-strike-rate-in-ipl/" "Mozilla/5.0 AppleWebKit/537.36 (KHTML, like Gecko; compatible; GPTBot/1.3; +https://openai.com/gptbot)" 704 **0/704377**
74.7.241.60 - - [14/Mar/2026:09:11:58 -0700] "GET /articles/world-cup/most-half-centuries-in-world-cup-most-50s-in-the-history-of-world-cup/ HTTP/2.0" 301 1 "https://todaysiplmatch.in/?p=29854" "Mozilla/5.0 AppleWebKit/537.36 (KHTML, like Gecko; compatible; GPTBot/1.3; +https://openai.com/gptbot)" 221 **0/221247**
74.7.242.172 - - [14/Mar/2026:09:11:58 -0700] "GET /wp-json/wp/v2/pages/29854 HTTP/2.0" 200 5061 "https://todaysiplmatch.in/satta-matka/cricket-satta/" "Mozilla/5.0 (Macintosh; Intel Mac OS X 10_15_7) AppleWebKit/537.36 (KHTML, like Gecko) Chrome/131.0.0.0 Safari/537.36; compatible; OAI-SearchBot/1.3; +https://openai.com/searchbot" 365 **0/365158**
74.7.241.60 - - [14/Mar/2026:09:11:58 -0700] "GET /articles/world-cup/most-half-centuries-in-world-cup/ HTTP/2.0" 301 1 "https://todaysiplmatch.in/articles/world-cup/most-half-centuries-in-world-cup-most-50s-in-the-history-of-world-cup/" "Mozilla/5.0 AppleWebKit/537.36 (KHTML, like Gecko; compatible; GPTBot/1.3; +https://openai.com/gptbot)" 259 **0/259840**
74.7.243.32 - - [14/Mar/2026:09:11:59 -0700] "GET /wp-json/oembed/1.0/embed?url=https%3A%2F%2Ftodaysiplmatch.in%2Fsatta-matka%2Fcricket-satta%2F HTTP/2.0" 200 1069 "https://todaysiplmatch.in/satta-matka/cricket-satta/" "Mozilla/5.0 (Macintosh; Intel Mac OS X 10_15_7) AppleWebKit/537.36 (KHTML, like Gecko) Chrome/131.0.0.0 Safari/537.36; compatible; OAI-SearchBot/1.3; +https://openai.com/searchbot" 249 **0/249696**
74.7.241.60 - - [14/Mar/2026:09:11:59 -0700] "GET /world-cup/most-half-centuries-in-world-cup/ HTTP/2.0" 200 36569 "https://todaysiplmatch.in/articles/world-cup/most-half-centuries-in-world-cup/" "Mozilla/5.0 AppleWebKit/537.36 (KHTML, like Gecko; compatible; GPTBot/1.3; +https://openai.com/gptbot)" 596 **0/596804**
74.7.241.60 - - [14/Mar/2026:09:12:00 -0700] "GET /wp-content/uploads/elementor/css/post-29854.css?ver=1773504702 HTTP/2.0" 200 180 "https://todaysiplmatch.in/satta-matka/cricket-satta/" "Mozilla/5.0 AppleWebKit/537.36 (KHTML, like Gecko; compatible; GPTBot/1.3; +https://openai.com/gptbot)" 11 **0/11926**
74.7.229.128 - - [14/Mar/2026:09:11:59 -0700] "GET /wp-json/oembed/1.0/embed?format=xml&url=https%3A%2F%2Ftodaysiplmatch.in%2Fsatta-matka%2Fcricket-satta%2F HTTP/2.0" 200 1079 "https://todaysiplmatch.in/satta-matka/cricket-satta/" "Mozilla/5.0 (Macintosh; Intel Mac OS X 10_15_7) AppleWebKit/537.36 (KHTML, like Gecko) Chrome/131.0.0.0 Safari/537.36; compatible; OAI-SearchBot/1.3; +https://openai.com/searchbot" 338 **0/338690**
74.7.241.60 - - [14/Mar/2026:09:12:00 -0700] "GET /wp-json/oembed/1.0/embed?format=xml&url=https%3A%2F%2Ftodaysiplmatch.in%2Fworld-cup%2Fmost-half-centuries-in-world-cup%2F HTTP/2.0" 200 1189 "https://todaysiplmatch.in/articles/world-cup/most-half-centuries-in-world-cup-most-50s-in-the-history-of-world-cup/" "Mozilla/5.0 AppleWebKit/537.36 (KHTML, like Gecko; compatible; GPTBot/1.3; +https://openai.com/gptbot)" 312 **0/312593**
74.7.241.60 - - [14/Mar/2026:09:12:01 -0700] "GET /wp-json/oembed/1.0/embed?url=https%3A%2F%2Ftodaysiplmatch.in%2Fworld-cup%2Fmost-half-centuries-in-world-cup%2F HTTP/2.0" 200 1179 "https://todaysiplmatch.in/articles/world-cup/most-half-centuries-in-world-cup-most-50s-in-the-history-of-world-cup/" "Mozilla/5.0 AppleWebKit/537.36 (KHTML, like Gecko; compatible; GPTBot/1.3; +https://openai.com/gptbot)" 402 **0/402695**
74.7.229.3 - - [14/Mar/2026:09:12:01 -0700] "GET /category/articles/ HTTP/2.0" 200 32440 "https://todaysiplmatch.in/ipl/most-dangerous-batsman-in-ipl/" "Mozilla/5.0 (Macintosh; Intel Mac OS X 10_15_7) AppleWebKit/537.36 (KHTML, like Gecko) Chrome/131.0.0.0 Safari/537.36; compatible; OAI-SearchBot/1.3; +https://openai.com/searchbot" 1004 **1/1004593**
74.7.241.60 - - [14/Mar/2026:09:12:01 -0700] "GET /world-cup/most-half-centuries-in-world-cup/feed/ HTTP/2.0" 200 415 "https://todaysiplmatch.in/articles/world-cup/most-half-centuries-in-world-cup-most-50s-in-the-history-of-world-cup/" "Mozilla/5.0 AppleWebKit/537.36 (KHTML, like Gecko; compatible; GPTBot/1.3; +https://openai.com/gptbot)" 518 **0/518562**
216.73.216.186 - - [14/Mar/2026:09:12:02 -0700] "GET /?p=27484 HTTP/2.0" 301 1 "-" "Mozilla/5.0 AppleWebKit/537.36 (KHTML, like Gecko; compatible; ClaudeBot/1.0; +claudebot@anthropic.com)" 472 **0/472146**
74.7.243.32 - - [14/Mar/2026:09:12:02 -0700] "GET /?p=25739 HTTP/2.0" 301 1 "https://todaysiplmatch.in/ipl/most-dangerous-batsman-in-ipl/" "Mozilla/5.0 (Macintosh; Intel Mac OS X 10_15_7) AppleWebKit/537.36 (KHTML, like Gecko) Chrome/131.0.0.0 Safari/537.36; compatible; OAI-SearchBot/1.3; +https://openai.com/searchbot" 422 **0/422116**
74.7.241.60 - - [14/Mar/2026:09:12:02 -0700] "GET /wp-json/wp/v2/posts/27004 HTTP/2.0" 200 6320 "https://todaysiplmatch.in/articles/world-cup/most-half-centuries-in-world-cup-most-50s-in-the-history-of-world-cup/" "Mozilla/5.0 AppleWebKit/537.36 (KHTML, like Gecko; compatible; GPTBot/1.3; +https://openai.com/gptbot)" 639 **0/639104**
216.73.216.186 - - [14/Mar/2026:09:12:02 -0700] "GET /world-cup/india-vs-pakistan-world-cup/ HTTP/2.0" 200 37483 "https://todaysiplmatch.in/?p=27484" "Mozilla/5.0 AppleWebKit/537.36 (KHTML, like Gecko; compatible; ClaudeBot/1.0; +claudebot@anthropic.com)" 1114 **1/1114605**
74.7.241.60 - - [14/Mar/2026:09:12:03 -0700] "GET /?p=27004 HTTP/2.0" 301 1 "https://todaysiplmatch.in/articles/world-cup/most-half-centuries-in-world-cup-most-50s-in-the-history-of-world-cup/" "Mozilla/5.0 AppleWebKit/537.36 (KHTML, like Gecko; compatible; GPTBot/1.3; +https://openai.com/gptbot)" 450 **0/450432**
66.206.13.170 - - [14/Mar/2026:09:12:02 -0700] "GET / HTTP/2.0" 200 39791 "-" "HetrixTools Uptime Monitoring Bot. https://hetrix.tools/uptime-monitoring-bot.html" 1322 **1/1322391**
69.67.149.243 - - [14/Mar/2026:09:12:03 -0700] "GET / HTTP/2.0" 200 39791 "-" "HetrixTools Uptime Monitoring Bot. https://hetrix.tools/uptime-monitoring-bot.html" 1018 **1/1018483**
74.7.243.32 - - [14/Mar/2026:09:12:03 -0700] "GET /ipl/most-dangerous-batsman-in-ipl/ HTTP/2.0" 200 38709 "https://todaysiplmatch.in/?p=25739" "Mozilla/5.0 (Macintosh; Intel Mac OS X 10_15_7) AppleWebKit/537.36 (KHTML, like Gecko) Chrome/131.0.0.0 Safari/537.36; compatible; OAI-SearchBot/1.3; +https://openai.com/searchbot" 977 **0/977524**
74.7.241.60 - - [14/Mar/2026:09:12:04 -0700] "GET /world-cup/most-half-centuries-in-world-cup/ HTTP/2.0" 200 36569 "https://todaysiplmatch.in/?p=27004" "Mozilla/5.0 AppleWebKit/537.36 (KHTML, like Gecko; compatible; GPTBot/1.3; +https://openai.com/gptbot)" 766 **0/766196**
74.7.241.60 - - [14/Mar/2026:09:12:05 -0700] "GET /wp-content/uploads/2024/05/Collage_Maker-22-Mar-2023-07-51-PM-4809_1679494980699_1679494986483_1679494986483-768x432.avif HTTP/2.0" 200 20049 "https://todaysiplmatch.in/wp-json/oembed/1.0/embed?format=xml&url=https%3A%2F%2Ftodaysiplmatch.in%2Fworld-cup%2Fmost-half-centuries-in-world-cup%2F" "Mozilla/5.0 AppleWebKit/537.36 (KHTML, like Gecko; compatible; GPTBot/1.3; +https://openai.com/gptbot)" 12 **0/12572**
74.7.228.206 - - [14/Mar/2026:09:12:05 -0700] "GET /wp-content/uploads/2024/08/Indibet-400-offer-Banner-970x90-1.jpg HTTP/2.0" 200 111945 "https://todaysiplmatch.in/ipl/most-dangerous-batsman-in-ipl/" "Mozilla/5.0 (Macintosh; Intel Mac OS X 10_15_7) AppleWebKit/537.36 (KHTML, like Gecko) Chrome/131.0.0.0 Safari/537.36; compatible; OAI-SearchBot/1.3; +https://openai.com/searchbot" 437 **0/437898**
74.7.243.32 - - [14/Mar/2026:09:12:06 -0700] "GET / HTTP/2.0" 200 39791 "https://todaysiplmatch.in/ipl/most-dangerous-batsman-in-ipl/" "Mozilla/5.0 (Macintosh; Intel Mac OS X 10_15_7) AppleWebKit/537.36 (KHTML, like Gecko) Chrome/131.0.0.0 Safari/537.36; compatible; OAI-SearchBot/1.3; +https://openai.com/searchbot" 708 **0/708840**
74.7.243.32 - - [14/Mar/2026:09:12:07 -0700] "GET /wp-content/uploads/2024/07/Logo_B-170x74.png HTTP/2.0" 200 5922 "https://todaysiplmatch.in/ipl/most-dangerous-batsman-in-ipl/" "Mozilla/5.0 (Macintosh; Intel Mac OS X 10_15_7) AppleWebKit/537.36 (KHTML, like Gecko) Chrome/131.0.0.0 Safari/537.36; compatible; OAI-SearchBot/1.3; +https://openai.com/searchbot" 10 **0/10485**
74.7.229.9 - - [14/Mar/2026:09:12:08 -0700] "GET /cricket-betting/ipl-betting/ipl-betting-in-punjab/ HTTP/2.0" 200 33174 "https://todaysiplmatch.in/ipl/most-dangerous-batsman-in-ipl/" "Mozilla/5.0 (Macintosh; Intel Mac OS X 10_15_7) AppleWebKit/537.36 (KHTML, like Gecko) Chrome/131.0.0.0 Safari/537.36; compatible; OAI-SearchBot/1.3; +https://openai.com/searchbot" 621 **0/621253**
74.7.229.48 - - [14/Mar/2026:09:12:10 -0700] "GET /wp-content/uploads/2024/07/96in-Ad-3-min-1024x1024.webp HTTP/2.0" 200 163442 "https://todaysiplmatch.in/ipl/most-dangerous-batsman-in-ipl/" "Mozilla/5.0 (Macintosh; Intel Mac OS X 10_15_7) AppleWebKit/537.36 (KHTML, like Gecko) Chrome/131.0.0.0 Safari/537.36; compatible; OAI-SearchBot/1.3; +https://openai.com/searchbot" 447 **0/447507**
74.7.241.60 - - [14/Mar/2026:09:12:11 -0700] "GET /ipl/online-ipl-betting/ HTTP/2.0" 301 1 "https://todaysiplmatch.in/cricket-betting/ipl-betting/ipl-betting-in-punjab/" "Mozilla/5.0 AppleWebKit/537.36 (KHTML, like Gecko; compatible; GPTBot/1.3; +https://openai.com/gptbot)" 323 **0/323701**
74.7.229.48 - - [14/Mar/2026:09:12:11 -0700] "GET /wp-json/oembed/1.0/embed?url=https%3A%2F%2Ftodaysiplmatch.in%2Fcricket-betting%2Fipl-betting%2Fipl-betting-in-punjab%2F HTTP/2.0" 200 1159 "https://todaysiplmatch.in/cricket-betting/ipl-betting/ipl-betting-in-punjab/" "Mozilla/5.0 (Macintosh; Intel Mac OS X 10_15_7) AppleWebKit/537.36 (KHTML, like Gecko) Chrome/131.0.0.0 Safari/537.36; compatible; OAI-SearchBot/1.3; +https://openai.com/searchbot" 321 **0/321209**
74.7.241.60 - - [14/Mar/2026:09:12:11 -0700] "GET /cricket-betting/ipl-betting/ HTTP/2.0" 200 44664 "https://todaysiplmatch.in/ipl/online-ipl-betting/" "Mozilla/5.0 AppleWebKit/537.36 (KHTML, like Gecko; compatible; GPTBot/1.3; +https://openai.com/gptbot)" 544 **0/544828**
74.7.242.172 - - [14/Mar/2026:09:12:12 -0700] "GET /wp-content/uploads/2024/07/96-Creative-04-min-1024x1024.webp HTTP/2.0" 200 92609 "https://todaysiplmatch.in/ipl/most-dangerous-batsman-in-ipl/" "Mozilla/5.0 (Macintosh; Intel Mac OS X 10_15_7) AppleWebKit/537.36 (KHTML, like Gecko) Chrome/131.0.0.0 Safari/537.36; compatible; OAI-SearchBot/1.3; +https://openai.com/searchbot" 444 **0/444395**
74.7.241.60 - - [14/Mar/2026:09:12:13 -0700] "GET /?p=32242 HTTP/2.0" 301 1 "https://todaysiplmatch.in/cricket-betting/ipl-betting/ipl-betting-in-punjab/" "Mozilla/5.0 AppleWebKit/537.36 (KHTML, like Gecko; compatible; GPTBot/1.3; +https://openai.com/gptbot)" 279 **0/279664**
74.7.229.48 - - [14/Mar/2026:09:12:13 -0700] "GET /wp-content/uploads/2024/07/96-Creative-01-min-1024x1024.webp HTTP/2.0" 200 101815 "https://todaysiplmatch.in/ipl/most-dangerous-batsman-in-ipl/" "Mozilla/5.0 (Macintosh; Intel Mac OS X 10_15_7) AppleWebKit/537.36 (KHTML, like Gecko) Chrome/131.0.0.0 Safari/537.36; compatible; OAI-SearchBot/1.3; +https://openai.com/searchbot" 12 **0/12459**
74.7.241.60 - - [14/Mar/2026:09:12:13 -0700] "GET /cricket-betting/ipl-betting/ipl-betting-in-punjab/ HTTP/2.0" 200 33174 "https://todaysiplmatch.in/?p=32242" "Mozilla/5.0 AppleWebKit/537.36 (KHTML, like Gecko; compatible; GPTBot/1.3; +https://openai.com/gptbot)" 515 **0/515464**
74.7.241.60 - - [14/Mar/2026:09:12:14 -0700] "GET /wp-content/uploads/elementor/css/post-32242.css?ver=1773504729 HTTP/2.0" 200 194 "https://todaysiplmatch.in/cricket-betting/ipl-betting/ipl-betting-in-punjab/" "Mozilla/5.0 AppleWebKit/537.36 (KHTML, like Gecko; compatible; GPTBot/1.3; +https://openai.com/gptbot)" 10 **0/10397**
74.7.229.48 - - [14/Mar/2026:09:12:14 -0700] "GET /uncategorized/test-post-from-python-2026/ HTTP/2.0" 200 33722 "https://todaysiplmatch.in/ipl/most-dangerous-batsman-in-ipl/" "Mozilla/5.0 (Macintosh; Intel Mac OS X 10_15_7) AppleWebKit/537.36 (KHTML, like Gecko) Chrome/131.0.0.0 Safari/537.36; compatible; OAI-SearchBot/1.3; +https://openai.com/searchbot" 570 **0/570386**
185.38.148.144 - - [14/Mar/2026:09:12:14 -0700] "GET / HTTP/2.0" 200 39791 "-" "HetrixTools Uptime Monitoring Bot. https://hetrix.tools/uptime-monitoring-bot.html" 629 **0/629977**
74.7.241.60 - - [14/Mar/2026:09:12:15 -0700] "GET /wp-json/wp/v2/pages/32242 HTTP/2.0" 200 6799 "https://todaysiplmatch.in/cricket-betting/ipl-betting/ipl-betting-in-punjab/" "Mozilla/5.0 AppleWebKit/537.36 (KHTML, like Gecko; compatible; GPTBot/1.3; +https://openai.com/gptbot)" 363 **0/363534**
74.7.241.60 - - [14/Mar/2026:09:12:15 -0700] "GET /wp-json/oembed/1.0/embed?format=xml&url=https%3A%2F%2Ftodaysiplmatch.in%2Fcricket-betting%2Fipl-betting%2Fipl-betting-in-punjab%2F HTTP/2.0" 200 1171 "https://todaysiplmatch.in/cricket-betting/ipl-betting/ipl-betting-in-punjab/" "Mozilla/5.0 AppleWebKit/537.36 (KHTML, like Gecko; compatible; GPTBot/1.3; +https://openai.com/gptbot)" 258 **0/258903**
74.7.243.32 - - [14/Mar/2026:09:12:15 -0700] "GET /?p=32242 HTTP/2.0" 301 1 "https://todaysiplmatch.in/cricket-betting/ipl-betting/ipl-betting-in-punjab/" "Mozilla/5.0 (Macintosh; Intel Mac OS X 10_15_7) AppleWebKit/537.36 (KHTML, like Gecko) Chrome/131.0.0.0 Safari/537.36; compatible; OAI-SearchBot/1.3; +https://openai.com/searchbot" 272 **0/272646**
74.7.243.32 - - [14/Mar/2026:09:12:16 -0700] "GET /cricket-betting/ipl-betting/ipl-betting-in-punjab/ HTTP/2.0" 200 33174 "https://todaysiplmatch.in/?p=32242" "Mozilla/5.0 (Macintosh; Intel Mac OS X 10_15_7) AppleWebKit/537.36 (KHTML, like Gecko) Chrome/131.0.0.0 Safari/537.36; compatible; OAI-SearchBot/1.3; +https://openai.com/searchbot" 547 **0/547804**
74.7.241.60 - - [14/Mar/2026:09:12:18 -0700] "GET /wp-json/oembed/1.0/embed?url=https%3A%2F%2Ftodaysiplmatch.in%2Fcricket-betting%2Fipl-betting%2Fipl-betting-in-punjab%2F HTTP/2.0" 200 1159 "https://todaysiplmatch.in/cricket-betting/ipl-betting/ipl-betting-in-punjab/" "Mozilla/5.0 AppleWebKit/537.36 (KHTML, like Gecko; compatible; GPTBot/1.3; +https://openai.com/gptbot)" 357 **0/357273**
74.7.228.206 - - [14/Mar/2026:09:12:18 -0700] "GET /wp-content/uploads/elementor/css/post-32242.css?ver=1773504729 HTTP/2.0" 200 194 "https://todaysiplmatch.in/cricket-betting/ipl-betting/ipl-betting-in-punjab/" "Mozilla/5.0 (Macintosh; Intel Mac OS X 10_15_7) AppleWebKit/537.36 (KHTML, like Gecko) Chrome/131.0.0.0 Safari/537.36; compatible; OAI-SearchBot/1.3; +https://openai.com/searchbot" 9 **0/9959**
74.7.229.235 - - [14/Mar/2026:09:12:19 -0700] "GET /wp-json/wp/v2/pages/32242 HTTP/2.0" 200 6799 "https://todaysiplmatch.in/cricket-betting/ipl-betting/ipl-betting-in-punjab/" "Mozilla/5.0 (Macintosh; Intel Mac OS X 10_15_7) AppleWebKit/537.36 (KHTML, like Gecko) Chrome/131.0.0.0 Safari/537.36; compatible; OAI-SearchBot/1.3; +https://openai.com/searchbot" 378 **0/378549**
74.7.242.172 - - [14/Mar/2026:09:12:20 -0700] "GET /wp-json/oembed/1.0/embed?format=xml&url=https%3A%2F%2Ftodaysiplmatch.in%2Fcricket-betting%2Fipl-betting%2Fipl-betting-in-punjab%2F HTTP/2.0" 200 1172 "https://todaysiplmatch.in/cricket-betting/ipl-betting/ipl-betting-in-punjab/" "Mozilla/5.0 (Macintosh; Intel Mac OS X 10_15_7) AppleWebKit/537.36 (KHTML, like Gecko) Chrome/131.0.0.0 Safari/537.36; compatible; OAI-SearchBot/1.3; +https://openai.com/searchbot" 290 **0/290593**
74.7.228.206 - - [14/Mar/2026:09:12:21 -0700] "GET /top-betting-sites-in-india/reddy-anna-book-club/ HTTP/2.0" 200 35938 "https://todaysiplmatch.in/ipl/most-dangerous-batsman-in-ipl/" "Mozilla/5.0 (Macintosh; Intel Mac OS X 10_15_7) AppleWebKit/537.36 (KHTML, like Gecko) Chrome/131.0.0.0 Safari/537.36; compatible; OAI-SearchBot/1.3; +https://openai.com/searchbot" 585 **0/585089**
65.20.70.55 - - [14/Mar/2026:09:12:21 -0700] "GET / HTTP/2.0" 200 39791 "-" "HetrixTools Uptime Monitoring Bot. https://hetrix.tools/uptime-monitoring-bot.html" 629 **0/629293**
74.7.229.48 - - [14/Mar/2026:09:12:23 -0700] "GET /top-betting-sites-in-india/ HTTP/2.0" 200 36307 "https://todaysiplmatch.in/ipl/most-dangerous-batsman-in-ipl/" "Mozilla/5.0 (Macintosh; Intel Mac OS X 10_15_7) AppleWebKit/537.36 (KHTML, like Gecko) Chrome/131.0.0.0 Safari/537.36; compatible; OAI-SearchBot/1.3; +https://openai.com/searchbot" 466 **0/466130**
74.7.229.235 - - [14/Mar/2026:09:12:24 -0700] "GET /public/afsloring-af-hemmelighederne-bag-online-casinoer-til-smartere-bettingstrategier/ HTTP/2.0" 200 34019 "https://todaysiplmatch.in/ipl/most-dangerous-batsman-in-ipl/" "Mozilla/5.0 (Macintosh; Intel Mac OS X 10_15_7) AppleWebKit/537.36 (KHTML, like Gecko) Chrome/131.0.0.0 Safari/537.36; compatible; OAI-SearchBot/1.3; +https://openai.com/searchbot" 585 **0/585662**
74.7.228.206 - - [14/Mar/2026:09:12:25 -0700] "GET /?p=31464 HTTP/2.0" 301 1 "https://todaysiplmatch.in/top-betting-sites-in-india/" "Mozilla/5.0 (Macintosh; Intel Mac OS X 10_15_7) AppleWebKit/537.36 (KHTML, like Gecko) Chrome/131.0.0.0 Safari/537.36; compatible; OAI-SearchBot/1.3; +https://openai.com/searchbot" 261 **0/261931**
74.7.241.60 - - [14/Mar/2026:09:12:25 -0700] "GET /wp-content/uploads/elementor/css/post-31464.css?ver=1773489563 HTTP/2.0" 200 589 "https://todaysiplmatch.in/top-betting-sites-in-india/" "Mozilla/5.0 AppleWebKit/537.36 (KHTML, like Gecko; compatible; GPTBot/1.3; +https://openai.com/gptbot)" 9 **0/9073**
74.7.241.60 - - [14/Mar/2026:09:12:25 -0700] "GET /wp-json/oembed/1.0/embed?format=xml&url=https%3A%2F%2Ftodaysiplmatch.in%2Ftop-betting-sites-in-india%2F HTTP/2.0" 200 1128 "https://todaysiplmatch.in/top-betting-sites-in-india/" "Mozilla/5.0 AppleWebKit/537.36 (KHTML, like Gecko; compatible; GPTBot/1.3; +https://openai.com/gptbot)" 311 **0/311586**
74.7.228.206 - - [14/Mar/2026:09:12:25 -0700] "GET /top-betting-sites-in-india/ HTTP/2.0" 200 36307 "https://todaysiplmatch.in/?p=31464" "Mozilla/5.0 (Macintosh; Intel Mac OS X 10_15_7) AppleWebKit/537.36 (KHTML, like Gecko) Chrome/131.0.0.0 Safari/537.36; compatible; OAI-SearchBot/1.3; +https://openai.com/searchbot" 567 **0/567123**
74.7.241.60 - - [14/Mar/2026:09:12:26 -0700] "GET /wp-json/oembed/1.0/embed?url=https%3A%2F%2Ftodaysiplmatch.in%2Ftop-betting-sites-in-india%2F HTTP/2.0" 200 1125 "https://todaysiplmatch.in/top-betting-sites-in-india/" "Mozilla/5.0 AppleWebKit/537.36 (KHTML, like Gecko; compatible; GPTBot/1.3; +https://openai.com/gptbot)" 253 **0/253826**
74.7.228.206 - - [14/Mar/2026:09:12:26 -0700] "GET /public/avsloja-hemligheterna-bakom-casinostrategier-for-en-vinnande-fordel/ HTTP/2.0" 200 34103 "https://todaysiplmatch.in/ipl/most-dangerous-batsman-in-ipl/" "Mozilla/5.0 (Macintosh; Intel Mac OS X 10_15_7) AppleWebKit/537.36 (KHTML, like Gecko) Chrome/131.0.0.0 Safari/537.36; compatible; OAI-SearchBot/1.3; +https://openai.com/searchbot" 508 **0/508391**
74.7.241.60 - - [14/Mar/2026:09:12:27 -0700] "GET /wp-json/wp/v2/pages/31464 HTTP/2.0" 200 9966 "https://todaysiplmatch.in/top-betting-sites-in-india/" "Mozilla/5.0 AppleWebKit/537.36 (KHTML, like Gecko; compatible; GPTBot/1.3; +https://openai.com/gptbot)" 407 **0/407871**
74.7.229.48 - - [14/Mar/2026:09:12:27 -0700] "GET /wp-json/oembed/1.0/embed?format=xml&url=https%3A%2F%2Ftodaysiplmatch.in%2Ftop-betting-sites-in-india%2F HTTP/2.0" 200 1130 "https://todaysiplmatch.in/top-betting-sites-in-india/" "Mozilla/5.0 (Macintosh; Intel Mac OS X 10_15_7) AppleWebKit/537.36 (KHTML, like Gecko) Chrome/131.0.0.0 Safari/537.36; compatible; OAI-SearchBot/1.3; +https://openai.com/searchbot" 264 **0/264789**
74.7.241.60 - - [14/Mar/2026:09:12:27 -0700] "GET /?p=31464 HTTP/2.0" 301 1 "https://todaysiplmatch.in/top-betting-sites-in-india/" "Mozilla/5.0 AppleWebKit/537.36 (KHTML, like Gecko; compatible; GPTBot/1.3; +https://openai.com/gptbot)" 207 **0/207333**
74.7.229.3 - - [14/Mar/2026:09:12:28 -0700] "GET /wp-content/uploads/elementor/css/post-31464.css?ver=1773489563 HTTP/2.0" 200 589 "https://todaysiplmatch.in/top-betting-sites-in-india/" "Mozilla/5.0 (Macintosh; Intel Mac OS X 10_15_7) AppleWebKit/537.36 (KHTML, like Gecko) Chrome/131.0.0.0 Safari/537.36; compatible; OAI-SearchBot/1.3; +https://openai.com/searchbot" 10 **0/10795**
74.7.241.60 - - [14/Mar/2026:09:12:28 -0700] "GET /top-betting-sites-in-india/ HTTP/2.0" 200 36307 "https://todaysiplmatch.in/?p=31464" "Mozilla/5.0 AppleWebKit/537.36 (KHTML, like Gecko; compatible; GPTBot/1.3; +https://openai.com/gptbot)" 549 **0/549929**
74.7.229.9 - - [14/Mar/2026:09:12:29 -0700] "GET /wp-json/oembed/1.0/embed?url=https%3A%2F%2Ftodaysiplmatch.in%2Ftop-betting-sites-in-india%2F HTTP/2.0" 200 1125 "https://todaysiplmatch.in/top-betting-sites-in-india/" "Mozilla/5.0 (Macintosh; Intel Mac OS X 10_15_7) AppleWebKit/537.36 (KHTML, like Gecko) Chrome/131.0.0.0 Safari/537.36; compatible; OAI-SearchBot/1.3; +https://openai.com/searchbot" 230 **0/230205**
74.7.229.128 - - [14/Mar/2026:09:12:30 -0700] "GET /wp-json/wp/v2/pages/31464 HTTP/2.0" 200 9966 "https://todaysiplmatch.in/top-betting-sites-in-india/" "Mozilla/5.0 (Macintosh; Intel Mac OS X 10_15_7) AppleWebKit/537.36 (KHTML, like Gecko) Chrome/131.0.0.0 Safari/537.36; compatible; OAI-SearchBot/1.3; +https://openai.com/searchbot" 376 **0/376009**
74.7.229.3 - - [14/Mar/2026:09:12:31 -0700] "GET /top-betting-sites-in-india/indibet-betting/ HTTP/2.0" 200 36192 "https://todaysiplmatch.in/ipl/most-dangerous-batsman-in-ipl/" "Mozilla/5.0 (Macintosh; Intel Mac OS X 10_15_7) AppleWebKit/537.36 (KHTML, like Gecko) Chrome/131.0.0.0 Safari/537.36; compatible; OAI-SearchBot/1.3; +https://openai.com/searchbot" 513 **0/513935**
74.7.229.235 - - [14/Mar/2026:09:12:33 -0700] "GET /public/utforska-spanningen-i-casinospel-en-guide-till-vinststrategier/ HTTP/2.0" 200 33824 "https://todaysiplmatch.in/ipl/most-dangerous-batsman-in-ipl/" "Mozilla/5.0 (Macintosh; Intel Mac OS X 10_15_7) AppleWebKit/537.36 (KHTML, like Gecko) Chrome/131.0.0.0 Safari/537.36; compatible; OAI-SearchBot/1.3; +https://openai.com/searchbot" 535 **0/535255**
74.7.229.128 - - [14/Mar/2026:09:12:34 -0700] "GET /lottery-sambad/ HTTP/2.0" 200 26948 "https://todaysiplmatch.in/ipl/most-dangerous-batsman-in-ipl/" "Mozilla/5.0 (Macintosh; Intel Mac OS X 10_15_7) AppleWebKit/537.36 (KHTML, like Gecko) Chrome/131.0.0.0 Safari/537.36; compatible; OAI-SearchBot/1.3; +https://openai.com/searchbot" 505 **0/505714**
74.7.229.235 - - [14/Mar/2026:09:12:35 -0700] "GET /satta-matka/ HTTP/2.0" 200 33443 "https://todaysiplmatch.in/ipl/most-dangerous-batsman-in-ipl/" "Mozilla/5.0 (Macintosh; Intel Mac OS X 10_15_7) AppleWebKit/537.36 (KHTML, like Gecko) Chrome/131.0.0.0 Safari/537.36; compatible; OAI-SearchBot/1.3; +https://openai.com/searchbot" 427 **0/427267**
74.7.228.206 - - [14/Mar/2026:09:12:36 -0700] "GET /wp-json/oembed/1.0/embed?url=https%3A%2F%2Ftodaysiplmatch.in%2Flottery-sambad%2F HTTP/2.0" 200 968 "https://todaysiplmatch.in/lottery-sambad/" "Mozilla/5.0 (Macintosh; Intel Mac OS X 10_15_7) AppleWebKit/537.36 (KHTML, like Gecko) Chrome/131.0.0.0 Safari/537.36; compatible; OAI-SearchBot/1.3; +https://openai.com/searchbot" 329 **0/329575**
74.7.241.60 - - [14/Mar/2026:09:12:36 -0700] "GET /wp-json/wp/v2/pages/28733 HTTP/2.0" 200 2081 "https://todaysiplmatch.in/lottery-sambad/" "Mozilla/5.0 AppleWebKit/537.36 (KHTML, like Gecko; compatible; GPTBot/1.3; +https://openai.com/gptbot)" 283 **0/283665**
74.7.241.60 - - [14/Mar/2026:09:12:37 -0700] "GET /wp-json/oembed/1.0/embed?format=xml&url=https%3A%2F%2Ftodaysiplmatch.in%2Flottery-sambad%2F HTTP/2.0" 200 973 "https://todaysiplmatch.in/lottery-sambad/" "Mozilla/5.0 AppleWebKit/537.36 (KHTML, like Gecko; compatible; GPTBot/1.3; +https://openai.com/gptbot)" 281 **0/281248**
74.7.229.9 - - [14/Mar/2026:09:12:37 -0700] "GET /?p=29945 HTTP/2.0" 301 1 "https://todaysiplmatch.in/satta-matka/" "Mozilla/5.0 (Macintosh; Intel Mac OS X 10_15_7) AppleWebKit/537.36 (KHTML, like Gecko) Chrome/131.0.0.0 Safari/537.36; compatible; OAI-SearchBot/1.3; +https://openai.com/searchbot" 248 **0/248237**
74.7.241.60 - - [14/Mar/2026:09:12:37 -0700] "GET /?p=28733 HTTP/2.0" 301 1 "https://todaysiplmatch.in/lottery-sambad/" "Mozilla/5.0 AppleWebKit/537.36 (KHTML, like Gecko; compatible; GPTBot/1.3; +https://openai.com/gptbot)" 238 **0/238912**
74.7.229.9 - - [14/Mar/2026:09:12:38 -0700] "GET /satta-matka/ HTTP/2.0" 200 33443 "https://todaysiplmatch.in/?p=29945" "Mozilla/5.0 (Macintosh; Intel Mac OS X 10_15_7) AppleWebKit/537.36 (KHTML, like Gecko) Chrome/131.0.0.0 Safari/537.36; compatible; OAI-SearchBot/1.3; +https://openai.com/searchbot" 514 **0/514815**
74.7.241.60 - - [14/Mar/2026:09:12:38 -0700] "GET /lottery-sambad/ HTTP/2.0" 200 26948 "https://todaysiplmatch.in/?p=28733" "Mozilla/5.0 AppleWebKit/537.36 (KHTML, like Gecko; compatible; GPTBot/1.3; +https://openai.com/gptbot)" 518 **0/518402**
74.7.229.128 - - [14/Mar/2026:09:12:39 -0700] "GET /wp-json/wp/v2/pages/28733 HTTP/2.0" 200 2081 "https://todaysiplmatch.in/lottery-sambad/" "Mozilla/5.0 (Macintosh; Intel Mac OS X 10_15_7) AppleWebKit/537.36 (KHTML, like Gecko) Chrome/131.0.0.0 Safari/537.36; compatible; OAI-SearchBot/1.3; +https://openai.com/searchbot" 282 **0/282846**
74.7.241.60 - - [14/Mar/2026:09:12:39 -0700] "GET /wp-json/oembed/1.0/embed?url=https%3A%2F%2Ftodaysiplmatch.in%2Fsatta-matka%2F HTTP/2.0" 200 1093 "https://todaysiplmatch.in/satta-matka/" "Mozilla/5.0 AppleWebKit/537.36 (KHTML, like Gecko; compatible; GPTBot/1.3; +https://openai.com/gptbot)" 251 **0/251722**
74.7.241.60 - - [14/Mar/2026:09:12:40 -0700] "GET /wp-json/oembed/1.0/embed?format=xml&url=https%3A%2F%2Ftodaysiplmatch.in%2Fsatta-matka%2F HTTP/2.0" 200 1107 "https://todaysiplmatch.in/satta-matka/" "Mozilla/5.0 AppleWebKit/537.36 (KHTML, like Gecko; compatible; GPTBot/1.3; +https://openai.com/gptbot)" 292 **0/292638**
74.7.229.3 - - [14/Mar/2026:09:12:40 -0700] "GET /wp-json/oembed/1.0/embed?format=xml&url=https%3A%2F%2Ftodaysiplmatch.in%2Flottery-sambad%2F HTTP/2.0" 200 973 "https://todaysiplmatch.in/lottery-sambad/" "Mozilla/5.0 (Macintosh; Intel Mac OS X 10_15_7) AppleWebKit/537.36 (KHTML, like Gecko) Chrome/131.0.0.0 Safari/537.36; compatible; OAI-SearchBot/1.3; +https://openai.com/searchbot" 285 **0/285481**
74.7.241.60 - - [14/Mar/2026:09:12:40 -0700] "GET /wp-json/oembed/1.0/embed?url=https%3A%2F%2Ftodaysiplmatch.in%2Flottery-sambad%2F HTTP/2.0" 200 969 "https://todaysiplmatch.in/lottery-sambad/" "Mozilla/5.0 AppleWebKit/537.36 (KHTML, like Gecko; compatible; GPTBot/1.3; +https://openai.com/gptbot)" 256 **0/256784**
74.7.241.60 - - [14/Mar/2026:09:12:41 -0700] "GET /wp-content/uploads/elementor/css/post-29945.css?ver=1773494143 HTTP/2.0" 200 1439 "https://todaysiplmatch.in/satta-matka/" "Mozilla/5.0 AppleWebKit/537.36 (KHTML, like Gecko; compatible; GPTBot/1.3; +https://openai.com/gptbot)" 12 **0/12683**
74.7.229.3 - - [14/Mar/2026:09:12:41 -0700] "GET /?p=28733 HTTP/2.0" 301 1 "https://todaysiplmatch.in/lottery-sambad/" "Mozilla/5.0 (Macintosh; Intel Mac OS X 10_15_7) AppleWebKit/537.36 (KHTML, like Gecko) Chrome/131.0.0.0 Safari/537.36; compatible; OAI-SearchBot/1.3; +https://openai.com/searchbot" 216 **0/216797**
74.7.241.60 - - [14/Mar/2026:09:12:41 -0700] "GET /?p=29945 HTTP/2.0" 301 1 "https://todaysiplmatch.in/satta-matka/" "Mozilla/5.0 AppleWebKit/537.36 (KHTML, like Gecko; compatible; GPTBot/1.3; +https://openai.com/gptbot)" 207 **0/207697**
74.7.229.3 - - [14/Mar/2026:09:12:41 -0700] "GET /lottery-sambad/ HTTP/2.0" 200 26948 "https://todaysiplmatch.in/?p=28733" "Mozilla/5.0 (Macintosh; Intel Mac OS X 10_15_7) AppleWebKit/537.36 (KHTML, like Gecko) Chrome/131.0.0.0 Safari/537.36; compatible; OAI-SearchBot/1.3; +https://openai.com/searchbot" 459 **0/459687**
74.7.241.60 - - [14/Mar/2026:09:12:42 -0700] "GET /satta-matka/ HTTP/2.0" 200 33443 "https://todaysiplmatch.in/?p=29945" "Mozilla/5.0 AppleWebKit/537.36 (KHTML, like Gecko; compatible; GPTBot/1.3; +https://openai.com/gptbot)" 481 **0/481442**
74.7.241.60 - - [14/Mar/2026:09:12:43 -0700] "GET /wp-json/wp/v2/pages/29945 HTTP/2.0" 200 7206 "https://todaysiplmatch.in/?p=29945" "Mozilla/5.0 AppleWebKit/537.36 (KHTML, like Gecko; compatible; GPTBot/1.3; +https://openai.com/gptbot)" 360 **0/360180**
74.7.242.172 - - [14/Mar/2026:09:12:43 -0700] "GET /wp-json/oembed/1.0/embed?format=xml&url=https%3A%2F%2Ftodaysiplmatch.in%2Fsatta-matka%2F HTTP/2.0" 200 1109 "https://todaysiplmatch.in/satta-matka/" "Mozilla/5.0 (Macintosh; Intel Mac OS X 10_15_7) AppleWebKit/537.36 (KHTML, like Gecko) Chrome/131.0.0.0 Safari/537.36; compatible; OAI-SearchBot/1.3; +https://openai.com/searchbot" 288 **0/288420**
74.7.229.3 - - [14/Mar/2026:09:12:43 -0700] "GET /wp-json/oembed/1.0/embed?url=https%3A%2F%2Ftodaysiplmatch.in%2Fsatta-matka%2F HTTP/2.0" 200 1094 "https://todaysiplmatch.in/satta-matka/" "Mozilla/5.0 (Macintosh; Intel Mac OS X 10_15_7) AppleWebKit/537.36 (KHTML, like Gecko) Chrome/131.0.0.0 Safari/537.36; compatible; OAI-SearchBot/1.3; +https://openai.com/searchbot" 246 **0/246137**
74.7.229.3 - - [14/Mar/2026:09:12:44 -0700] "GET /wp-content/uploads/elementor/css/post-29945.css?ver=1773494143 HTTP/2.0" 200 1439 "https://todaysiplmatch.in/satta-matka/" "Mozilla/5.0 (Macintosh; Intel Mac OS X 10_15_7) AppleWebKit/537.36 (KHTML, like Gecko) Chrome/131.0.0.0 Safari/537.36; compatible; OAI-SearchBot/1.3; +https://openai.com/searchbot" 10 **0/10912**
74.7.229.48 - - [14/Mar/2026:09:12:45 -0700] "GET /casino-games/ HTTP/2.0" 200 29717 "https://todaysiplmatch.in/ipl/most-dangerous-batsman-in-ipl/" "Mozilla/5.0 (Macintosh; Intel Mac OS X 10_15_7) AppleWebKit/537.36 (KHTML, like Gecko) Chrome/131.0.0.0 Safari/537.36; compatible; OAI-SearchBot/1.3; +https://openai.com/searchbot" 565 **0/565531**
74.7.241.60 - - [14/Mar/2026:09:12:47 -0700] "GET /wp-content/uploads/elementor/css/post-29127.css?ver=1773489575 HTTP/2.0" 200 373 "https://todaysiplmatch.in/casino-games/" "Mozilla/5.0 AppleWebKit/537.36 (KHTML, like Gecko; compatible; GPTBot/1.3; +https://openai.com/gptbot)" 11 **0/11965**
74.7.229.9 - - [14/Mar/2026:09:12:47 -0700] "GET /cricket-betting/ HTTP/2.0" 200 32362 "https://todaysiplmatch.in/ipl/most-dangerous-batsman-in-ipl/" "Mozilla/5.0 (Macintosh; Intel Mac OS X 10_15_7) AppleWebKit/537.36 (KHTML, like Gecko) Chrome/131.0.0.0 Safari/537.36; compatible; OAI-SearchBot/1.3; +https://openai.com/searchbot" 520 **0/520436**
74.7.241.60 - - [14/Mar/2026:09:12:47 -0700] "GET /wp-json/oembed/1.0/embed?format=xml&url=https%3A%2F%2Ftodaysiplmatch.in%2Fcasino-games%2F HTTP/2.0" 200 1091 "https://todaysiplmatch.in/casino-games/" "Mozilla/5.0 AppleWebKit/537.36 (KHTML, like Gecko; compatible; GPTBot/1.3; +https://openai.com/gptbot)" 286 **0/286101**
74.7.241.60 - - [14/Mar/2026:09:12:48 -0700] "GET /wp-json/oembed/1.0/embed?url=https%3A%2F%2Ftodaysiplmatch.in%2Fcasino-games%2F HTTP/2.0" 200 1083 "https://todaysiplmatch.in/casino-games/" "Mozilla/5.0 AppleWebKit/537.36 (KHTML, like Gecko; compatible; GPTBot/1.3; +https://openai.com/gptbot)" 312 **0/312059**
74.7.229.235 - - [14/Mar/2026:09:12:48 -0700] "GET /?p=29127 HTTP/2.0" 301 1 "https://todaysiplmatch.in/casino-games/" "Mozilla/5.0 (Macintosh; Intel Mac OS X 10_15_7) AppleWebKit/537.36 (KHTML, like Gecko) Chrome/131.0.0.0 Safari/537.36; compatible; OAI-SearchBot/1.3; +https://openai.com/searchbot" 196 **0/196927**
74.7.241.60 - - [14/Mar/2026:09:12:49 -0700] "GET /wp-json/wp/v2/pages/29127 HTTP/2.0" 200 3437 "https://todaysiplmatch.in/casino-games/" "Mozilla/5.0 AppleWebKit/537.36 (KHTML, like Gecko; compatible; GPTBot/1.3; +https://openai.com/gptbot)" 366 **0/366882**
74.7.229.235 - - [14/Mar/2026:09:12:49 -0700] "GET /casino-games/ HTTP/2.0" 200 29717 "https://todaysiplmatch.in/?p=29127" "Mozilla/5.0 (Macintosh; Intel Mac OS X 10_15_7) AppleWebKit/537.36 (KHTML, like Gecko) Chrome/131.0.0.0 Safari/537.36; compatible; OAI-SearchBot/1.3; +https://openai.com/searchbot" 489 **0/489257**
74.7.241.60 - - [14/Mar/2026:09:12:49 -0700] "GET /wp-json/oembed/1.0/embed?url=https%3A%2F%2Ftodaysiplmatch.in%2Fcricket-betting%2F HTTP/2.0" 200 1026 "https://todaysiplmatch.in/cricket-betting/" "Mozilla/5.0 AppleWebKit/537.36 (KHTML, like Gecko; compatible; GPTBot/1.3; +https://openai.com/gptbot)" 289 **0/289492**
74.7.241.60 - - [14/Mar/2026:09:12:50 -0700] "GET /wp-content/uploads/elementor/css/post-28149.css?ver=1773484301 HTTP/2.0" 200 179 "https://todaysiplmatch.in/cricket-betting/" "Mozilla/5.0 AppleWebKit/537.36 (KHTML, like Gecko; compatible; GPTBot/1.3; +https://openai.com/gptbot)" 8 **0/8969**
74.7.229.235 - - [14/Mar/2026:09:12:50 -0700] "GET /?p=28149 HTTP/2.0" 301 1 "https://todaysiplmatch.in/cricket-betting/" "Mozilla/5.0 (Macintosh; Intel Mac OS X 10_15_7) AppleWebKit/537.36 (KHTML, like Gecko) Chrome/131.0.0.0 Safari/537.36; compatible; OAI-SearchBot/1.3; +https://openai.com/searchbot" 232 **0/232111**
74.7.229.235 - - [14/Mar/2026:09:12:50 -0700] "GET /cricket-betting/ HTTP/2.0" 200 32362 "https://todaysiplmatch.in/?p=28149" "Mozilla/5.0 (Macintosh; Intel Mac OS X 10_15_7) AppleWebKit/537.36 (KHTML, like Gecko) Chrome/131.0.0.0 Safari/537.36; compatible; OAI-SearchBot/1.3; +https://openai.com/searchbot" 500 **0/500699**
74.7.241.60 - - [14/Mar/2026:09:12:51 -0700] "GET /wp-json/wp/v2/pages/28149 HTTP/2.0" 200 6079 "https://todaysiplmatch.in/cricket-betting/" "Mozilla/5.0 AppleWebKit/537.36 (KHTML, like Gecko; compatible; GPTBot/1.3; +https://openai.com/gptbot)" 406 **0/406133**
74.7.241.60 - - [14/Mar/2026:09:12:51 -0700] "GET /wp-json/oembed/1.0/embed?format=xml&url=https%3A%2F%2Ftodaysiplmatch.in%2Fcricket-betting%2F HTTP/2.0" 200 1035 "https://todaysiplmatch.in/cricket-betting/" "Mozilla/5.0 AppleWebKit/537.36 (KHTML, like Gecko; compatible; GPTBot/1.3; +https://openai.com/gptbot)" 298 **0/298835**
74.7.228.206 - - [14/Mar/2026:09:12:52 -0700] "GET /wp-content/uploads/elementor/css/post-29127.css?ver=1773489575 HTTP/2.0" 200 373 "https://todaysiplmatch.in/casino-games/" "Mozilla/5.0 (Macintosh; Intel Mac OS X 10_15_7) AppleWebKit/537.36 (KHTML, like Gecko) Chrome/131.0.0.0 Safari/537.36; compatible; OAI-SearchBot/1.3; +https://openai.com/searchbot" 10 **0/10640**
74.7.241.60 - - [14/Mar/2026:09:12:52 -0700] "GET /?p=29127 HTTP/2.0" 301 1 "https://todaysiplmatch.in/casino-games/" "Mozilla/5.0 AppleWebKit/537.36 (KHTML, like Gecko; compatible; GPTBot/1.3; +https://openai.com/gptbot)" 198 **0/198211**
74.7.228.206 - - [14/Mar/2026:09:12:52 -0700] "GET /wp-json/oembed/1.0/embed?format=xml&url=https%3A%2F%2Ftodaysiplmatch.in%2Fcasino-games%2F HTTP/2.0" 200 1091 "https://todaysiplmatch.in/casino-games/" "Mozilla/5.0 (Macintosh; Intel Mac OS X 10_15_7) AppleWebKit/537.36 (KHTML, like Gecko) Chrome/131.0.0.0 Safari/537.36; compatible; OAI-SearchBot/1.3; +https://openai.com/searchbot" 237 **0/237531**
74.7.241.60 - - [14/Mar/2026:09:12:52 -0700] "GET /casino-games/ HTTP/2.0" 200 29717 "https://todaysiplmatch.in/?p=29127" "Mozilla/5.0 AppleWebKit/537.36 (KHTML, like Gecko; compatible; GPTBot/1.3; +https://openai.com/gptbot)" 460 **0/460644**
74.7.228.206 - - [14/Mar/2026:09:12:53 -0700] "GET /wp-json/oembed/1.0/embed?url=https%3A%2F%2Ftodaysiplmatch.in%2Fcasino-games%2F HTTP/2.0" 200 1084 "https://todaysiplmatch.in/casino-games/" "Mozilla/5.0 (Macintosh; Intel Mac OS X 10_15_7) AppleWebKit/537.36 (KHTML, like Gecko) Chrome/131.0.0.0 Safari/537.36; compatible; OAI-SearchBot/1.3; +https://openai.com/searchbot" 235 **0/235806**
74.7.241.60 - - [14/Mar/2026:09:12:53 -0700] "GET /?p=28149 HTTP/2.0" 301 1 "https://todaysiplmatch.in/cricket-betting/" "Mozilla/5.0 AppleWebKit/537.36 (KHTML, like Gecko; compatible; GPTBot/1.3; +https://openai.com/gptbot)" 186 **0/186060**
74.7.241.60 - - [14/Mar/2026:09:12:53 -0700] "GET /cricket-betting/ HTTP/2.0" 200 32362 "https://todaysiplmatch.in/?p=28149" "Mozilla/5.0 AppleWebKit/537.36 (KHTML, like Gecko; compatible; GPTBot/1.3; +https://openai.com/gptbot)" 408 **0/408755**
74.7.242.172 - - [14/Mar/2026:09:12:54 -0700] "GET /wp-json/wp/v2/pages/29127 HTTP/2.0" 200 3437 "https://todaysiplmatch.in/casino-games/" "Mozilla/5.0 (Macintosh; Intel Mac OS X 10_15_7) AppleWebKit/537.36 (KHTML, like Gecko) Chrome/131.0.0.0 Safari/537.36; compatible; OAI-SearchBot/1.3; +https://openai.com/searchbot" 429 **0/429997**
216.73.216.186 - - [14/Mar/2026:09:12:55 -0700] "GET /?p=32067 HTTP/2.0" 301 1 "-" "Mozilla/5.0 AppleWebKit/537.36 (KHTML, like Gecko; compatible; ClaudeBot/1.0; +claudebot@anthropic.com)" 225 **0/225244**
216.73.216.186 - - [14/Mar/2026:09:12:55 -0700] "GET /?p=25810 HTTP/2.0" 301 1 "-" "Mozilla/5.0 AppleWebKit/537.36 (KHTML, like Gecko; compatible; ClaudeBot/1.0; +claudebot@anthropic.com)" 280 **0/280766**
74.7.242.172 - - [14/Mar/2026:09:12:55 -0700] "GET /wp-json/oembed/1.0/embed?format=xml&url=https%3A%2F%2Ftodaysiplmatch.in%2Fcricket-betting%2F HTTP/2.0" 200 1037 "https://todaysiplmatch.in/cricket-betting/" "Mozilla/5.0 (Macintosh; Intel Mac OS X 10_15_7) AppleWebKit/537.36 (KHTML, like Gecko) Chrome/131.0.0.0 Safari/537.36; compatible; OAI-SearchBot/1.3; +https://openai.com/searchbot" 341 **0/341766**
216.73.216.186 - - [14/Mar/2026:09:12:55 -0700] "GET /ipl/ipl-betting-scandal/ HTTP/2.0" 200 37191 "https://todaysiplmatch.in/?p=32067" "Mozilla/5.0 AppleWebKit/537.36 (KHTML, like Gecko; compatible; ClaudeBot/1.0; +claudebot@anthropic.com)" 527 **0/527656**
74.7.229.235 - - [14/Mar/2026:09:12:55 -0700] "GET /wp-json/oembed/1.0/embed?url=https%3A%2F%2Ftodaysiplmatch.in%2Fcricket-betting%2F HTTP/2.0" 200 1026 "https://todaysiplmatch.in/cricket-betting/" "Mozilla/5.0 (Macintosh; Intel Mac OS X 10_15_7) AppleWebKit/537.36 (KHTML, like Gecko) Chrome/131.0.0.0 Safari/537.36; compatible; OAI-SearchBot/1.3; +https://openai.com/searchbot" 274 **0/274354**
216.73.216.186 - - [14/Mar/2026:09:12:55 -0700] "GET /ipl/highest-powerplay-score-in-ipl/ HTTP/2.0" 200 36712 "https://todaysiplmatch.in/?p=25810" "Mozilla/5.0 AppleWebKit/537.36 (KHTML, like Gecko; compatible; ClaudeBot/1.0; +claudebot@anthropic.com)" 575 **0/575783**
74.7.229.48 - - [14/Mar/2026:09:12:57 -0700] "GET /wp-content/uploads/elementor/css/post-28149.css?ver=1773484301 HTTP/2.0" 200 179 "https://todaysiplmatch.in/cricket-betting/" "Mozilla/5.0 (Macintosh; Intel Mac OS X 10_15_7) AppleWebKit/537.36 (KHTML, like Gecko) Chrome/131.0.0.0 Safari/537.36; compatible; OAI-SearchBot/1.3; +https://openai.com/searchbot" 8 **0/8470**
