74.7.228.206 - - [14/Mar/2026:09:13:58 -0700] "GET /wp-content/uploads/elementor/css/post-33818.css?ver=1773504824 HTTP/2.0" 200 228 "https://todaysiplmatch.in/cricket-betting/ipl-betting/ipl-betting-in-ladakh/" "Mozilla/5.0 (Macintosh; Intel Mac OS X 10_15_7) AppleWebKit/537.36 (KHTML, like Gecko) Chrome/131.0.0.0 Safari/537.36; compatible; OAI-SearchBot/1.3; +https://openai.com/searchbot" 9 **0/9060**
74.7.241.60 - - [14/Mar/2026:09:13:58 -0700] "GET /wp-json/wp/v2/pages/31750 HTTP/2.0" 200 6791 "https://todaysiplmatch.in/cricket-betting/ipl-betting/ipl-betting-in-mumbai/" "Mozilla/5.0 AppleWebKit/537.36 (KHTML, like Gecko; compatible; GPTBot/1.3; +https://openai.com/gptbot)" 305 **0/305514**
74.7.241.60 - - [14/Mar/2026:09:13:59 -0700] "GET /wp-content/uploads/elementor/css/post-31750.css?ver=1773504833 HTTP/2.0" 200 192 "https://todaysiplmatch.in/cricket-betting/ipl-betting/ipl-betting-in-mumbai/" "Mozilla/5.0 AppleWebKit/537.36 (KHTML, like Gecko; compatible; GPTBot/1.3; +https://openai.com/gptbot)" 7 **0/7246**
74.7.228.206 - - [14/Mar/2026:09:13:59 -0700] "GET /wp-json/oembed/1.0/embed?url=https%3A%2F%2Ftodaysiplmatch.in%2Fcricket-betting%2Fipl-betting%2Fipl-betting-in-mumbai%2F HTTP/2.0" 200 1094 "https://todaysiplmatch.in/cricket-betting/ipl-betting/ipl-betting-in-mumbai/" "Mozilla/5.0 (Macintosh; Intel Mac OS X 10_15_7) AppleWebKit/537.36 (KHTML, like Gecko) Chrome/131.0.0.0 Safari/537.36; compatible; OAI-SearchBot/1.3; +https://openai.com/searchbot" 210 **0/210049**
74.7.241.60 - - [14/Mar/2026:09:13:59 -0700] "GET /wp-json/oembed/1.0/embed?format=xml&url=https%3A%2F%2Ftodaysiplmatch.in%2Fcricket-betting%2Fipl-betting%2Fipl-betting-in-mumbai%2F HTTP/2.0" 200 1098 "https://todaysiplmatch.in/cricket-betting/ipl-betting/ipl-betting-in-mumbai/" "Mozilla/5.0 AppleWebKit/537.36 (KHTML, like Gecko; compatible; GPTBot/1.3; +https://openai.com/gptbot)" 247 **0/247867**
74.7.241.60 - - [14/Mar/2026:09:14:00 -0700] "GET /?p=31750 HTTP/2.0" 301 1 "https://todaysiplmatch.in/cricket-betting/ipl-betting/ipl-betting-in-mumbai/" "Mozilla/5.0 AppleWebKit/537.36 (KHTML, like Gecko; compatible; GPTBot/1.3; +https://openai.com/gptbot)" 319 **0/319357**
74.7.229.48 - - [14/Mar/2026:09:14:00 -0700] "GET /wp-json/wp/v2/pages/31750 HTTP/2.0" 200 6791 "https://todaysiplmatch.in/cricket-betting/ipl-betting/ipl-betting-in-mumbai/" "Mozilla/5.0 (Macintosh; Intel Mac OS X 10_15_7) AppleWebKit/537.36 (KHTML, like Gecko) Chrome/131.0.0.0 Safari/537.36; compatible; OAI-SearchBot/1.3; +https://openai.com/searchbot" 397 **0/397808**
74.7.241.60 - - [14/Mar/2026:09:14:00 -0700] "GET /cricket-betting/ipl-betting/ipl-betting-in-mumbai/ HTTP/2.0" 200 33158 "https://todaysiplmatch.in/?p=31750" "Mozilla/5.0 AppleWebKit/537.36 (KHTML, like Gecko; compatible; GPTBot/1.3; +https://openai.com/gptbot)" 538 **0/538013**
74.7.229.235 - - [14/Mar/2026:09:14:01 -0700] "GET /wp-content/uploads/elementor/css/post-31750.css?ver=1773504833 HTTP/2.0" 200 192 "https://todaysiplmatch.in/cricket-betting/ipl-betting/ipl-betting-in-mumbai/" "Mozilla/5.0 (Macintosh; Intel Mac OS X 10_15_7) AppleWebKit/537.36 (KHTML, like Gecko) Chrome/131.0.0.0 Safari/537.36; compatible; OAI-SearchBot/1.3; +https://openai.com/searchbot" 15 **0/15309**
74.7.242.172 - - [14/Mar/2026:09:14:02 -0700] "GET /wp-json/oembed/1.0/embed?format=xml&url=https%3A%2F%2Ftodaysiplmatch.in%2Fcricket-betting%2Fipl-betting%2Fipl-betting-in-mumbai%2F HTTP/2.0" 200 1100 "https://todaysiplmatch.in/cricket-betting/ipl-betting/ipl-betting-in-mumbai/" "Mozilla/5.0 (Macintosh; Intel Mac OS X 10_15_7) AppleWebKit/537.36 (KHTML, like Gecko) Chrome/131.0.0.0 Safari/537.36; compatible; OAI-SearchBot/1.3; +https://openai.com/searchbot" 384 **0/384897**
74.7.229.48 - - [14/Mar/2026:09:14:03 -0700] "GET /?p=31750 HTTP/2.0" 301 1 "https://todaysiplmatch.in/cricket-betting/ipl-betting/ipl-betting-in-mumbai/" "Mozilla/5.0 (Macintosh; Intel Mac OS X 10_15_7) AppleWebKit/537.36 (KHTML, like Gecko) Chrome/131.0.0.0 Safari/537.36; compatible; OAI-SearchBot/1.3; +https://openai.com/searchbot" 330 **0/330789**
74.7.229.48 - - [14/Mar/2026:09:14:04 -0700] "GET /cricket-betting/ipl-betting/ipl-betting-in-mumbai/ HTTP/2.0" 200 33158 "https://todaysiplmatch.in/?p=31750" "Mozilla/5.0 (Macintosh; Intel Mac OS X 10_15_7) AppleWebKit/537.36 (KHTML, like Gecko) Chrome/131.0.0.0 Safari/537.36; compatible; OAI-SearchBot/1.3; +https://openai.com/searchbot" 590 **0/590726**
51.89.144.57 - - [14/Mar/2026:09:14:04 -0700] "GET / HTTP/2.0" 200 39791 "-" "HetrixTools Uptime Monitoring Bot. https://hetrix.tools/uptime-monitoring-bot.html" 754 **0/754616**
67.213.120.27 - - [14/Mar/2026:09:14:03 -0700] "GET / HTTP/2.0" 200 39791 "-" "HetrixTools Uptime Monitoring Bot. https://hetrix.tools/uptime-monitoring-bot.html" 820 **0/820045**
74.7.229.235 - - [14/Mar/2026:09:14:05 -0700] "GET /cricket-betting/ipl-betting/ipl-betting-in-odisha/ HTTP/2.0" 200 32934 "https://todaysiplmatch.in/ipl/most-dangerous-batsman-in-ipl/" "Mozilla/5.0 (Macintosh; Intel Mac OS X 10_15_7) AppleWebKit/537.36 (KHTML, like Gecko) Chrome/131.0.0.0 Safari/537.36; compatible; OAI-SearchBot/1.3; +https://openai.com/searchbot" 567 **0/567722**
74.7.229.3 - - [14/Mar/2026:09:14:06 -0700] "GET /lottery-sambad/ipl-lottery-sambad/ HTTP/2.0" 200 35271 "https://todaysiplmatch.in/ipl/most-dangerous-batsman-in-ipl/" "Mozilla/5.0 (Macintosh; Intel Mac OS X 10_15_7) AppleWebKit/537.36 (KHTML, like Gecko) Chrome/131.0.0.0 Safari/537.36; compatible; OAI-SearchBot/1.3; +https://openai.com/searchbot" 563 **0/563848**
69.67.149.243 - - [14/Mar/2026:09:14:06 -0700] "GET / HTTP/2.0" 200 39791 "-" "HetrixTools Uptime Monitoring Bot. https://hetrix.tools/uptime-monitoring-bot.html" 765 **0/765358**
74.7.241.60 - - [14/Mar/2026:09:14:07 -0700] "GET /?p=32304 HTTP/2.0" 301 1 "https://todaysiplmatch.in/cricket-betting/ipl-betting/ipl-betting-in-odisha/" "Mozilla/5.0 AppleWebKit/537.36 (KHTML, like Gecko; compatible; GPTBot/1.3; +https://openai.com/gptbot)" 255 **0/255495**
74.7.241.60 - - [14/Mar/2026:09:14:08 -0700] "GET /cricket-betting/ipl-betting/ipl-betting-in-odisha/ HTTP/2.0" 200 32934 "https://todaysiplmatch.in/?p=32304" "Mozilla/5.0 AppleWebKit/537.36 (KHTML, like Gecko; compatible; GPTBot/1.3; +https://openai.com/gptbot)" 553 **0/553235**
74.7.229.9 - - [14/Mar/2026:09:14:08 -0700] "GET /wp-json/oembed/1.0/embed?url=https%3A%2F%2Ftodaysiplmatch.in%2Fcricket-betting%2Fipl-betting%2Fipl-betting-in-odisha%2F HTTP/2.0" 200 1142 "https://todaysiplmatch.in/cricket-betting/ipl-betting/ipl-betting-in-odisha/" "Mozilla/5.0 (Macintosh; Intel Mac OS X 10_15_7) AppleWebKit/537.36 (KHTML, like Gecko) Chrome/131.0.0.0 Safari/537.36; compatible; OAI-SearchBot/1.3; +https://openai.com/searchbot" 338 **0/338598**
74.7.241.60 - - [14/Mar/2026:09:14:09 -0700] "GET /wp-content/uploads/elementor/css/post-32304.css?ver=1773477492 HTTP/2.0" 200 194 "https://todaysiplmatch.in/cricket-betting/ipl-betting/ipl-betting-in-odisha/" "Mozilla/5.0 AppleWebKit/537.36 (KHTML, like Gecko; compatible; GPTBot/1.3; +https://openai.com/gptbot)" 11 **0/11687**
74.7.229.3 - - [14/Mar/2026:09:14:09 -0700] "GET /wp-json/oembed/1.0/embed?url=https%3A%2F%2Ftodaysiplmatch.in%2Flottery-sambad%2Fipl-lottery-sambad%2F HTTP/2.0" 200 1119 "https://todaysiplmatch.in/lottery-sambad/ipl-lottery-sambad/" "Mozilla/5.0 (Macintosh; Intel Mac OS X 10_15_7) AppleWebKit/537.36 (KHTML, like Gecko) Chrome/131.0.0.0 Safari/537.36; compatible; OAI-SearchBot/1.3; +https://openai.com/searchbot" 367 **0/367446**
74.7.241.60 - - [14/Mar/2026:09:14:10 -0700] "GET /wp-json/oembed/1.0/embed?format=xml&url=https%3A%2F%2Ftodaysiplmatch.in%2Fcricket-betting%2Fipl-betting%2Fipl-betting-in-odisha%2F HTTP/2.0" 200 1150 "https://todaysiplmatch.in/cricket-betting/ipl-betting/ipl-betting-in-odisha/" "Mozilla/5.0 AppleWebKit/537.36 (KHTML, like Gecko; compatible; GPTBot/1.3; +https://openai.com/gptbot)" 345 **0/345311**
74.7.229.128 - - [14/Mar/2026:09:14:10 -0700] "GET /?p=32304 HTTP/2.0" 301 1 "https://todaysiplmatch.in/cricket-betting/ipl-betting/ipl-betting-in-odisha/" "Mozilla/5.0 (Macintosh; Intel Mac OS X 10_15_7) AppleWebKit/537.36 (KHTML, like Gecko) Chrome/131.0.0.0 Safari/537.36; compatible; OAI-SearchBot/1.3; +https://openai.com/searchbot" 262 **0/262507**
74.7.241.60 - - [14/Mar/2026:09:14:10 -0700] "GET /wp-json/wp/v2/pages/32304 HTTP/2.0" 200 6565 "https://todaysiplmatch.in/cricket-betting/ipl-betting/ipl-betting-in-odisha/" "Mozilla/5.0 AppleWebKit/537.36 (KHTML, like Gecko; compatible; GPTBot/1.3; +https://openai.com/gptbot)" 367 **0/367079**
74.7.229.128 - - [14/Mar/2026:09:14:11 -0700] "GET /cricket-betting/ipl-betting/ipl-betting-in-odisha/ HTTP/2.0" 200 32934 "https://todaysiplmatch.in/?p=32304" "Mozilla/5.0 (Macintosh; Intel Mac OS X 10_15_7) AppleWebKit/537.36 (KHTML, like Gecko) Chrome/131.0.0.0 Safari/537.36; compatible; OAI-SearchBot/1.3; +https://openai.com/searchbot" 600 **0/600907**
74.7.241.60 - - [14/Mar/2026:09:14:11 -0700] "GET /cricket-betting/ipl-betting/ipl-betting-in-odisha/todaysiplmatch.in/cricket-betting/ipl-betting/ HTTP/2.0" 301 1 "https://todaysiplmatch.in/cricket-betting/ipl-betting/ipl-betting-in-odisha/" "Mozilla/5.0 AppleWebKit/537.36 (KHTML, like Gecko; compatible; GPTBot/1.3; +https://openai.com/gptbot)" 300 **0/300943**
35.154.5.38 - - [14/Mar/2026:09:14:11 -0700] "GET / HTTP/2.0" 200 39791 "-" "HetrixTools Uptime Monitoring Bot. https://hetrix.tools/uptime-monitoring-bot.html" 733 **0/733774**
74.7.241.60 - - [14/Mar/2026:09:14:11 -0700] "GET /cricket-betting/ipl-betting/ HTTP/2.0" 200 44664 "https://todaysiplmatch.in/cricket-betting/ipl-betting/ipl-betting-in-odisha/todaysiplmatch.in/cricket-betting/ipl-betting/" "Mozilla/5.0 AppleWebKit/537.36 (KHTML, like Gecko; compatible; GPTBot/1.3; +https://openai.com/gptbot)" 657 **0/657964**
74.7.228.206 - - [14/Mar/2026:09:14:12 -0700] "GET /wp-content/uploads/elementor/css/post-32304.css?ver=1773477492 HTTP/2.0" 200 194 "https://todaysiplmatch.in/cricket-betting/ipl-betting/ipl-betting-in-odisha/" "Mozilla/5.0 (Macintosh; Intel Mac OS X 10_15_7) AppleWebKit/537.36 (KHTML, like Gecko) Chrome/131.0.0.0 Safari/537.36; compatible; OAI-SearchBot/1.3; +https://openai.com/searchbot" 10 **0/10312**
74.7.241.60 - - [14/Mar/2026:09:14:13 -0700] "GET /wp-content/uploads/elementor/css/post-28189.css?ver=1773485079 HTTP/2.0" 200 430 "https://todaysiplmatch.in/lottery-sambad/ipl-lottery-sambad/" "Mozilla/5.0 AppleWebKit/537.36 (KHTML, like Gecko; compatible; GPTBot/1.3; +https://openai.com/gptbot)" 10 **0/10973**
74.7.241.60 - - [14/Mar/2026:09:14:13 -0700] "GET /?p=28189 HTTP/2.0" 301 1 "https://todaysiplmatch.in/lottery-sambad/ipl-lottery-sambad/" "Mozilla/5.0 AppleWebKit/537.36 (KHTML, like Gecko; compatible; GPTBot/1.3; +https://openai.com/gptbot)" 295 **0/295252**
74.7.229.48 - - [14/Mar/2026:09:14:13 -0700] "GET /wp-json/oembed/1.0/embed?format=xml&url=https%3A%2F%2Ftodaysiplmatch.in%2Fcricket-betting%2Fipl-betting%2Fipl-betting-in-odisha%2F HTTP/2.0" 200 1149 "https://todaysiplmatch.in/cricket-betting/ipl-betting/ipl-betting-in-odisha/" "Mozilla/5.0 (Macintosh; Intel Mac OS X 10_15_7) AppleWebKit/537.36 (KHTML, like Gecko) Chrome/131.0.0.0 Safari/537.36; compatible; OAI-SearchBot/1.3; +https://openai.com/searchbot" 296 **0/296760**
74.7.241.60 - - [14/Mar/2026:09:14:14 -0700] "GET /lottery-sambad/ipl-lottery-sambad/ HTTP/2.0" 200 35271 "https://todaysiplmatch.in/?p=28189" "Mozilla/5.0 AppleWebKit/537.36 (KHTML, like Gecko; compatible; GPTBot/1.3; +https://openai.com/gptbot)" 460 **0/460452**
74.7.229.128 - - [14/Mar/2026:09:14:14 -0700] "GET /wp-json/wp/v2/pages/32304 HTTP/2.0" 200 6565 "https://todaysiplmatch.in/cricket-betting/ipl-betting/ipl-betting-in-odisha/" "Mozilla/5.0 (Macintosh; Intel Mac OS X 10_15_7) AppleWebKit/537.36 (KHTML, like Gecko) Chrome/131.0.0.0 Safari/537.36; compatible; OAI-SearchBot/1.3; +https://openai.com/searchbot" 304 **0/304620**
74.7.229.128 - - [14/Mar/2026:09:14:14 -0700] "GET /wp-content/uploads/elementor/css/post-28189.css?ver=1773485079 HTTP/2.0" 200 430 "https://todaysiplmatch.in/lottery-sambad/ipl-lottery-sambad/" "Mozilla/5.0 (Macintosh; Intel Mac OS X 10_15_7) AppleWebKit/537.36 (KHTML, like Gecko) Chrome/131.0.0.0 Safari/537.36; compatible; OAI-SearchBot/1.3; +https://openai.com/searchbot" 14 **0/14892**
74.7.241.60 - - [14/Mar/2026:09:14:14 -0700] "GET /wp-json/wp/v2/pages/28189 HTTP/2.0" 200 8809 "https://todaysiplmatch.in/lottery-sambad/ipl-lottery-sambad/" "Mozilla/5.0 AppleWebKit/537.36 (KHTML, like Gecko; compatible; GPTBot/1.3; +https://openai.com/gptbot)" 358 **0/358545**
74.7.229.128 - - [14/Mar/2026:09:14:15 -0700] "GET /?p=28189 HTTP/2.0" 301 1 "https://todaysiplmatch.in/lottery-sambad/ipl-lottery-sambad/" "Mozilla/5.0 (Macintosh; Intel Mac OS X 10_15_7) AppleWebKit/537.36 (KHTML, like Gecko) Chrome/131.0.0.0 Safari/537.36; compatible; OAI-SearchBot/1.3; +https://openai.com/searchbot" 244 **0/244970**
74.7.241.60 - - [14/Mar/2026:09:14:15 -0700] "GET /wp-json/oembed/1.0/embed?url=https%3A%2F%2Ftodaysiplmatch.in%2Fcricket-betting%2Fipl-betting%2Fipl-betting-in-odisha%2F HTTP/2.0" 200 1142 "https://todaysiplmatch.in/cricket-betting/ipl-betting/ipl-betting-in-odisha/" "Mozilla/5.0 AppleWebKit/537.36 (KHTML, like Gecko; compatible; GPTBot/1.3; +https://openai.com/gptbot)" 313 **0/313415**
74.7.229.128 - - [14/Mar/2026:09:14:15 -0700] "GET /lottery-sambad/ipl-lottery-sambad/ HTTP/2.0" 200 35271 "https://todaysiplmatch.in/?p=28189" "Mozilla/5.0 (Macintosh; Intel Mac OS X 10_15_7) AppleWebKit/537.36 (KHTML, like Gecko) Chrome/131.0.0.0 Safari/537.36; compatible; OAI-SearchBot/1.3; +https://openai.com/searchbot" 525 **0/525731**
74.7.241.60 - - [14/Mar/2026:09:14:16 -0700] "GET /wp-json/oembed/1.0/embed?url=https%3A%2F%2Ftodaysiplmatch.in%2Flottery-sambad%2Fipl-lottery-sambad%2F HTTP/2.0" 200 1120 "https://todaysiplmatch.in/lottery-sambad/ipl-lottery-sambad/" "Mozilla/5.0 AppleWebKit/537.36 (KHTML, like Gecko; compatible; GPTBot/1.3; +https://openai.com/gptbot)" 368 **0/368494**
74.7.241.60 - - [14/Mar/2026:09:14:16 -0700] "GET /wp-json/oembed/1.0/embed?format=xml&url=https%3A%2F%2Ftodaysiplmatch.in%2Flottery-sambad%2Fipl-lottery-sambad%2F HTTP/2.0" 200 1123 "https://todaysiplmatch.in/lottery-sambad/ipl-lottery-sambad/" "Mozilla/5.0 AppleWebKit/537.36 (KHTML, like Gecko; compatible; GPTBot/1.3; +https://openai.com/gptbot)" 314 **0/314188**
74.7.229.9 - - [14/Mar/2026:09:14:17 -0700] "GET /wp-json/wp/v2/pages/28189 HTTP/2.0" 200 8809 "https://todaysiplmatch.in/lottery-sambad/ipl-lottery-sambad/" "Mozilla/5.0 (Macintosh; Intel Mac OS X 10_15_7) AppleWebKit/537.36 (KHTML, like Gecko) Chrome/131.0.0.0 Safari/537.36; compatible; OAI-SearchBot/1.3; +https://openai.com/searchbot" 390 **0/390382**
74.7.229.9 - - [14/Mar/2026:09:14:18 -0700] "GET /lottery-sambad/kerala-lottery-sambad/ HTTP/2.0" 200 31668 "https://todaysiplmatch.in/ipl/most-dangerous-batsman-in-ipl/" "Mozilla/5.0 (Macintosh; Intel Mac OS X 10_15_7) AppleWebKit/537.36 (KHTML, like Gecko) Chrome/131.0.0.0 Safari/537.36; compatible; OAI-SearchBot/1.3; +https://openai.com/searchbot" 568 **0/568069**
74.7.229.48 - - [14/Mar/2026:09:14:19 -0700] "GET /wp-json/oembed/1.0/embed?format=xml&url=https%3A%2F%2Ftodaysiplmatch.in%2Flottery-sambad%2Fipl-lottery-sambad%2F HTTP/2.0" 200 1122 "https://todaysiplmatch.in/lottery-sambad/ipl-lottery-sambad/" "Mozilla/5.0 (Macintosh; Intel Mac OS X 10_15_7) AppleWebKit/537.36 (KHTML, like Gecko) Chrome/131.0.0.0 Safari/537.36; compatible; OAI-SearchBot/1.3; +https://openai.com/searchbot" 317 **0/317830**
74.7.241.60 - - [14/Mar/2026:09:14:20 -0700] "GET /wp-json/oembed/1.0/embed?format=xml&url=https%3A%2F%2Ftodaysiplmatch.in%2Flottery-sambad%2Fkerala-lottery-sambad%2F HTTP/2.0" 200 1214 "https://todaysiplmatch.in/lottery-sambad/kerala-lottery-sambad/" "Mozilla/5.0 AppleWebKit/537.36 (KHTML, like Gecko; compatible; GPTBot/1.3; +https://openai.com/gptbot)" 323 **0/323072**
74.7.241.60 - - [14/Mar/2026:09:14:20 -0700] "GET /wp-content/uploads/elementor/css/post-27576.css?ver=1773503836 HTTP/2.0" 200 301 "https://todaysiplmatch.in/lottery-sambad/kerala-lottery-sambad/" "Mozilla/5.0 AppleWebKit/537.36 (KHTML, like Gecko; compatible; GPTBot/1.3; +https://openai.com/gptbot)" 15 **0/15185**
74.7.241.60 - - [14/Mar/2026:09:14:21 -0700] "GET /?p=27576 HTTP/2.0" 301 1 "https://todaysiplmatch.in/lottery-sambad/kerala-lottery-sambad/" "Mozilla/5.0 AppleWebKit/537.36 (KHTML, like Gecko; compatible; GPTBot/1.3; +https://openai.com/gptbot)" 249 **0/249829**
74.7.243.32 - - [14/Mar/2026:09:14:21 -0700] "GET /cricket-betting/ipl-betting/ipl-betting-in-meghalaya/ HTTP/2.0" 200 32923 "https://todaysiplmatch.in/ipl/most-dangerous-batsman-in-ipl/" "Mozilla/5.0 (Macintosh; Intel Mac OS X 10_15_7) AppleWebKit/537.36 (KHTML, like Gecko) Chrome/131.0.0.0 Safari/537.36; compatible; OAI-SearchBot/1.3; +https://openai.com/searchbot" 554 **0/554215**
74.7.241.60 - - [14/Mar/2026:09:14:21 -0700] "GET /lottery-sambad/kerala-lottery-sambad/ HTTP/2.0" 200 31668 "https://todaysiplmatch.in/?p=27576" "Mozilla/5.0 AppleWebKit/537.36 (KHTML, like Gecko; compatible; GPTBot/1.3; +https://openai.com/gptbot)" 469 **0/469446**
74.7.241.60 - - [14/Mar/2026:09:14:23 -0700] "GET /wp-json/wp/v2/pages/27576 HTTP/2.0" 200 5363 "https://todaysiplmatch.in/lottery-sambad/kerala-lottery-sambad/" "Mozilla/5.0 AppleWebKit/537.36 (KHTML, like Gecko; compatible; GPTBot/1.3; +https://openai.com/gptbot)" 382 **0/382704**
74.7.229.9 - - [14/Mar/2026:09:14:23 -0700] "GET /cricket-betting/ipl-betting/ipl-betting-in-rajasthan/ HTTP/2.0" 200 33130 "https://todaysiplmatch.in/ipl/most-dangerous-batsman-in-ipl/" "Mozilla/5.0 (Macintosh; Intel Mac OS X 10_15_7) AppleWebKit/537.36 (KHTML, like Gecko) Chrome/131.0.0.0 Safari/537.36; compatible; OAI-SearchBot/1.3; +https://openai.com/searchbot" 625 **0/625937**
74.7.241.60 - - [14/Mar/2026:09:14:23 -0700] "GET /wp-json/oembed/1.0/embed?url=https%3A%2F%2Ftodaysiplmatch.in%2Flottery-sambad%2Fkerala-lottery-sambad%2F HTTP/2.0" 200 1203 "https://todaysiplmatch.in/lottery-sambad/kerala-lottery-sambad/" "Mozilla/5.0 AppleWebKit/537.36 (KHTML, like Gecko; compatible; GPTBot/1.3; +https://openai.com/gptbot)" 265 **0/265544**
74.7.229.128 - - [14/Mar/2026:09:14:24 -0700] "GET /wp-content/uploads/elementor/css/post-27576.css?ver=1773503836 HTTP/2.0" 200 301 "https://todaysiplmatch.in/lottery-sambad/kerala-lottery-sambad/" "Mozilla/5.0 (Macintosh; Intel Mac OS X 10_15_7) AppleWebKit/537.36 (KHTML, like Gecko) Chrome/131.0.0.0 Safari/537.36; compatible; OAI-SearchBot/1.3; +https://openai.com/searchbot" 12 **0/12367**
74.7.241.60 - - [14/Mar/2026:09:14:24 -0700] "GET /wp-json/oembed/1.0/embed?url=https%3A%2F%2Ftodaysiplmatch.in%2Fcricket-betting%2Fipl-betting%2Fipl-betting-in-meghalaya%2F HTTP/2.0" 200 1134 "https://todaysiplmatch.in/cricket-betting/ipl-betting/ipl-betting-in-meghalaya/" "Mozilla/5.0 AppleWebKit/537.36 (KHTML, like Gecko; compatible; GPTBot/1.3; +https://openai.com/gptbot)" 259 **0/259068**
74.7.243.32 - - [14/Mar/2026:09:14:24 -0700] "GET /?p=27576 HTTP/2.0" 301 1 "https://todaysiplmatch.in/lottery-sambad/kerala-lottery-sambad/" "Mozilla/5.0 (Macintosh; Intel Mac OS X 10_15_7) AppleWebKit/537.36 (KHTML, like Gecko) Chrome/131.0.0.0 Safari/537.36; compatible; OAI-SearchBot/1.3; +https://openai.com/searchbot" 234 **0/234160**
74.7.241.60 - - [14/Mar/2026:09:14:25 -0700] "GET /?p=32922 HTTP/2.0" 301 1 "https://todaysiplmatch.in/cricket-betting/ipl-betting/ipl-betting-in-meghalaya/" "Mozilla/5.0 AppleWebKit/537.36 (KHTML, like Gecko; compatible; GPTBot/1.3; +https://openai.com/gptbot)" 233 **0/233574**
74.7.243.32 - - [14/Mar/2026:09:14:25 -0700] "GET /lottery-sambad/kerala-lottery-sambad/ HTTP/2.0" 200 31668 "https://todaysiplmatch.in/?p=27576" "Mozilla/5.0 (Macintosh; Intel Mac OS X 10_15_7) AppleWebKit/537.36 (KHTML, like Gecko) Chrome/131.0.0.0 Safari/537.36; compatible; OAI-SearchBot/1.3; +https://openai.com/searchbot" 488 **0/488766**
74.7.241.60 - - [14/Mar/2026:09:14:25 -0700] "GET /cricket-betting/ipl-betting/ipl-betting-in-meghalaya/ HTTP/2.0" 200 32923 "https://todaysiplmatch.in/?p=32922" "Mozilla/5.0 AppleWebKit/537.36 (KHTML, like Gecko; compatible; GPTBot/1.3; +https://openai.com/gptbot)" 513 **0/513201**
74.7.243.32 - - [14/Mar/2026:09:14:26 -0700] "GET /wp-json/oembed/1.0/embed?format=xml&url=https%3A%2F%2Ftodaysiplmatch.in%2Flottery-sambad%2Fkerala-lottery-sambad%2F HTTP/2.0" 200 1213 "https://todaysiplmatch.in/lottery-sambad/kerala-lottery-sambad/" "Mozilla/5.0 (Macintosh; Intel Mac OS X 10_15_7) AppleWebKit/537.36 (KHTML, like Gecko) Chrome/131.0.0.0 Safari/537.36; compatible; OAI-SearchBot/1.3; +https://openai.com/searchbot" 329 **0/329031**
74.7.241.60 - - [14/Mar/2026:09:14:26 -0700] "GET /wp-json/wp/v2/pages/32922 HTTP/2.0" 200 6625 "https://todaysiplmatch.in/cricket-betting/ipl-betting/ipl-betting-in-meghalaya/" "Mozilla/5.0 AppleWebKit/537.36 (KHTML, like Gecko; compatible; GPTBot/1.3; +https://openai.com/gptbot)" 396 **0/396331**
74.7.243.32 - - [14/Mar/2026:09:14:26 -0700] "GET /wp-json/wp/v2/pages/27576 HTTP/2.0" 200 5363 "https://todaysiplmatch.in/lottery-sambad/kerala-lottery-sambad/" "Mozilla/5.0 (Macintosh; Intel Mac OS X 10_15_7) AppleWebKit/537.36 (KHTML, like Gecko) Chrome/131.0.0.0 Safari/537.36; compatible; OAI-SearchBot/1.3; +https://openai.com/searchbot" 388 **0/388656**
74.7.241.60 - - [14/Mar/2026:09:14:27 -0700] "GET /wp-json/oembed/1.0/embed?format=xml&url=https%3A%2F%2Ftodaysiplmatch.in%2Fcricket-betting%2Fipl-betting%2Fipl-betting-in-meghalaya%2F HTTP/2.0" 200 1145 "https://todaysiplmatch.in/cricket-betting/ipl-betting/ipl-betting-in-meghalaya/" "Mozilla/5.0 AppleWebKit/537.36 (KHTML, like Gecko; compatible; GPTBot/1.3; +https://openai.com/gptbot)" 247 **0/247047**
74.7.241.60 - - [14/Mar/2026:09:14:27 -0700] "GET /wp-content/uploads/elementor/css/post-32922.css?ver=1773478948 HTTP/2.0" 200 216 "https://todaysiplmatch.in/cricket-betting/ipl-betting/ipl-betting-in-meghalaya/" "Mozilla/5.0 AppleWebKit/537.36 (KHTML, like Gecko; compatible; GPTBot/1.3; +https://openai.com/gptbot)" 11 **0/11111**
74.7.241.60 - - [14/Mar/2026:09:14:28 -0700] "GET /cricket-betting/ipl-betting/ipl-betting-in-rajasthan/todaysiplmatch.in/cricket-betting/ipl-betting/ HTTP/2.0" 301 1 "https://todaysiplmatch.in/cricket-betting/ipl-betting/ipl-betting-in-rajasthan/" "Mozilla/5.0 AppleWebKit/537.36 (KHTML, like Gecko; compatible; GPTBot/1.3; +https://openai.com/gptbot)" 260 **0/260883**
74.7.229.235 - - [14/Mar/2026:09:14:28 -0700] "GET /wp-json/oembed/1.0/embed?url=https%3A%2F%2Ftodaysiplmatch.in%2Flottery-sambad%2Fkerala-lottery-sambad%2F HTTP/2.0" 200 1203 "https://todaysiplmatch.in/lottery-sambad/kerala-lottery-sambad/" "Mozilla/5.0 (Macintosh; Intel Mac OS X 10_15_7) AppleWebKit/537.36 (KHTML, like Gecko) Chrome/131.0.0.0 Safari/537.36; compatible; OAI-SearchBot/1.3; +https://openai.com/searchbot" 266 **0/266088**
74.7.243.32 - - [14/Mar/2026:09:14:28 -0700] "GET /?p=32922 HTTP/2.0" 301 1 "https://todaysiplmatch.in/cricket-betting/ipl-betting/ipl-betting-in-meghalaya/" "Mozilla/5.0 (Macintosh; Intel Mac OS X 10_15_7) AppleWebKit/537.36 (KHTML, like Gecko) Chrome/131.0.0.0 Safari/537.36; compatible; OAI-SearchBot/1.3; +https://openai.com/searchbot" 221 **0/221205**
74.7.241.60 - - [14/Mar/2026:09:14:28 -0700] "GET /cricket-betting/ipl-betting/ HTTP/2.0" 200 44664 "https://todaysiplmatch.in/cricket-betting/ipl-betting/ipl-betting-in-rajasthan/todaysiplmatch.in/cricket-betting/ipl-betting/" "Mozilla/5.0 AppleWebKit/537.36 (KHTML, like Gecko; compatible; GPTBot/1.3; +https://openai.com/gptbot)" 526 **0/526392**
74.7.241.60 - - [14/Mar/2026:09:14:29 -0700] "GET /wp-json/wp/v2/pages/32282 HTTP/2.0" 200 6778 "https://todaysiplmatch.in/cricket-betting/ipl-betting/ipl-betting-in-rajasthan/" "Mozilla/5.0 AppleWebKit/537.36 (KHTML, like Gecko; compatible; GPTBot/1.3; +https://openai.com/gptbot)" 366 **0/366445**
74.7.243.32 - - [14/Mar/2026:09:14:29 -0700] "GET /cricket-betting/ipl-betting/ipl-betting-in-meghalaya/ HTTP/2.0" 200 32923 "https://todaysiplmatch.in/?p=32922" "Mozilla/5.0 (Macintosh; Intel Mac OS X 10_15_7) AppleWebKit/537.36 (KHTML, like Gecko) Chrome/131.0.0.0 Safari/537.36; compatible; OAI-SearchBot/1.3; +https://openai.com/searchbot" 553 **0/553356**
74.7.243.32 - - [14/Mar/2026:09:14:30 -0700] "GET /wp-json/wp/v2/pages/32922 HTTP/2.0" 200 6625 "https://todaysiplmatch.in/cricket-betting/ipl-betting/ipl-betting-in-meghalaya/" "Mozilla/5.0 (Macintosh; Intel Mac OS X 10_15_7) AppleWebKit/537.36 (KHTML, like Gecko) Chrome/131.0.0.0 Safari/537.36; compatible; OAI-SearchBot/1.3; +https://openai.com/searchbot" 412 **0/412305**
74.7.241.60 - - [14/Mar/2026:09:14:30 -0700] "GET /wp-json/oembed/1.0/embed?url=https%3A%2F%2Ftodaysiplmatch.in%2Fcricket-betting%2Fipl-betting%2Fipl-betting-in-rajasthan%2F HTTP/2.0" 200 1141 "https://todaysiplmatch.in/cricket-betting/ipl-betting/ipl-betting-in-rajasthan/" "Mozilla/5.0 AppleWebKit/537.36 (KHTML, like Gecko; compatible; GPTBot/1.3; +https://openai.com/gptbot)" 329 **0/329125**
74.7.229.235 - - [14/Mar/2026:09:14:30 -0700] "GET /wp-json/oembed/1.0/embed?url=https%3A%2F%2Ftodaysiplmatch.in%2Fcricket-betting%2Fipl-betting%2Fipl-betting-in-meghalaya%2F HTTP/2.0" 200 1133 "https://todaysiplmatch.in/cricket-betting/ipl-betting/ipl-betting-in-meghalaya/" "Mozilla/5.0 (Macintosh; Intel Mac OS X 10_15_7) AppleWebKit/537.36 (KHTML, like Gecko) Chrome/131.0.0.0 Safari/537.36; compatible; OAI-SearchBot/1.3; +https://openai.com/searchbot" 286 **0/286344**
74.7.241.60 - - [14/Mar/2026:09:14:30 -0700] "GET /?p=32282 HTTP/2.0" 301 1 "https://todaysiplmatch.in/cricket-betting/ipl-betting/ipl-betting-in-rajasthan/" "Mozilla/5.0 AppleWebKit/537.36 (KHTML, like Gecko; compatible; GPTBot/1.3; +https://openai.com/gptbot)" 296 **0/296928**
74.7.229.235 - - [14/Mar/2026:09:14:31 -0700] "GET /wp-json/oembed/1.0/embed?format=xml&url=https%3A%2F%2Ftodaysiplmatch.in%2Fcricket-betting%2Fipl-betting%2Fipl-betting-in-meghalaya%2F HTTP/2.0" 200 1146 "https://todaysiplmatch.in/cricket-betting/ipl-betting/ipl-betting-in-meghalaya/" "Mozilla/5.0 (Macintosh; Intel Mac OS X 10_15_7) AppleWebKit/537.36 (KHTML, like Gecko) Chrome/131.0.0.0 Safari/537.36; compatible; OAI-SearchBot/1.3; +https://openai.com/searchbot" 289 **0/289845**
74.7.241.60 - - [14/Mar/2026:09:14:31 -0700] "GET /cricket-betting/ipl-betting/ipl-betting-in-rajasthan/ HTTP/2.0" 200 33130 "https://todaysiplmatch.in/?p=32282" "Mozilla/5.0 AppleWebKit/537.36 (KHTML, like Gecko; compatible; GPTBot/1.3; +https://openai.com/gptbot)" 546 **0/546101**
74.7.241.60 - - [14/Mar/2026:09:14:32 -0700] "GET /wp-json/oembed/1.0/embed?format=xml&url=https%3A%2F%2Ftodaysiplmatch.in%2Fcricket-betting%2Fipl-betting%2Fipl-betting-in-rajasthan%2F HTTP/2.0" 200 1152 "https://todaysiplmatch.in/cricket-betting/ipl-betting/ipl-betting-in-rajasthan/" "Mozilla/5.0 AppleWebKit/537.36 (KHTML, like Gecko; compatible; GPTBot/1.3; +https://openai.com/gptbot)" 301 **0/301020**
74.7.229.3 - - [14/Mar/2026:09:14:32 -0700] "GET /wp-content/uploads/elementor/css/post-32922.css?ver=1773478948 HTTP/2.0" 200 216 "https://todaysiplmatch.in/cricket-betting/ipl-betting/ipl-betting-in-meghalaya/" "Mozilla/5.0 (Macintosh; Intel Mac OS X 10_15_7) AppleWebKit/537.36 (KHTML, like Gecko) Chrome/131.0.0.0 Safari/537.36; compatible; OAI-SearchBot/1.3; +https://openai.com/searchbot" 11 **0/11045**
74.7.241.60 - - [14/Mar/2026:09:14:32 -0700] "GET /wp-content/uploads/elementor/css/post-32282.css?ver=1773504863 HTTP/2.0" 200 194 "https://todaysiplmatch.in/cricket-betting/ipl-betting/ipl-betting-in-rajasthan/" "Mozilla/5.0 AppleWebKit/537.36 (KHTML, like Gecko; compatible; GPTBot/1.3; +https://openai.com/gptbot)" 8 **0/8597**
74.7.229.3 - - [14/Mar/2026:09:14:32 -0700] "GET /wp-json/wp/v2/pages/32282 HTTP/2.0" 200 6778 "https://todaysiplmatch.in/cricket-betting/ipl-betting/ipl-betting-in-rajasthan/" "Mozilla/5.0 (Macintosh; Intel Mac OS X 10_15_7) AppleWebKit/537.36 (KHTML, like Gecko) Chrome/131.0.0.0 Safari/537.36; compatible; OAI-SearchBot/1.3; +https://openai.com/searchbot" 284 **0/284154**
74.7.241.60 - - [14/Mar/2026:09:14:33 -0700] "GET /ipl/ipl-betting-live/ HTTP/2.0" 301 1 "https://todaysiplmatch.in/?p=32282" "Mozilla/5.0 AppleWebKit/537.36 (KHTML, like Gecko; compatible; GPTBot/1.3; +https://openai.com/gptbot)" 191 **0/191437**
74.7.241.60 - - [14/Mar/2026:09:14:33 -0700] "GET /cricket-betting/ipl-betting/ HTTP/2.0" 200 44664 "https://todaysiplmatch.in/ipl/ipl-betting-live/" "Mozilla/5.0 AppleWebKit/537.36 (KHTML, like Gecko; compatible; GPTBot/1.3; +https://openai.com/gptbot)" 501 **0/501170**
74.7.229.128 - - [14/Mar/2026:09:14:34 -0700] "GET /wp-json/oembed/1.0/embed?url=https%3A%2F%2Ftodaysiplmatch.in%2Fcricket-betting%2Fipl-betting%2Fipl-betting-in-rajasthan%2F HTTP/2.0" 200 1140 "https://todaysiplmatch.in/cricket-betting/ipl-betting/ipl-betting-in-rajasthan/" "Mozilla/5.0 (Macintosh; Intel Mac OS X 10_15_7) AppleWebKit/537.36 (KHTML, like Gecko) Chrome/131.0.0.0 Safari/537.36; compatible; OAI-SearchBot/1.3; +https://openai.com/searchbot" 283 **0/283159**
74.7.229.128 - - [14/Mar/2026:09:14:34 -0700] "GET /?p=32282 HTTP/2.0" 301 1 "https://todaysiplmatch.in/cricket-betting/ipl-betting/ipl-betting-in-rajasthan/" "Mozilla/5.0 (Macintosh; Intel Mac OS X 10_15_7) AppleWebKit/537.36 (KHTML, like Gecko) Chrome/131.0.0.0 Safari/537.36; compatible; OAI-SearchBot/1.3; +https://openai.com/searchbot" 207 **0/207429**
74.7.229.128 - - [14/Mar/2026:09:14:35 -0700] "GET /cricket-betting/ipl-betting/ipl-betting-in-rajasthan/ HTTP/2.0" 200 33130 "https://todaysiplmatch.in/?p=32282" "Mozilla/5.0 (Macintosh; Intel Mac OS X 10_15_7) AppleWebKit/537.36 (KHTML, like Gecko) Chrome/131.0.0.0 Safari/537.36; compatible; OAI-SearchBot/1.3; +https://openai.com/searchbot" 481 **0/481968**
74.7.228.206 - - [14/Mar/2026:09:14:36 -0700] "GET /wp-content/uploads/elementor/css/post-32282.css?ver=1773504863 HTTP/2.0" 200 194 "https://todaysiplmatch.in/cricket-betting/ipl-betting/ipl-betting-in-rajasthan/" "Mozilla/5.0 (Macintosh; Intel Mac OS X 10_15_7) AppleWebKit/537.36 (KHTML, like Gecko) Chrome/131.0.0.0 Safari/537.36; compatible; OAI-SearchBot/1.3; +https://openai.com/searchbot" 9 **0/9935**
74.7.242.172 - - [14/Mar/2026:09:14:37 -0700] "GET /cricket-betting/ipl-betting/ipl-betting-in-gujarat/ HTTP/2.0" 200 32852 "https://todaysiplmatch.in/ipl/most-dangerous-batsman-in-ipl/" "Mozilla/5.0 (Macintosh; Intel Mac OS X 10_15_7) AppleWebKit/537.36 (KHTML, like Gecko) Chrome/131.0.0.0 Safari/537.36; compatible; OAI-SearchBot/1.3; +https://openai.com/searchbot" 714 **0/714032**
74.7.229.9 - - [14/Mar/2026:09:14:39 -0700] "GET /cricket-betting/ipl-betting/ipl-betting-in-mizoram/ HTTP/2.0" 200 33424 "https://todaysiplmatch.in/ipl/most-dangerous-batsman-in-ipl/" "Mozilla/5.0 (Macintosh; Intel Mac OS X 10_15_7) AppleWebKit/537.36 (KHTML, like Gecko) Chrome/131.0.0.0 Safari/537.36; compatible; OAI-SearchBot/1.3; +https://openai.com/searchbot" 770 **0/770199**
74.7.241.60 - - [14/Mar/2026:09:14:40 -0700] "GET /wp-json/wp/v2/pages/32293 HTTP/2.0" 200 6541 "https://todaysiplmatch.in/cricket-betting/ipl-betting/ipl-betting-in-gujarat/" "Mozilla/5.0 AppleWebKit/537.36 (KHTML, like Gecko; compatible; GPTBot/1.3; +https://openai.com/gptbot)" 380 **0/380201**
74.7.241.60 - - [14/Mar/2026:09:14:40 -0700] "GET /wp-json/oembed/1.0/embed?format=xml&url=https%3A%2F%2Ftodaysiplmatch.in%2Fcricket-betting%2Fipl-betting%2Fipl-betting-in-gujarat%2F HTTP/2.0" 200 1133 "https://todaysiplmatch.in/cricket-betting/ipl-betting/ipl-betting-in-gujarat/" "Mozilla/5.0 AppleWebKit/537.36 (KHTML, like Gecko; compatible; GPTBot/1.3; +https://openai.com/gptbot)" 269 **0/269952**
74.7.241.60 - - [14/Mar/2026:09:14:41 -0700] "GET /wp-content/uploads/elementor/css/post-32293.css?ver=1773504878 HTTP/2.0" 200 194 "https://todaysiplmatch.in/cricket-betting/ipl-betting/ipl-betting-in-gujarat/" "Mozilla/5.0 AppleWebKit/537.36 (KHTML, like Gecko; compatible; GPTBot/1.3; +https://openai.com/gptbot)" 10 **0/10430**
74.7.229.48 - - [14/Mar/2026:09:14:41 -0700] "GET /cricket-betting/ipl-betting/ipl-betting-in-haryana/ HTTP/2.0" 200 32515 "https://todaysiplmatch.in/ipl/most-dangerous-batsman-in-ipl/" "Mozilla/5.0 (Macintosh; Intel Mac OS X 10_15_7) AppleWebKit/537.36 (KHTML, like Gecko) Chrome/131.0.0.0 Safari/537.36; compatible; OAI-SearchBot/1.3; +https://openai.com/searchbot" 637 **0/637598**
74.7.241.60 - - [14/Mar/2026:09:14:42 -0700] "GET /?p=32293 HTTP/2.0" 301 1 "https://todaysiplmatch.in/cricket-betting/ipl-betting/ipl-betting-in-gujarat/" "Mozilla/5.0 AppleWebKit/537.36 (KHTML, like Gecko; compatible; GPTBot/1.3; +https://openai.com/gptbot)" 286 **0/286799**
74.7.229.9 - - [14/Mar/2026:09:14:42 -0700] "GET /?p=32876 HTTP/2.0" 301 1 "https://todaysiplmatch.in/cricket-betting/ipl-betting/ipl-betting-in-mizoram/" "Mozilla/5.0 (Macintosh; Intel Mac OS X 10_15_7) AppleWebKit/537.36 (KHTML, like Gecko) Chrome/131.0.0.0 Safari/537.36; compatible; OAI-SearchBot/1.3; +https://openai.com/searchbot" 259 **0/259715**
74.7.241.60 - - [14/Mar/2026:09:14:42 -0700] "GET /cricket-betting/ipl-betting/ipl-betting-in-gujarat/ HTTP/2.0" 200 32852 "https://todaysiplmatch.in/?p=32293" "Mozilla/5.0 AppleWebKit/537.36 (KHTML, like Gecko; compatible; GPTBot/1.3; +https://openai.com/gptbot)" 550 **0/550978**
74.7.229.9 - - [14/Mar/2026:09:14:43 -0700] "GET /cricket-betting/ipl-betting/ipl-betting-in-mizoram/ HTTP/2.0" 200 33424 "https://todaysiplmatch.in/?p=32876" "Mozilla/5.0 (Macintosh; Intel Mac OS X 10_15_7) AppleWebKit/537.36 (KHTML, like Gecko) Chrome/131.0.0.0 Safari/537.36; compatible; OAI-SearchBot/1.3; +https://openai.com/searchbot" 602 **0/602840**
74.7.241.60 - - [14/Mar/2026:09:14:43 -0700] "GET /cricket-betting/ipl-betting/ipl-betting-in-gujarat/todaysiplmatch.in/cricket-betting/ipl-betting/ HTTP/2.0" 301 1 "https://todaysiplmatch.in/cricket-betting/ipl-betting/ipl-betting-in-gujarat/" "Mozilla/5.0 AppleWebKit/537.36 (KHTML, like Gecko; compatible; GPTBot/1.3; +https://openai.com/gptbot)" 268 **0/268635**
74.7.241.60 - - [14/Mar/2026:09:14:44 -0700] "GET /cricket-betting/ipl-betting/ HTTP/2.0" 200 44664 "https://todaysiplmatch.in/cricket-betting/ipl-betting/ipl-betting-in-gujarat/todaysiplmatch.in/cricket-betting/ipl-betting/" "Mozilla/5.0 AppleWebKit/537.36 (KHTML, like Gecko; compatible; GPTBot/1.3; +https://openai.com/gptbot)" 659 **0/659090**
74.7.229.235 - - [14/Mar/2026:09:14:44 -0700] "GET /wp-json/wp/v2/pages/32293 HTTP/2.0" 200 6541 "https://todaysiplmatch.in/cricket-betting/ipl-betting/ipl-betting-in-gujarat/" "Mozilla/5.0 (Macintosh; Intel Mac OS X 10_15_7) AppleWebKit/537.36 (KHTML, like Gecko) Chrome/131.0.0.0 Safari/537.36; compatible; OAI-SearchBot/1.3; +https://openai.com/searchbot" 380 **0/380328**
74.7.241.60 - - [14/Mar/2026:09:14:45 -0700] "GET /wp-json/oembed/1.0/embed?url=https%3A%2F%2Ftodaysiplmatch.in%2Fcricket-betting%2Fipl-betting%2Fipl-betting-in-gujarat%2F HTTP/2.0" 200 1122 "https://todaysiplmatch.in/cricket-betting/ipl-betting/ipl-betting-in-gujarat/" "Mozilla/5.0 AppleWebKit/537.36 (KHTML, like Gecko; compatible; GPTBot/1.3; +https://openai.com/gptbot)" 313 **0/313348**
74.7.242.172 - - [14/Mar/2026:09:14:45 -0700] "GET /wp-json/oembed/1.0/embed?format=xml&url=https%3A%2F%2Ftodaysiplmatch.in%2Fcricket-betting%2Fipl-betting%2Fipl-betting-in-gujarat%2F HTTP/2.0" 200 1133 "https://todaysiplmatch.in/cricket-betting/ipl-betting/ipl-betting-in-gujarat/" "Mozilla/5.0 (Macintosh; Intel Mac OS X 10_15_7) AppleWebKit/537.36 (KHTML, like Gecko) Chrome/131.0.0.0 Safari/537.36; compatible; OAI-SearchBot/1.3; +https://openai.com/searchbot" 283 **0/283823**
74.7.241.60 - - [14/Mar/2026:09:14:45 -0700] "GET /wp-json/wp/v2/pages/32876 HTTP/2.0" 200 7096 "https://todaysiplmatch.in/cricket-betting/ipl-betting/ipl-betting-in-mizoram/" "Mozilla/5.0 AppleWebKit/537.36 (KHTML, like Gecko; compatible; GPTBot/1.3; +https://openai.com/gptbot)" 410 **0/410747**
74.7.229.9 - - [14/Mar/2026:09:14:46 -0700] "GET /wp-content/uploads/elementor/css/post-32293.css?ver=1773504878 HTTP/2.0" 200 194 "https://todaysiplmatch.in/cricket-betting/ipl-betting/ipl-betting-in-gujarat/" "Mozilla/5.0 (Macintosh; Intel Mac OS X 10_15_7) AppleWebKit/537.36 (KHTML, like Gecko) Chrome/131.0.0.0 Safari/537.36; compatible; OAI-SearchBot/1.3; +https://openai.com/searchbot" 14 **0/14082**
74.7.241.60 - - [14/Mar/2026:09:14:46 -0700] "GET /wp-json/oembed/1.0/embed?url=https%3A%2F%2Ftodaysiplmatch.in%2Fcricket-betting%2Fipl-betting%2Fipl-betting-in-mizoram%2F HTTP/2.0" 200 1135 "https://todaysiplmatch.in/cricket-betting/ipl-betting/ipl-betting-in-mizoram/" "Mozilla/5.0 AppleWebKit/537.36 (KHTML, like Gecko; compatible; GPTBot/1.3; +https://openai.com/gptbot)" 313 **0/313186**
74.7.242.172 - - [14/Mar/2026:09:14:46 -0700] "GET /?p=32293 HTTP/2.0" 301 1 "https://todaysiplmatch.in/cricket-betting/ipl-betting/ipl-betting-in-gujarat/" "Mozilla/5.0 (Macintosh; Intel Mac OS X 10_15_7) AppleWebKit/537.36 (KHTML, like Gecko) Chrome/131.0.0.0 Safari/537.36; compatible; OAI-SearchBot/1.3; +https://openai.com/searchbot" 270 **0/270470**
74.7.241.60 - - [14/Mar/2026:09:14:47 -0700] "GET /wp-json/oembed/1.0/embed?format=xml&url=https%3A%2F%2Ftodaysiplmatch.in%2Fcricket-betting%2Fipl-betting%2Fipl-betting-in-mizoram%2F HTTP/2.0" 200 1149 "https://todaysiplmatch.in/cricket-betting/ipl-betting/ipl-betting-in-mizoram/" "Mozilla/5.0 AppleWebKit/537.36 (KHTML, like Gecko; compatible; GPTBot/1.3; +https://openai.com/gptbot)" 334 **0/334146**
74.7.241.60 - - [14/Mar/2026:09:14:47 -0700] "GET /wp-content/uploads/elementor/css/post-32876.css?ver=1773504879 HTTP/2.0" 200 215 "https://todaysiplmatch.in/cricket-betting/ipl-betting/ipl-betting-in-mizoram/" "Mozilla/5.0 AppleWebKit/537.36 (KHTML, like Gecko; compatible; GPTBot/1.3; +https://openai.com/gptbot)" 12 **0/12464**
74.7.242.172 - - [14/Mar/2026:09:14:47 -0700] "GET /cricket-betting/ipl-betting/ipl-betting-in-gujarat/ HTTP/2.0" 200 32852 "https://todaysiplmatch.in/?p=32293" "Mozilla/5.0 (Macintosh; Intel Mac OS X 10_15_7) AppleWebKit/537.36 (KHTML, like Gecko) Chrome/131.0.0.0 Safari/537.36; compatible; OAI-SearchBot/1.3; +https://openai.com/searchbot" 563 **0/563956**
2.189.5.142 - - [14/Mar/2026:09:14:47 -0700] "GET / HTTP/1.1" 200 367395 "-" "Mozilla/5.0 (X11; Fedora; Linux x86_64; rv:109.0) Gecko/20100101 Firefox/118.0" 1239 **1/1239022**
74.7.241.60 - - [14/Mar/2026:09:14:48 -0700] "GET /cricket-betting/ipl-betting/ipl-betting-in-haryana/todaysiplmatch.in/cricket-betting/ipl-betting/ HTTP/2.0" 301 1 "https://todaysiplmatch.in/cricket-betting/ipl-betting/ipl-betting-in-haryana/" "Mozilla/5.0 AppleWebKit/537.36 (KHTML, like Gecko; compatible; GPTBot/1.3; +https://openai.com/gptbot)" 323 **0/323788**
74.7.243.32 - - [14/Mar/2026:09:14:49 -0700] "GET /wp-json/oembed/1.0/embed?url=https%3A%2F%2Ftodaysiplmatch.in%2Fcricket-betting%2Fipl-betting%2Fipl-betting-in-gujarat%2F HTTP/2.0" 200 1123 "https://todaysiplmatch.in/cricket-betting/ipl-betting/ipl-betting-in-gujarat/" "Mozilla/5.0 (Macintosh; Intel Mac OS X 10_15_7) AppleWebKit/537.36 (KHTML, like Gecko) Chrome/131.0.0.0 Safari/537.36; compatible; OAI-SearchBot/1.3; +https://openai.com/searchbot" 282 **0/282896**
74.7.241.60 - - [14/Mar/2026:09:14:48 -0700] "GET /cricket-betting/ipl-betting/ HTTP/2.0" 200 44664 "https://todaysiplmatch.in/cricket-betting/ipl-betting/ipl-betting-in-haryana/todaysiplmatch.in/cricket-betting/ipl-betting/" "Mozilla/5.0 AppleWebKit/537.36 (KHTML, like Gecko; compatible; GPTBot/1.3; +https://openai.com/gptbot)" 526 **0/526392**
74.7.241.60 - - [14/Mar/2026:09:14:49 -0700] "GET /?p=33375 HTTP/2.0" 301 1 "https://todaysiplmatch.in/cricket-betting/ipl-betting/ipl-betting-in-haryana/" "Mozilla/5.0 AppleWebKit/537.36 (KHTML, like Gecko; compatible; GPTBot/1.3; +https://openai.com/gptbot)" 243 **0/243865**
74.7.229.9 - - [14/Mar/2026:09:14:49 -0700] "GET /wp-json/wp/v2/pages/32876 HTTP/2.0" 200 7096 "https://todaysiplmatch.in/cricket-betting/ipl-betting/ipl-betting-in-mizoram/" "Mozilla/5.0 (Macintosh; Intel Mac OS X 10_15_7) AppleWebKit/537.36 (KHTML, like Gecko) Chrome/131.0.0.0 Safari/537.36; compatible; OAI-SearchBot/1.3; +https://openai.com/searchbot" 396 **0/396039**
74.7.241.60 - - [14/Mar/2026:09:14:50 -0700] "GET /cricket-betting/ipl-betting/ipl-betting-in-haryana/ HTTP/2.0" 200 32515 "https://todaysiplmatch.in/?p=33375" "Mozilla/5.0 AppleWebKit/537.36 (KHTML, like Gecko; compatible; GPTBot/1.3; +https://openai.com/gptbot)" 525 **0/525081**
74.7.229.235 - - [14/Mar/2026:09:14:51 -0700] "GET /wp-content/uploads/elementor/css/post-33375.css?ver=1773504881 HTTP/2.0" 200 215 "https://todaysiplmatch.in/cricket-betting/ipl-betting/ipl-betting-in-haryana/" "Mozilla/5.0 (Macintosh; Intel Mac OS X 10_15_7) AppleWebKit/537.36 (KHTML, like Gecko) Chrome/131.0.0.0 Safari/537.36; compatible; OAI-SearchBot/1.3; +https://openai.com/searchbot" 10 **0/10054**
74.7.241.60 - - [14/Mar/2026:09:14:51 -0700] "GET /wp-json/oembed/1.0/embed?url=https%3A%2F%2Ftodaysiplmatch.in%2Fcricket-betting%2Fipl-betting%2Fipl-betting-in-haryana%2F HTTP/2.0" 200 1139 "https://todaysiplmatch.in/cricket-betting/ipl-betting/ipl-betting-in-haryana/" "Mozilla/5.0 AppleWebKit/537.36 (KHTML, like Gecko; compatible; GPTBot/1.3; +https://openai.com/gptbot)" 342 **0/342086**
74.7.241.60 - - [14/Mar/2026:09:14:51 -0700] "GET /?p=32876 HTTP/2.0" 301 1 "https://todaysiplmatch.in/cricket-betting/ipl-betting/ipl-betting-in-mizoram/" "Mozilla/5.0 AppleWebKit/537.36 (KHTML, like Gecko; compatible; GPTBot/1.3; +https://openai.com/gptbot)" 230 **0/230829**
74.7.228.206 - - [14/Mar/2026:09:14:52 -0700] "GET /wp-json/oembed/1.0/embed?url=https%3A%2F%2Ftodaysiplmatch.in%2Fcricket-betting%2Fipl-betting%2Fipl-betting-in-mizoram%2F HTTP/2.0" 200 1134 "https://todaysiplmatch.in/cricket-betting/ipl-betting/ipl-betting-in-mizoram/" "Mozilla/5.0 (Macintosh; Intel Mac OS X 10_15_7) AppleWebKit/537.36 (KHTML, like Gecko) Chrome/131.0.0.0 Safari/537.36; compatible; OAI-SearchBot/1.3; +https://openai.com/searchbot" 253 **0/253918**
74.7.241.60 - - [14/Mar/2026:09:14:52 -0700] "GET /cricket-betting/ipl-betting/ipl-betting-in-mizoram/ HTTP/2.0" 200 33424 "https://todaysiplmatch.in/?p=32876" "Mozilla/5.0 AppleWebKit/537.36 (KHTML, like Gecko; compatible; GPTBot/1.3; +https://openai.com/gptbot)" 546 **0/546949**
216.73.216.186 - - [14/Mar/2026:09:14:52 -0700] "GET /?p=27254 HTTP/2.0" 301 1 "-" "Mozilla/5.0 AppleWebKit/537.36 (KHTML, like Gecko; compatible; ClaudeBot/1.0; +claudebot@anthropic.com)" 261 **0/261524**
216.73.216.186 - - [14/Mar/2026:09:14:52 -0700] "GET /?p=27555 HTTP/2.0" 301 1 "-" "Mozilla/5.0 AppleWebKit/537.36 (KHTML, like Gecko; compatible; ClaudeBot/1.0; +claudebot@anthropic.com)" 349 **0/349713**
74.7.241.60 - - [14/Mar/2026:09:14:53 -0700] "GET /wp-json/wp/v2/pages/33375 HTTP/2.0" 200 6210 "https://todaysiplmatch.in/cricket-betting/ipl-betting/ipl-betting-in-haryana/" "Mozilla/5.0 AppleWebKit/537.36 (KHTML, like Gecko; compatible; GPTBot/1.3; +https://openai.com/gptbot)" 351 **0/351713**
74.7.229.3 - - [14/Mar/2026:09:14:53 -0700] "GET /wp-json/oembed/1.0/embed?format=xml&url=https%3A%2F%2Ftodaysiplmatch.in%2Fcricket-betting%2Fipl-betting%2Fipl-betting-in-mizoram%2F HTTP/2.0" 200 1150 "https://todaysiplmatch.in/cricket-betting/ipl-betting/ipl-betting-in-mizoram/" "Mozilla/5.0 (Macintosh; Intel Mac OS X 10_15_7) AppleWebKit/537.36 (KHTML, like Gecko) Chrome/131.0.0.0 Safari/537.36; compatible; OAI-SearchBot/1.3; +https://openai.com/searchbot" 298 **0/298969**
216.73.216.186 - - [14/Mar/2026:09:14:53 -0700] "GET /world-cup/fastest-century-in-t20-world-cup/ HTTP/2.0" 200 36358 "https://todaysiplmatch.in/?p=27254" "Mozilla/5.0 AppleWebKit/537.36 (KHTML, like Gecko; compatible; ClaudeBot/1.0; +claudebot@anthropic.com)" 550 **0/550090**
216.73.216.186 - - [14/Mar/2026:09:14:53 -0700] "GET /world-cup/icc-full-form/ HTTP/2.0" 200 36284 "https://todaysiplmatch.in/?p=27555" "Mozilla/5.0 AppleWebKit/537.36 (KHTML, like Gecko; compatible; ClaudeBot/1.0; +claudebot@anthropic.com)" 626 **0/626044**
74.7.228.206 - - [14/Mar/2026:09:14:53 -0700] "GET /wp-content/uploads/elementor/css/post-32876.css?ver=1773504879 HTTP/2.0" 200 215 "https://todaysiplmatch.in/cricket-betting/ipl-betting/ipl-betting-in-mizoram/" "Mozilla/5.0 (Macintosh; Intel Mac OS X 10_15_7) AppleWebKit/537.36 (KHTML, like Gecko) Chrome/131.0.0.0 Safari/537.36; compatible; OAI-SearchBot/1.3; +https://openai.com/searchbot" 11 **0/11086**
74.7.241.60 - - [14/Mar/2026:09:14:53 -0700] "GET /wp-json/oembed/1.0/embed?format=xml&url=https%3A%2F%2Ftodaysiplmatch.in%2Fcricket-betting%2Fipl-betting%2Fipl-betting-in-haryana%2F HTTP/2.0" 200 1150 "https://todaysiplmatch.in/cricket-betting/ipl-betting/ipl-betting-in-haryana/" "Mozilla/5.0 AppleWebKit/537.36 (KHTML, like Gecko; compatible; GPTBot/1.3; +https://openai.com/gptbot)" 277 **0/277516**
74.7.241.60 - - [14/Mar/2026:09:14:54 -0700] "GET /wp-content/uploads/elementor/css/post-33375.css?ver=1773504881 HTTP/2.0" 200 215 "https://todaysiplmatch.in/cricket-betting/ipl-betting/ipl-betting-in-haryana/" "Mozilla/5.0 AppleWebKit/537.36 (KHTML, like Gecko; compatible; GPTBot/1.3; +https://openai.com/gptbot)" 8 **0/8947**
74.7.242.172 - - [14/Mar/2026:09:14:55 -0700] "GET /?p=33375 HTTP/2.0" 301 1 "https://todaysiplmatch.in/cricket-betting/ipl-betting/ipl-betting-in-haryana/" "Mozilla/5.0 (Macintosh; Intel Mac OS X 10_15_7) AppleWebKit/537.36 (KHTML, like Gecko) Chrome/131.0.0.0 Safari/537.36; compatible; OAI-SearchBot/1.3; +https://openai.com/searchbot" 253 **0/253484**
74.7.242.172 - - [14/Mar/2026:09:14:55 -0700] "GET /cricket-betting/ipl-betting/ipl-betting-in-haryana/ HTTP/2.0" 200 32515 "https://todaysiplmatch.in/?p=33375" "Mozilla/5.0 (Macintosh; Intel Mac OS X 10_15_7) AppleWebKit/537.36 (KHTML, like Gecko) Chrome/131.0.0.0 Safari/537.36; compatible; OAI-SearchBot/1.3; +https://openai.com/searchbot" 455 **0/455647**
74.7.229.48 - - [14/Mar/2026:09:14:57 -0700] "GET /wp-json/oembed/1.0/embed?url=https%3A%2F%2Ftodaysiplmatch.in%2Fcricket-betting%2Fipl-betting%2Fipl-betting-in-haryana%2F HTTP/2.0" 200 1139 "https://todaysiplmatch.in/cricket-betting/ipl-betting/ipl-betting-in-haryana/" "Mozilla/5.0 (Macintosh; Intel Mac OS X 10_15_7) AppleWebKit/537.36 (KHTML, like Gecko) Chrome/131.0.0.0 Safari/537.36; compatible; OAI-SearchBot/1.3; +https://openai.com/searchbot" 286 **0/286548**
74.7.229.9 - - [14/Mar/2026:09:14:58 -0700] "GET /wp-json/oembed/1.0/embed?format=xml&url=https%3A%2F%2Ftodaysiplmatch.in%2Fcricket-betting%2Fipl-betting%2Fipl-betting-in-haryana%2F HTTP/2.0" 200 1151 "https://todaysiplmatch.in/cricket-betting/ipl-betting/ipl-betting-in-haryana/" "Mozilla/5.0 (Macintosh; Intel Mac OS X 10_15_7) AppleWebKit/537.36 (KHTML, like Gecko) Chrome/131.0.0.0 Safari/537.36; compatible; OAI-SearchBot/1.3; +https://openai.com/searchbot" 337 **0/337451**
74.7.228.206 - - [14/Mar/2026:09:14:59 -0700] "GET /cricket-betting/ipl-betting/ipl-betting-in-chhattisgarh/ HTTP/2.0" 200 33909 "https://todaysiplmatch.in/ipl/most-dangerous-batsman-in-ipl/" "Mozilla/5.0 (Macintosh; Intel Mac OS X 10_15_7) AppleWebKit/537.36 (KHTML, like Gecko) Chrome/131.0.0.0 Safari/537.36; compatible; OAI-SearchBot/1.3; +https://openai.com/searchbot" 540 **0/540888**
74.7.229.3 - - [14/Mar/2026:09:15:01 -0700] "GET /wp-json/wp/v2/pages/33375 HTTP/2.0" 200 6210 "https://todaysiplmatch.in/cricket-betting/ipl-betting/ipl-betting-in-haryana/" "Mozilla/5.0 (Macintosh; Intel Mac OS X 10_15_7) AppleWebKit/537.36 (KHTML, like Gecko) Chrome/131.0.0.0 Safari/537.36; compatible; OAI-SearchBot/1.3; +https://openai.com/searchbot" 1077 **1/1077371**
74.7.241.60 - - [14/Mar/2026:09:15:02 -0700] "GET /wp-json/oembed/1.0/embed?format=xml&url=https%3A%2F%2Ftodaysiplmatch.in%2Fcricket-betting%2Fipl-betting%2Fipl-betting-in-chhattisgarh%2F HTTP/2.0" 200 1168 "https://todaysiplmatch.in/cricket-betting/ipl-betting/ipl-betting-in-chhattisgarh/" "Mozilla/5.0 AppleWebKit/537.36 (KHTML, like Gecko; compatible; GPTBot/1.3; +https://openai.com/gptbot)" 875 **0/875605**
74.7.229.3 - - [14/Mar/2026:09:15:02 -0700] "GET /?p=32013 HTTP/2.0" 301 1 "https://todaysiplmatch.in/cricket-betting/ipl-betting/ipl-betting-in-chhattisgarh/" "Mozilla/5.0 (Macintosh; Intel Mac OS X 10_15_7) AppleWebKit/537.36 (KHTML, like Gecko) Chrome/131.0.0.0 Safari/537.36; compatible; OAI-SearchBot/1.3; +https://openai.com/searchbot" 724 **0/724487**
74.7.241.60 - - [14/Mar/2026:09:15:03 -0700] "GET /wp-json/oembed/1.0/embed?url=https%3A%2F%2Ftodaysiplmatch.in%2Fcricket-betting%2Fipl-betting%2Fipl-betting-in-chhattisgarh%2F HTTP/2.0" 200 1157 "https://todaysiplmatch.in/cricket-betting/ipl-betting/ipl-betting-in-chhattisgarh/" "Mozilla/5.0 AppleWebKit/537.36 (KHTML, like Gecko; compatible; GPTBot/1.3; +https://openai.com/gptbot)" 696 **0/696931**
74.7.229.3 - - [14/Mar/2026:09:15:03 -0700] "GET /cricket-betting/ipl-betting/ipl-betting-in-chhattisgarh/ HTTP/2.0" 200 33909 "https://todaysiplmatch.in/?p=32013" "Mozilla/5.0 (Macintosh; Intel Mac OS X 10_15_7) AppleWebKit/537.36 (KHTML, like Gecko) Chrome/131.0.0.0 Safari/537.36; compatible; OAI-SearchBot/1.3; +https://openai.com/searchbot" 1039 **1/1039029**
74.7.241.60 - - [14/Mar/2026:09:15:04 -0700] "GET /wp-json/wp/v2/pages/32013 HTTP/2.0" 200 7567 "https://todaysiplmatch.in/cricket-betting/ipl-betting/ipl-betting-in-chhattisgarh/" "Mozilla/5.0 AppleWebKit/537.36 (KHTML, like Gecko; compatible; GPTBot/1.3; +https://openai.com/gptbot)" 683 **0/683117**
74.7.241.60 - - [14/Mar/2026:09:15:05 -0700] "GET /wp-content/uploads/elementor/css/post-32013.css?ver=1773481402 HTTP/2.0" 200 195 "https://todaysiplmatch.in/cricket-betting/ipl-betting/ipl-betting-in-chhattisgarh/" "Mozilla/5.0 AppleWebKit/537.36 (KHTML, like Gecko; compatible; GPTBot/1.3; +https://openai.com/gptbot)" 16 **0/16374**
