74.7.241.60 - - [14/Mar/2026:09:20:04 -0700] "GET /category/ipl/page/4/ HTTP/2.0" 200 32985 "https://todaysiplmatch.in/category/ipl/page/3/" "Mozilla/5.0 AppleWebKit/537.36 (KHTML, like Gecko; compatible; GPTBot/1.3; +https://openai.com/gptbot)" 1820 **1/1820907**
74.7.241.60 - - [14/Mar/2026:09:20:06 -0700] "GET /category/world-cup/page/3/ HTTP/2.0" 200 30645 "https://todaysiplmatch.in/category/world-cup/" "Mozilla/5.0 AppleWebKit/537.36 (KHTML, like Gecko; compatible; GPTBot/1.3; +https://openai.com/gptbot)" 1094 **1/1094168**
74.7.242.172 - - [14/Mar/2026:09:20:07 -0700] "GET /category/champions-trophy/ HTTP/2.0" 200 29638 "https://todaysiplmatch.in/ipl/most-dangerous-batsman-in-ipl/" "Mozilla/5.0 (Macintosh; Intel Mac OS X 10_15_7) AppleWebKit/537.36 (KHTML, like Gecko) Chrome/131.0.0.0 Safari/537.36; compatible; OAI-SearchBot/1.3; +https://openai.com/searchbot" 925 **0/925121**
66.165.225.34 - - [14/Mar/2026:09:20:07 -0700] "GET / HTTP/2.0" 200 39791 "-" "HetrixTools Uptime Monitoring Bot. https://hetrix.tools/uptime-monitoring-bot.html" 1079 **1/1079809**
74.7.241.60 - - [14/Mar/2026:09:20:07 -0700] "GET /category/world-cup/feed/ HTTP/2.0" 200 30134 "https://todaysiplmatch.in/category/world-cup/" "Mozilla/5.0 AppleWebKit/537.36 (KHTML, like Gecko; compatible; GPTBot/1.3; +https://openai.com/gptbot)" 784 **0/784943**
74.7.228.206 - - [14/Mar/2026:09:20:09 -0700] "GET /ipl/most-dangerous-batsman-in-ipl/feed/ HTTP/2.0" 200 388 "https://todaysiplmatch.in/ipl/most-dangerous-batsman-in-ipl/" "Mozilla/5.0 (Macintosh; Intel Mac OS X 10_15_7) AppleWebKit/537.36 (KHTML, like Gecko) Chrome/131.0.0.0 Safari/537.36; compatible; OAI-SearchBot/1.3; +https://openai.com/searchbot" 389 **0/389766**
74.7.241.60 - - [14/Mar/2026:09:20:09 -0700] "GET /category/world-cup/page/2/ HTTP/2.0" 200 32055 "https://todaysiplmatch.in/category/world-cup/" "Mozilla/5.0 AppleWebKit/537.36 (KHTML, like Gecko; compatible; GPTBot/1.3; +https://openai.com/gptbot)" 942 **0/942899**
74.7.241.60 - - [14/Mar/2026:09:20:10 -0700] "GET /wp-json/wp/v2/categories/8 HTTP/2.0" 200 1382 "https://todaysiplmatch.in/category/world-cup/" "Mozilla/5.0 AppleWebKit/537.36 (KHTML, like Gecko; compatible; GPTBot/1.3; +https://openai.com/gptbot)" 609 **0/609866**
74.7.229.128 - - [14/Mar/2026:09:20:10 -0700] "GET /category/casino/ HTTP/2.0" 200 29572 "https://todaysiplmatch.in/ipl/most-dangerous-batsman-in-ipl/" "Mozilla/5.0 (Macintosh; Intel Mac OS X 10_15_7) AppleWebKit/537.36 (KHTML, like Gecko) Chrome/131.0.0.0 Safari/537.36; compatible; OAI-SearchBot/1.3; +https://openai.com/searchbot" 941 **0/941215**
181.41.142.170 - - [14/Mar/2026:09:20:11 -0700] "GET / HTTP/2.0" 200 39791 "-" "HetrixTools Uptime Monitoring Bot. https://hetrix.tools/uptime-monitoring-bot.html" 1203 **1/1203612**
74.7.241.60 - - [14/Mar/2026:09:20:11 -0700] "GET /category/ipl/page/8/ HTTP/2.0" 200 32260 "https://todaysiplmatch.in/category/ipl/page/9/" "Mozilla/5.0 AppleWebKit/537.36 (KHTML, like Gecko; compatible; GPTBot/1.3; +https://openai.com/gptbot)" 1164 **1/1164205**
74.7.229.128 - - [14/Mar/2026:09:20:12 -0700] "GET /category/world-cup/feed/ HTTP/2.0" 200 30134 "https://todaysiplmatch.in/category/world-cup/" "Mozilla/5.0 (Macintosh; Intel Mac OS X 10_15_7) AppleWebKit/537.36 (KHTML, like Gecko) Chrome/131.0.0.0 Safari/537.36; compatible; OAI-SearchBot/1.3; +https://openai.com/searchbot" 766 **0/766900**
74.7.241.60 - - [14/Mar/2026:09:20:12 -0700] "GET /category/ipl/page/5/ HTTP/2.0" 200 32750 "https://todaysiplmatch.in/category/ipl/page/4/" "Mozilla/5.0 AppleWebKit/537.36 (KHTML, like Gecko; compatible; GPTBot/1.3; +https://openai.com/gptbot)" 992 **0/992884**
74.7.241.60 - - [14/Mar/2026:09:20:13 -0700] "GET /wp-content/uploads/2024/05/Collage_Maker-22-Mar-2023-07-51-PM-4809_1679494980699_1679494986483_1679494986483-1024x576.avif HTTP/2.0" 200 26638 "https://todaysiplmatch.in/category/world-cup/page/3/" "Mozilla/5.0 AppleWebKit/537.36 (KHTML, like Gecko; compatible; GPTBot/1.3; +https://openai.com/gptbot)" 14 **0/14663**
74.7.243.32 - - [14/Mar/2026:09:20:13 -0700] "GET /category/world-cup/page/2/ HTTP/2.0" 200 32055 "https://todaysiplmatch.in/category/world-cup/" "Mozilla/5.0 (Macintosh; Intel Mac OS X 10_15_7) AppleWebKit/537.36 (KHTML, like Gecko) Chrome/131.0.0.0 Safari/537.36; compatible; OAI-SearchBot/1.3; +https://openai.com/searchbot" 943 **0/943894**
74.7.241.60 - - [14/Mar/2026:09:20:14 -0700] "GET /category/champions-trophy/feed/ HTTP/2.0" 200 12045 "https://todaysiplmatch.in/category/champions-trophy/" "Mozilla/5.0 AppleWebKit/537.36 (KHTML, like Gecko; compatible; GPTBot/1.3; +https://openai.com/gptbot)" 468 **0/468895**
74.7.241.60 - - [14/Mar/2026:09:20:15 -0700] "GET /category/casino/feed/ HTTP/2.0" 200 11934 "https://todaysiplmatch.in/category/casino/" "Mozilla/5.0 AppleWebKit/537.36 (KHTML, like Gecko; compatible; GPTBot/1.3; +https://openai.com/gptbot)" 446 **0/446039**
172.241.23.225 - - [14/Mar/2026:09:20:15 -0700] "GET / HTTP/2.0" 200 39791 "-" "HetrixTools Uptime Monitoring Bot. https://hetrix.tools/uptime-monitoring-bot.html" 1049 **1/1049176**
51.89.144.57 - - [14/Mar/2026:09:20:15 -0700] "GET / HTTP/2.0" 200 39791 "-" "HetrixTools Uptime Monitoring Bot. https://hetrix.tools/uptime-monitoring-bot.html" 1005 **1/1005115**
74.7.229.235 - - [14/Mar/2026:09:20:15 -0700] "GET /wp-json/wp/v2/categories/528 HTTP/2.0" 200 1398 "https://todaysiplmatch.in/category/champions-trophy/" "Mozilla/5.0 (Macintosh; Intel Mac OS X 10_15_7) AppleWebKit/537.36 (KHTML, like Gecko) Chrome/131.0.0.0 Safari/537.36; compatible; OAI-SearchBot/1.3; +https://openai.com/searchbot" 620 **0/620814**
74.7.241.60 - - [14/Mar/2026:09:20:17 -0700] "GET /wp-json/wp/v2/categories/528 HTTP/2.0" 200 1398 "https://todaysiplmatch.in/category/champions-trophy/" "Mozilla/5.0 AppleWebKit/537.36 (KHTML, like Gecko; compatible; GPTBot/1.3; +https://openai.com/gptbot)" 421 **0/421420**
74.7.229.48 - - [14/Mar/2026:09:20:17 -0700] "GET /wp-json/wp/v2/categories/401 HTTP/2.0" 200 1373 "https://todaysiplmatch.in/category/casino/" "Mozilla/5.0 (Macintosh; Intel Mac OS X 10_15_7) AppleWebKit/537.36 (KHTML, like Gecko) Chrome/131.0.0.0 Safari/537.36; compatible; OAI-SearchBot/1.3; +https://openai.com/searchbot" 441 **0/441137**
118.139.180.95 - - [14/Mar/2026:09:20:18 -0700] "POST /wp-cron.php?doing_wp_cron=1773505218.5413720607757568359375 HTTP/1.1" 200 - "-" "WordPress/6.9.4; https://todaysiplmatch.in" 24 **0/24805**
74.7.243.32 - - [14/Mar/2026:09:20:18 -0700] "GET /category/champions-trophy/feed/ HTTP/2.0" 200 12045 "https://todaysiplmatch.in/category/champions-trophy/" "Mozilla/5.0 (Macintosh; Intel Mac OS X 10_15_7) AppleWebKit/537.36 (KHTML, like Gecko) Chrome/131.0.0.0 Safari/537.36; compatible; OAI-SearchBot/1.3; +https://openai.com/searchbot" 454 **0/454259**
74.7.229.48 - - [14/Mar/2026:09:20:18 -0700] "GET /category/casino/feed/ HTTP/2.0" 200 11934 "https://todaysiplmatch.in/category/casino/" "Mozilla/5.0 (Macintosh; Intel Mac OS X 10_15_7) AppleWebKit/537.36 (KHTML, like Gecko) Chrome/131.0.0.0 Safari/537.36; compatible; OAI-SearchBot/1.3; +https://openai.com/searchbot" 414 **0/414243**
74.7.241.60 - - [14/Mar/2026:09:20:18 -0700] "GET /category/ipl/page/7/ HTTP/2.0" 200 32355 "https://todaysiplmatch.in/category/ipl/page/8/" "Mozilla/5.0 AppleWebKit/537.36 (KHTML, like Gecko; compatible; GPTBot/1.3; +https://openai.com/gptbot)" 908 **0/908557**
74.7.242.172 - - [14/Mar/2026:09:20:20 -0700] "GET /comments/feed/ HTTP/2.0" 200 1420 "https://todaysiplmatch.in/ipl/most-dangerous-batsman-in-ipl/" "Mozilla/5.0 (Macintosh; Intel Mac OS X 10_15_7) AppleWebKit/537.36 (KHTML, like Gecko) Chrome/131.0.0.0 Safari/537.36; compatible; OAI-SearchBot/1.3; +https://openai.com/searchbot" 428 **0/428330**
74.7.241.60 - - [14/Mar/2026:09:20:19 -0700] "GET /category/ipl/page/6/ HTTP/2.0" 200 32340 "https://todaysiplmatch.in/category/ipl/page/5/" "Mozilla/5.0 AppleWebKit/537.36 (KHTML, like Gecko; compatible; GPTBot/1.3; +https://openai.com/gptbot)" 884 **0/884814**
74.7.242.172 - - [14/Mar/2026:09:20:21 -0700] "GET /wp-json/oembed/1.0/embed?url=https%3A%2F%2Ftodaysiplmatch.in%2Fipl%2Fmost-dangerous-batsman-in-ipl%2F HTTP/2.0" 200 1109 "https://todaysiplmatch.in/ipl/most-dangerous-batsman-in-ipl/" "Mozilla/5.0 (Macintosh; Intel Mac OS X 10_15_7) AppleWebKit/537.36 (KHTML, like Gecko) Chrome/131.0.0.0 Safari/537.36; compatible; OAI-SearchBot/1.3; +https://openai.com/searchbot" 440 **0/440935**
74.7.241.60 - - [14/Mar/2026:09:20:21 -0700] "GET /wp-json/wp/v2/categories/401 HTTP/2.0" 200 1373 "https://todaysiplmatch.in/category/casino/" "Mozilla/5.0 AppleWebKit/537.36 (KHTML, like Gecko; compatible; GPTBot/1.3; +https://openai.com/gptbot)" 367 **0/367954**
74.7.228.206 - - [14/Mar/2026:09:20:22 -0700] "GET /wp-json/wp/v2/posts/25739 HTTP/2.0" 200 8544 "https://todaysiplmatch.in/ipl/most-dangerous-batsman-in-ipl/" "Mozilla/5.0 (Macintosh; Intel Mac OS X 10_15_7) AppleWebKit/537.36 (KHTML, like Gecko) Chrome/131.0.0.0 Safari/537.36; compatible; OAI-SearchBot/1.3; +https://openai.com/searchbot" 456 **0/456570**
74.7.229.128 - - [14/Mar/2026:09:20:23 -0700] "GET /wp-includes/js/wp-emoji-release.min.js?ver=6.9.4 HTTP/2.0" 200 4940 "https://todaysiplmatch.in/ipl/most-dangerous-batsman-in-ipl/" "Mozilla/5.0 (Macintosh; Intel Mac OS X 10_15_7) AppleWebKit/537.36 (KHTML, like Gecko) Chrome/131.0.0.0 Safari/537.36; compatible; OAI-SearchBot/1.3; +https://openai.com/searchbot" 14 **0/14660**
74.7.243.32 - - [14/Mar/2026:09:20:24 -0700] "GET /wp-json/oembed/1.0/embed?format=xml&url=https%3A%2F%2Ftodaysiplmatch.in%2Fipl%2Fmost-dangerous-batsman-in-ipl%2F HTTP/2.0" 200 1126 "https://todaysiplmatch.in/ipl/most-dangerous-batsman-in-ipl/" "Mozilla/5.0 (Macintosh; Intel Mac OS X 10_15_7) AppleWebKit/537.36 (KHTML, like Gecko) Chrome/131.0.0.0 Safari/537.36; compatible; OAI-SearchBot/1.3; +https://openai.com/searchbot" 387 **0/387600**
74.7.228.206 - - [14/Mar/2026:09:20:25 -0700] "GET /wp-content/themes/astra/assets/js/minified/flexibility.min.js?ver=4.12.4 HTTP/2.0" 200 3762 "https://todaysiplmatch.in/ipl/most-dangerous-batsman-in-ipl/" "Mozilla/5.0 (Macintosh; Intel Mac OS X 10_15_7) AppleWebKit/537.36 (KHTML, like Gecko) Chrome/131.0.0.0 Safari/537.36; compatible; OAI-SearchBot/1.3; +https://openai.com/searchbot" 17 **0/17929**
216.73.216.186 - - [14/Mar/2026:09:20:25 -0700] "GET /world-cup/icc-t20-world-cup-match-highlights HTTP/2.0" 301 1 "-" "Mozilla/5.0 AppleWebKit/537.36 (KHTML, like Gecko; compatible; ClaudeBot/1.0; +claudebot@anthropic.com)" 288 **0/288890**
216.73.216.186 - - [14/Mar/2026:09:20:25 -0700] "GET /ipl/highest-powerplay-score-in-ipl/feed HTTP/2.0" 301 1 "-" "Mozilla/5.0 AppleWebKit/537.36 (KHTML, like Gecko; compatible; ClaudeBot/1.0; +claudebot@anthropic.com)" 294 **0/294179**
74.7.228.206 - - [14/Mar/2026:09:20:26 -0700] "GET /wp-content/plugins/easy-table-of-contents/assets/js/front.min.js?ver=2.0.81-1771409217 HTTP/2.0" 200 1535 "https://todaysiplmatch.in/ipl/most-dangerous-batsman-in-ipl/" "Mozilla/5.0 (Macintosh; Intel Mac OS X 10_15_7) AppleWebKit/537.36 (KHTML, like Gecko) Chrome/131.0.0.0 Safari/537.36; compatible; OAI-SearchBot/1.3; +https://openai.com/searchbot" 13 **0/13031**
216.73.216.186 - - [14/Mar/2026:09:20:26 -0700] "GET /ipl/highest-powerplay-score-in-ipl/feed/ HTTP/2.0" 200 404 "https://todaysiplmatch.in/ipl/highest-powerplay-score-in-ipl/feed" "Mozilla/5.0 AppleWebKit/537.36 (KHTML, like Gecko; compatible; ClaudeBot/1.0; +claudebot@anthropic.com)" 317 **0/317303**
216.73.216.186 - - [14/Mar/2026:09:20:26 -0700] "GET /world-cup/icc-t20-world-cup-match-highlights/ HTTP/2.0" 200 38258 "https://todaysiplmatch.in/world-cup/icc-t20-world-cup-match-highlights" "Mozilla/5.0 AppleWebKit/537.36 (KHTML, like Gecko; compatible; ClaudeBot/1.0; +claudebot@anthropic.com)" 773 **0/773666**
74.7.229.9 - - [14/Mar/2026:09:20:27 -0700] "GET /wp-content/themes/astra/assets/js/minified/frontend.min.js?ver=4.12.4 HTTP/2.0" 200 6218 "https://todaysiplmatch.in/ipl/most-dangerous-batsman-in-ipl/" "Mozilla/5.0 (Macintosh; Intel Mac OS X 10_15_7) AppleWebKit/537.36 (KHTML, like Gecko) Chrome/131.0.0.0 Safari/537.36; compatible; OAI-SearchBot/1.3; +https://openai.com/searchbot" 17 **0/17686**
74.7.229.3 - - [14/Mar/2026:09:20:28 -0700] "GET /wp-content/plugins/easy-table-of-contents/assets/js/smooth_scroll.min.js?ver=2.0.81 HTTP/2.0" 200 478 "https://todaysiplmatch.in/ipl/most-dangerous-batsman-in-ipl/" "Mozilla/5.0 (Macintosh; Intel Mac OS X 10_15_7) AppleWebKit/537.36 (KHTML, like Gecko) Chrome/131.0.0.0 Safari/537.36; compatible; OAI-SearchBot/1.3; +https://openai.com/searchbot" 11 **0/11636**
74.7.229.9 - - [14/Mar/2026:09:20:28 -0700] "GET /wp-content/themes/astra/assets/css/minified/main.min.css?ver=4.12.4 HTTP/2.0" 200 8492 "https://todaysiplmatch.in/ipl/most-dangerous-batsman-in-ipl/" "Mozilla/5.0 (Macintosh; Intel Mac OS X 10_15_7) AppleWebKit/537.36 (KHTML, like Gecko) Chrome/131.0.0.0 Safari/537.36; compatible; OAI-SearchBot/1.3; +https://openai.com/searchbot" 15 **0/15562**
74.7.229.128 - - [14/Mar/2026:09:20:29 -0700] "GET /wp-content/plugins/popup-maker/dist/packages/block-library-style.css?ver=dbea705cfafe089d65f1 HTTP/2.0" 200 967 "https://todaysiplmatch.in/ipl/most-dangerous-batsman-in-ipl/" "Mozilla/5.0 (Macintosh; Intel Mac OS X 10_15_7) AppleWebKit/537.36 (KHTML, like Gecko) Chrome/131.0.0.0 Safari/537.36; compatible; OAI-SearchBot/1.3; +https://openai.com/searchbot" 14 **0/14156**
74.7.229.128 - - [14/Mar/2026:09:20:30 -0700] "GET /wp-content/plugins/easy-table-of-contents/assets/css/screen.min.css?ver=2.0.81 HTTP/2.0" 200 1721 "https://todaysiplmatch.in/ipl/most-dangerous-batsman-in-ipl/" "Mozilla/5.0 (Macintosh; Intel Mac OS X 10_15_7) AppleWebKit/537.36 (KHTML, like Gecko) Chrome/131.0.0.0 Safari/537.36; compatible; OAI-SearchBot/1.3; +https://openai.com/searchbot" 17 **0/17881**
74.7.228.206 - - [14/Mar/2026:09:20:30 -0700] "GET /wp-content/plugins/wp-responsive-recent-post-slider/assets/css/recent-post-style.css?ver=3.7.1 HTTP/2.0" 200 1994 "https://todaysiplmatch.in/ipl/most-dangerous-batsman-in-ipl/" "Mozilla/5.0 (Macintosh; Intel Mac OS X 10_15_7) AppleWebKit/537.36 (KHTML, like Gecko) Chrome/131.0.0.0 Safari/537.36; compatible; OAI-SearchBot/1.3; +https://openai.com/searchbot" 13 **0/13026**
216.73.216.186 - - [14/Mar/2026:09:20:30 -0700] "GET /world-cup/icc-cricket-world-cup-fantasy HTTP/2.0" 301 1 "-" "Mozilla/5.0 AppleWebKit/537.36 (KHTML, like Gecko; compatible; ClaudeBot/1.0; +claudebot@anthropic.com)" 315 **0/315508**
216.73.216.186 - - [14/Mar/2026:09:20:30 -0700] "GET /world-cup/fastest-century-in-t20-world-cup/feed HTTP/2.0" 301 1 "-" "Mozilla/5.0 AppleWebKit/537.36 (KHTML, like Gecko; compatible; ClaudeBot/1.0; +claudebot@anthropic.com)" 322 **0/322721**
216.73.216.186 - - [14/Mar/2026:09:20:31 -0700] "GET /world-cup/fastest-century-in-t20-world-cup/feed/ HTTP/2.0" 200 397 "https://todaysiplmatch.in/world-cup/fastest-century-in-t20-world-cup/feed" "Mozilla/5.0 AppleWebKit/537.36 (KHTML, like Gecko; compatible; ClaudeBot/1.0; +claudebot@anthropic.com)" 332 **0/332278**
74.7.229.48 - - [14/Mar/2026:09:20:31 -0700] "GET /wp-content/plugins/wp-responsive-recent-post-slider/assets/css/slick.css?ver=3.7.1 HTTP/2.0" 200 428 "https://todaysiplmatch.in/ipl/most-dangerous-batsman-in-ipl/" "Mozilla/5.0 (Macintosh; Intel Mac OS X 10_15_7) AppleWebKit/537.36 (KHTML, like Gecko) Chrome/131.0.0.0 Safari/537.36; compatible; OAI-SearchBot/1.3; +https://openai.com/searchbot" 11 **0/11224**
216.73.216.186 - - [14/Mar/2026:09:20:31 -0700] "GET /world-cup/icc-cricket-world-cup-fantasy/ HTTP/2.0" 200 36850 "https://todaysiplmatch.in/world-cup/icc-cricket-world-cup-fantasy" "Mozilla/5.0 AppleWebKit/537.36 (KHTML, like Gecko; compatible; ClaudeBot/1.0; +claudebot@anthropic.com)" 725 **0/725618**
47.15.95.60 - - [14/Mar/2026:09:20:35 -0700] "GET /satta-matka/maa-bhagwati-satta-king/ HTTP/2.0" 200 33886 "https://www.google.com/" "Mozilla/5.0 (Linux; Android 10; K) AppleWebKit/537.36 (KHTML, like Gecko) Chrome/145.0.0.0 Mobile Safari/537.36" 656 **0/656237**
47.15.95.60 - - [14/Mar/2026:09:20:36 -0700] "GET /wp-content/themes/astra/assets/css/minified/main.min.css?ver=4.12.4 HTTP/2.0" 200 8492 "https://todaysiplmatch.in/satta-matka/maa-bhagwati-satta-king/" "Mozilla/5.0 (Linux; Android 10; K) AppleWebKit/537.36 (KHTML, like Gecko) Chrome/145.0.0.0 Mobile Safari/537.36" 15 **0/15882**
47.15.95.60 - - [14/Mar/2026:09:20:36 -0700] "GET /wp-content/uploads/elementor/css/post-6.css?ver=1773288565 HTTP/2.0" 200 324 "https://todaysiplmatch.in/satta-matka/maa-bhagwati-satta-king/" "Mozilla/5.0 (Linux; Android 10; K) AppleWebKit/537.36 (KHTML, like Gecko) Chrome/145.0.0.0 Mobile Safari/537.36" 10 **0/10282**
47.15.95.60 - - [14/Mar/2026:09:20:36 -0700] "GET /wp-content/plugins/elementor/assets/css/frontend.min.css?ver=3.35.7 HTTP/2.0" 200 6618 "https://todaysiplmatch.in/satta-matka/maa-bhagwati-satta-king/" "Mozilla/5.0 (Linux; Android 10; K) AppleWebKit/537.36 (KHTML, like Gecko) Chrome/145.0.0.0 Mobile Safari/537.36" 12 **0/12559**
47.15.95.60 - - [14/Mar/2026:09:20:36 -0700] "GET /wp-content/plugins/elementor/assets/lib/font-awesome/css/v4-shims.min.css?ver=3.35.7 HTTP/2.0" 200 3986 "https://todaysiplmatch.in/satta-matka/maa-bhagwati-satta-king/" "Mozilla/5.0 (Linux; Android 10; K) AppleWebKit/537.36 (KHTML, like Gecko) Chrome/145.0.0.0 Mobile Safari/537.36" 13 **0/13313**
47.15.95.60 - - [14/Mar/2026:09:20:36 -0700] "GET /wp-content/uploads/elementor/css/post-36416.css?ver=1773496991 HTTP/2.0" 200 179 "https://todaysiplmatch.in/satta-matka/maa-bhagwati-satta-king/" "Mozilla/5.0 (Linux; Android 10; K) AppleWebKit/537.36 (KHTML, like Gecko) Chrome/145.0.0.0 Mobile Safari/537.36" 15 **0/15533**
47.15.95.60 - - [14/Mar/2026:09:20:36 -0700] "GET /wp-content/themes/astra/assets/js/minified/flexibility.min.js?ver=4.12.4 HTTP/2.0" 200 3762 "https://todaysiplmatch.in/satta-matka/maa-bhagwati-satta-king/" "Mozilla/5.0 (Linux; Android 10; K) AppleWebKit/537.36 (KHTML, like Gecko) Chrome/145.0.0.0 Mobile Safari/537.36" 15 **0/15937**
47.15.95.60 - - [14/Mar/2026:09:20:36 -0700] "GET /wp-content/plugins/elementor/assets/lib/font-awesome/css/all.min.css?ver=3.35.7 HTTP/2.0" 200 12402 "https://todaysiplmatch.in/satta-matka/maa-bhagwati-satta-king/" "Mozilla/5.0 (Linux; Android 10; K) AppleWebKit/537.36 (KHTML, like Gecko) Chrome/145.0.0.0 Mobile Safari/537.36" 17 **0/17060**
47.15.95.60 - - [14/Mar/2026:09:20:36 -0700] "GET /wp-content/plugins/elementor/assets/lib/font-awesome/js/v4-shims.min.js?ver=3.35.7 HTTP/2.0" 200 4043 "https://todaysiplmatch.in/satta-matka/maa-bhagwati-satta-king/" "Mozilla/5.0 (Linux; Android 10; K) AppleWebKit/537.36 (KHTML, like Gecko) Chrome/145.0.0.0 Mobile Safari/537.36" 21 **0/21518**
47.15.95.60 - - [14/Mar/2026:09:20:36 -0700] "GET /wp-content/plugins/jetpack/jetpack_vendor/automattic/jetpack-forms/dist/contact-form/css/jetpack-forms-layout.css?ver=15.6 HTTP/2.0" 200 833 "https://todaysiplmatch.in/satta-matka/maa-bhagwati-satta-king/" "Mozilla/5.0 (Linux; Android 10; K) AppleWebKit/537.36 (KHTML, like Gecko) Chrome/145.0.0.0 Mobile Safari/537.36" 13 **0/13172**
47.15.95.60 - - [14/Mar/2026:09:20:36 -0700] "GET /wp-content/plugins/popup-maker/dist/packages/block-library-style.css?ver=dbea705cfafe089d65f1 HTTP/2.0" 200 967 "https://todaysiplmatch.in/satta-matka/maa-bhagwati-satta-king/" "Mozilla/5.0 (Linux; Android 10; K) AppleWebKit/537.36 (KHTML, like Gecko) Chrome/145.0.0.0 Mobile Safari/537.36" 13 **0/13599**
47.15.95.60 - - [14/Mar/2026:09:20:36 -0700] "GET /wp-content/plugins/elementskit-lite/widgets/init/assets/css/responsive.css?ver=3.8.1 HTTP/2.0" 200 2861 "https://todaysiplmatch.in/satta-matka/maa-bhagwati-satta-king/" "Mozilla/5.0 (Linux; Android 10; K) AppleWebKit/537.36 (KHTML, like Gecko) Chrome/145.0.0.0 Mobile Safari/537.36" 16 **0/16247**
47.15.95.60 - - [14/Mar/2026:09:20:36 -0700] "GET /wp-content/plugins/elementskit-lite/widgets/init/assets/css/widget-styles.css?ver=3.8.1 HTTP/2.0" 200 47723 "https://todaysiplmatch.in/satta-matka/maa-bhagwati-satta-king/" "Mozilla/5.0 (Linux; Android 10; K) AppleWebKit/537.36 (KHTML, like Gecko) Chrome/145.0.0.0 Mobile Safari/537.36" 40 **0/40272**
47.15.95.60 - - [14/Mar/2026:09:20:36 -0700] "GET /wp-content/themes/astra/assets/js/minified/frontend.min.js?ver=4.12.4 HTTP/2.0" 200 6218 "https://todaysiplmatch.in/satta-matka/maa-bhagwati-satta-king/" "Mozilla/5.0 (Linux; Android 10; K) AppleWebKit/537.36 (KHTML, like Gecko) Chrome/145.0.0.0 Mobile Safari/537.36" 13 **0/13412**
47.15.95.60 - - [14/Mar/2026:09:20:36 -0700] "GET /wp-content/plugins/elementskit-lite/modules/elementskit-icon-pack/assets/css/ekiticons.css?ver=3.8.1 HTTP/2.0" 200 9809 "https://todaysiplmatch.in/satta-matka/maa-bhagwati-satta-king/" "Mozilla/5.0 (Linux; Android 10; K) AppleWebKit/537.36 (KHTML, like Gecko) Chrome/145.0.0.0 Mobile Safari/537.36" 20 **0/20675**
47.15.95.60 - - [14/Mar/2026:09:20:36 -0700] "GET /wp-content/plugins/elementor/assets/js/webpack.runtime.min.js?ver=3.35.7 HTTP/2.0" 200 2282 "https://todaysiplmatch.in/satta-matka/maa-bhagwati-satta-king/" "Mozilla/5.0 (Linux; Android 10; K) AppleWebKit/537.36 (KHTML, like Gecko) Chrome/145.0.0.0 Mobile Safari/537.36" 11 **0/11426**
47.15.95.60 - - [14/Mar/2026:09:20:36 -0700] "GET /wp-content/plugins/elementskit-lite/widgets/init/assets/js/widget-scripts.js?ver=3.8.1 HTTP/2.0" 200 16436 "https://todaysiplmatch.in/satta-matka/maa-bhagwati-satta-king/" "Mozilla/5.0 (Linux; Android 10; K) AppleWebKit/537.36 (KHTML, like Gecko) Chrome/145.0.0.0 Mobile Safari/537.36" 16 **0/16642**
47.15.95.60 - - [14/Mar/2026:09:20:37 -0700] "GET /wp-content/plugins/elementor/assets/js/frontend-modules.min.js?ver=3.35.7 HTTP/2.0" 200 15429 "https://todaysiplmatch.in/satta-matka/maa-bhagwati-satta-king/" "Mozilla/5.0 (Linux; Android 10; K) AppleWebKit/537.36 (KHTML, like Gecko) Chrome/145.0.0.0 Mobile Safari/537.36" 24 **0/24184**
47.15.95.60 - - [14/Mar/2026:09:20:37 -0700] "GET /wp-content/plugins/elementor/assets/js/frontend.min.js?ver=3.35.7 HTTP/2.0" 200 10063 "https://todaysiplmatch.in/satta-matka/maa-bhagwati-satta-king/" "Mozilla/5.0 (Linux; Android 10; K) AppleWebKit/537.36 (KHTML, like Gecko) Chrome/145.0.0.0 Mobile Safari/537.36" 19 **0/19782**
47.15.95.60 - - [14/Mar/2026:09:20:37 -0700] "GET /wp-content/plugins/elementskit-lite/widgets/init/assets/js/elementor.js?ver=3.8.1 HTTP/2.0" 200 5750 "https://todaysiplmatch.in/satta-matka/maa-bhagwati-satta-king/" "Mozilla/5.0 (Linux; Android 10; K) AppleWebKit/537.36 (KHTML, like Gecko) Chrome/145.0.0.0 Mobile Safari/537.36" 20 **0/20059**
47.15.95.60 - - [14/Mar/2026:09:20:37 -0700] "GET /wp-content/plugins/elementor/assets/js/text-editor.45609661e409413f1cef.bundle.min.js HTTP/2.0" 200 592 "https://todaysiplmatch.in/satta-matka/maa-bhagwati-satta-king/" "Mozilla/5.0 (Linux; Android 10; K) AppleWebKit/537.36 (KHTML, like Gecko) Chrome/145.0.0.0 Mobile Safari/537.36" 14 **0/14888**
47.15.95.60 - - [14/Mar/2026:09:20:37 -0700] "GET /wp-content/plugins/elementor/assets/js/shared-frontend-handlers.03caa53373b56d3bab67.bundle.min.js HTTP/2.0" 200 2515 "https://todaysiplmatch.in/satta-matka/maa-bhagwati-satta-king/" "Mozilla/5.0 (Linux; Android 10; K) AppleWebKit/537.36 (KHTML, like Gecko) Chrome/145.0.0.0 Mobile Safari/537.36" 15 **0/15802**
47.15.95.60 - - [14/Mar/2026:09:20:37 -0700] "GET /wp-includes/js/wp-emoji-release.min.js?ver=6.9.4 HTTP/2.0" 200 4940 "https://todaysiplmatch.in/satta-matka/maa-bhagwati-satta-king/" "Mozilla/5.0 (Linux; Android 10; K) AppleWebKit/537.36 (KHTML, like Gecko) Chrome/145.0.0.0 Mobile Safari/537.36" 15 **0/15640**
216.73.216.186 - - [14/Mar/2026:09:20:40 -0700] "GET /t20-world-cup-2024/t20-world-cup-highest-runs HTTP/2.0" 301 1 "-" "Mozilla/5.0 AppleWebKit/537.36 (KHTML, like Gecko; compatible; ClaudeBot/1.0; +claudebot@anthropic.com)" 315 **0/315770**
216.73.216.186 - - [14/Mar/2026:09:20:40 -0700] "GET /articles/world-cup/fastest-century-in-t20-world-cup HTTP/2.0" 301 1 "-" "Mozilla/5.0 AppleWebKit/537.36 (KHTML, like Gecko; compatible; ClaudeBot/1.0; +claudebot@anthropic.com)" 317 **0/317436**
216.73.216.186 - - [14/Mar/2026:09:20:41 -0700] "GET /world-cup/t20-world-cup-highest-runs/ HTTP/2.0" 200 36346 "https://todaysiplmatch.in/t20-world-cup-2024/t20-world-cup-highest-runs" "Mozilla/5.0 AppleWebKit/537.36 (KHTML, like Gecko; compatible; ClaudeBot/1.0; +claudebot@anthropic.com)" 630 **0/630734**
216.73.216.186 - - [14/Mar/2026:09:20:41 -0700] "GET /world-cup/fastest-century-in-t20-world-cup/ HTTP/2.0" 200 36358 "https://todaysiplmatch.in/articles/world-cup/fastest-century-in-t20-world-cup" "Mozilla/5.0 AppleWebKit/537.36 (KHTML, like Gecko; compatible; ClaudeBot/1.0; +claudebot@anthropic.com)" 638 **0/638467**
114.119.128.22 - - [14/Mar/2026:09:20:49 -0700] "GET /champions-trophy/icc-mens-champions-trophy HTTP/1.1" 301 - "https://todaysiplmatch.in/champions-trophy/icc-champions-trophy-schedule" "Mozilla/5.0 (Linux; Android 7.0;) AppleWebKit/537.36 (KHTML, like Gecko) Mobile Safari/537.36 (compatible; PetalBot;+https://webmaster.petalsearch.com/site/petalbot)" 359 **0/359730**
216.73.216.186 - - [14/Mar/2026:09:20:52 -0700] "GET /ipl/ipl-betting-odds-and-rates HTTP/2.0" 301 1 "-" "Mozilla/5.0 AppleWebKit/537.36 (KHTML, like Gecko; compatible; ClaudeBot/1.0; +claudebot@anthropic.com)" 270 **0/270241**
216.73.216.186 - - [14/Mar/2026:09:20:52 -0700] "GET /ipl/ipl-betting-scandal/feed HTTP/2.0" 301 1 "-" "Mozilla/5.0 AppleWebKit/537.36 (KHTML, like Gecko; compatible; ClaudeBot/1.0; +claudebot@anthropic.com)" 302 **0/302668**
216.73.216.186 - - [14/Mar/2026:09:20:53 -0700] "GET /ipl/ipl-betting-scandal/feed/ HTTP/2.0" 200 408 "https://todaysiplmatch.in/ipl/ipl-betting-scandal/feed" "Mozilla/5.0 AppleWebKit/537.36 (KHTML, like Gecko; compatible; ClaudeBot/1.0; +claudebot@anthropic.com)" 299 **0/299526**
216.73.216.186 - - [14/Mar/2026:09:20:53 -0700] "GET /ipl/ipl-betting-odds-and-rates/ HTTP/2.0" 200 38726 "https://todaysiplmatch.in/ipl/ipl-betting-odds-and-rates" "Mozilla/5.0 AppleWebKit/537.36 (KHTML, like Gecko; compatible; ClaudeBot/1.0; +claudebot@anthropic.com)" 719 **0/719637**
114.119.128.22 - - [14/Mar/2026:09:20:58 -0700] "GET /champions-trophy/icc-mens-champions-trophy/ HTTP/1.1" 200 43627 "https://todaysiplmatch.in/champions-trophy/icc-champions-trophy-schedule" "Mozilla/5.0 (Linux; Android 7.0;) AppleWebKit/537.36 (KHTML, like Gecko) Mobile Safari/537.36 (compatible; PetalBot;+https://webmaster.petalsearch.com/site/petalbot)" 691 **0/691443**
185.174.110.102 - - [14/Mar/2026:09:21:08 -0700] "GET / HTTP/2.0" 200 39791 "-" "HetrixTools Uptime Monitoring Bot. https://hetrix.tools/uptime-monitoring-bot.html" 915 **0/915018**
172.241.23.225 - - [14/Mar/2026:09:21:08 -0700] "GET / HTTP/2.0" 200 39791 "-" "HetrixTools Uptime Monitoring Bot. https://hetrix.tools/uptime-monitoring-bot.html" 786 **0/786674**
66.165.225.34 - - [14/Mar/2026:09:21:15 -0700] "GET / HTTP/2.0" 200 39791 "-" "HetrixTools Uptime Monitoring Bot. https://hetrix.tools/uptime-monitoring-bot.html" 724 **0/724029**
192.0.91.228 - - [14/Mar/2026:09:21:19 -0700] "HEAD / HTTP/1.1" 200 - "-" "jetmon/1.0 (Jetpack Site Uptime Monitor by WordPress.com)" 324 **0/324976**
181.41.142.138 - - [14/Mar/2026:09:21:23 -0700] "GET / HTTP/2.0" 200 39791 "-" "HetrixTools Uptime Monitoring Bot. https://hetrix.tools/uptime-monitoring-bot.html" 695 **0/695746**
106.221.230.103 - - [14/Mar/2026:09:21:25 -0700] "GET /satta-matka/shri-ganesh-satta-king/ HTTP/2.0" 200 35190 "https://www.google.com/" "Mozilla/5.0 (Linux; Android 10; K) AppleWebKit/537.36 (KHTML, like Gecko) Chrome/145.0.0.0 Mobile Safari/537.36" 549 **0/549186**
106.221.230.103 - - [14/Mar/2026:09:21:26 -0700] "GET /wp-content/plugins/popup-maker/dist/packages/block-library-style.css?ver=dbea705cfafe089d65f1 HTTP/2.0" 200 967 "https://todaysiplmatch.in/satta-matka/shri-ganesh-satta-king/" "Mozilla/5.0 (Linux; Android 10; K) AppleWebKit/537.36 (KHTML, like Gecko) Chrome/145.0.0.0 Mobile Safari/537.36" 11 **0/11933**
106.221.230.103 - - [14/Mar/2026:09:21:26 -0700] "GET /wp-content/plugins/jetpack/jetpack_vendor/automattic/jetpack-forms/dist/contact-form/css/jetpack-forms-layout.css?ver=15.6 HTTP/2.0" 200 833 "https://todaysiplmatch.in/satta-matka/shri-ganesh-satta-king/" "Mozilla/5.0 (Linux; Android 10; K) AppleWebKit/537.36 (KHTML, like Gecko) Chrome/145.0.0.0 Mobile Safari/537.36" 12 **0/12810**
106.221.230.103 - - [14/Mar/2026:09:21:26 -0700] "GET /wp-content/themes/astra/assets/css/minified/main.min.css?ver=4.12.4 HTTP/2.0" 200 8492 "https://todaysiplmatch.in/satta-matka/shri-ganesh-satta-king/" "Mozilla/5.0 (Linux; Android 10; K) AppleWebKit/537.36 (KHTML, like Gecko) Chrome/145.0.0.0 Mobile Safari/537.36" 13 **0/13222**
106.221.230.103 - - [14/Mar/2026:09:21:26 -0700] "GET /wp-content/plugins/wp-responsive-recent-post-slider/assets/css/slick.css?ver=3.7.1 HTTP/2.0" 200 428 "https://todaysiplmatch.in/satta-matka/shri-ganesh-satta-king/" "Mozilla/5.0 (Linux; Android 10; K) AppleWebKit/537.36 (KHTML, like Gecko) Chrome/145.0.0.0 Mobile Safari/537.36" 13 **0/13729**
106.221.230.103 - - [14/Mar/2026:09:21:26 -0700] "GET /wp-content/plugins/wp-responsive-recent-post-slider/assets/css/recent-post-style.css?ver=3.7.1 HTTP/2.0" 200 1994 "https://todaysiplmatch.in/satta-matka/shri-ganesh-satta-king/" "Mozilla/5.0 (Linux; Android 10; K) AppleWebKit/537.36 (KHTML, like Gecko) Chrome/145.0.0.0 Mobile Safari/537.36" 14 **0/14817**
106.221.230.103 - - [14/Mar/2026:09:21:26 -0700] "GET /wp-content/plugins/elementor/assets/css/frontend.min.css?ver=3.35.7 HTTP/2.0" 200 6618 "https://todaysiplmatch.in/satta-matka/shri-ganesh-satta-king/" "Mozilla/5.0 (Linux; Android 10; K) AppleWebKit/537.36 (KHTML, like Gecko) Chrome/145.0.0.0 Mobile Safari/537.36" 16 **0/16518**
106.221.230.103 - - [14/Mar/2026:09:21:26 -0700] "GET /wp-content/uploads/elementor/css/post-35184.css?ver=1773482892 HTTP/2.0" 200 194 "https://todaysiplmatch.in/satta-matka/shri-ganesh-satta-king/" "Mozilla/5.0 (Linux; Android 10; K) AppleWebKit/537.36 (KHTML, like Gecko) Chrome/145.0.0.0 Mobile Safari/537.36" 27 **0/27318**
106.221.230.103 - - [14/Mar/2026:09:21:26 -0700] "GET /wp-content/plugins/elementor/assets/lib/font-awesome/css/v4-shims.min.css?ver=3.35.7 HTTP/2.0" 200 3986 "https://todaysiplmatch.in/satta-matka/shri-ganesh-satta-king/" "Mozilla/5.0 (Linux; Android 10; K) AppleWebKit/537.36 (KHTML, like Gecko) Chrome/145.0.0.0 Mobile Safari/537.36" 27 **0/27925**
106.221.230.103 - - [14/Mar/2026:09:21:26 -0700] "GET /wp-content/plugins/elementor/assets/css/widget-image.min.css?ver=3.35.7 HTTP/2.0" 200 96 "https://todaysiplmatch.in/satta-matka/shri-ganesh-satta-king/" "Mozilla/5.0 (Linux; Android 10; K) AppleWebKit/537.36 (KHTML, like Gecko) Chrome/145.0.0.0 Mobile Safari/537.36" 28 **0/28831**
106.221.230.103 - - [14/Mar/2026:09:21:26 -0700] "GET /wp-content/uploads/elementor/css/post-6.css?ver=1773288565 HTTP/2.0" 200 324 "https://todaysiplmatch.in/satta-matka/shri-ganesh-satta-king/" "Mozilla/5.0 (Linux; Android 10; K) AppleWebKit/537.36 (KHTML, like Gecko) Chrome/145.0.0.0 Mobile Safari/537.36" 31 **0/31015**
106.221.230.103 - - [14/Mar/2026:09:21:26 -0700] "GET /wp-content/plugins/elementor/assets/lib/font-awesome/css/all.min.css?ver=3.35.7 HTTP/2.0" 200 12402 "https://todaysiplmatch.in/satta-matka/shri-ganesh-satta-king/" "Mozilla/5.0 (Linux; Android 10; K) AppleWebKit/537.36 (KHTML, like Gecko) Chrome/145.0.0.0 Mobile Safari/537.36" 31 **0/31496**
106.221.230.103 - - [14/Mar/2026:09:21:26 -0700] "GET /wp-content/uploads/elementor/google-fonts/css/roboto.css?ver=1742270851 HTTP/2.0" 200 1878 "https://todaysiplmatch.in/satta-matka/shri-ganesh-satta-king/" "Mozilla/5.0 (Linux; Android 10; K) AppleWebKit/537.36 (KHTML, like Gecko) Chrome/145.0.0.0 Mobile Safari/537.36" 14 **0/14332**
106.221.230.103 - - [14/Mar/2026:09:21:26 -0700] "GET /wp-content/uploads/elementor/google-fonts/css/robotoslab.css?ver=1742270861 HTTP/2.0" 200 716 "https://todaysiplmatch.in/satta-matka/shri-ganesh-satta-king/" "Mozilla/5.0 (Linux; Android 10; K) AppleWebKit/537.36 (KHTML, like Gecko) Chrome/145.0.0.0 Mobile Safari/537.36" 14 **0/14750**
106.221.230.103 - - [14/Mar/2026:09:21:26 -0700] "GET /wp-content/plugins/elementskit-lite/widgets/init/assets/css/responsive.css?ver=3.8.1 HTTP/2.0" 200 2861 "https://todaysiplmatch.in/satta-matka/shri-ganesh-satta-king/" "Mozilla/5.0 (Linux; Android 10; K) AppleWebKit/537.36 (KHTML, like Gecko) Chrome/145.0.0.0 Mobile Safari/537.36" 15 **0/15465**
106.221.230.103 - - [14/Mar/2026:09:21:26 -0700] "GET /wp-content/themes/astra/assets/js/minified/flexibility.min.js?ver=4.12.4 HTTP/2.0" 200 3762 "https://todaysiplmatch.in/satta-matka/shri-ganesh-satta-king/" "Mozilla/5.0 (Linux; Android 10; K) AppleWebKit/537.36 (KHTML, like Gecko) Chrome/145.0.0.0 Mobile Safari/537.36" 22 **0/22388**
106.221.230.103 - - [14/Mar/2026:09:21:26 -0700] "GET /wp-content/plugins/elementor/assets/lib/font-awesome/js/v4-shims.min.js?ver=3.35.7 HTTP/2.0" 200 4043 "https://todaysiplmatch.in/satta-matka/shri-ganesh-satta-king/" "Mozilla/5.0 (Linux; Android 10; K) AppleWebKit/537.36 (KHTML, like Gecko) Chrome/145.0.0.0 Mobile Safari/537.36" 23 **0/23746**
106.221.230.103 - - [14/Mar/2026:09:21:26 -0700] "GET /wp-content/uploads/2024/12/indilogo.png HTTP/2.0" 200 10827 "https://todaysiplmatch.in/satta-matka/shri-ganesh-satta-king/" "Mozilla/5.0 (Linux; Android 10; K) AppleWebKit/537.36 (KHTML, like Gecko) Chrome/145.0.0.0 Mobile Safari/537.36" 24 **0/24327**
106.221.230.103 - - [14/Mar/2026:09:21:26 -0700] "GET /wp-content/plugins/elementskit-lite/widgets/init/assets/css/widget-styles.css?ver=3.8.1 HTTP/2.0" 200 47723 "https://todaysiplmatch.in/satta-matka/shri-ganesh-satta-king/" "Mozilla/5.0 (Linux; Android 10; K) AppleWebKit/537.36 (KHTML, like Gecko) Chrome/145.0.0.0 Mobile Safari/537.36" 41 **0/41809**
106.221.230.103 - - [14/Mar/2026:09:21:26 -0700] "GET /wp-content/uploads/2024/03/logo.b6da747e.png HTTP/2.0" 200 6285 "https://todaysiplmatch.in/satta-matka/shri-ganesh-satta-king/" "Mozilla/5.0 (Linux; Android 10; K) AppleWebKit/537.36 (KHTML, like Gecko) Chrome/145.0.0.0 Mobile Safari/537.36" 10 **0/10553**
106.221.230.103 - - [14/Mar/2026:09:21:26 -0700] "GET /wp-content/plugins/elementskit-lite/modules/elementskit-icon-pack/assets/css/ekiticons.css?ver=3.8.1 HTTP/2.0" 200 9809 "https://todaysiplmatch.in/satta-matka/shri-ganesh-satta-king/" "Mozilla/5.0 (Linux; Android 10; K) AppleWebKit/537.36 (KHTML, like Gecko) Chrome/145.0.0.0 Mobile Safari/537.36" 18 **0/18028**
106.221.230.103 - - [14/Mar/2026:09:21:26 -0700] "GET /wp-content/themes/astra/assets/js/minified/frontend.min.js?ver=4.12.4 HTTP/2.0" 200 6218 "https://todaysiplmatch.in/satta-matka/shri-ganesh-satta-king/" "Mozilla/5.0 (Linux; Android 10; K) AppleWebKit/537.36 (KHTML, like Gecko) Chrome/145.0.0.0 Mobile Safari/537.36" 11 **0/11961**
106.221.230.103 - - [14/Mar/2026:09:21:26 -0700] "GET /wp-content/plugins/elementskit-lite/widgets/init/assets/js/widget-scripts.js?ver=3.8.1 HTTP/2.0" 200 16436 "https://todaysiplmatch.in/satta-matka/shri-ganesh-satta-king/" "Mozilla/5.0 (Linux; Android 10; K) AppleWebKit/537.36 (KHTML, like Gecko) Chrome/145.0.0.0 Mobile Safari/537.36" 18 **0/18265**
106.221.230.103 - - [14/Mar/2026:09:21:26 -0700] "GET /wp-content/plugins/elementor/assets/js/webpack.runtime.min.js?ver=3.35.7 HTTP/2.0" 200 2282 "https://todaysiplmatch.in/satta-matka/shri-ganesh-satta-king/" "Mozilla/5.0 (Linux; Android 10; K) AppleWebKit/537.36 (KHTML, like Gecko) Chrome/145.0.0.0 Mobile Safari/537.36" 11 **0/11046**
106.221.230.103 - - [14/Mar/2026:09:21:26 -0700] "GET /wp-content/plugins/elementor/assets/js/frontend-modules.min.js?ver=3.35.7 HTTP/2.0" 200 15429 "https://todaysiplmatch.in/satta-matka/shri-ganesh-satta-king/" "Mozilla/5.0 (Linux; Android 10; K) AppleWebKit/537.36 (KHTML, like Gecko) Chrome/145.0.0.0 Mobile Safari/537.36" 14 **0/14738**
106.221.230.103 - - [14/Mar/2026:09:21:27 -0700] "GET /wp-content/plugins/elementor/assets/js/frontend.min.js?ver=3.35.7 HTTP/2.0" 200 10063 "https://todaysiplmatch.in/satta-matka/shri-ganesh-satta-king/" "Mozilla/5.0 (Linux; Android 10; K) AppleWebKit/537.36 (KHTML, like Gecko) Chrome/145.0.0.0 Mobile Safari/537.36" 16 **0/16378**
106.221.230.103 - - [14/Mar/2026:09:21:27 -0700] "GET /wp-content/plugins/elementskit-lite/widgets/init/assets/js/elementor.js?ver=3.8.1 HTTP/2.0" 200 5750 "https://todaysiplmatch.in/satta-matka/shri-ganesh-satta-king/" "Mozilla/5.0 (Linux; Android 10; K) AppleWebKit/537.36 (KHTML, like Gecko) Chrome/145.0.0.0 Mobile Safari/537.36" 12 **0/12952**
106.221.230.103 - - [14/Mar/2026:09:21:28 -0700] "GET /wp-content/uploads/2024/08/Indibet-400-offer-Banner-970x90-1.jpg HTTP/2.0" 200 111945 "https://todaysiplmatch.in/satta-matka/shri-ganesh-satta-king/" "Mozilla/5.0 (Linux; Android 10; K) AppleWebKit/537.36 (KHTML, like Gecko) Chrome/145.0.0.0 Mobile Safari/537.36" 9 **0/9581**
106.221.230.103 - - [14/Mar/2026:09:21:28 -0700] "GET /wp-content/uploads/elementor/google-fonts/fonts/roboto-kfo7cnqeu92fr1me7ksn66agldtyluama3yuba.woff2 HTTP/2.0" 200 40132 "https://todaysiplmatch.in/wp-content/uploads/elementor/google-fonts/css/roboto.css?ver=1742270851" "Mozilla/5.0 (Linux; Android 10; K) AppleWebKit/537.36 (KHTML, like Gecko) Chrome/145.0.0.0 Mobile Safari/537.36" 11 **0/11982**
106.221.230.103 - - [14/Mar/2026:09:21:28 -0700] "GET /wp-content/plugins/elementor/assets/lib/font-awesome/webfonts/fa-solid-900.woff2 HTTP/2.0" 200 78201 "https://todaysiplmatch.in/wp-content/plugins/elementor/assets/lib/font-awesome/css/all.min.css?ver=3.35.7" "Mozilla/5.0 (Linux; Android 10; K) AppleWebKit/537.36 (KHTML, like Gecko) Chrome/145.0.0.0 Mobile Safari/537.36" 13 **0/13713**
106.221.230.103 - - [14/Mar/2026:09:21:28 -0700] "GET /wp-content/plugins/elementor/assets/js/shared-frontend-handlers.03caa53373b56d3bab67.bundle.min.js HTTP/2.0" 200 2515 "https://todaysiplmatch.in/satta-matka/shri-ganesh-satta-king/" "Mozilla/5.0 (Linux; Android 10; K) AppleWebKit/537.36 (KHTML, like Gecko) Chrome/145.0.0.0 Mobile Safari/537.36" 11 **0/11796**
106.221.230.103 - - [14/Mar/2026:09:21:28 -0700] "GET /wp-content/plugins/elementor/assets/js/text-editor.45609661e409413f1cef.bundle.min.js HTTP/2.0" 200 592 "https://todaysiplmatch.in/satta-matka/shri-ganesh-satta-king/" "Mozilla/5.0 (Linux; Android 10; K) AppleWebKit/537.36 (KHTML, like Gecko) Chrome/145.0.0.0 Mobile Safari/537.36" 7 **0/7336**
106.221.230.103 - - [14/Mar/2026:09:21:28 -0700] "GET /wp-includes/js/wp-emoji-release.min.js?ver=6.9.4 HTTP/2.0" 200 4940 "https://todaysiplmatch.in/satta-matka/shri-ganesh-satta-king/" "Mozilla/5.0 (Linux; Android 10; K) AppleWebKit/537.36 (KHTML, like Gecko) Chrome/145.0.0.0 Mobile Safari/537.36" 13 **0/13380**
5.255.231.183 - - [14/Mar/2026:09:21:35 -0700] "GET /satta-matka/delhi-darbar-satta-king/ HTTP/1.1" 200 38969 "-" "Mozilla/5.0 (compatible; YandexBot/3.0; +http://yandex.com/bots)" 568 **0/568813**
216.73.216.186 - - [14/Mar/2026:09:21:49 -0700] "GET /articles/ipl/mi-lowest-score-in-ipl-lowest-score-by-mumbai-indians HTTP/2.0" 301 1 "-" "Mozilla/5.0 AppleWebKit/537.36 (KHTML, like Gecko; compatible; ClaudeBot/1.0; +claudebot@anthropic.com)" 227 **0/227939**
216.73.216.186 - - [14/Mar/2026:09:21:49 -0700] "GET /articles/ipl/mi-ka-baap-kaun-hai-best-player-of-mi HTTP/2.0" 301 1 "-" "Mozilla/5.0 AppleWebKit/537.36 (KHTML, like Gecko; compatible; ClaudeBot/1.0; +claudebot@anthropic.com)" 228 **0/228853**
216.73.216.186 - - [14/Mar/2026:09:21:50 -0700] "GET /articles/ipl/mi-ka-baap-kaun-hai/ HTTP/2.0" 301 1 "https://todaysiplmatch.in/articles/ipl/mi-ka-baap-kaun-hai-best-player-of-mi" "Mozilla/5.0 AppleWebKit/537.36 (KHTML, like Gecko; compatible; ClaudeBot/1.0; +claudebot@anthropic.com)" 241 **0/241206**
216.73.216.186 - - [14/Mar/2026:09:21:50 -0700] "GET /articles/ipl/mi-lowest-score-in-ipl/ HTTP/2.0" 301 1 "https://todaysiplmatch.in/articles/ipl/mi-lowest-score-in-ipl-lowest-score-by-mumbai-indians" "Mozilla/5.0 AppleWebKit/537.36 (KHTML, like Gecko; compatible; ClaudeBot/1.0; +claudebot@anthropic.com)" 255 **0/255903**
216.73.216.186 - - [14/Mar/2026:09:21:50 -0700] "GET /ipl/mi-ka-baap-kaun-hai/ HTTP/2.0" 200 36287 "https://todaysiplmatch.in/articles/ipl/mi-ka-baap-kaun-hai/" "Mozilla/5.0 AppleWebKit/537.36 (KHTML, like Gecko; compatible; ClaudeBot/1.0; +claudebot@anthropic.com)" 625 **0/625761**
216.73.216.186 - - [14/Mar/2026:09:21:50 -0700] "GET /ipl/mi-lowest-score-in-ipl/ HTTP/2.0" 200 38369 "https://todaysiplmatch.in/articles/ipl/mi-lowest-score-in-ipl/" "Mozilla/5.0 AppleWebKit/537.36 (KHTML, like Gecko; compatible; ClaudeBot/1.0; +claudebot@anthropic.com)" 675 **0/675463**
216.73.216.186 - - [14/Mar/2026:09:22:06 -0700] "GET /articles/world-cup/world-cup-india-jersey-official-jersey-of-india-in-t20-world-cup HTTP/2.0" 301 1 "-" "Mozilla/5.0 AppleWebKit/537.36 (KHTML, like Gecko; compatible; ClaudeBot/1.0; +claudebot@anthropic.com)" 254 **0/254239**
216.73.216.186 - - [14/Mar/2026:09:22:06 -0700] "GET /articles/world-cup/most-half-centuries-in-world-cup-most-50s-in-the-history-of-world-cup HTTP/2.0" 301 1 "-" "Mozilla/5.0 AppleWebKit/537.36 (KHTML, like Gecko; compatible; ClaudeBot/1.0; +claudebot@anthropic.com)" 257 **0/257307**
216.73.216.186 - - [14/Mar/2026:09:22:06 -0700] "GET /articles/world-cup/most-half-centuries-in-world-cup/ HTTP/2.0" 301 1 "https://todaysiplmatch.in/articles/world-cup/most-half-centuries-in-world-cup-most-50s-in-the-history-of-world-cup" "Mozilla/5.0 AppleWebKit/537.36 (KHTML, like Gecko; compatible; ClaudeBot/1.0; +claudebot@anthropic.com)" 257 **0/257533**
216.73.216.186 - - [14/Mar/2026:09:22:06 -0700] "GET /articles/world-cup/world-cup-india-jersey/ HTTP/2.0" 301 1 "https://todaysiplmatch.in/articles/world-cup/world-cup-india-jersey-official-jersey-of-india-in-t20-world-cup" "Mozilla/5.0 AppleWebKit/537.36 (KHTML, like Gecko; compatible; ClaudeBot/1.0; +claudebot@anthropic.com)" 266 **0/266677**
216.73.216.186 - - [14/Mar/2026:09:22:07 -0700] "GET /world-cup/world-cup-india-jersey/ HTTP/2.0" 200 36153 "https://todaysiplmatch.in/articles/world-cup/world-cup-india-jersey/" "Mozilla/5.0 AppleWebKit/537.36 (KHTML, like Gecko; compatible; ClaudeBot/1.0; +claudebot@anthropic.com)" 551 **0/551534**
216.73.216.186 - - [14/Mar/2026:09:22:07 -0700] "GET /world-cup/most-half-centuries-in-world-cup/ HTTP/2.0" 200 36569 "https://todaysiplmatch.in/articles/world-cup/most-half-centuries-in-world-cup/" "Mozilla/5.0 AppleWebKit/537.36 (KHTML, like Gecko; compatible; ClaudeBot/1.0; +claudebot@anthropic.com)" 562 **0/562345**
35.154.5.38 - - [14/Mar/2026:09:22:07 -0700] "GET / HTTP/2.0" 200 39791 "-" "HetrixTools Uptime Monitoring Bot. https://hetrix.tools/uptime-monitoring-bot.html" 759 **0/759896**
47.15.95.60 - - [14/Mar/2026:09:22:07 -0700] "GET /satta-matka/maa-bhagwati-satta-king/ HTTP/2.0" 200 33886 "https://www.google.com/" "Mozilla/5.0 (Linux; Android 10; K) AppleWebKit/537.36 (KHTML, like Gecko) Chrome/145.0.0.0 Mobile Safari/537.36" 502 **0/502768**
216.73.216.186 - - [14/Mar/2026:09:22:14 -0700] "GET /?p=27172 HTTP/2.0" 301 1 "-" "Mozilla/5.0 AppleWebKit/537.36 (KHTML, like Gecko; compatible; ClaudeBot/1.0; +claudebot@anthropic.com)" 261 **0/261210**
216.73.216.186 - - [14/Mar/2026:09:22:14 -0700] "GET /world-cup/icc-full-form/feed HTTP/2.0" 301 1 "-" "Mozilla/5.0 AppleWebKit/537.36 (KHTML, like Gecko; compatible; ClaudeBot/1.0; +claudebot@anthropic.com)" 262 **0/262618**
216.73.216.186 - - [14/Mar/2026:09:22:14 -0700] "GET /world-cup/icc-full-form/feed/ HTTP/2.0" 200 385 "https://todaysiplmatch.in/world-cup/icc-full-form/feed" "Mozilla/5.0 AppleWebKit/537.36 (KHTML, like Gecko; compatible; ClaudeBot/1.0; +claudebot@anthropic.com)" 285 **0/285551**
209.222.107.178 - - [14/Mar/2026:09:22:14 -0700] "GET / HTTP/2.0" 200 39791 "-" "HetrixTools Uptime Monitoring Bot. https://hetrix.tools/uptime-monitoring-bot.html" 745 **0/745280**
216.73.216.186 - - [14/Mar/2026:09:22:14 -0700] "GET /world-cup/t20-world-cup-highest-runs/ HTTP/2.0" 200 36346 "https://todaysiplmatch.in/?p=27172" "Mozilla/5.0 AppleWebKit/537.36 (KHTML, like Gecko; compatible; ClaudeBot/1.0; +claudebot@anthropic.com)" 645 **0/645440**
95.108.213.136 - - [14/Mar/2026:09:22:16 -0700] "GET /world-cup/india-vs-australia-world-cup/ HTTP/1.1" 200 41739 "-" "Mozilla/5.0 (compatible; YandexBot/3.0; +http://yandex.com/bots)" 556 **0/556011**
66.165.225.34 - - [14/Mar/2026:09:22:17 -0700] "GET / HTTP/2.0" 200 39791 "-" "HetrixTools Uptime Monitoring Bot. https://hetrix.tools/uptime-monitoring-bot.html" 727 **0/727367**
72.14.199.203 - - [14/Mar/2026:09:22:18 -0700] "GET /satta-matka/maa-bhagwati-satta-king/ HTTP/1.1" 200 33882 "-" "Mediapartners-Google" 516 **0/516997**
66.249.79.202 - - [14/Mar/2026:09:22:23 -0700] "GET /wp-content/plugins/elementor/assets/css/frontend.min.css?ver=3.35.7 HTTP/1.1" 200 6618 "https://todaysiplmatch.in/satta-matka/maa-bhagwati-satta-king/" "Mediapartners-Google" 13 **0/13384**
66.249.79.203 - - [14/Mar/2026:09:22:24 -0700] "GET /wp-content/themes/astra/assets/css/minified/main.min.css?ver=4.12.4 HTTP/1.1" 200 8492 "https://todaysiplmatch.in/satta-matka/maa-bhagwati-satta-king/" "Mediapartners-Google" 15 **0/15085**
66.249.71.197 - - [14/Mar/2026:09:22:25 -0700] "GET /wp-content/plugins/wp-responsive-recent-post-slider/assets/css/slick.css?ver=3.7.1 HTTP/1.1" 200 428 "https://todaysiplmatch.in/satta-matka/maa-bhagwati-satta-king/" "Mediapartners-Google" 8 **0/8543**
185.38.148.144 - - [14/Mar/2026:09:22:25 -0700] "GET / HTTP/2.0" 200 39791 "-" "HetrixTools Uptime Monitoring Bot. https://hetrix.tools/uptime-monitoring-bot.html" 732 **0/732555**
66.249.79.202 - - [14/Mar/2026:09:22:27 -0700] "GET /wp-content/plugins/elementor/assets/lib/font-awesome/css/v4-shims.min.css?ver=3.35.7 HTTP/1.1" 200 3986 "https://todaysiplmatch.in/satta-matka/maa-bhagwati-satta-king/" "Mediapartners-Google" 13 **0/13202**
66.249.71.197 - - [14/Mar/2026:09:22:28 -0700] "GET /wp-content/uploads/elementor/css/post-36416.css?ver=1772928000 HTTP/1.1" 200 179 "https://todaysiplmatch.in/satta-matka/maa-bhagwati-satta-king/" "Mediapartners-Google" 11 **0/11863**
66.249.79.202 - - [14/Mar/2026:09:22:30 -0700] "GET /wp-content/uploads/elementor/css/post-6.css?ver=1772928000 HTTP/1.1" 200 324 "https://todaysiplmatch.in/satta-matka/maa-bhagwati-satta-king/" "Mediapartners-Google" 13 **0/13689**
66.249.71.197 - - [14/Mar/2026:09:22:31 -0700] "GET /wp-content/plugins/elementor/assets/lib/font-awesome/css/all.min.css?ver=3.35.7 HTTP/1.1" 200 12402 "https://todaysiplmatch.in/satta-matka/maa-bhagwati-satta-king/" "Mediapartners-Google" 18 **0/18307**
66.249.79.202 - - [14/Mar/2026:09:22:32 -0700] "GET /wp-content/plugins/elementor/assets/js/webpack.runtime.min.js?ver=3.35.7 HTTP/1.1" 200 2282 "https://todaysiplmatch.in/satta-matka/maa-bhagwati-satta-king/" "Mediapartners-Google" 11 **0/11732**
66.249.71.197 - - [14/Mar/2026:09:22:33 -0700] "GET /wp-content/themes/astra/assets/js/minified/frontend.min.js?ver=4.12.4 HTTP/1.1" 200 6218 "https://todaysiplmatch.in/satta-matka/maa-bhagwati-satta-king/" "Mediapartners-Google" 16 **0/16633**
52.87.161.29 - - [14/Mar/2026:09:22:33 -0700] "GET / HTTP/1.1" 200 46541 "-" "Mozilla/5.0 (Macintosh; Intel Mac OS X 10_15_7) AppleWebKit/537.36 (KHTML, like Gecko) Chrome/100.0.4896.60 Safari/537.36 Edg/100.0.1185.29" 660 **0/660768**
66.249.71.197 - - [14/Mar/2026:09:22:35 -0700] "GET /wp-content/plugins/elementor/assets/js/frontend-modules.min.js?ver=3.35.7 HTTP/1.1" 200 15429 "https://todaysiplmatch.in/satta-matka/maa-bhagwati-satta-king/" "Mediapartners-Google" 14 **0/14584**
66.249.79.202 - - [14/Mar/2026:09:22:36 -0700] "GET /wp-content/plugins/elementor/assets/js/frontend.min.js?ver=3.35.7 HTTP/1.1" 200 10063 "https://todaysiplmatch.in/satta-matka/maa-bhagwati-satta-king/" "Mediapartners-Google" 14 **0/14141**
148.113.25.248 - - [14/Mar/2026:09:23:04 -0700] "GET / HTTP/2.0" 200 39791 "-" "HetrixTools Uptime Monitoring Bot. https://hetrix.tools/uptime-monitoring-bot.html" 700 **0/700992**
94.154.159.133 - - [14/Mar/2026:09:23:05 -0700] "GET / HTTP/2.0" 200 39791 "-" "HetrixTools Uptime Monitoring Bot. https://hetrix.tools/uptime-monitoring-bot.html" 682 **0/682572**
185.38.148.144 - - [14/Mar/2026:09:23:11 -0700] "GET / HTTP/2.0" 200 39791 "-" "HetrixTools Uptime Monitoring Bot. https://hetrix.tools/uptime-monitoring-bot.html" 690 **0/690665**
118.139.180.95 - - [14/Mar/2026:09:23:16 -0700] "POST /wp-cron.php?doing_wp_cron=1773505396.1418919563293457031250 HTTP/1.1" 200 - "-" "WordPress/6.9.4; https://todaysiplmatch.in" 18 **0/18347**
66.165.225.34 - - [14/Mar/2026:09:23:15 -0700] "GET / HTTP/2.0" 200 39791 "-" "HetrixTools Uptime Monitoring Bot. https://hetrix.tools/uptime-monitoring-bot.html" 662 **0/662600**
216.73.216.186 - - [14/Mar/2026:09:23:26 -0700] "GET /ipl/ipl-betting-odds-and-rates/feed HTTP/2.0" 301 1 "-" "Mozilla/5.0 AppleWebKit/537.36 (KHTML, like Gecko; compatible; ClaudeBot/1.0; +claudebot@anthropic.com)" 254 **0/254770**
216.73.216.186 - - [14/Mar/2026:09:23:26 -0700] "GET /ipl/ipl-betting-odds-and-rates/feed/ HTTP/2.0" 200 400 "https://todaysiplmatch.in/ipl/ipl-betting-odds-and-rates/feed" "Mozilla/5.0 AppleWebKit/537.36 (KHTML, like Gecko; compatible; ClaudeBot/1.0; +claudebot@anthropic.com)" 209 **0/209399**
95.108.213.238 - - [14/Mar/2026:09:23:32 -0700] "GET /robots.txt HTTP/1.1" 200 90 "-" "Mozilla/5.0 (compatible; YandexBot/3.0; +http://yandex.com/bots)" 8 **0/8025**
47.15.95.60 - - [14/Mar/2026:09:23:53 -0700] "GET /satta-matka/maa-bhagwati-satta-king/ HTTP/2.0" 200 33886 "https://www.google.com/" "Mozilla/5.0 (Linux; Android 10; K) AppleWebKit/537.36 (KHTML, like Gecko) Chrome/145.0.0.0 Mobile Safari/537.36" 475 **0/475875**
