74.7.241.60 - - [14/Mar/2026:09:18:40 -0700] "GET /?p=37122 HTTP/2.0" 301 1 "https://todaysiplmatch.in/ipl/nicholas-pooran-ipl/" "Mozilla/5.0 AppleWebKit/537.36 (KHTML, like Gecko; compatible; GPTBot/1.3; +https://openai.com/gptbot)" 254 **0/254272**
74.7.229.9 - - [14/Mar/2026:09:18:40 -0700] "GET /wp-content/uploads/elementor/css/post-29920.css?ver=1773498571 HTTP/2.0" 200 179 "https://todaysiplmatch.in/satta-matka/rajdhani-day-chart/" "Mozilla/5.0 (Macintosh; Intel Mac OS X 10_15_7) AppleWebKit/537.36 (KHTML, like Gecko) Chrome/131.0.0.0 Safari/537.36; compatible; OAI-SearchBot/1.3; +https://openai.com/searchbot" 11 **0/11391**
74.7.241.60 - - [14/Mar/2026:09:18:40 -0700] "GET /ipl/nicholas-pooran-ipl/ HTTP/2.0" 200 39325 "https://todaysiplmatch.in/?p=37122" "Mozilla/5.0 AppleWebKit/537.36 (KHTML, like Gecko; compatible; GPTBot/1.3; +https://openai.com/gptbot)" 590 **0/590445**
74.7.229.9 - - [14/Mar/2026:09:18:40 -0700] "GET /satta-matka/rajdhani-night-chart/ HTTP/2.0" 200 30951 "https://todaysiplmatch.in/ipl/most-dangerous-batsman-in-ipl/" "Mozilla/5.0 (Macintosh; Intel Mac OS X 10_15_7) AppleWebKit/537.36 (KHTML, like Gecko) Chrome/131.0.0.0 Safari/537.36; compatible; OAI-SearchBot/1.3; +https://openai.com/searchbot" 515 **0/515297**
74.7.241.60 - - [14/Mar/2026:09:18:41 -0700] "GET /?p=29920 HTTP/2.0" 301 1 "https://todaysiplmatch.in/satta-matka/rajdhani-day-chart/" "Mozilla/5.0 AppleWebKit/537.36 (KHTML, like Gecko; compatible; GPTBot/1.3; +https://openai.com/gptbot)" 233 **0/233175**
74.7.229.9 - - [14/Mar/2026:09:18:41 -0700] "GET /lottery-sambad/raja-lottery/ HTTP/2.0" 200 35611 "https://todaysiplmatch.in/ipl/most-dangerous-batsman-in-ipl/" "Mozilla/5.0 (Macintosh; Intel Mac OS X 10_15_7) AppleWebKit/537.36 (KHTML, like Gecko) Chrome/131.0.0.0 Safari/537.36; compatible; OAI-SearchBot/1.3; +https://openai.com/searchbot" 545 **0/545562**
74.7.241.60 - - [14/Mar/2026:09:18:41 -0700] "GET /satta-matka/rajdhani-day-chart/ HTTP/2.0" 200 31326 "https://todaysiplmatch.in/?p=29920" "Mozilla/5.0 AppleWebKit/537.36 (KHTML, like Gecko; compatible; GPTBot/1.3; +https://openai.com/gptbot)" 504 **0/504038**
74.7.241.60 - - [14/Mar/2026:09:18:42 -0700] "GET /ipl/highest-individual-score-in-ipl/feed/ HTTP/2.0" 200 393 "https://todaysiplmatch.in/articles/ipl/highest-individual-score-in-ipl/" "Mozilla/5.0 AppleWebKit/537.36 (KHTML, like Gecko; compatible; GPTBot/1.3; +https://openai.com/gptbot)" 243 **0/243867**
74.7.229.9 - - [14/Mar/2026:09:18:42 -0700] "GET /top-betting-sites-in-india/uwin/ HTTP/2.0" 200 35586 "https://todaysiplmatch.in/ipl/most-dangerous-batsman-in-ipl/" "Mozilla/5.0 (Macintosh; Intel Mac OS X 10_15_7) AppleWebKit/537.36 (KHTML, like Gecko) Chrome/131.0.0.0 Safari/537.36; compatible; OAI-SearchBot/1.3; +https://openai.com/searchbot" 555 **0/555041**
74.7.241.60 - - [14/Mar/2026:09:18:43 -0700] "GET /?p=30475 HTTP/2.0" 301 1 "https://todaysiplmatch.in/satta-matka/kalyan-panel-chart/" "Mozilla/5.0 AppleWebKit/537.36 (KHTML, like Gecko; compatible; GPTBot/1.3; +https://openai.com/gptbot)" 276 **0/276653**
74.7.243.32 - - [14/Mar/2026:09:18:43 -0700] "GET /?p=29920 HTTP/2.0" 301 1 "https://todaysiplmatch.in/satta-matka/rajdhani-day-chart/" "Mozilla/5.0 (Macintosh; Intel Mac OS X 10_15_7) AppleWebKit/537.36 (KHTML, like Gecko) Chrome/131.0.0.0 Safari/537.36; compatible; OAI-SearchBot/1.3; +https://openai.com/searchbot" 223 **0/223507**
74.7.243.32 - - [14/Mar/2026:09:18:44 -0700] "GET /satta-matka/rajdhani-day-chart/ HTTP/2.0" 200 31326 "https://todaysiplmatch.in/?p=29920" "Mozilla/5.0 (Macintosh; Intel Mac OS X 10_15_7) AppleWebKit/537.36 (KHTML, like Gecko) Chrome/131.0.0.0 Safari/537.36; compatible; OAI-SearchBot/1.3; +https://openai.com/searchbot" 540 **0/540435**
74.7.241.60 - - [14/Mar/2026:09:18:43 -0700] "GET /satta-matka/kalyan-panel-chart/ HTTP/2.0" 200 41606 "https://todaysiplmatch.in/?p=30475" "Mozilla/5.0 AppleWebKit/537.36 (KHTML, like Gecko; compatible; GPTBot/1.3; +https://openai.com/gptbot)" 637 **0/637787**
74.7.241.60 - - [14/Mar/2026:09:18:44 -0700] "GET /?p=26796 HTTP/2.0" 301 1 "https://todaysiplmatch.in/articles/ipl/fastest-centuries-in-ipl/https:/todaysiplmatch.in/articles/ipl/fastest-50-in-ipl/" "Mozilla/5.0 AppleWebKit/537.36 (KHTML, like Gecko; compatible; GPTBot/1.3; +https://openai.com/gptbot)" 271 **0/271515**
74.7.243.32 - - [14/Mar/2026:09:18:45 -0700] "GET /top-betting-sites-in-india/1xbet/ HTTP/2.0" 200 36163 "https://todaysiplmatch.in/ipl/most-dangerous-batsman-in-ipl/" "Mozilla/5.0 (Macintosh; Intel Mac OS X 10_15_7) AppleWebKit/537.36 (KHTML, like Gecko) Chrome/131.0.0.0 Safari/537.36; compatible; OAI-SearchBot/1.3; +https://openai.com/searchbot" 564 **0/564416**
74.7.241.60 - - [14/Mar/2026:09:18:45 -0700] "GET /ipl/fastest-50-in-ipl/ HTTP/2.0" 200 38082 "https://todaysiplmatch.in/?p=26796" "Mozilla/5.0 AppleWebKit/537.36 (KHTML, like Gecko; compatible; GPTBot/1.3; +https://openai.com/gptbot)" 623 **0/623932**
74.7.243.32 - - [14/Mar/2026:09:18:46 -0700] "GET /author/admin/ HTTP/2.0" 301 1 "https://todaysiplmatch.in/ipl/most-dangerous-batsman-in-ipl/" "Mozilla/5.0 (Macintosh; Intel Mac OS X 10_15_7) AppleWebKit/537.36 (KHTML, like Gecko) Chrome/131.0.0.0 Safari/537.36; compatible; OAI-SearchBot/1.3; +https://openai.com/searchbot" 304 **0/304893**
74.7.241.60 - - [14/Mar/2026:09:18:46 -0700] "GET /wp-json/oembed/1.0/embed?url=https%3A%2F%2Ftodaysiplmatch.in%2Fipl%2Fhighest-individual-score-in-ipl%2F HTTP/2.0" 200 1133 "https://todaysiplmatch.in/articles/ipl/highest-individual-score-in-ipl/" "Mozilla/5.0 AppleWebKit/537.36 (KHTML, like Gecko; compatible; GPTBot/1.3; +https://openai.com/gptbot)" 270 **0/270729**
74.7.241.60 - - [14/Mar/2026:09:18:46 -0700] "GET /wp-json/wp/v2/pages/29920 HTTP/2.0" 200 5069 "https://todaysiplmatch.in/satta-matka/rajdhani-day-chart/" "Mozilla/5.0 AppleWebKit/537.36 (KHTML, like Gecko; compatible; GPTBot/1.3; +https://openai.com/gptbot)" 420 **0/420650**
74.7.243.32 - - [14/Mar/2026:09:18:46 -0700] "GET / HTTP/2.0" 200 39791 "https://todaysiplmatch.in/author/admin/" "Mozilla/5.0 (Macintosh; Intel Mac OS X 10_15_7) AppleWebKit/537.36 (KHTML, like Gecko) Chrome/131.0.0.0 Safari/537.36; compatible; OAI-SearchBot/1.3; +https://openai.com/searchbot" 703 **0/703017**
74.7.241.60 - - [14/Mar/2026:09:18:47 -0700] "GET /wp-json/wp/v2/posts/25692 HTTP/2.0" 200 6617 "https://todaysiplmatch.in/articles/ipl/highest-individual-score-in-ipl/" "Mozilla/5.0 AppleWebKit/537.36 (KHTML, like Gecko; compatible; GPTBot/1.3; +https://openai.com/gptbot)" 309 **0/309405**
74.7.241.60 - - [14/Mar/2026:09:18:48 -0700] "GET /wp-json/oembed/1.0/embed?url=https%3A%2F%2Ftodaysiplmatch.in%2Fsatta-matka%2Frajdhani-day-chart%2F HTTP/2.0" 200 1126 "https://todaysiplmatch.in/satta-matka/rajdhani-day-chart/" "Mozilla/5.0 AppleWebKit/537.36 (KHTML, like Gecko; compatible; GPTBot/1.3; +https://openai.com/gptbot)" 274 **0/274535**
74.7.228.206 - - [14/Mar/2026:09:18:48 -0700] "GET /articles/ipl/unsuccessful-team-in-ipl/ HTTP/2.0" 301 1 "https://todaysiplmatch.in/ipl/most-dangerous-batsman-in-ipl/" "Mozilla/5.0 (Macintosh; Intel Mac OS X 10_15_7) AppleWebKit/537.36 (KHTML, like Gecko) Chrome/131.0.0.0 Safari/537.36; compatible; OAI-SearchBot/1.3; +https://openai.com/searchbot" 264 **0/264964**
74.7.241.60 - - [14/Mar/2026:09:18:48 -0700] "GET /wp-json/oembed/1.0/embed?url=https%3A%2F%2Ftodaysiplmatch.in%2Fsatta-matka%2Fkalyan-panel-chart%2F HTTP/2.0" 200 1130 "https://todaysiplmatch.in/satta-matka/kalyan-panel-chart/" "Mozilla/5.0 AppleWebKit/537.36 (KHTML, like Gecko; compatible; GPTBot/1.3; +https://openai.com/gptbot)" 322 **0/322852**
74.7.228.206 - - [14/Mar/2026:09:18:48 -0700] "GET /ipl/unsuccessful-team-in-ipl/ HTTP/2.0" 200 36943 "https://todaysiplmatch.in/articles/ipl/unsuccessful-team-in-ipl/" "Mozilla/5.0 (Macintosh; Intel Mac OS X 10_15_7) AppleWebKit/537.36 (KHTML, like Gecko) Chrome/131.0.0.0 Safari/537.36; compatible; OAI-SearchBot/1.3; +https://openai.com/searchbot" 645 **0/645412**
74.7.241.60 - - [14/Mar/2026:09:18:49 -0700] "GET /wp-json/oembed/1.0/embed?format=xml&url=https%3A%2F%2Ftodaysiplmatch.in%2Fsatta-matka%2Fkalyan-panel-chart%2F HTTP/2.0" 200 1147 "https://todaysiplmatch.in/satta-matka/kalyan-panel-chart/" "Mozilla/5.0 AppleWebKit/537.36 (KHTML, like Gecko; compatible; GPTBot/1.3; +https://openai.com/gptbot)" 302 **0/302696**
74.7.241.60 - - [14/Mar/2026:09:18:49 -0700] "GET /wp-json/oembed/1.0/embed?format=xml&url=https%3A%2F%2Ftodaysiplmatch.in%2Fipl%2Fhighest-individual-score-in-ipl%2F HTTP/2.0" 200 1149 "https://todaysiplmatch.in/articles/ipl/highest-individual-score-in-ipl/" "Mozilla/5.0 AppleWebKit/537.36 (KHTML, like Gecko; compatible; GPTBot/1.3; +https://openai.com/gptbot)" 297 **0/297381**
74.7.241.60 - - [14/Mar/2026:09:18:50 -0700] "GET /wp-content/uploads/elementor/css/post-29920.css?ver=1773498571 HTTP/2.0" 200 179 "https://todaysiplmatch.in/satta-matka/rajdhani-day-chart/" "Mozilla/5.0 AppleWebKit/537.36 (KHTML, like Gecko; compatible; GPTBot/1.3; +https://openai.com/gptbot)" 10 **0/10018**
74.7.229.235 - - [14/Mar/2026:09:18:50 -0700] "GET /wp-json/wp/v2/pages/29920 HTTP/2.0" 200 5069 "https://todaysiplmatch.in/satta-matka/rajdhani-day-chart/" "Mozilla/5.0 (Macintosh; Intel Mac OS X 10_15_7) AppleWebKit/537.36 (KHTML, like Gecko) Chrome/131.0.0.0 Safari/537.36; compatible; OAI-SearchBot/1.3; +https://openai.com/searchbot" 352 **0/352064**
74.7.241.60 - - [14/Mar/2026:09:18:51 -0700] "GET /?p=31070 HTTP/2.0" 301 1 "https://todaysiplmatch.in/lottery-sambad/raja-lottery/" "Mozilla/5.0 AppleWebKit/537.36 (KHTML, like Gecko; compatible; GPTBot/1.3; +https://openai.com/gptbot)" 271 **0/271621**
74.7.229.235 - - [14/Mar/2026:09:18:51 -0700] "GET /wp-json/oembed/1.0/embed?url=https%3A%2F%2Ftodaysiplmatch.in%2Fsatta-matka%2Frajdhani-day-chart%2F HTTP/2.0" 200 1128 "https://todaysiplmatch.in/satta-matka/rajdhani-day-chart/" "Mozilla/5.0 (Macintosh; Intel Mac OS X 10_15_7) AppleWebKit/537.36 (KHTML, like Gecko) Chrome/131.0.0.0 Safari/537.36; compatible; OAI-SearchBot/1.3; +https://openai.com/searchbot" 318 **0/318791**
74.7.241.60 - - [14/Mar/2026:09:18:51 -0700] "GET /lottery-sambad/raja-lottery/ HTTP/2.0" 200 35611 "https://todaysiplmatch.in/?p=31070" "Mozilla/5.0 AppleWebKit/537.36 (KHTML, like Gecko; compatible; GPTBot/1.3; +https://openai.com/gptbot)" 601 **0/601637**
216.73.216.186 - - [14/Mar/2026:09:18:52 -0700] "GET /ipl/ipl-betting-apps HTTP/2.0" 301 1 "-" "Mozilla/5.0 AppleWebKit/537.36 (KHTML, like Gecko; compatible; ClaudeBot/1.0; +claudebot@anthropic.com)" 200 **0/200514**
74.7.241.60 - - [14/Mar/2026:09:18:52 -0700] "GET /wp-json/wp/v2/pages/31070 HTTP/2.0" 200 9374 "https://todaysiplmatch.in/lottery-sambad/raja-lottery/" "Mozilla/5.0 AppleWebKit/537.36 (KHTML, like Gecko; compatible; GPTBot/1.3; +https://openai.com/gptbot)" 438 **0/438927**
216.73.216.186 - - [14/Mar/2026:09:18:52 -0700] "GET /world-cup/t20-cricket-betting-strategy HTTP/2.0" 301 1 "-" "Mozilla/5.0 AppleWebKit/537.36 (KHTML, like Gecko; compatible; ClaudeBot/1.0; +claudebot@anthropic.com)" 261 **0/261909**
74.7.229.3 - - [14/Mar/2026:09:18:52 -0700] "GET /top-betting-sites-in-india/lotus365/ HTTP/2.0" 200 36552 "https://todaysiplmatch.in/ipl/most-dangerous-batsman-in-ipl/" "Mozilla/5.0 (Macintosh; Intel Mac OS X 10_15_7) AppleWebKit/537.36 (KHTML, like Gecko) Chrome/131.0.0.0 Safari/537.36; compatible; OAI-SearchBot/1.3; +https://openai.com/searchbot" 578 **0/578098**
74.7.241.60 - - [14/Mar/2026:09:18:53 -0700] "GET /wp-json/oembed/1.0/embed?url=https%3A%2F%2Ftodaysiplmatch.in%2Flottery-sambad%2Fraja-lottery%2F HTTP/2.0" 200 1117 "https://todaysiplmatch.in/lottery-sambad/raja-lottery/" "Mozilla/5.0 AppleWebKit/537.36 (KHTML, like Gecko; compatible; GPTBot/1.3; +https://openai.com/gptbot)" 288 **0/288547**
216.73.216.186 - - [14/Mar/2026:09:18:53 -0700] "GET /cricket-betting/ipl-betting/ HTTP/2.0" 403 44664 "https://todaysiplmatch.in/ipl/ipl-betting-apps" "Mozilla/5.0 AppleWebKit/537.36 (KHTML, like Gecko; compatible; ClaudeBot/1.0; +claudebot@anthropic.com)" 577 **0/577567**
216.73.216.186 - - [14/Mar/2026:09:18:53 -0700] "GET /world-cup/t20-cricket-betting-strategy/ HTTP/2.0" 403 37052 "https://todaysiplmatch.in/world-cup/t20-cricket-betting-strategy" "Mozilla/5.0 AppleWebKit/537.36 (KHTML, like Gecko; compatible; ClaudeBot/1.0; +claudebot@anthropic.com)" 606 **0/606372**
74.7.241.60 - - [14/Mar/2026:09:18:53 -0700] "GET /wp-json/oembed/1.0/embed?format=xml&url=https%3A%2F%2Ftodaysiplmatch.in%2Flottery-sambad%2Fraja-lottery%2F HTTP/2.0" 200 1123 "https://todaysiplmatch.in/lottery-sambad/raja-lottery/" "Mozilla/5.0 AppleWebKit/537.36 (KHTML, like Gecko; compatible; GPTBot/1.3; +https://openai.com/gptbot)" 258 **0/258986**
74.7.241.60 - - [14/Mar/2026:09:18:54 -0700] "GET /wp-content/uploads/elementor/css/post-31070.css?ver=1773494735 HTTP/2.0" 200 587 "https://todaysiplmatch.in/lottery-sambad/raja-lottery/" "Mozilla/5.0 AppleWebKit/537.36 (KHTML, like Gecko; compatible; GPTBot/1.3; +https://openai.com/gptbot)" 11 **0/11234**
74.7.243.32 - - [14/Mar/2026:09:18:54 -0700] "GET /uncategorized/test-2026/ HTTP/2.0" 200 33829 "https://todaysiplmatch.in/ipl/most-dangerous-batsman-in-ipl/" "Mozilla/5.0 (Macintosh; Intel Mac OS X 10_15_7) AppleWebKit/537.36 (KHTML, like Gecko) Chrome/131.0.0.0 Safari/537.36; compatible; OAI-SearchBot/1.3; +https://openai.com/searchbot" 548 **0/548042**
74.7.229.48 - - [14/Mar/2026:09:18:55 -0700] "GET /?p=31070 HTTP/2.0" 301 1 "https://todaysiplmatch.in/lottery-sambad/raja-lottery/" "Mozilla/5.0 (Macintosh; Intel Mac OS X 10_15_7) AppleWebKit/537.36 (KHTML, like Gecko) Chrome/131.0.0.0 Safari/537.36; compatible; OAI-SearchBot/1.3; +https://openai.com/searchbot" 228 **0/228839**
74.7.229.48 - - [14/Mar/2026:09:18:56 -0700] "GET /lottery-sambad/raja-lottery/ HTTP/2.0" 200 35611 "https://todaysiplmatch.in/?p=31070" "Mozilla/5.0 (Macintosh; Intel Mac OS X 10_15_7) AppleWebKit/537.36 (KHTML, like Gecko) Chrome/131.0.0.0 Safari/537.36; compatible; OAI-SearchBot/1.3; +https://openai.com/searchbot" 467 **0/467534**
74.7.242.172 - - [14/Mar/2026:09:18:58 -0700] "GET /wp-json/wp/v2/pages/31070 HTTP/2.0" 200 9374 "https://todaysiplmatch.in/lottery-sambad/raja-lottery/" "Mozilla/5.0 (Macintosh; Intel Mac OS X 10_15_7) AppleWebKit/537.36 (KHTML, like Gecko) Chrome/131.0.0.0 Safari/537.36; compatible; OAI-SearchBot/1.3; +https://openai.com/searchbot" 386 **0/386948**
74.7.229.128 - - [14/Mar/2026:09:18:59 -0700] "GET /wp-json/oembed/1.0/embed?url=https%3A%2F%2Ftodaysiplmatch.in%2Flottery-sambad%2Fraja-lottery%2F HTTP/2.0" 200 1117 "https://todaysiplmatch.in/lottery-sambad/raja-lottery/" "Mozilla/5.0 (Macintosh; Intel Mac OS X 10_15_7) AppleWebKit/537.36 (KHTML, like Gecko) Chrome/131.0.0.0 Safari/537.36; compatible; OAI-SearchBot/1.3; +https://openai.com/searchbot" 224 **0/224574**
74.7.229.128 - - [14/Mar/2026:09:18:59 -0700] "GET /wp-json/oembed/1.0/embed?format=xml&url=https%3A%2F%2Ftodaysiplmatch.in%2Flottery-sambad%2Fraja-lottery%2F HTTP/2.0" 200 1125 "https://todaysiplmatch.in/lottery-sambad/raja-lottery/" "Mozilla/5.0 (Macintosh; Intel Mac OS X 10_15_7) AppleWebKit/537.36 (KHTML, like Gecko) Chrome/131.0.0.0 Safari/537.36; compatible; OAI-SearchBot/1.3; +https://openai.com/searchbot" 235 **0/235325**
74.7.229.48 - - [14/Mar/2026:09:19:00 -0700] "GET /wp-content/uploads/elementor/css/post-31070.css?ver=1773494735 HTTP/2.0" 200 587 "https://todaysiplmatch.in/lottery-sambad/raja-lottery/" "Mozilla/5.0 (Macintosh; Intel Mac OS X 10_15_7) AppleWebKit/537.36 (KHTML, like Gecko) Chrome/131.0.0.0 Safari/537.36; compatible; OAI-SearchBot/1.3; +https://openai.com/searchbot" 15 **0/15986**
74.7.229.9 - - [14/Mar/2026:09:19:01 -0700] "GET /satta-matka/ipl-satta/ HTTP/2.0" 200 33273 "https://todaysiplmatch.in/ipl/most-dangerous-batsman-in-ipl/" "Mozilla/5.0 (Macintosh; Intel Mac OS X 10_15_7) AppleWebKit/537.36 (KHTML, like Gecko) Chrome/131.0.0.0 Safari/537.36; compatible; OAI-SearchBot/1.3; +https://openai.com/searchbot" 794 **0/794157**
74.7.229.9 - - [14/Mar/2026:09:19:02 -0700] "GET /top-betting-sites-in-india/1win/ HTTP/2.0" 200 36074 "https://todaysiplmatch.in/ipl/most-dangerous-batsman-in-ipl/" "Mozilla/5.0 (Macintosh; Intel Mac OS X 10_15_7) AppleWebKit/537.36 (KHTML, like Gecko) Chrome/131.0.0.0 Safari/537.36; compatible; OAI-SearchBot/1.3; +https://openai.com/searchbot" 596 **0/596952**
74.7.229.128 - - [14/Mar/2026:09:19:03 -0700] "GET /satta-matka/kalyan-chart/ HTTP/2.0" 200 31362 "https://todaysiplmatch.in/ipl/most-dangerous-batsman-in-ipl/" "Mozilla/5.0 (Macintosh; Intel Mac OS X 10_15_7) AppleWebKit/537.36 (KHTML, like Gecko) Chrome/131.0.0.0 Safari/537.36; compatible; OAI-SearchBot/1.3; +https://openai.com/searchbot" 694 **0/694115**
74.7.243.32 - - [14/Mar/2026:09:19:05 -0700] "GET /satta-matka/kuber-chart/ HTTP/2.0" 200 32307 "https://todaysiplmatch.in/ipl/most-dangerous-batsman-in-ipl/" "Mozilla/5.0 (Macintosh; Intel Mac OS X 10_15_7) AppleWebKit/537.36 (KHTML, like Gecko) Chrome/131.0.0.0 Safari/537.36; compatible; OAI-SearchBot/1.3; +https://openai.com/searchbot" 664 **0/664772**
74.7.241.60 - - [14/Mar/2026:09:19:06 -0700] "GET /wp-content/uploads/elementor/css/post-29723.css?ver=1773505144 HTTP/2.0" 200 179 "https://todaysiplmatch.in/satta-matka/kalyan-chart/" "Mozilla/5.0 AppleWebKit/537.36 (KHTML, like Gecko; compatible; GPTBot/1.3; +https://openai.com/gptbot)" 11 **0/11388**
74.7.241.60 - - [14/Mar/2026:09:19:07 -0700] "GET /wp-content/uploads/elementor/css/post-29913.css?ver=1773505146 HTTP/2.0" 200 179 "https://todaysiplmatch.in/satta-matka/kuber-chart/" "Mozilla/5.0 AppleWebKit/537.36 (KHTML, like Gecko; compatible; GPTBot/1.3; +https://openai.com/gptbot)" 9 **0/9824**
74.7.228.206 - - [14/Mar/2026:09:19:07 -0700] "GET /?p=29723 HTTP/2.0" 301 1 "https://todaysiplmatch.in/satta-matka/kalyan-chart/" "Mozilla/5.0 (Macintosh; Intel Mac OS X 10_15_7) AppleWebKit/537.36 (KHTML, like Gecko) Chrome/131.0.0.0 Safari/537.36; compatible; OAI-SearchBot/1.3; +https://openai.com/searchbot" 258 **0/258619**
74.7.241.60 - - [14/Mar/2026:09:19:08 -0700] "GET /wp-json/oembed/1.0/embed?url=https%3A%2F%2Ftodaysiplmatch.in%2Fsatta-matka%2Fkuber-chart%2F HTTP/2.0" 200 1119 "https://todaysiplmatch.in/satta-matka/kuber-chart/" "Mozilla/5.0 AppleWebKit/537.36 (KHTML, like Gecko; compatible; GPTBot/1.3; +https://openai.com/gptbot)" 318 **0/318515**
74.7.228.206 - - [14/Mar/2026:09:19:08 -0700] "GET /satta-matka/kalyan-chart/ HTTP/2.0" 200 31362 "https://todaysiplmatch.in/?p=29723" "Mozilla/5.0 (Macintosh; Intel Mac OS X 10_15_7) AppleWebKit/537.36 (KHTML, like Gecko) Chrome/131.0.0.0 Safari/537.36; compatible; OAI-SearchBot/1.3; +https://openai.com/searchbot" 600 **0/600202**
74.7.229.3 - - [14/Mar/2026:09:19:09 -0700] "GET /wp-content/uploads/elementor/css/post-29723.css?ver=1773505144 HTTP/2.0" 200 179 "https://todaysiplmatch.in/satta-matka/kalyan-chart/" "Mozilla/5.0 (Macintosh; Intel Mac OS X 10_15_7) AppleWebKit/537.36 (KHTML, like Gecko) Chrome/131.0.0.0 Safari/537.36; compatible; OAI-SearchBot/1.3; +https://openai.com/searchbot" 10 **0/10532**
74.7.241.60 - - [14/Mar/2026:09:19:09 -0700] "GET /?p=29723 HTTP/2.0" 301 1 "https://todaysiplmatch.in/satta-matka/kalyan-chart/" "Mozilla/5.0 AppleWebKit/537.36 (KHTML, like Gecko; compatible; GPTBot/1.3; +https://openai.com/gptbot)" 249 **0/249895**
35.154.5.38 - - [14/Mar/2026:09:19:09 -0700] "GET / HTTP/2.0" 200 39791 "-" "HetrixTools Uptime Monitoring Bot. https://hetrix.tools/uptime-monitoring-bot.html" 668 **0/668746**
74.7.241.60 - - [14/Mar/2026:09:19:10 -0700] "GET /satta-matka/kalyan-chart/ HTTP/2.0" 200 31362 "https://todaysiplmatch.in/?p=29723" "Mozilla/5.0 AppleWebKit/537.36 (KHTML, like Gecko; compatible; GPTBot/1.3; +https://openai.com/gptbot)" 492 **0/492720**
74.7.229.9 - - [14/Mar/2026:09:19:10 -0700] "GET /?p=29913 HTTP/2.0" 301 1 "https://todaysiplmatch.in/satta-matka/kuber-chart/" "Mozilla/5.0 (Macintosh; Intel Mac OS X 10_15_7) AppleWebKit/537.36 (KHTML, like Gecko) Chrome/131.0.0.0 Safari/537.36; compatible; OAI-SearchBot/1.3; +https://openai.com/searchbot" 240 **0/240620**
74.7.241.60 - - [14/Mar/2026:09:19:11 -0700] "GET /wp-json/oembed/1.0/embed?url=https%3A%2F%2Ftodaysiplmatch.in%2Fsatta-matka%2Fkalyan-chart%2F HTTP/2.0" 200 1117 "https://todaysiplmatch.in/?p=29723" "Mozilla/5.0 AppleWebKit/537.36 (KHTML, like Gecko; compatible; GPTBot/1.3; +https://openai.com/gptbot)" 308 **0/308825**
74.7.229.9 - - [14/Mar/2026:09:19:11 -0700] "GET /satta-matka/kuber-chart/ HTTP/2.0" 200 32307 "https://todaysiplmatch.in/?p=29913" "Mozilla/5.0 (Macintosh; Intel Mac OS X 10_15_7) AppleWebKit/537.36 (KHTML, like Gecko) Chrome/131.0.0.0 Safari/537.36; compatible; OAI-SearchBot/1.3; +https://openai.com/searchbot" 591 **0/591580**
74.7.241.60 - - [14/Mar/2026:09:19:11 -0700] "GET /wp-json/oembed/1.0/embed?format=xml&url=https%3A%2F%2Ftodaysiplmatch.in%2Fsatta-matka%2Fkalyan-chart%2F HTTP/2.0" 200 1132 "https://todaysiplmatch.in/?p=29723" "Mozilla/5.0 AppleWebKit/537.36 (KHTML, like Gecko; compatible; GPTBot/1.3; +https://openai.com/gptbot)" 277 **0/277456**
104.194.8.169 - - [14/Mar/2026:09:19:11 -0700] "GET / HTTP/2.0" 200 39791 "-" "HetrixTools Uptime Monitoring Bot. https://hetrix.tools/uptime-monitoring-bot.html" 659 **0/659096**
74.7.241.60 - - [14/Mar/2026:09:19:12 -0700] "GET /wp-json/wp/v2/pages/29723 HTTP/2.0" 200 5224 "https://todaysiplmatch.in/?p=29723" "Mozilla/5.0 AppleWebKit/537.36 (KHTML, like Gecko; compatible; GPTBot/1.3; +https://openai.com/gptbot)" 332 **0/332805**
216.73.216.186 - - [14/Mar/2026:09:19:13 -0700] "GET /world-cup/most-wickets-in-t20-world-cup HTTP/2.0" 301 1 "-" "Mozilla/5.0 AppleWebKit/537.36 (KHTML, like Gecko; compatible; ClaudeBot/1.0; +claudebot@anthropic.com)" 251 **0/251792**
216.73.216.186 - - [14/Mar/2026:09:19:13 -0700] "GET /ipl/wankhede-stadium-ipl-matches/feed HTTP/2.0" 301 1 "-" "Mozilla/5.0 AppleWebKit/537.36 (KHTML, like Gecko; compatible; ClaudeBot/1.0; +claudebot@anthropic.com)" 256 **0/256879**
74.7.241.60 - - [14/Mar/2026:09:19:13 -0700] "GET /?p=29913 HTTP/2.0" 301 1 "https://todaysiplmatch.in/satta-matka/kuber-chart/" "Mozilla/5.0 AppleWebKit/537.36 (KHTML, like Gecko; compatible; GPTBot/1.3; +https://openai.com/gptbot)" 253 **0/253375**
74.7.229.235 - - [14/Mar/2026:09:19:12 -0700] "GET /casino/andar-bahar/ HTTP/2.0" 200 37340 "https://todaysiplmatch.in/ipl/most-dangerous-batsman-in-ipl/" "Mozilla/5.0 (Macintosh; Intel Mac OS X 10_15_7) AppleWebKit/537.36 (KHTML, like Gecko) Chrome/131.0.0.0 Safari/537.36; compatible; OAI-SearchBot/1.3; +https://openai.com/searchbot" 535 **0/535640**
216.73.216.186 - - [14/Mar/2026:09:19:13 -0700] "GET /ipl/wankhede-stadium-ipl-matches/feed/ HTTP/2.0" 403 395 "https://todaysiplmatch.in/ipl/wankhede-stadium-ipl-matches/feed" "Mozilla/5.0 AppleWebKit/537.36 (KHTML, like Gecko; compatible; ClaudeBot/1.0; +claudebot@anthropic.com)" 256 **0/256679**
216.73.216.186 - - [14/Mar/2026:09:19:13 -0700] "GET /world-cup/most-wickets-in-t20-world-cup/ HTTP/2.0" 403 36340 "https://todaysiplmatch.in/world-cup/most-wickets-in-t20-world-cup" "Mozilla/5.0 AppleWebKit/537.36 (KHTML, like Gecko; compatible; ClaudeBot/1.0; +claudebot@anthropic.com)" 590 **0/590553**
74.7.241.60 - - [14/Mar/2026:09:19:13 -0700] "GET /satta-matka/kuber-chart/ HTTP/2.0" 200 32307 "https://todaysiplmatch.in/?p=29913" "Mozilla/5.0 AppleWebKit/537.36 (KHTML, like Gecko; compatible; GPTBot/1.3; +https://openai.com/gptbot)" 526 **0/526744**
74.7.241.60 - - [14/Mar/2026:09:19:14 -0700] "GET /articles/satta-matka/satta-matta-matka/ HTTP/2.0" 301 1 "https://todaysiplmatch.in/?p=29913" "Mozilla/5.0 AppleWebKit/537.36 (KHTML, like Gecko; compatible; GPTBot/1.3; +https://openai.com/gptbot)" 247 **0/247942**
74.7.229.48 - - [14/Mar/2026:09:19:14 -0700] "GET /wp-json/oembed/1.0/embed?url=https%3A%2F%2Ftodaysiplmatch.in%2Fsatta-matka%2Fkuber-chart%2F HTTP/2.0" 200 1120 "https://todaysiplmatch.in/satta-matka/kuber-chart/" "Mozilla/5.0 (Macintosh; Intel Mac OS X 10_15_7) AppleWebKit/537.36 (KHTML, like Gecko) Chrome/131.0.0.0 Safari/537.36; compatible; OAI-SearchBot/1.3; +https://openai.com/searchbot" 291 **0/291163**
74.7.241.60 - - [14/Mar/2026:09:19:14 -0700] "GET /satta-matka/ HTTP/2.0" 200 33443 "https://todaysiplmatch.in/articles/satta-matka/satta-matta-matka/" "Mozilla/5.0 AppleWebKit/537.36 (KHTML, like Gecko; compatible; GPTBot/1.3; +https://openai.com/gptbot)" 502 **0/502508**
74.7.241.60 - - [14/Mar/2026:09:19:15 -0700] "GET /wp-json/oembed/1.0/embed?format=xml&url=https%3A%2F%2Ftodaysiplmatch.in%2Fsatta-matka%2Fkuber-chart%2F HTTP/2.0" 200 1136 "https://todaysiplmatch.in/?p=29913" "Mozilla/5.0 AppleWebKit/537.36 (KHTML, like Gecko; compatible; GPTBot/1.3; +https://openai.com/gptbot)" 260 **0/260952**
74.7.229.48 - - [14/Mar/2026:09:19:15 -0700] "GET /casino/teen-patti/ HTTP/2.0" 200 37449 "https://todaysiplmatch.in/ipl/most-dangerous-batsman-in-ipl/" "Mozilla/5.0 (Macintosh; Intel Mac OS X 10_15_7) AppleWebKit/537.36 (KHTML, like Gecko) Chrome/131.0.0.0 Safari/537.36; compatible; OAI-SearchBot/1.3; +https://openai.com/searchbot" 570 **0/570175**
74.7.241.60 - - [14/Mar/2026:09:19:16 -0700] "GET /wp-json/wp/v2/pages/29913 HTTP/2.0" 200 5934 "https://todaysiplmatch.in/?p=29913" "Mozilla/5.0 AppleWebKit/537.36 (KHTML, like Gecko; compatible; GPTBot/1.3; +https://openai.com/gptbot)" 312 **0/312109**
74.7.241.60 - - [14/Mar/2026:09:19:16 -0700] "GET /wp-json/oembed/1.0/embed?format=xml&url=https%3A%2F%2Ftodaysiplmatch.in%2Fcasino%2Fandar-bahar%2F HTTP/2.0" 200 1125 "https://todaysiplmatch.in/casino/andar-bahar/" "Mozilla/5.0 AppleWebKit/537.36 (KHTML, like Gecko; compatible; GPTBot/1.3; +https://openai.com/gptbot)" 275 **0/275205**
74.7.241.60 - - [14/Mar/2026:09:19:17 -0700] "GET /?p=29207 HTTP/2.0" 301 1 "https://todaysiplmatch.in/casino/andar-bahar/" "Mozilla/5.0 AppleWebKit/537.36 (KHTML, like Gecko; compatible; GPTBot/1.3; +https://openai.com/gptbot)" 247 **0/247043**
74.7.229.3 - - [14/Mar/2026:09:19:17 -0700] "GET /casino/aviator/ HTTP/2.0" 200 37132 "https://todaysiplmatch.in/ipl/most-dangerous-batsman-in-ipl/" "Mozilla/5.0 (Macintosh; Intel Mac OS X 10_15_7) AppleWebKit/537.36 (KHTML, like Gecko) Chrome/131.0.0.0 Safari/537.36; compatible; OAI-SearchBot/1.3; +https://openai.com/searchbot" 619 **0/619576**
74.7.241.60 - - [14/Mar/2026:09:19:17 -0700] "GET /casino/andar-bahar/ HTTP/2.0" 200 37340 "https://todaysiplmatch.in/?p=29207" "Mozilla/5.0 AppleWebKit/537.36 (KHTML, like Gecko; compatible; GPTBot/1.3; +https://openai.com/gptbot)" 558 **0/558883**
74.7.229.48 - - [14/Mar/2026:09:19:18 -0700] "GET /casino/teen-patti/feed/ HTTP/2.0" 200 390 "https://todaysiplmatch.in/casino/teen-patti/" "Mozilla/5.0 (Macintosh; Intel Mac OS X 10_15_7) AppleWebKit/537.36 (KHTML, like Gecko) Chrome/131.0.0.0 Safari/537.36; compatible; OAI-SearchBot/1.3; +https://openai.com/searchbot" 232 **0/232898**
74.7.241.60 - - [14/Mar/2026:09:19:18 -0700] "GET /casino/andar-bahar/feed/ HTTP/2.0" 200 392 "https://todaysiplmatch.in/casino/andar-bahar/" "Mozilla/5.0 AppleWebKit/537.36 (KHTML, like Gecko; compatible; GPTBot/1.3; +https://openai.com/gptbot)" 238 **0/238409**
74.7.229.48 - - [14/Mar/2026:09:19:18 -0700] "GET /wp-json/oembed/1.0/embed?format=xml&url=https%3A%2F%2Ftodaysiplmatch.in%2Fcasino%2Fandar-bahar%2F HTTP/2.0" 200 1124 "https://todaysiplmatch.in/casino/andar-bahar/" "Mozilla/5.0 (Macintosh; Intel Mac OS X 10_15_7) AppleWebKit/537.36 (KHTML, like Gecko) Chrome/131.0.0.0 Safari/537.36; compatible; OAI-SearchBot/1.3; +https://openai.com/searchbot" 291 **0/291999**
74.7.241.60 - - [14/Mar/2026:09:19:19 -0700] "GET /wp-json/oembed/1.0/embed?url=https%3A%2F%2Ftodaysiplmatch.in%2Fcasino%2Fandar-bahar%2F HTTP/2.0" 200 1118 "https://todaysiplmatch.in/casino/andar-bahar/" "Mozilla/5.0 AppleWebKit/537.36 (KHTML, like Gecko; compatible; GPTBot/1.3; +https://openai.com/gptbot)" 297 **0/297271**
74.7.241.60 - - [14/Mar/2026:09:19:19 -0700] "GET /wp-json/wp/v2/posts/29207 HTTP/2.0" 200 7019 "https://todaysiplmatch.in/casino/andar-bahar/" "Mozilla/5.0 AppleWebKit/537.36 (KHTML, like Gecko; compatible; GPTBot/1.3; +https://openai.com/gptbot)" 331 **0/331068**
74.7.229.9 - - [14/Mar/2026:09:19:19 -0700] "GET /?p=29207 HTTP/2.0" 301 1 "https://todaysiplmatch.in/casino/andar-bahar/" "Mozilla/5.0 (Macintosh; Intel Mac OS X 10_15_7) AppleWebKit/537.36 (KHTML, like Gecko) Chrome/131.0.0.0 Safari/537.36; compatible; OAI-SearchBot/1.3; +https://openai.com/searchbot" 286 **0/286236**
74.7.241.60 - - [14/Mar/2026:09:19:20 -0700] "GET /wp-json/oembed/1.0/embed?format=xml&url=https%3A%2F%2Ftodaysiplmatch.in%2Fcasino%2Fteen-patti%2F HTTP/2.0" 200 1152 "https://todaysiplmatch.in/casino/teen-patti/" "Mozilla/5.0 AppleWebKit/537.36 (KHTML, like Gecko; compatible; GPTBot/1.3; +https://openai.com/gptbot)" 320 **0/320476**
74.7.229.9 - - [14/Mar/2026:09:19:20 -0700] "GET /casino/andar-bahar/ HTTP/2.0" 200 37340 "https://todaysiplmatch.in/?p=29207" "Mozilla/5.0 (Macintosh; Intel Mac OS X 10_15_7) AppleWebKit/537.36 (KHTML, like Gecko) Chrome/131.0.0.0 Safari/537.36; compatible; OAI-SearchBot/1.3; +https://openai.com/searchbot" 644 **0/644475**
74.7.241.60 - - [14/Mar/2026:09:19:21 -0700] "GET /?p=29267 HTTP/2.0" 301 1 "https://todaysiplmatch.in/casino/teen-patti/" "Mozilla/5.0 AppleWebKit/537.36 (KHTML, like Gecko; compatible; GPTBot/1.3; +https://openai.com/gptbot)" 272 **0/272663**
51.89.144.57 - - [14/Mar/2026:09:19:21 -0700] "GET / HTTP/2.0" 200 39791 "-" "HetrixTools Uptime Monitoring Bot. https://hetrix.tools/uptime-monitoring-bot.html" 763 **0/763922**
74.7.241.60 - - [14/Mar/2026:09:19:21 -0700] "GET /casino/teen-patti/ HTTP/2.0" 200 37449 "https://todaysiplmatch.in/?p=29267" "Mozilla/5.0 AppleWebKit/537.36 (KHTML, like Gecko; compatible; GPTBot/1.3; +https://openai.com/gptbot)" 608 **0/608617**
74.7.241.60 - - [14/Mar/2026:09:19:22 -0700] "GET /wp-json/wp/v2/posts/29267 HTTP/2.0" 200 7106 "https://todaysiplmatch.in/casino/teen-patti/" "Mozilla/5.0 AppleWebKit/537.36 (KHTML, like Gecko; compatible; GPTBot/1.3; +https://openai.com/gptbot)" 319 **0/319898**
74.7.229.235 - - [14/Mar/2026:09:19:22 -0700] "GET /casino/andar-bahar/feed/ HTTP/2.0" 200 392 "https://todaysiplmatch.in/casino/andar-bahar/" "Mozilla/5.0 (Macintosh; Intel Mac OS X 10_15_7) AppleWebKit/537.36 (KHTML, like Gecko) Chrome/131.0.0.0 Safari/537.36; compatible; OAI-SearchBot/1.3; +https://openai.com/searchbot" 241 **0/241933**
209.222.107.178 - - [14/Mar/2026:09:19:22 -0700] "GET / HTTP/2.0" 200 39791 "-" "HetrixTools Uptime Monitoring Bot. https://hetrix.tools/uptime-monitoring-bot.html" 645 **0/645150**
74.7.241.60 - - [14/Mar/2026:09:19:23 -0700] "GET /wp-json/oembed/1.0/embed?url=https%3A%2F%2Ftodaysiplmatch.in%2Fcasino%2Fteen-patti%2F HTTP/2.0" 200 1139 "https://todaysiplmatch.in/casino/teen-patti/" "Mozilla/5.0 AppleWebKit/537.36 (KHTML, like Gecko; compatible; GPTBot/1.3; +https://openai.com/gptbot)" 254 **0/254643**
74.7.241.60 - - [14/Mar/2026:09:19:23 -0700] "GET /?p=29209 HTTP/2.0" 301 1 "https://todaysiplmatch.in/casino/aviator/" "Mozilla/5.0 AppleWebKit/537.36 (KHTML, like Gecko; compatible; GPTBot/1.3; +https://openai.com/gptbot)" 230 **0/230862**
74.7.229.128 - - [14/Mar/2026:09:19:23 -0700] "GET /wp-json/oembed/1.0/embed?url=https%3A%2F%2Ftodaysiplmatch.in%2Fcasino%2Fandar-bahar%2F HTTP/2.0" 200 1118 "https://todaysiplmatch.in/casino/andar-bahar/" "Mozilla/5.0 (Macintosh; Intel Mac OS X 10_15_7) AppleWebKit/537.36 (KHTML, like Gecko) Chrome/131.0.0.0 Safari/537.36; compatible; OAI-SearchBot/1.3; +https://openai.com/searchbot" 247 **0/247714**
74.7.229.9 - - [14/Mar/2026:09:19:24 -0700] "GET /wp-json/wp/v2/posts/29207 HTTP/2.0" 200 7019 "https://todaysiplmatch.in/casino/andar-bahar/" "Mozilla/5.0 (Macintosh; Intel Mac OS X 10_15_7) AppleWebKit/537.36 (KHTML, like Gecko) Chrome/131.0.0.0 Safari/537.36; compatible; OAI-SearchBot/1.3; +https://openai.com/searchbot" 325 **0/325515**
74.7.241.60 - - [14/Mar/2026:09:19:24 -0700] "GET /casino/aviator/ HTTP/2.0" 200 37132 "https://todaysiplmatch.in/?p=29209" "Mozilla/5.0 AppleWebKit/537.36 (KHTML, like Gecko; compatible; GPTBot/1.3; +https://openai.com/gptbot)" 559 **0/559424**
74.7.241.60 - - [14/Mar/2026:09:19:25 -0700] "GET /casino/aviator/feed/ HTTP/2.0" 200 388 "https://todaysiplmatch.in/casino/aviator/" "Mozilla/5.0 AppleWebKit/537.36 (KHTML, like Gecko; compatible; GPTBot/1.3; +https://openai.com/gptbot)" 252 **0/252272**
74.7.228.206 - - [14/Mar/2026:09:19:25 -0700] "GET /?p=29267 HTTP/2.0" 301 1 "https://todaysiplmatch.in/casino/teen-patti/" "Mozilla/5.0 (Macintosh; Intel Mac OS X 10_15_7) AppleWebKit/537.36 (KHTML, like Gecko) Chrome/131.0.0.0 Safari/537.36; compatible; OAI-SearchBot/1.3; +https://openai.com/searchbot" 233 **0/233712**
74.7.241.60 - - [14/Mar/2026:09:19:25 -0700] "GET /casino/teen-patti/feed/ HTTP/2.0" 200 390 "https://todaysiplmatch.in/casino/teen-patti/" "Mozilla/5.0 AppleWebKit/537.36 (KHTML, like Gecko; compatible; GPTBot/1.3; +https://openai.com/gptbot)" 206 **0/206430**
74.7.228.206 - - [14/Mar/2026:09:19:25 -0700] "GET /casino/teen-patti/ HTTP/2.0" 200 37449 "https://todaysiplmatch.in/?p=29267" "Mozilla/5.0 (Macintosh; Intel Mac OS X 10_15_7) AppleWebKit/537.36 (KHTML, like Gecko) Chrome/131.0.0.0 Safari/537.36; compatible; OAI-SearchBot/1.3; +https://openai.com/searchbot" 559 **0/559826**
74.7.241.60 - - [14/Mar/2026:09:19:26 -0700] "GET /ipl/ipl-ticket-price/ HTTP/2.0" 200 37218 "https://todaysiplmatch.in/?p=29207" "Mozilla/5.0 AppleWebKit/537.36 (KHTML, like Gecko; compatible; GPTBot/1.3; +https://openai.com/gptbot)" 578 **0/578209**
74.7.241.60 - - [14/Mar/2026:09:19:27 -0700] "GET /ipl/srh-team-players-list/ HTTP/2.0" 200 37627 "https://todaysiplmatch.in/?p=29207" "Mozilla/5.0 AppleWebKit/537.36 (KHTML, like Gecko; compatible; GPTBot/1.3; +https://openai.com/gptbot)" 540 **0/540252**
74.7.229.3 - - [14/Mar/2026:09:19:27 -0700] "GET /wp-json/wp/v2/posts/29267 HTTP/2.0" 200 7106 "https://todaysiplmatch.in/casino/teen-patti/" "Mozilla/5.0 (Macintosh; Intel Mac OS X 10_15_7) AppleWebKit/537.36 (KHTML, like Gecko) Chrome/131.0.0.0 Safari/537.36; compatible; OAI-SearchBot/1.3; +https://openai.com/searchbot" 375 **0/375460**
74.7.241.60 - - [14/Mar/2026:09:19:28 -0700] "GET /wp-json/wp/v2/posts/29209 HTTP/2.0" 200 6891 "https://todaysiplmatch.in/casino/aviator/" "Mozilla/5.0 AppleWebKit/537.36 (KHTML, like Gecko; compatible; GPTBot/1.3; +https://openai.com/gptbot)" 326 **0/326227**
74.7.228.206 - - [14/Mar/2026:09:19:28 -0700] "GET /wp-json/oembed/1.0/embed?format=xml&url=https%3A%2F%2Ftodaysiplmatch.in%2Fcasino%2Fteen-patti%2F HTTP/2.0" 200 1152 "https://todaysiplmatch.in/casino/teen-patti/" "Mozilla/5.0 (Macintosh; Intel Mac OS X 10_15_7) AppleWebKit/537.36 (KHTML, like Gecko) Chrome/131.0.0.0 Safari/537.36; compatible; OAI-SearchBot/1.3; +https://openai.com/searchbot" 317 **0/317447**
74.7.241.60 - - [14/Mar/2026:09:19:28 -0700] "GET /wp-json/oembed/1.0/embed?url=https%3A%2F%2Ftodaysiplmatch.in%2Fcasino%2Faviator%2F HTTP/2.0" 200 1135 "https://todaysiplmatch.in/casino/aviator/" "Mozilla/5.0 AppleWebKit/537.36 (KHTML, like Gecko; compatible; GPTBot/1.3; +https://openai.com/gptbot)" 279 **0/279718**
74.7.241.60 - - [14/Mar/2026:09:19:29 -0700] "GET /wp-json/oembed/1.0/embed?format=xml&url=https%3A%2F%2Ftodaysiplmatch.in%2Fcasino%2Faviator%2F HTTP/2.0" 200 1156 "https://todaysiplmatch.in/casino/aviator/" "Mozilla/5.0 AppleWebKit/537.36 (KHTML, like Gecko; compatible; GPTBot/1.3; +https://openai.com/gptbot)" 253 **0/253624**
74.7.229.235 - - [14/Mar/2026:09:19:29 -0700] "GET /wp-json/oembed/1.0/embed?url=https%3A%2F%2Ftodaysiplmatch.in%2Fcasino%2Fteen-patti%2F HTTP/2.0" 200 1139 "https://todaysiplmatch.in/casino/teen-patti/" "Mozilla/5.0 (Macintosh; Intel Mac OS X 10_15_7) AppleWebKit/537.36 (KHTML, like Gecko) Chrome/131.0.0.0 Safari/537.36; compatible; OAI-SearchBot/1.3; +https://openai.com/searchbot" 271 **0/271107**
74.7.241.60 - - [14/Mar/2026:09:19:29 -0700] "GET /?p=34413 HTTP/2.0" 301 1 "https://todaysiplmatch.in/ipl/ipl-ticket-price/" "Mozilla/5.0 AppleWebKit/537.36 (KHTML, like Gecko; compatible; GPTBot/1.3; +https://openai.com/gptbot)" 245 **0/245018**
114.119.129.25 - - [14/Mar/2026:09:19:29 -0700] "GET /world-cup/icc-t20-world-cup-anthem/ HTTP/1.1" 200 41746 "https://todaysiplmatch.in/category/world-cup/page/2" "Mozilla/5.0 (Linux; Android 7.0;) AppleWebKit/537.36 (KHTML, like Gecko) Mobile Safari/537.36 (compatible; PetalBot;+https://webmaster.petalsearch.com/site/petalbot)" 628 **0/628025**
74.7.241.60 - - [14/Mar/2026:09:19:30 -0700] "GET /ipl/ipl-ticket-price/ HTTP/2.0" 200 37218 "https://todaysiplmatch.in/?p=34413" "Mozilla/5.0 AppleWebKit/537.36 (KHTML, like Gecko; compatible; GPTBot/1.3; +https://openai.com/gptbot)" 650 **0/650361**
74.7.229.128 - - [14/Mar/2026:09:19:30 -0700] "GET /?p=29209 HTTP/2.0" 301 1 "https://todaysiplmatch.in/casino/aviator/" "Mozilla/5.0 (Macintosh; Intel Mac OS X 10_15_7) AppleWebKit/537.36 (KHTML, like Gecko) Chrome/131.0.0.0 Safari/537.36; compatible; OAI-SearchBot/1.3; +https://openai.com/searchbot" 247 **0/247221**
74.7.241.60 - - [14/Mar/2026:09:19:31 -0700] "GET /?p=31267 HTTP/2.0" 301 1 "https://todaysiplmatch.in/ipl/srh-team-players-list/" "Mozilla/5.0 AppleWebKit/537.36 (KHTML, like Gecko; compatible; GPTBot/1.3; +https://openai.com/gptbot)" 261 **0/261287**
74.7.229.128 - - [14/Mar/2026:09:19:31 -0700] "GET /casino/aviator/ HTTP/2.0" 200 37132 "https://todaysiplmatch.in/?p=29209" "Mozilla/5.0 (Macintosh; Intel Mac OS X 10_15_7) AppleWebKit/537.36 (KHTML, like Gecko) Chrome/131.0.0.0 Safari/537.36; compatible; OAI-SearchBot/1.3; +https://openai.com/searchbot" 587 **0/587297**
74.7.241.60 - - [14/Mar/2026:09:19:31 -0700] "GET /ipl/srh-team-players-list/ HTTP/2.0" 200 37627 "https://todaysiplmatch.in/?p=31267" "Mozilla/5.0 AppleWebKit/537.36 (KHTML, like Gecko; compatible; GPTBot/1.3; +https://openai.com/gptbot)" 535 **0/535724**
74.7.243.32 - - [14/Mar/2026:09:19:32 -0700] "GET /casino/aviator/feed/ HTTP/2.0" 200 388 "https://todaysiplmatch.in/casino/aviator/" "Mozilla/5.0 (Macintosh; Intel Mac OS X 10_15_7) AppleWebKit/537.36 (KHTML, like Gecko) Chrome/131.0.0.0 Safari/537.36; compatible; OAI-SearchBot/1.3; +https://openai.com/searchbot" 277 **0/277545**
74.7.229.3 - - [14/Mar/2026:09:19:34 -0700] "GET /wp-json/oembed/1.0/embed?url=https%3A%2F%2Ftodaysiplmatch.in%2Fcasino%2Faviator%2F HTTP/2.0" 200 1135 "https://todaysiplmatch.in/casino/aviator/" "Mozilla/5.0 (Macintosh; Intel Mac OS X 10_15_7) AppleWebKit/537.36 (KHTML, like Gecko) Chrome/131.0.0.0 Safari/537.36; compatible; OAI-SearchBot/1.3; +https://openai.com/searchbot" 260 **0/260832**
74.7.229.235 - - [14/Mar/2026:09:19:36 -0700] "GET /wp-json/oembed/1.0/embed?format=xml&url=https%3A%2F%2Ftodaysiplmatch.in%2Fcasino%2Faviator%2F HTTP/2.0" 200 1157 "https://todaysiplmatch.in/casino/aviator/" "Mozilla/5.0 (Macintosh; Intel Mac OS X 10_15_7) AppleWebKit/537.36 (KHTML, like Gecko) Chrome/131.0.0.0 Safari/537.36; compatible; OAI-SearchBot/1.3; +https://openai.com/searchbot" 321 **0/321963**
74.7.229.3 - - [14/Mar/2026:09:19:36 -0700] "GET /ipl/baap-of-ipl/ HTTP/2.0" 200 38443 "https://todaysiplmatch.in/ipl/most-dangerous-batsman-in-ipl/" "Mozilla/5.0 (Macintosh; Intel Mac OS X 10_15_7) AppleWebKit/537.36 (KHTML, like Gecko) Chrome/131.0.0.0 Safari/537.36; compatible; OAI-SearchBot/1.3; +https://openai.com/searchbot" 732 **0/732593**
74.7.242.172 - - [14/Mar/2026:09:19:38 -0700] "GET /wp-json/wp/v2/posts/29209 HTTP/2.0" 200 6891 "https://todaysiplmatch.in/casino/aviator/" "Mozilla/5.0 (Macintosh; Intel Mac OS X 10_15_7) AppleWebKit/537.36 (KHTML, like Gecko) Chrome/131.0.0.0 Safari/537.36; compatible; OAI-SearchBot/1.3; +https://openai.com/searchbot" 345 **0/345537**
74.7.229.9 - - [14/Mar/2026:09:19:40 -0700] "GET /wp-content/plugins/easy-table-of-contents/vendor/sticky-kit/jquery.sticky-kit.min.js?ver=1.9.2 HTTP/2.0" 200 1183 "https://todaysiplmatch.in/ipl/most-dangerous-batsman-in-ipl/" "Mozilla/5.0 (Macintosh; Intel Mac OS X 10_15_7) AppleWebKit/537.36 (KHTML, like Gecko) Chrome/131.0.0.0 Safari/537.36; compatible; OAI-SearchBot/1.3; +https://openai.com/searchbot" 10 **0/10654**
74.7.229.235 - - [14/Mar/2026:09:19:40 -0700] "GET /author/ashwinikumar/ HTTP/2.0" 301 1 "https://todaysiplmatch.in/ipl/most-dangerous-batsman-in-ipl/" "Mozilla/5.0 (Macintosh; Intel Mac OS X 10_15_7) AppleWebKit/537.36 (KHTML, like Gecko) Chrome/131.0.0.0 Safari/537.36; compatible; OAI-SearchBot/1.3; +https://openai.com/searchbot" 344 **0/344458**
74.7.229.235 - - [14/Mar/2026:09:19:41 -0700] "GET / HTTP/2.0" 200 39791 "https://todaysiplmatch.in/author/ashwinikumar/" "Mozilla/5.0 (Macintosh; Intel Mac OS X 10_15_7) AppleWebKit/537.36 (KHTML, like Gecko) Chrome/131.0.0.0 Safari/537.36; compatible; OAI-SearchBot/1.3; +https://openai.com/searchbot" 673 **0/673105**
74.7.229.9 - - [14/Mar/2026:09:19:42 -0700] "GET /category/today-ipl-match-prediction/ HTTP/2.0" 200 30140 "https://todaysiplmatch.in/ipl/most-dangerous-batsman-in-ipl/" "Mozilla/5.0 (Macintosh; Intel Mac OS X 10_15_7) AppleWebKit/537.36 (KHTML, like Gecko) Chrome/131.0.0.0 Safari/537.36; compatible; OAI-SearchBot/1.3; +https://openai.com/searchbot" 526 **0/526320**
74.7.229.3 - - [14/Mar/2026:09:19:44 -0700] "GET /category/222/ HTTP/2.0" 200 28500 "https://todaysiplmatch.in/ipl/most-dangerous-batsman-in-ipl/" "Mozilla/5.0 (Macintosh; Intel Mac OS X 10_15_7) AppleWebKit/537.36 (KHTML, like Gecko) Chrome/131.0.0.0 Safari/537.36; compatible; OAI-SearchBot/1.3; +https://openai.com/searchbot" 473 **0/473053**
74.7.241.60 - - [14/Mar/2026:09:19:45 -0700] "GET /wp-json/wp/v2/categories/844 HTTP/2.0" 200 1400 "https://todaysiplmatch.in/category/today-ipl-match-prediction/" "Mozilla/5.0 AppleWebKit/537.36 (KHTML, like Gecko; compatible; GPTBot/1.3; +https://openai.com/gptbot)" 330 **0/330305**
74.7.242.172 - - [14/Mar/2026:09:19:45 -0700] "GET /category/today-ipl-match-prediction/feed/ HTTP/2.0" 200 11081 "https://todaysiplmatch.in/category/today-ipl-match-prediction/" "Mozilla/5.0 (Macintosh; Intel Mac OS X 10_15_7) AppleWebKit/537.36 (KHTML, like Gecko) Chrome/131.0.0.0 Safari/537.36; compatible; OAI-SearchBot/1.3; +https://openai.com/searchbot" 377 **0/377477**
74.7.241.60 - - [14/Mar/2026:09:19:47 -0700] "GET /category/today-ipl-match-prediction/feed/ HTTP/2.0" 200 11081 "https://todaysiplmatch.in/category/today-ipl-match-prediction/" "Mozilla/5.0 AppleWebKit/537.36 (KHTML, like Gecko; compatible; GPTBot/1.3; +https://openai.com/gptbot)" 367 **0/367255**
74.7.229.128 - - [14/Mar/2026:09:19:47 -0700] "GET /contact-us/ HTTP/2.0" 200 30505 "https://todaysiplmatch.in/ipl/most-dangerous-batsman-in-ipl/" "Mozilla/5.0 (Macintosh; Intel Mac OS X 10_15_7) AppleWebKit/537.36 (KHTML, like Gecko) Chrome/131.0.0.0 Safari/537.36; compatible; OAI-SearchBot/1.3; +https://openai.com/searchbot" 591 **0/591799**
74.7.242.172 - - [14/Mar/2026:09:19:48 -0700] "GET /wp-json/wp/v2/categories/844 HTTP/2.0" 200 1400 "https://todaysiplmatch.in/category/today-ipl-match-prediction/" "Mozilla/5.0 (Macintosh; Intel Mac OS X 10_15_7) AppleWebKit/537.36 (KHTML, like Gecko) Chrome/131.0.0.0 Safari/537.36; compatible; OAI-SearchBot/1.3; +https://openai.com/searchbot" 304 **0/304226**
74.7.229.48 - - [14/Mar/2026:09:19:49 -0700] "GET /category/google-googly/ HTTP/2.0" 200 29584 "https://todaysiplmatch.in/ipl/most-dangerous-batsman-in-ipl/" "Mozilla/5.0 (Macintosh; Intel Mac OS X 10_15_7) AppleWebKit/537.36 (KHTML, like Gecko) Chrome/131.0.0.0 Safari/537.36; compatible; OAI-SearchBot/1.3; +https://openai.com/searchbot" 529 **0/529093**
74.7.241.60 - - [14/Mar/2026:09:19:51 -0700] "GET /category/google-googly/feed/ HTTP/2.0" 200 5793 "https://todaysiplmatch.in/category/google-googly/" "Mozilla/5.0 AppleWebKit/537.36 (KHTML, like Gecko; compatible; GPTBot/1.3; +https://openai.com/gptbot)" 310 **0/310144**
74.7.229.3 - - [14/Mar/2026:09:19:51 -0700] "GET /category/wpl/ HTTP/2.0" 200 28884 "https://todaysiplmatch.in/ipl/most-dangerous-batsman-in-ipl/" "Mozilla/5.0 (Macintosh; Intel Mac OS X 10_15_7) AppleWebKit/537.36 (KHTML, like Gecko) Chrome/131.0.0.0 Safari/537.36; compatible; OAI-SearchBot/1.3; +https://openai.com/searchbot" 584 **0/584781**
74.7.229.9 - - [14/Mar/2026:09:19:52 -0700] "GET /wp-json/wp/v2/categories/1116 HTTP/2.0" 200 1399 "https://todaysiplmatch.in/category/google-googly/" "Mozilla/5.0 (Macintosh; Intel Mac OS X 10_15_7) AppleWebKit/537.36 (KHTML, like Gecko) Chrome/131.0.0.0 Safari/537.36; compatible; OAI-SearchBot/1.3; +https://openai.com/searchbot" 315 **0/315109**
74.7.241.60 - - [14/Mar/2026:09:19:52 -0700] "GET /category/wpl/feed/ HTTP/2.0" 200 5465 "https://todaysiplmatch.in/category/wpl/" "Mozilla/5.0 AppleWebKit/537.36 (KHTML, like Gecko; compatible; GPTBot/1.3; +https://openai.com/gptbot)" 274 **0/274452**
74.7.229.9 - - [14/Mar/2026:09:19:53 -0700] "GET /category/google-googly/feed/ HTTP/2.0" 200 5793 "https://todaysiplmatch.in/category/google-googly/" "Mozilla/5.0 (Macintosh; Intel Mac OS X 10_15_7) AppleWebKit/537.36 (KHTML, like Gecko) Chrome/131.0.0.0 Safari/537.36; compatible; OAI-SearchBot/1.3; +https://openai.com/searchbot" 265 **0/265194**
74.7.241.60 - - [14/Mar/2026:09:19:53 -0700] "GET /wp-json/wp/v2/categories/503 HTTP/2.0" 200 1376 "https://todaysiplmatch.in/category/wpl/" "Mozilla/5.0 AppleWebKit/537.36 (KHTML, like Gecko; compatible; GPTBot/1.3; +https://openai.com/gptbot)" 257 **0/257171**
74.7.241.60 - - [14/Mar/2026:09:19:54 -0700] "GET /wp-json/wp/v2/categories/1116 HTTP/2.0" 200 1399 "https://todaysiplmatch.in/category/google-googly/" "Mozilla/5.0 AppleWebKit/537.36 (KHTML, like Gecko; compatible; GPTBot/1.3; +https://openai.com/gptbot)" 306 **0/306324**
74.7.242.172 - - [14/Mar/2026:09:19:54 -0700] "GET /category/ipl/ HTTP/2.0" 200 32452 "https://todaysiplmatch.in/ipl/most-dangerous-batsman-in-ipl/" "Mozilla/5.0 (Macintosh; Intel Mac OS X 10_15_7) AppleWebKit/537.36 (KHTML, like Gecko) Chrome/131.0.0.0 Safari/537.36; compatible; OAI-SearchBot/1.3; +https://openai.com/searchbot" 585 **0/585621**
74.7.228.206 - - [14/Mar/2026:09:19:56 -0700] "GET /wp-json/wp/v2/categories/503 HTTP/2.0" 200 1376 "https://todaysiplmatch.in/category/wpl/" "Mozilla/5.0 (Macintosh; Intel Mac OS X 10_15_7) AppleWebKit/537.36 (KHTML, like Gecko) Chrome/131.0.0.0 Safari/537.36; compatible; OAI-SearchBot/1.3; +https://openai.com/searchbot" 302 **0/302905**
74.7.241.60 - - [14/Mar/2026:09:19:56 -0700] "GET /category/ipl/feed/ HTTP/2.0" 200 47399 "https://todaysiplmatch.in/category/ipl/" "Mozilla/5.0 AppleWebKit/537.36 (KHTML, like Gecko; compatible; GPTBot/1.3; +https://openai.com/gptbot)" 468 **0/468299**
74.7.242.172 - - [14/Mar/2026:09:19:57 -0700] "GET /wp-json/wp/v2/categories/3 HTTP/2.0" 200 1370 "https://todaysiplmatch.in/category/ipl/" "Mozilla/5.0 (Macintosh; Intel Mac OS X 10_15_7) AppleWebKit/537.36 (KHTML, like Gecko) Chrome/131.0.0.0 Safari/537.36; compatible; OAI-SearchBot/1.3; +https://openai.com/searchbot" 309 **0/309633**
74.7.228.206 - - [14/Mar/2026:09:19:57 -0700] "GET /category/wpl/feed/ HTTP/2.0" 200 5465 "https://todaysiplmatch.in/category/wpl/" "Mozilla/5.0 (Macintosh; Intel Mac OS X 10_15_7) AppleWebKit/537.36 (KHTML, like Gecko) Chrome/131.0.0.0 Safari/537.36; compatible; OAI-SearchBot/1.3; +https://openai.com/searchbot" 247 **0/247696**
74.7.241.60 - - [14/Mar/2026:09:19:57 -0700] "GET /category/ipl/page/2/ HTTP/2.0" 200 32617 "https://todaysiplmatch.in/category/ipl/" "Mozilla/5.0 AppleWebKit/537.36 (KHTML, like Gecko; compatible; GPTBot/1.3; +https://openai.com/gptbot)" 595 **0/595150**
74.7.228.206 - - [14/Mar/2026:09:19:58 -0700] "GET /category/ipl/feed/ HTTP/2.0" 200 47399 "https://todaysiplmatch.in/category/ipl/" "Mozilla/5.0 (Macintosh; Intel Mac OS X 10_15_7) AppleWebKit/537.36 (KHTML, like Gecko) Chrome/131.0.0.0 Safari/537.36; compatible; OAI-SearchBot/1.3; +https://openai.com/searchbot" 488 **0/488256**
74.7.241.60 - - [14/Mar/2026:09:19:58 -0700] "GET /category/ipl/page/10/ HTTP/2.0" 200 30626 "https://todaysiplmatch.in/category/ipl/" "Mozilla/5.0 AppleWebKit/537.36 (KHTML, like Gecko; compatible; GPTBot/1.3; +https://openai.com/gptbot)" 511 **0/511374**
74.7.241.60 - - [14/Mar/2026:09:19:59 -0700] "GET /wp-json/wp/v2/categories/3 HTTP/2.0" 200 1370 "https://todaysiplmatch.in/category/ipl/" "Mozilla/5.0 AppleWebKit/537.36 (KHTML, like Gecko; compatible; GPTBot/1.3; +https://openai.com/gptbot)" 273 **0/273263**
74.7.229.235 - - [14/Mar/2026:09:20:00 -0700] "GET /category/world-cup/ HTTP/2.0" 200 32184 "https://todaysiplmatch.in/ipl/most-dangerous-batsman-in-ipl/" "Mozilla/5.0 (Macintosh; Intel Mac OS X 10_15_7) AppleWebKit/537.36 (KHTML, like Gecko) Chrome/131.0.0.0 Safari/537.36; compatible; OAI-SearchBot/1.3; +https://openai.com/searchbot" 777 **0/777242**
74.7.241.60 - - [14/Mar/2026:09:20:00 -0700] "GET /category/ipl/page/3/ HTTP/2.0" 200 32770 "https://todaysiplmatch.in/category/ipl/page/2/" "Mozilla/5.0 AppleWebKit/537.36 (KHTML, like Gecko; compatible; GPTBot/1.3; +https://openai.com/gptbot)" 711 **0/711466**
74.7.241.60 - - [14/Mar/2026:09:20:01 -0700] "GET /category/ipl/page/9/ HTTP/2.0" 200 32301 "https://todaysiplmatch.in/category/ipl/page/10/" "Mozilla/5.0 AppleWebKit/537.36 (KHTML, like Gecko; compatible; GPTBot/1.3; +https://openai.com/gptbot)" 2216 **2/2216315**
74.7.229.3 - - [14/Mar/2026:09:20:02 -0700] "GET /category/ipl/page/2/ HTTP/2.0" 200 32617 "https://todaysiplmatch.in/category/ipl/" "Mozilla/5.0 (Macintosh; Intel Mac OS X 10_15_7) AppleWebKit/537.36 (KHTML, like Gecko) Chrome/131.0.0.0 Safari/537.36; compatible; OAI-SearchBot/1.3; +https://openai.com/searchbot" 2039 **2/2039447**
74.7.229.48 - - [14/Mar/2026:09:20:05 -0700] "GET /wp-json/wp/v2/categories/8 HTTP/2.0" 200 1382 "https://todaysiplmatch.in/category/world-cup/" "Mozilla/5.0 (Macintosh; Intel Mac OS X 10_15_7) AppleWebKit/537.36 (KHTML, like Gecko) Chrome/131.0.0.0 Safari/537.36; compatible; OAI-SearchBot/1.3; +https://openai.com/searchbot" 809 **0/809769**
