74.7.242.172 - - [14/Mar/2026:09:12:57 -0700] "GET /wp-json/wp/v2/pages/28149 HTTP/2.0" 200 6079 "https://todaysiplmatch.in/cricket-betting/" "Mozilla/5.0 (Macintosh; Intel Mac OS X 10_15_7) AppleWebKit/537.36 (KHTML, like Gecko) Chrome/131.0.0.0 Safari/537.36; compatible; OAI-SearchBot/1.3; +https://openai.com/searchbot" 364 **0/364580**
74.7.229.235 - - [14/Mar/2026:09:12:57 -0700] "GET /lottery-sambad/west-bengal-lottery-sambad/ HTTP/2.0" 200 32271 "https://todaysiplmatch.in/ipl/most-dangerous-batsman-in-ipl/" "Mozilla/5.0 (Macintosh; Intel Mac OS X 10_15_7) AppleWebKit/537.36 (KHTML, like Gecko) Chrome/131.0.0.0 Safari/537.36; compatible; OAI-SearchBot/1.3; +https://openai.com/searchbot" 441 **0/441384**
74.7.242.172 - - [14/Mar/2026:09:12:58 -0700] "GET /landing-indibet/ HTTP/2.0" 302 1 "https://todaysiplmatch.in/ipl/most-dangerous-batsman-in-ipl/" "Mozilla/5.0 (Macintosh; Intel Mac OS X 10_15_7) AppleWebKit/537.36 (KHTML, like Gecko) Chrome/131.0.0.0 Safari/537.36; compatible; OAI-SearchBot/1.3; +https://openai.com/searchbot" 199 **0/199768**
74.7.228.206 - - [14/Mar/2026:09:12:59 -0700] "GET /wp-content/uploads/elementor/css/post-27633.css?ver=1773485205 HTTP/2.0" 200 301 "https://todaysiplmatch.in/lottery-sambad/west-bengal-lottery-sambad/" "Mozilla/5.0 (Macintosh; Intel Mac OS X 10_15_7) AppleWebKit/537.36 (KHTML, like Gecko) Chrome/131.0.0.0 Safari/537.36; compatible; OAI-SearchBot/1.3; +https://openai.com/searchbot" 11 **0/11134**
74.7.241.60 - - [14/Mar/2026:09:13:00 -0700] "GET /wp-json/wp/v2/pages/27633 HTTP/2.0" 200 5939 "https://todaysiplmatch.in/lottery-sambad/west-bengal-lottery-sambad/" "Mozilla/5.0 AppleWebKit/537.36 (KHTML, like Gecko; compatible; GPTBot/1.3; +https://openai.com/gptbot)" 510 **0/510503**
74.7.243.32 - - [14/Mar/2026:09:13:00 -0700] "GET /landing-96/ HTTP/2.0" 302 1 "https://todaysiplmatch.in/ipl/most-dangerous-batsman-in-ipl/" "Mozilla/5.0 (Macintosh; Intel Mac OS X 10_15_7) AppleWebKit/537.36 (KHTML, like Gecko) Chrome/131.0.0.0 Safari/537.36; compatible; OAI-SearchBot/1.3; +https://openai.com/searchbot" 247 **0/247436**
74.7.241.60 - - [14/Mar/2026:09:13:01 -0700] "GET /wp-json/oembed/1.0/embed?format=xml&url=https%3A%2F%2Ftodaysiplmatch.in%2Flottery-sambad%2Fwest-bengal-lottery-sambad%2F HTTP/2.0" 200 1211 "https://todaysiplmatch.in/lottery-sambad/west-bengal-lottery-sambad/" "Mozilla/5.0 AppleWebKit/537.36 (KHTML, like Gecko; compatible; GPTBot/1.3; +https://openai.com/gptbot)" 573 **0/573897**
74.7.228.206 - - [14/Mar/2026:09:13:01 -0700] "GET /lottery-sambad/nagaland-lottery-sambad/ HTTP/2.0" 200 32154 "https://todaysiplmatch.in/ipl/most-dangerous-batsman-in-ipl/" "Mozilla/5.0 (Macintosh; Intel Mac OS X 10_15_7) AppleWebKit/537.36 (KHTML, like Gecko) Chrome/131.0.0.0 Safari/537.36; compatible; OAI-SearchBot/1.3; +https://openai.com/searchbot" 1042 **1/1042224**
74.7.241.60 - - [14/Mar/2026:09:13:01 -0700] "GET /wp-json/oembed/1.0/embed?url=https%3A%2F%2Ftodaysiplmatch.in%2Flottery-sambad%2Fwest-bengal-lottery-sambad%2F HTTP/2.0" 200 1202 "https://todaysiplmatch.in/lottery-sambad/west-bengal-lottery-sambad/" "Mozilla/5.0 AppleWebKit/537.36 (KHTML, like Gecko; compatible; GPTBot/1.3; +https://openai.com/gptbot)" 647 **0/647630**
74.7.241.60 - - [14/Mar/2026:09:13:02 -0700] "GET /?p=27633 HTTP/2.0" 301 1 "https://todaysiplmatch.in/lottery-sambad/west-bengal-lottery-sambad/" "Mozilla/5.0 AppleWebKit/537.36 (KHTML, like Gecko; compatible; GPTBot/1.3; +https://openai.com/gptbot)" 379 **0/379859**
74.7.229.3 - - [14/Mar/2026:09:13:03 -0700] "GET /wp-json/wp/v2/pages/27633 HTTP/2.0" 200 5939 "https://todaysiplmatch.in/lottery-sambad/west-bengal-lottery-sambad/" "Mozilla/5.0 (Macintosh; Intel Mac OS X 10_15_7) AppleWebKit/537.36 (KHTML, like Gecko) Chrome/131.0.0.0 Safari/537.36; compatible; OAI-SearchBot/1.3; +https://openai.com/searchbot" 557 **0/557893**
74.7.241.60 - - [14/Mar/2026:09:13:03 -0700] "GET /lottery-sambad/west-bengal-lottery-sambad/ HTTP/2.0" 200 32271 "https://todaysiplmatch.in/?p=27633" "Mozilla/5.0 AppleWebKit/537.36 (KHTML, like Gecko; compatible; GPTBot/1.3; +https://openai.com/gptbot)" 780 **0/780432**
74.7.241.60 - - [14/Mar/2026:09:13:04 -0700] "GET /wp-content/uploads/elementor/css/post-27633.css?ver=1773485205 HTTP/2.0" 200 301 "https://todaysiplmatch.in/lottery-sambad/west-bengal-lottery-sambad/" "Mozilla/5.0 AppleWebKit/537.36 (KHTML, like Gecko; compatible; GPTBot/1.3; +https://openai.com/gptbot)" 10 **0/10600**
74.7.229.235 - - [14/Mar/2026:09:13:05 -0700] "GET /wp-json/oembed/1.0/embed?format=xml&url=https%3A%2F%2Ftodaysiplmatch.in%2Flottery-sambad%2Fwest-bengal-lottery-sambad%2F HTTP/2.0" 200 1213 "https://todaysiplmatch.in/lottery-sambad/west-bengal-lottery-sambad/" "Mozilla/5.0 (Macintosh; Intel Mac OS X 10_15_7) AppleWebKit/537.36 (KHTML, like Gecko) Chrome/131.0.0.0 Safari/537.36; compatible; OAI-SearchBot/1.3; +https://openai.com/searchbot" 299 **0/299676**
74.7.228.206 - - [14/Mar/2026:09:13:05 -0700] "GET /wp-json/oembed/1.0/embed?url=https%3A%2F%2Ftodaysiplmatch.in%2Flottery-sambad%2Fwest-bengal-lottery-sambad%2F HTTP/2.0" 200 1203 "https://todaysiplmatch.in/lottery-sambad/west-bengal-lottery-sambad/" "Mozilla/5.0 (Macintosh; Intel Mac OS X 10_15_7) AppleWebKit/537.36 (KHTML, like Gecko) Chrome/131.0.0.0 Safari/537.36; compatible; OAI-SearchBot/1.3; +https://openai.com/searchbot" 268 **0/268233**
74.7.241.60 - - [14/Mar/2026:09:13:05 -0700] "GET /wp-json/wp/v2/pages/27608 HTTP/2.0" 200 5859 "https://todaysiplmatch.in/lottery-sambad/nagaland-lottery-sambad/" "Mozilla/5.0 AppleWebKit/537.36 (KHTML, like Gecko; compatible; GPTBot/1.3; +https://openai.com/gptbot)" 364 **0/364081**
74.7.229.3 - - [14/Mar/2026:09:13:06 -0700] "GET /?p=27633 HTTP/2.0" 301 1 "https://todaysiplmatch.in/lottery-sambad/west-bengal-lottery-sambad/" "Mozilla/5.0 (Macintosh; Intel Mac OS X 10_15_7) AppleWebKit/537.36 (KHTML, like Gecko) Chrome/131.0.0.0 Safari/537.36; compatible; OAI-SearchBot/1.3; +https://openai.com/searchbot" 258 **0/258690**
94.72.181.90 - - [14/Mar/2026:09:13:05 -0700] "GET / HTTP/2.0" 200 39791 "-" "HetrixTools Uptime Monitoring Bot. https://hetrix.tools/uptime-monitoring-bot.html" 644 **0/644752**
74.7.241.60 - - [14/Mar/2026:09:13:06 -0700] "GET /wp-json/oembed/1.0/embed?url=https%3A%2F%2Ftodaysiplmatch.in%2Flottery-sambad%2Fnagaland-lottery-sambad%2F HTTP/2.0" 200 1203 "https://todaysiplmatch.in/lottery-sambad/nagaland-lottery-sambad/" "Mozilla/5.0 AppleWebKit/537.36 (KHTML, like Gecko; compatible; GPTBot/1.3; +https://openai.com/gptbot)" 293 **0/293989**
74.7.229.3 - - [14/Mar/2026:09:13:06 -0700] "GET /lottery-sambad/west-bengal-lottery-sambad/ HTTP/2.0" 200 32271 "https://todaysiplmatch.in/?p=27633" "Mozilla/5.0 (Macintosh; Intel Mac OS X 10_15_7) AppleWebKit/537.36 (KHTML, like Gecko) Chrome/131.0.0.0 Safari/537.36; compatible; OAI-SearchBot/1.3; +https://openai.com/searchbot" 492 **0/492280**
74.7.241.60 - - [14/Mar/2026:09:13:07 -0700] "GET /?p=27608 HTTP/2.0" 301 1 "https://todaysiplmatch.in/lottery-sambad/nagaland-lottery-sambad/" "Mozilla/5.0 AppleWebKit/537.36 (KHTML, like Gecko; compatible; GPTBot/1.3; +https://openai.com/gptbot)" 268 **0/268548**
74.7.241.60 - - [14/Mar/2026:09:13:07 -0700] "GET /lottery-sambad/nagaland-lottery-sambad/ HTTP/2.0" 200 32154 "https://todaysiplmatch.in/?p=27608" "Mozilla/5.0 AppleWebKit/537.36 (KHTML, like Gecko; compatible; GPTBot/1.3; +https://openai.com/gptbot)" 553 **0/553048**
74.7.241.60 - - [14/Mar/2026:09:13:08 -0700] "GET /wp-json/oembed/1.0/embed?format=xml&url=https%3A%2F%2Ftodaysiplmatch.in%2Flottery-sambad%2Fnagaland-lottery-sambad%2F HTTP/2.0" 200 1210 "https://todaysiplmatch.in/lottery-sambad/nagaland-lottery-sambad/" "Mozilla/5.0 AppleWebKit/537.36 (KHTML, like Gecko; compatible; GPTBot/1.3; +https://openai.com/gptbot)" 318 **0/318351**
74.7.243.32 - - [14/Mar/2026:09:13:08 -0700] "GET /wp-json/wp/v2/pages/27608 HTTP/2.0" 200 5859 "https://todaysiplmatch.in/lottery-sambad/nagaland-lottery-sambad/" "Mozilla/5.0 (Macintosh; Intel Mac OS X 10_15_7) AppleWebKit/537.36 (KHTML, like Gecko) Chrome/131.0.0.0 Safari/537.36; compatible; OAI-SearchBot/1.3; +https://openai.com/searchbot" 395 **0/395822**
74.7.241.60 - - [14/Mar/2026:09:13:09 -0700] "GET /wp-content/uploads/elementor/css/post-27608.css?ver=1773503856 HTTP/2.0" 200 301 "https://todaysiplmatch.in/lottery-sambad/nagaland-lottery-sambad/" "Mozilla/5.0 AppleWebKit/537.36 (KHTML, like Gecko; compatible; GPTBot/1.3; +https://openai.com/gptbot)" 12 **0/12449**
74.7.243.32 - - [14/Mar/2026:09:13:09 -0700] "GET /wp-json/oembed/1.0/embed?url=https%3A%2F%2Ftodaysiplmatch.in%2Flottery-sambad%2Fnagaland-lottery-sambad%2F HTTP/2.0" 200 1200 "https://todaysiplmatch.in/lottery-sambad/nagaland-lottery-sambad/" "Mozilla/5.0 (Macintosh; Intel Mac OS X 10_15_7) AppleWebKit/537.36 (KHTML, like Gecko) Chrome/131.0.0.0 Safari/537.36; compatible; OAI-SearchBot/1.3; +https://openai.com/searchbot" 347 **0/347289**
66.206.13.170 - - [14/Mar/2026:09:13:09 -0700] "GET / HTTP/2.0" 200 39791 "-" "HetrixTools Uptime Monitoring Bot. https://hetrix.tools/uptime-monitoring-bot.html" 718 **0/718209**
74.7.242.172 - - [14/Mar/2026:09:13:10 -0700] "GET /?p=27608 HTTP/2.0" 301 1 "https://todaysiplmatch.in/lottery-sambad/nagaland-lottery-sambad/" "Mozilla/5.0 (Macintosh; Intel Mac OS X 10_15_7) AppleWebKit/537.36 (KHTML, like Gecko) Chrome/131.0.0.0 Safari/537.36; compatible; OAI-SearchBot/1.3; +https://openai.com/searchbot" 235 **0/235684**
74.7.242.172 - - [14/Mar/2026:09:13:10 -0700] "GET /lottery-sambad/nagaland-lottery-sambad/ HTTP/2.0" 200 32154 "https://todaysiplmatch.in/?p=27608" "Mozilla/5.0 (Macintosh; Intel Mac OS X 10_15_7) AppleWebKit/537.36 (KHTML, like Gecko) Chrome/131.0.0.0 Safari/537.36; compatible; OAI-SearchBot/1.3; +https://openai.com/searchbot" 505 **0/505555**
74.7.229.9 - - [14/Mar/2026:09:13:12 -0700] "GET /wp-json/oembed/1.0/embed?format=xml&url=https%3A%2F%2Ftodaysiplmatch.in%2Flottery-sambad%2Fnagaland-lottery-sambad%2F HTTP/2.0" 200 1212 "https://todaysiplmatch.in/lottery-sambad/nagaland-lottery-sambad/" "Mozilla/5.0 (Macintosh; Intel Mac OS X 10_15_7) AppleWebKit/537.36 (KHTML, like Gecko) Chrome/131.0.0.0 Safari/537.36; compatible; OAI-SearchBot/1.3; +https://openai.com/searchbot" 351 **0/351185**
74.7.229.128 - - [14/Mar/2026:09:13:13 -0700] "GET /wp-content/uploads/elementor/css/post-27608.css?ver=1773503856 HTTP/2.0" 200 301 "https://todaysiplmatch.in/lottery-sambad/nagaland-lottery-sambad/" "Mozilla/5.0 (Macintosh; Intel Mac OS X 10_15_7) AppleWebKit/537.36 (KHTML, like Gecko) Chrome/131.0.0.0 Safari/537.36; compatible; OAI-SearchBot/1.3; +https://openai.com/searchbot" 13 **0/13040**
118.139.180.95 - - [14/Mar/2026:09:13:14 -0700] "POST /wp-cron.php?doing_wp_cron=1773504794.2689800262451171875000 HTTP/1.1" 200 - "-" "WordPress/6.9.4; https://todaysiplmatch.in" 20 **0/20136**
74.7.242.172 - - [14/Mar/2026:09:13:14 -0700] "GET /xmlrpc.php HTTP/2.0" 405 46 "https://todaysiplmatch.in/ipl/most-dangerous-batsman-in-ipl/" "Mozilla/5.0 (Macintosh; Intel Mac OS X 10_15_7) AppleWebKit/537.36 (KHTML, like Gecko) Chrome/131.0.0.0 Safari/537.36; compatible; OAI-SearchBot/1.3; +https://openai.com/searchbot" 286 **0/286106**
74.7.229.3 - - [14/Mar/2026:09:13:15 -0700] "GET /satta-matka/ipl-satta-kaise-khele/ HTTP/2.0" 200 31302 "https://todaysiplmatch.in/ipl/most-dangerous-batsman-in-ipl/" "Mozilla/5.0 (Macintosh; Intel Mac OS X 10_15_7) AppleWebKit/537.36 (KHTML, like Gecko) Chrome/131.0.0.0 Safari/537.36; compatible; OAI-SearchBot/1.3; +https://openai.com/searchbot" 678 **0/678638**
74.7.229.128 - - [14/Mar/2026:09:13:16 -0700] "GET /top-betting-sites-in-india/96in-betting/ HTTP/2.0" 200 36813 "https://todaysiplmatch.in/ipl/most-dangerous-batsman-in-ipl/" "Mozilla/5.0 (Macintosh; Intel Mac OS X 10_15_7) AppleWebKit/537.36 (KHTML, like Gecko) Chrome/131.0.0.0 Safari/537.36; compatible; OAI-SearchBot/1.3; +https://openai.com/searchbot" 631 **0/631577**
66.165.225.34 - - [14/Mar/2026:09:13:16 -0700] "GET / HTTP/2.0" 200 39791 "-" "HetrixTools Uptime Monitoring Bot. https://hetrix.tools/uptime-monitoring-bot.html" 803 **0/803471**
104.152.52.132 - - [14/Mar/2026:09:13:17 -0700] "GET / HTTP/1.1" 200 367395 "-" "curl/7.61.1" 1120 **1/1120064**
74.7.242.172 - - [14/Mar/2026:09:13:17 -0700] "GET /cricket-betting/ipl-betting/ipl-betting-in-andaman-and-nicobar-island/ HTTP/2.0" 200 32827 "https://todaysiplmatch.in/ipl/most-dangerous-batsman-in-ipl/" "Mozilla/5.0 (Macintosh; Intel Mac OS X 10_15_7) AppleWebKit/537.36 (KHTML, like Gecko) Chrome/131.0.0.0 Safari/537.36; compatible; OAI-SearchBot/1.3; +https://openai.com/searchbot" 712 **0/712249**
104.152.52.132 - - [14/Mar/2026:09:13:18 -0700] "GET /favicon.ico HTTP/1.1" 302 - "-" "curl/7.61.1" 285 **0/285294**
74.7.229.3 - - [14/Mar/2026:09:13:18 -0700] "GET /cricket-betting/ipl-betting/ipl-betting-in-dadra-and-nagar-haveli/ HTTP/2.0" 200 32749 "https://todaysiplmatch.in/ipl/most-dangerous-batsman-in-ipl/" "Mozilla/5.0 (Macintosh; Intel Mac OS X 10_15_7) AppleWebKit/537.36 (KHTML, like Gecko) Chrome/131.0.0.0 Safari/537.36; compatible; OAI-SearchBot/1.3; +https://openai.com/searchbot" 673 **0/673486**
216.73.216.186 - - [14/Mar/2026:09:13:19 -0700] "GET /?p=26115 HTTP/2.0" 301 1 "-" "Mozilla/5.0 AppleWebKit/537.36 (KHTML, like Gecko; compatible; ClaudeBot/1.0; +claudebot@anthropic.com)" 315 **0/315707**
216.73.216.186 - - [14/Mar/2026:09:13:19 -0700] "GET /world-cup/world-cup-highlights HTTP/2.0" 301 1 "-" "Mozilla/5.0 AppleWebKit/537.36 (KHTML, like Gecko; compatible; ClaudeBot/1.0; +claudebot@anthropic.com)" 552 **0/552374**
74.7.228.206 - - [14/Mar/2026:09:13:20 -0700] "GET /?p=33261 HTTP/2.0" 301 1 "https://todaysiplmatch.in/cricket-betting/ipl-betting/ipl-betting-in-andaman-and-nicobar-island/" "Mozilla/5.0 (Macintosh; Intel Mac OS X 10_15_7) AppleWebKit/537.36 (KHTML, like Gecko) Chrome/131.0.0.0 Safari/537.36; compatible; OAI-SearchBot/1.3; +https://openai.com/searchbot" 287 **0/287717**
74.7.241.60 - - [14/Mar/2026:09:13:20 -0700] "GET /wp-json/wp/v2/pages/33261 HTTP/2.0" 200 6595 "https://todaysiplmatch.in/cricket-betting/ipl-betting/ipl-betting-in-andaman-and-nicobar-island/" "Mozilla/5.0 AppleWebKit/537.36 (KHTML, like Gecko; compatible; GPTBot/1.3; +https://openai.com/gptbot)" 470 **0/470512**
216.73.216.186 - - [14/Mar/2026:09:13:20 -0700] "GET /ipl/ipl-2017-final/ HTTP/2.0" 200 37426 "https://todaysiplmatch.in/?p=26115" "Mozilla/5.0 AppleWebKit/537.36 (KHTML, like Gecko; compatible; ClaudeBot/1.0; +claudebot@anthropic.com)" 765 **0/765083**
216.73.216.186 - - [14/Mar/2026:09:13:20 -0700] "GET /world-cup/world-cup-highlights/ HTTP/2.0" 200 37567 "https://todaysiplmatch.in/world-cup/world-cup-highlights" "Mozilla/5.0 AppleWebKit/537.36 (KHTML, like Gecko; compatible; ClaudeBot/1.0; +claudebot@anthropic.com)" 820 **0/820624**
74.7.241.60 - - [14/Mar/2026:09:13:20 -0700] "GET /wp-json/oembed/1.0/embed?url=https%3A%2F%2Ftodaysiplmatch.in%2Fcricket-betting%2Fipl-betting%2Fipl-betting-in-andaman-and-nicobar-island%2F HTTP/2.0" 200 1153 "https://todaysiplmatch.in/cricket-betting/ipl-betting/ipl-betting-in-andaman-and-nicobar-island/" "Mozilla/5.0 AppleWebKit/537.36 (KHTML, like Gecko; compatible; GPTBot/1.3; +https://openai.com/gptbot)" 344 **0/344116**
74.7.228.206 - - [14/Mar/2026:09:13:20 -0700] "GET /cricket-betting/ipl-betting/ipl-betting-in-andaman-and-nicobar-island/ HTTP/2.0" 200 32827 "https://todaysiplmatch.in/?p=33261" "Mozilla/5.0 (Macintosh; Intel Mac OS X 10_15_7) AppleWebKit/537.36 (KHTML, like Gecko) Chrome/131.0.0.0 Safari/537.36; compatible; OAI-SearchBot/1.3; +https://openai.com/searchbot" 653 **0/653200**
74.7.241.60 - - [14/Mar/2026:09:13:21 -0700] "GET /cricket-betting/ipl-betting/ipl-betting-in-andaman-and-nicobar-island/todaysiplmatch.in/cricket-betting/ipl-betting/ HTTP/2.0" 301 1 "https://todaysiplmatch.in/cricket-betting/ipl-betting/ipl-betting-in-andaman-and-nicobar-island/" "Mozilla/5.0 AppleWebKit/537.36 (KHTML, like Gecko; compatible; GPTBot/1.3; +https://openai.com/gptbot)" 326 **0/326131**
74.7.241.60 - - [14/Mar/2026:09:13:22 -0700] "GET /cricket-betting/ipl-betting/ HTTP/2.0" 200 44664 "https://todaysiplmatch.in/cricket-betting/ipl-betting/ipl-betting-in-andaman-and-nicobar-island/todaysiplmatch.in/cricket-betting/ipl-betting/" "Mozilla/5.0 AppleWebKit/537.36 (KHTML, like Gecko; compatible; GPTBot/1.3; +https://openai.com/gptbot)" 623 **0/623000**
74.7.229.9 - - [14/Mar/2026:09:13:22 -0700] "GET /wp-json/wp/v2/pages/29866 HTTP/2.0" 200 4798 "https://todaysiplmatch.in/satta-matka/ipl-satta-kaise-khele/" "Mozilla/5.0 (Macintosh; Intel Mac OS X 10_15_7) AppleWebKit/537.36 (KHTML, like Gecko) Chrome/131.0.0.0 Safari/537.36; compatible; OAI-SearchBot/1.3; +https://openai.com/searchbot" 424 **0/424252**
74.7.241.60 - - [14/Mar/2026:09:13:23 -0700] "GET /wp-content/uploads/elementor/css/post-33261.css?ver=1773504798 HTTP/2.0" 200 216 "https://todaysiplmatch.in/cricket-betting/ipl-betting/ipl-betting-in-andaman-and-nicobar-island/" "Mozilla/5.0 AppleWebKit/537.36 (KHTML, like Gecko; compatible; GPTBot/1.3; +https://openai.com/gptbot)" 12 **0/12524**
74.7.228.206 - - [14/Mar/2026:09:13:23 -0700] "GET /wp-json/wp/v2/pages/33261 HTTP/2.0" 200 6595 "https://todaysiplmatch.in/cricket-betting/ipl-betting/ipl-betting-in-andaman-and-nicobar-island/" "Mozilla/5.0 (Macintosh; Intel Mac OS X 10_15_7) AppleWebKit/537.36 (KHTML, like Gecko) Chrome/131.0.0.0 Safari/537.36; compatible; OAI-SearchBot/1.3; +https://openai.com/searchbot" 417 **0/417390**
74.7.241.60 - - [14/Mar/2026:09:13:23 -0700] "GET /wp-json/oembed/1.0/embed?url=https%3A%2F%2Ftodaysiplmatch.in%2Fsatta-matka%2Fipl-satta-kaise-khele%2F HTTP/2.0" 200 1050 "https://todaysiplmatch.in/satta-matka/ipl-satta-kaise-khele/" "Mozilla/5.0 AppleWebKit/537.36 (KHTML, like Gecko; compatible; GPTBot/1.3; +https://openai.com/gptbot)" 302 **0/302639**
148.113.25.248 - - [14/Mar/2026:09:13:24 -0700] "GET / HTTP/2.0" 200 39791 "-" "HetrixTools Uptime Monitoring Bot. https://hetrix.tools/uptime-monitoring-bot.html" 813 **0/813159**
74.7.241.60 - - [14/Mar/2026:09:13:25 -0700] "GET /?p=29866 HTTP/2.0" 301 1 "https://todaysiplmatch.in/satta-matka/ipl-satta-kaise-khele/" "Mozilla/5.0 AppleWebKit/537.36 (KHTML, like Gecko; compatible; GPTBot/1.3; +https://openai.com/gptbot)" 279 **0/279460**
74.7.243.32 - - [14/Mar/2026:09:13:26 -0700] "GET /wp-json/oembed/1.0/embed?url=https%3A%2F%2Ftodaysiplmatch.in%2Fcricket-betting%2Fipl-betting%2Fipl-betting-in-andaman-and-nicobar-island%2F HTTP/2.0" 200 1149 "https://todaysiplmatch.in/cricket-betting/ipl-betting/ipl-betting-in-andaman-and-nicobar-island/" "Mozilla/5.0 (Macintosh; Intel Mac OS X 10_15_7) AppleWebKit/537.36 (KHTML, like Gecko) Chrome/131.0.0.0 Safari/537.36; compatible; OAI-SearchBot/1.3; +https://openai.com/searchbot" 335 **0/335906**
74.7.241.60 - - [14/Mar/2026:09:13:26 -0700] "GET /satta-matka/ipl-satta-kaise-khele/ HTTP/2.0" 200 31302 "https://todaysiplmatch.in/?p=29866" "Mozilla/5.0 AppleWebKit/537.36 (KHTML, like Gecko; compatible; GPTBot/1.3; +https://openai.com/gptbot)" 586 **0/586344**
74.7.241.60 - - [14/Mar/2026:09:13:26 -0700] "GET /articles/satta-matka/ipl-satta-app/ HTTP/2.0" 301 1 "https://todaysiplmatch.in/satta-matka/ipl-satta-kaise-khele/" "Mozilla/5.0 AppleWebKit/537.36 (KHTML, like Gecko; compatible; GPTBot/1.3; +https://openai.com/gptbot)" 265 **0/265087**
74.7.229.3 - - [14/Mar/2026:09:13:27 -0700] "GET /wp-content/uploads/elementor/css/post-33261.css?ver=1773504798 HTTP/2.0" 200 216 "https://todaysiplmatch.in/cricket-betting/ipl-betting/ipl-betting-in-andaman-and-nicobar-island/" "Mozilla/5.0 (Macintosh; Intel Mac OS X 10_15_7) AppleWebKit/537.36 (KHTML, like Gecko) Chrome/131.0.0.0 Safari/537.36; compatible; OAI-SearchBot/1.3; +https://openai.com/searchbot" 11 **0/11454**
74.7.243.32 - - [14/Mar/2026:09:13:27 -0700] "GET /wp-content/uploads/elementor/css/post-29866.css?ver=1773504795 HTTP/2.0" 200 179 "https://todaysiplmatch.in/satta-matka/ipl-satta-kaise-khele/" "Mozilla/5.0 (Macintosh; Intel Mac OS X 10_15_7) AppleWebKit/537.36 (KHTML, like Gecko) Chrome/131.0.0.0 Safari/537.36; compatible; OAI-SearchBot/1.3; +https://openai.com/searchbot" 10 **0/10128**
74.7.241.60 - - [14/Mar/2026:09:13:27 -0700] "GET /satta-matka/ipl-satta-app/ HTTP/2.0" 200 32419 "https://todaysiplmatch.in/articles/satta-matka/ipl-satta-app/" "Mozilla/5.0 AppleWebKit/537.36 (KHTML, like Gecko; compatible; GPTBot/1.3; +https://openai.com/gptbot)" 575 **0/575887**
74.7.241.60 - - [14/Mar/2026:09:13:28 -0700] "GET /articles/satta-matka/rajdhani-night-chart/ HTTP/2.0" 301 1 "https://todaysiplmatch.in/satta-matka/ipl-satta-kaise-khele/" "Mozilla/5.0 AppleWebKit/537.36 (KHTML, like Gecko; compatible; GPTBot/1.3; +https://openai.com/gptbot)" 227 **0/227636**
74.7.228.206 - - [14/Mar/2026:09:13:28 -0700] "GET /wp-json/oembed/1.0/embed?format=xml&url=https%3A%2F%2Ftodaysiplmatch.in%2Fsatta-matka%2Fipl-satta-kaise-khele%2F HTTP/2.0" 200 1056 "https://todaysiplmatch.in/satta-matka/ipl-satta-kaise-khele/" "Mozilla/5.0 (Macintosh; Intel Mac OS X 10_15_7) AppleWebKit/537.36 (KHTML, like Gecko) Chrome/131.0.0.0 Safari/537.36; compatible; OAI-SearchBot/1.3; +https://openai.com/searchbot" 275 **0/275586**
74.7.241.60 - - [14/Mar/2026:09:13:28 -0700] "GET /satta-matka/rajdhani-night-chart/ HTTP/2.0" 200 30951 "https://todaysiplmatch.in/articles/satta-matka/rajdhani-night-chart/" "Mozilla/5.0 AppleWebKit/537.36 (KHTML, like Gecko; compatible; GPTBot/1.3; +https://openai.com/gptbot)" 470 **0/470098**
74.7.241.60 - - [14/Mar/2026:09:13:29 -0700] "GET /?p=33292 HTTP/2.0" 301 1 "https://todaysiplmatch.in/cricket-betting/ipl-betting/ipl-betting-in-dadra-and-nagar-haveli/" "Mozilla/5.0 AppleWebKit/537.36 (KHTML, like Gecko; compatible; GPTBot/1.3; +https://openai.com/gptbot)" 241 **0/241029**
74.7.229.48 - - [14/Mar/2026:09:13:29 -0700] "GET /wp-json/oembed/1.0/embed?format=xml&url=https%3A%2F%2Ftodaysiplmatch.in%2Fcricket-betting%2Fipl-betting%2Fipl-betting-in-dadra-and-nagar-haveli%2F HTTP/2.0" 200 1154 "https://todaysiplmatch.in/cricket-betting/ipl-betting/ipl-betting-in-dadra-and-nagar-haveli/" "Mozilla/5.0 (Macintosh; Intel Mac OS X 10_15_7) AppleWebKit/537.36 (KHTML, like Gecko) Chrome/131.0.0.0 Safari/537.36; compatible; OAI-SearchBot/1.3; +https://openai.com/searchbot" 313 **0/313277**
74.7.228.206 - - [14/Mar/2026:09:13:30 -0700] "GET /wp-json/oembed/1.0/embed?url=https%3A%2F%2Ftodaysiplmatch.in%2Fsatta-matka%2Fipl-satta-kaise-khele%2F HTTP/2.0" 200 1051 "https://todaysiplmatch.in/satta-matka/ipl-satta-kaise-khele/" "Mozilla/5.0 (Macintosh; Intel Mac OS X 10_15_7) AppleWebKit/537.36 (KHTML, like Gecko) Chrome/131.0.0.0 Safari/537.36; compatible; OAI-SearchBot/1.3; +https://openai.com/searchbot" 354 **0/354609**
74.7.241.60 - - [14/Mar/2026:09:13:30 -0700] "GET /cricket-betting/ipl-betting/ipl-betting-in-dadra-and-nagar-haveli/ HTTP/2.0" 200 32749 "https://todaysiplmatch.in/?p=33292" "Mozilla/5.0 AppleWebKit/537.36 (KHTML, like Gecko; compatible; GPTBot/1.3; +https://openai.com/gptbot)" 691 **0/691261**
74.7.228.206 - - [14/Mar/2026:09:13:30 -0700] "GET /wp-content/uploads/elementor/css/post-33292.css?ver=1773481804 HTTP/2.0" 200 216 "https://todaysiplmatch.in/cricket-betting/ipl-betting/ipl-betting-in-dadra-and-nagar-haveli/" "Mozilla/5.0 (Macintosh; Intel Mac OS X 10_15_7) AppleWebKit/537.36 (KHTML, like Gecko) Chrome/131.0.0.0 Safari/537.36; compatible; OAI-SearchBot/1.3; +https://openai.com/searchbot" 8 **0/8638**
74.7.241.60 - - [14/Mar/2026:09:13:31 -0700] "GET /cricket-betting/ipl-betting/ipl-betting-in-dadra-and-nagar-haveli/todaysiplmatch.in/cricket-betting/ipl-betting/ HTTP/2.0" 301 1 "https://todaysiplmatch.in/cricket-betting/ipl-betting/ipl-betting-in-dadra-and-nagar-haveli/" "Mozilla/5.0 AppleWebKit/537.36 (KHTML, like Gecko; compatible; GPTBot/1.3; +https://openai.com/gptbot)" 277 **0/277390**
74.7.241.60 - - [14/Mar/2026:09:13:31 -0700] "GET /cricket-betting/ipl-betting/ HTTP/2.0" 200 44664 "https://todaysiplmatch.in/cricket-betting/ipl-betting/ipl-betting-in-dadra-and-nagar-haveli/todaysiplmatch.in/cricket-betting/ipl-betting/" "Mozilla/5.0 AppleWebKit/537.36 (KHTML, like Gecko; compatible; GPTBot/1.3; +https://openai.com/gptbot)" 628 **0/628414**
74.7.229.9 - - [14/Mar/2026:09:13:32 -0700] "GET /?p=29866 HTTP/2.0" 301 1 "https://todaysiplmatch.in/satta-matka/ipl-satta-kaise-khele/" "Mozilla/5.0 (Macintosh; Intel Mac OS X 10_15_7) AppleWebKit/537.36 (KHTML, like Gecko) Chrome/131.0.0.0 Safari/537.36; compatible; OAI-SearchBot/1.3; +https://openai.com/searchbot" 276 **0/276761**
74.7.241.60 - - [14/Mar/2026:09:13:32 -0700] "GET /?p=33261 HTTP/2.0" 301 1 "https://todaysiplmatch.in/cricket-betting/ipl-betting/ipl-betting-in-andaman-and-nicobar-island/" "Mozilla/5.0 AppleWebKit/537.36 (KHTML, like Gecko; compatible; GPTBot/1.3; +https://openai.com/gptbot)" 270 **0/270480**
74.7.229.9 - - [14/Mar/2026:09:13:32 -0700] "GET /satta-matka/ipl-satta-kaise-khele/ HTTP/2.0" 200 31302 "https://todaysiplmatch.in/?p=29866" "Mozilla/5.0 (Macintosh; Intel Mac OS X 10_15_7) AppleWebKit/537.36 (KHTML, like Gecko) Chrome/131.0.0.0 Safari/537.36; compatible; OAI-SearchBot/1.3; +https://openai.com/searchbot" 613 **0/613488**
74.7.241.60 - - [14/Mar/2026:09:13:32 -0700] "GET /cricket-betting/ipl-betting/ipl-betting-in-andaman-and-nicobar-island/ HTTP/2.0" 200 32827 "https://todaysiplmatch.in/?p=33261" "Mozilla/5.0 AppleWebKit/537.36 (KHTML, like Gecko; compatible; GPTBot/1.3; +https://openai.com/gptbot)" 531 **0/531787**
74.7.241.60 - - [14/Mar/2026:09:13:33 -0700] "GET /wp-json/wp/v2/pages/29866 HTTP/2.0" 200 4798 "https://todaysiplmatch.in/satta-matka/ipl-satta-kaise-khele/" "Mozilla/5.0 AppleWebKit/537.36 (KHTML, like Gecko; compatible; GPTBot/1.3; +https://openai.com/gptbot)" 419 **0/419077**
74.7.229.48 - - [14/Mar/2026:09:13:33 -0700] "GET /lottery-sambad/sikkim-lottery-sambad/ HTTP/2.0" 200 31455 "https://todaysiplmatch.in/ipl/most-dangerous-batsman-in-ipl/" "Mozilla/5.0 (Macintosh; Intel Mac OS X 10_15_7) AppleWebKit/537.36 (KHTML, like Gecko) Chrome/131.0.0.0 Safari/537.36; compatible; OAI-SearchBot/1.3; +https://openai.com/searchbot" 646 **0/646559**
74.7.241.60 - - [14/Mar/2026:09:13:34 -0700] "GET /wp-json/oembed/1.0/embed?url=https%3A%2F%2Ftodaysiplmatch.in%2Fcricket-betting%2Fipl-betting%2Fipl-betting-in-dadra-and-nagar-haveli%2F HTTP/2.0" 200 1140 "https://todaysiplmatch.in/cricket-betting/ipl-betting/ipl-betting-in-dadra-and-nagar-haveli/" "Mozilla/5.0 AppleWebKit/537.36 (KHTML, like Gecko; compatible; GPTBot/1.3; +https://openai.com/gptbot)" 337 **0/337248**
74.7.241.60 - - [14/Mar/2026:09:13:35 -0700] "GET /wp-json/wp/v2/pages/33292 HTTP/2.0" 200 6423 "https://todaysiplmatch.in/cricket-betting/ipl-betting/ipl-betting-in-dadra-and-nagar-haveli/" "Mozilla/5.0 AppleWebKit/537.36 (KHTML, like Gecko; compatible; GPTBot/1.3; +https://openai.com/gptbot)" 395 **0/395539**
74.7.241.60 - - [14/Mar/2026:09:13:35 -0700] "GET /wp-json/oembed/1.0/embed?format=xml&url=https%3A%2F%2Ftodaysiplmatch.in%2Fcricket-betting%2Fipl-betting%2Fipl-betting-in-andaman-and-nicobar-island%2F HTTP/2.0" 200 1164 "https://todaysiplmatch.in/?p=33261" "Mozilla/5.0 AppleWebKit/537.36 (KHTML, like Gecko; compatible; GPTBot/1.3; +https://openai.com/gptbot)" 262 **0/262662**
74.7.242.172 - - [14/Mar/2026:09:13:35 -0700] "GET /cricket-betting/ipl-betting/ipl-betting-in-tamil-nadu/ HTTP/2.0" 200 32943 "https://todaysiplmatch.in/ipl/most-dangerous-batsman-in-ipl/" "Mozilla/5.0 (Macintosh; Intel Mac OS X 10_15_7) AppleWebKit/537.36 (KHTML, like Gecko) Chrome/131.0.0.0 Safari/537.36; compatible; OAI-SearchBot/1.3; +https://openai.com/searchbot" 601 **0/601480**
74.7.241.60 - - [14/Mar/2026:09:13:36 -0700] "GET /articles/ipl/ipl-satta/ HTTP/2.0" 301 1 "https://todaysiplmatch.in/?p=29866" "Mozilla/5.0 AppleWebKit/537.36 (KHTML, like Gecko; compatible; GPTBot/1.3; +https://openai.com/gptbot)" 287 **0/287793**
74.7.241.60 - - [14/Mar/2026:09:13:36 -0700] "GET /satta-matka/ipl-satta/ HTTP/2.0" 200 33273 "https://todaysiplmatch.in/articles/ipl/ipl-satta/" "Mozilla/5.0 AppleWebKit/537.36 (KHTML, like Gecko; compatible; GPTBot/1.3; +https://openai.com/gptbot)" 500 **0/500160**
74.7.228.206 - - [14/Mar/2026:09:13:37 -0700] "GET /wp-json/oembed/1.0/embed?url=https%3A%2F%2Ftodaysiplmatch.in%2Fcricket-betting%2Fipl-betting%2Fipl-betting-in-dadra-and-nagar-haveli%2F HTTP/2.0" 200 1138 "https://todaysiplmatch.in/cricket-betting/ipl-betting/ipl-betting-in-dadra-and-nagar-haveli/" "Mozilla/5.0 (Macintosh; Intel Mac OS X 10_15_7) AppleWebKit/537.36 (KHTML, like Gecko) Chrome/131.0.0.0 Safari/537.36; compatible; OAI-SearchBot/1.3; +https://openai.com/searchbot" 265 **0/265793**
74.7.241.60 - - [14/Mar/2026:09:13:37 -0700] "GET /?p=29860 HTTP/2.0" 301 1 "https://todaysiplmatch.in/articles/satta-matka/ipl-satta-app/" "Mozilla/5.0 AppleWebKit/537.36 (KHTML, like Gecko; compatible; GPTBot/1.3; +https://openai.com/gptbot)" 215 **0/215243**
74.7.241.60 - - [14/Mar/2026:09:13:38 -0700] "GET /satta-matka/ipl-satta-app/ HTTP/2.0" 200 32419 "https://todaysiplmatch.in/?p=29860" "Mozilla/5.0 AppleWebKit/537.36 (KHTML, like Gecko; compatible; GPTBot/1.3; +https://openai.com/gptbot)" 488 **0/488062**
74.7.229.128 - - [14/Mar/2026:09:13:38 -0700] "GET /wp-json/wp/v2/pages/33292 HTTP/2.0" 200 6423 "https://todaysiplmatch.in/cricket-betting/ipl-betting/ipl-betting-in-dadra-and-nagar-haveli/" "Mozilla/5.0 (Macintosh; Intel Mac OS X 10_15_7) AppleWebKit/537.36 (KHTML, like Gecko) Chrome/131.0.0.0 Safari/537.36; compatible; OAI-SearchBot/1.3; +https://openai.com/searchbot" 354 **0/354704**
74.7.241.60 - - [14/Mar/2026:09:13:38 -0700] "GET /wp-json/oembed/1.0/embed?format=xml&url=https%3A%2F%2Ftodaysiplmatch.in%2Fcricket-betting%2Fipl-betting%2Fipl-betting-in-dadra-and-nagar-haveli%2F HTTP/2.0" 200 1154 "https://todaysiplmatch.in/cricket-betting/ipl-betting/ipl-betting-in-dadra-and-nagar-haveli/" "Mozilla/5.0 AppleWebKit/537.36 (KHTML, like Gecko; compatible; GPTBot/1.3; +https://openai.com/gptbot)" 267 **0/267274**
74.7.241.60 - - [14/Mar/2026:09:13:39 -0700] "GET /?p=29884 HTTP/2.0" 301 1 "https://todaysiplmatch.in/articles/satta-matka/rajdhani-night-chart/" "Mozilla/5.0 AppleWebKit/537.36 (KHTML, like Gecko; compatible; GPTBot/1.3; +https://openai.com/gptbot)" 265 **0/265320**
74.7.229.3 - - [14/Mar/2026:09:13:39 -0700] "GET /wp-json/oembed/1.0/embed?format=xml&url=https%3A%2F%2Ftodaysiplmatch.in%2Flottery-sambad%2Fsikkim-lottery-sambad%2F HTTP/2.0" 200 1206 "https://todaysiplmatch.in/lottery-sambad/sikkim-lottery-sambad/" "Mozilla/5.0 (Macintosh; Intel Mac OS X 10_15_7) AppleWebKit/537.36 (KHTML, like Gecko) Chrome/131.0.0.0 Safari/537.36; compatible; OAI-SearchBot/1.3; +https://openai.com/searchbot" 264 **0/264608**
74.7.241.60 - - [14/Mar/2026:09:13:39 -0700] "GET /satta-matka/rajdhani-night-chart/ HTTP/2.0" 200 30951 "https://todaysiplmatch.in/?p=29884" "Mozilla/5.0 AppleWebKit/537.36 (KHTML, like Gecko; compatible; GPTBot/1.3; +https://openai.com/gptbot)" 531 **0/531028**
74.7.241.60 - - [14/Mar/2026:09:13:40 -0700] "GET /wp-json/oembed/1.0/embed?url=https%3A%2F%2Ftodaysiplmatch.in%2Fsatta-matka%2Frajdhani-night-chart%2F HTTP/2.0" 200 1051 "https://todaysiplmatch.in/articles/satta-matka/rajdhani-night-chart/" "Mozilla/5.0 AppleWebKit/537.36 (KHTML, like Gecko; compatible; GPTBot/1.3; +https://openai.com/gptbot)" 223 **0/223979**
74.7.243.32 - - [14/Mar/2026:09:13:41 -0700] "GET /wp-content/uploads/elementor/css/post-27619.css?ver=1773503836 HTTP/2.0" 200 301 "https://todaysiplmatch.in/lottery-sambad/sikkim-lottery-sambad/" "Mozilla/5.0 (Macintosh; Intel Mac OS X 10_15_7) AppleWebKit/537.36 (KHTML, like Gecko) Chrome/131.0.0.0 Safari/537.36; compatible; OAI-SearchBot/1.3; +https://openai.com/searchbot" 9 **0/9418**
74.7.229.128 - - [14/Mar/2026:09:13:41 -0700] "GET /wp-json/oembed/1.0/embed?url=https%3A%2F%2Ftodaysiplmatch.in%2Flottery-sambad%2Fsikkim-lottery-sambad%2F HTTP/2.0" 200 1192 "https://todaysiplmatch.in/lottery-sambad/sikkim-lottery-sambad/" "Mozilla/5.0 (Macintosh; Intel Mac OS X 10_15_7) AppleWebKit/537.36 (KHTML, like Gecko) Chrome/131.0.0.0 Safari/537.36; compatible; OAI-SearchBot/1.3; +https://openai.com/searchbot" 233 **0/233962**
74.7.241.60 - - [14/Mar/2026:09:13:41 -0700] "GET /wp-json/wp/v2/pages/29860 HTTP/2.0" 200 6052 "https://todaysiplmatch.in/articles/satta-matka/ipl-satta-app/" "Mozilla/5.0 AppleWebKit/537.36 (KHTML, like Gecko; compatible; GPTBot/1.3; +https://openai.com/gptbot)" 332 **0/332528**
74.7.241.60 - - [14/Mar/2026:09:13:41 -0700] "GET /wp-json/wp/v2/pages/29884 HTTP/2.0" 200 4532 "https://todaysiplmatch.in/articles/satta-matka/rajdhani-night-chart/" "Mozilla/5.0 AppleWebKit/537.36 (KHTML, like Gecko; compatible; GPTBot/1.3; +https://openai.com/gptbot)" 261 **0/261133**
74.7.229.235 - - [14/Mar/2026:09:13:42 -0700] "GET /?p=32845 HTTP/2.0" 301 1 "https://todaysiplmatch.in/cricket-betting/ipl-betting/ipl-betting-in-tamil-nadu/" "Mozilla/5.0 (Macintosh; Intel Mac OS X 10_15_7) AppleWebKit/537.36 (KHTML, like Gecko) Chrome/131.0.0.0 Safari/537.36; compatible; OAI-SearchBot/1.3; +https://openai.com/searchbot" 262 **0/262995**
74.7.241.60 - - [14/Mar/2026:09:13:42 -0700] "GET /?p=27619 HTTP/2.0" 301 1 "https://todaysiplmatch.in/lottery-sambad/sikkim-lottery-sambad/" "Mozilla/5.0 AppleWebKit/537.36 (KHTML, like Gecko; compatible; GPTBot/1.3; +https://openai.com/gptbot)" 239 **0/239813**
74.7.241.60 - - [14/Mar/2026:09:13:42 -0700] "GET /lottery-sambad/sikkim-lottery-sambad/ HTTP/2.0" 200 31455 "https://todaysiplmatch.in/?p=27619" "Mozilla/5.0 AppleWebKit/537.36 (KHTML, like Gecko; compatible; GPTBot/1.3; +https://openai.com/gptbot)" 494 **0/494992**
74.7.229.235 - - [14/Mar/2026:09:13:42 -0700] "GET /cricket-betting/ipl-betting/ipl-betting-in-tamil-nadu/ HTTP/2.0" 200 32943 "https://todaysiplmatch.in/?p=32845" "Mozilla/5.0 (Macintosh; Intel Mac OS X 10_15_7) AppleWebKit/537.36 (KHTML, like Gecko) Chrome/131.0.0.0 Safari/537.36; compatible; OAI-SearchBot/1.3; +https://openai.com/searchbot" 506 **0/506376**
74.7.241.60 - - [14/Mar/2026:09:13:43 -0700] "GET /wp-json/wp/v2/pages/27619 HTTP/2.0" 200 5242 "https://todaysiplmatch.in/lottery-sambad/sikkim-lottery-sambad/" "Mozilla/5.0 AppleWebKit/537.36 (KHTML, like Gecko; compatible; GPTBot/1.3; +https://openai.com/gptbot)" 315 **0/315280**
74.7.229.3 - - [14/Mar/2026:09:13:43 -0700] "GET /cricket-betting/ipl-betting/ipl-betting-in-ladakh/ HTTP/2.0" 200 33372 "https://todaysiplmatch.in/ipl/most-dangerous-batsman-in-ipl/" "Mozilla/5.0 (Macintosh; Intel Mac OS X 10_15_7) AppleWebKit/537.36 (KHTML, like Gecko) Chrome/131.0.0.0 Safari/537.36; compatible; OAI-SearchBot/1.3; +https://openai.com/searchbot" 598 **0/598440**
74.7.241.60 - - [14/Mar/2026:09:13:44 -0700] "GET /wp-json/oembed/1.0/embed?url=https%3A%2F%2Ftodaysiplmatch.in%2Fsatta-matka%2Fipl-satta-app%2F HTTP/2.0" 200 1115 "https://todaysiplmatch.in/articles/satta-matka/ipl-satta-app/" "Mozilla/5.0 AppleWebKit/537.36 (KHTML, like Gecko; compatible; GPTBot/1.3; +https://openai.com/gptbot)" 279 **0/279087**
74.7.241.60 - - [14/Mar/2026:09:13:45 -0700] "GET /?p=29848 HTTP/2.0" 301 1 "https://todaysiplmatch.in/articles/ipl/ipl-satta/" "Mozilla/5.0 AppleWebKit/537.36 (KHTML, like Gecko; compatible; GPTBot/1.3; +https://openai.com/gptbot)" 225 **0/225712**
74.7.241.60 - - [14/Mar/2026:09:13:45 -0700] "GET /satta-matka/ipl-satta/ HTTP/2.0" 200 33273 "https://todaysiplmatch.in/?p=29848" "Mozilla/5.0 AppleWebKit/537.36 (KHTML, like Gecko; compatible; GPTBot/1.3; +https://openai.com/gptbot)" 458 **0/458401**
74.7.229.9 - - [14/Mar/2026:09:13:45 -0700] "GET /?p=27619 HTTP/2.0" 301 1 "https://todaysiplmatch.in/lottery-sambad/sikkim-lottery-sambad/" "Mozilla/5.0 (Macintosh; Intel Mac OS X 10_15_7) AppleWebKit/537.36 (KHTML, like Gecko) Chrome/131.0.0.0 Safari/537.36; compatible; OAI-SearchBot/1.3; +https://openai.com/searchbot" 266 **0/266412**
74.7.241.60 - - [14/Mar/2026:09:13:46 -0700] "GET /wp-json/oembed/1.0/embed?url=https%3A%2F%2Ftodaysiplmatch.in%2Fcricket-betting%2Fipl-betting%2Fipl-betting-in-tamil-nadu%2F HTTP/2.0" 200 1137 "https://todaysiplmatch.in/cricket-betting/ipl-betting/ipl-betting-in-tamil-nadu/" "Mozilla/5.0 AppleWebKit/537.36 (KHTML, like Gecko; compatible; GPTBot/1.3; +https://openai.com/gptbot)" 232 **0/232351**
74.7.229.9 - - [14/Mar/2026:09:13:46 -0700] "GET /lottery-sambad/sikkim-lottery-sambad/ HTTP/2.0" 200 31455 "https://todaysiplmatch.in/?p=27619" "Mozilla/5.0 (Macintosh; Intel Mac OS X 10_15_7) AppleWebKit/537.36 (KHTML, like Gecko) Chrome/131.0.0.0 Safari/537.36; compatible; OAI-SearchBot/1.3; +https://openai.com/searchbot" 441 **0/441813**
74.7.241.60 - - [14/Mar/2026:09:13:46 -0700] "GET /wp-json/wp/v2/pages/32845 HTTP/2.0" 200 6662 "https://todaysiplmatch.in/cricket-betting/ipl-betting/ipl-betting-in-tamil-nadu/" "Mozilla/5.0 AppleWebKit/537.36 (KHTML, like Gecko; compatible; GPTBot/1.3; +https://openai.com/gptbot)" 322 **0/322554**
74.7.241.60 - - [14/Mar/2026:09:13:47 -0700] "GET /wp-json/wp/v2/pages/29848 HTTP/2.0" 200 6919 "https://todaysiplmatch.in/articles/ipl/ipl-satta/" "Mozilla/5.0 AppleWebKit/537.36 (KHTML, like Gecko; compatible; GPTBot/1.3; +https://openai.com/gptbot)" 342 **0/342566**
74.7.229.128 - - [14/Mar/2026:09:13:47 -0700] "GET /wp-json/wp/v2/pages/27619 HTTP/2.0" 200 5242 "https://todaysiplmatch.in/lottery-sambad/sikkim-lottery-sambad/" "Mozilla/5.0 (Macintosh; Intel Mac OS X 10_15_7) AppleWebKit/537.36 (KHTML, like Gecko) Chrome/131.0.0.0 Safari/537.36; compatible; OAI-SearchBot/1.3; +https://openai.com/searchbot" 323 **0/323442**
74.7.241.60 - - [14/Mar/2026:09:13:47 -0700] "GET /wp-json/oembed/1.0/embed?url=https%3A%2F%2Ftodaysiplmatch.in%2Fsatta-matka%2Fipl-satta%2F HTTP/2.0" 200 1140 "https://todaysiplmatch.in/articles/ipl/ipl-satta/" "Mozilla/5.0 AppleWebKit/537.36 (KHTML, like Gecko; compatible; GPTBot/1.3; +https://openai.com/gptbot)" 285 **0/285571**
74.7.229.128 - - [14/Mar/2026:09:13:48 -0700] "GET /wp-json/wp/v2/pages/33818 HTTP/2.0" 200 7092 "https://todaysiplmatch.in/cricket-betting/ipl-betting/ipl-betting-in-ladakh/" "Mozilla/5.0 (Macintosh; Intel Mac OS X 10_15_7) AppleWebKit/537.36 (KHTML, like Gecko) Chrome/131.0.0.0 Safari/537.36; compatible; OAI-SearchBot/1.3; +https://openai.com/searchbot" 362 **0/362092**
74.7.241.60 - - [14/Mar/2026:09:13:48 -0700] "GET /wp-json/oembed/1.0/embed?url=https%3A%2F%2Ftodaysiplmatch.in%2Flottery-sambad%2Fsikkim-lottery-sambad%2F HTTP/2.0" 200 1196 "https://todaysiplmatch.in/lottery-sambad/sikkim-lottery-sambad/" "Mozilla/5.0 AppleWebKit/537.36 (KHTML, like Gecko; compatible; GPTBot/1.3; +https://openai.com/gptbot)" 261 **0/261832**
74.7.241.60 - - [14/Mar/2026:09:13:49 -0700] "GET /wp-json/oembed/1.0/embed?format=xml&url=https%3A%2F%2Ftodaysiplmatch.in%2Fsatta-matka%2Frajdhani-night-chart%2F HTTP/2.0" 200 1059 "https://todaysiplmatch.in/articles/satta-matka/rajdhani-night-chart/" "Mozilla/5.0 AppleWebKit/537.36 (KHTML, like Gecko; compatible; GPTBot/1.3; +https://openai.com/gptbot)" 262 **0/262860**
74.7.229.48 - - [14/Mar/2026:09:13:49 -0700] "GET /wp-content/uploads/elementor/css/post-32845.css?ver=1773504815 HTTP/2.0" 200 204 "https://todaysiplmatch.in/cricket-betting/ipl-betting/ipl-betting-in-tamil-nadu/" "Mozilla/5.0 (Macintosh; Intel Mac OS X 10_15_7) AppleWebKit/537.36 (KHTML, like Gecko) Chrome/131.0.0.0 Safari/537.36; compatible; OAI-SearchBot/1.3; +https://openai.com/searchbot" 10 **0/10043**
74.7.241.60 - - [14/Mar/2026:09:13:49 -0700] "GET /?p=32845 HTTP/2.0" 301 1 "https://todaysiplmatch.in/cricket-betting/ipl-betting/ipl-betting-in-tamil-nadu/" "Mozilla/5.0 AppleWebKit/537.36 (KHTML, like Gecko; compatible; GPTBot/1.3; +https://openai.com/gptbot)" 223 **0/223307**
216.73.216.186 - - [14/Mar/2026:09:13:50 -0700] "GET /?p=25804 HTTP/2.0" 301 1 "-" "Mozilla/5.0 AppleWebKit/537.36 (KHTML, like Gecko; compatible; ClaudeBot/1.0; +claudebot@anthropic.com)" 238 **0/238093**
216.73.216.186 - - [14/Mar/2026:09:13:50 -0700] "GET /?p=27362 HTTP/2.0" 301 1 "-" "Mozilla/5.0 AppleWebKit/537.36 (KHTML, like Gecko; compatible; ClaudeBot/1.0; +claudebot@anthropic.com)" 265 **0/265485**
74.7.241.60 - - [14/Mar/2026:09:13:50 -0700] "GET /cricket-betting/ipl-betting/ipl-betting-in-tamil-nadu/ HTTP/2.0" 200 32943 "https://todaysiplmatch.in/?p=32845" "Mozilla/5.0 AppleWebKit/537.36 (KHTML, like Gecko; compatible; GPTBot/1.3; +https://openai.com/gptbot)" 545 **0/545763**
74.7.242.172 - - [14/Mar/2026:09:13:50 -0700] "GET /wp-json/oembed/1.0/embed?url=https%3A%2F%2Ftodaysiplmatch.in%2Fcricket-betting%2Fipl-betting%2Fipl-betting-in-tamil-nadu%2F HTTP/2.0" 200 1138 "https://todaysiplmatch.in/cricket-betting/ipl-betting/ipl-betting-in-tamil-nadu/" "Mozilla/5.0 (Macintosh; Intel Mac OS X 10_15_7) AppleWebKit/537.36 (KHTML, like Gecko) Chrome/131.0.0.0 Safari/537.36; compatible; OAI-SearchBot/1.3; +https://openai.com/searchbot" 275 **0/275596**
216.73.216.186 - - [14/Mar/2026:09:13:50 -0700] "GET /world-cup/t20-world-cup-tickets/ HTTP/2.0" 200 36032 "https://todaysiplmatch.in/?p=27362" "Mozilla/5.0 AppleWebKit/537.36 (KHTML, like Gecko; compatible; ClaudeBot/1.0; +claudebot@anthropic.com)" 655 **0/655740**
216.73.216.186 - - [14/Mar/2026:09:13:50 -0700] "GET /ipl/most-ducks-in-ipl/ HTTP/2.0" 200 38575 "https://todaysiplmatch.in/?p=25804" "Mozilla/5.0 AppleWebKit/537.36 (KHTML, like Gecko; compatible; ClaudeBot/1.0; +claudebot@anthropic.com)" 688 **0/688311**
74.7.241.60 - - [14/Mar/2026:09:13:51 -0700] "GET /wp-json/oembed/1.0/embed?format=xml&url=https%3A%2F%2Ftodaysiplmatch.in%2Fsatta-matka%2Fipl-satta%2F HTTP/2.0" 200 1146 "https://todaysiplmatch.in/articles/ipl/ipl-satta/" "Mozilla/5.0 AppleWebKit/537.36 (KHTML, like Gecko; compatible; GPTBot/1.3; +https://openai.com/gptbot)" 285 **0/285518**
74.7.241.60 - - [14/Mar/2026:09:13:51 -0700] "GET /wp-json/oembed/1.0/embed?format=xml&url=https%3A%2F%2Ftodaysiplmatch.in%2Fcricket-betting%2Fipl-betting%2Fipl-betting-in-tamil-nadu%2F HTTP/2.0" 200 1155 "https://todaysiplmatch.in/cricket-betting/ipl-betting/ipl-betting-in-tamil-nadu/" "Mozilla/5.0 AppleWebKit/537.36 (KHTML, like Gecko; compatible; GPTBot/1.3; +https://openai.com/gptbot)" 305 **0/305726**
74.7.243.32 - - [14/Mar/2026:09:13:51 -0700] "GET /wp-json/wp/v2/pages/32845 HTTP/2.0" 200 6662 "https://todaysiplmatch.in/cricket-betting/ipl-betting/ipl-betting-in-tamil-nadu/" "Mozilla/5.0 (Macintosh; Intel Mac OS X 10_15_7) AppleWebKit/537.36 (KHTML, like Gecko) Chrome/131.0.0.0 Safari/537.36; compatible; OAI-SearchBot/1.3; +https://openai.com/searchbot" 343 **0/343508**
74.7.241.60 - - [14/Mar/2026:09:13:52 -0700] "GET /?p=33818 HTTP/2.0" 301 1 "https://todaysiplmatch.in/cricket-betting/ipl-betting/ipl-betting-in-ladakh/" "Mozilla/5.0 AppleWebKit/537.36 (KHTML, like Gecko; compatible; GPTBot/1.3; +https://openai.com/gptbot)" 200 **0/200339**
74.7.241.60 - - [14/Mar/2026:09:13:52 -0700] "GET /cricket-betting/ipl-betting/ipl-betting-in-ladakh/ HTTP/2.0" 200 33372 "https://todaysiplmatch.in/?p=33818" "Mozilla/5.0 AppleWebKit/537.36 (KHTML, like Gecko; compatible; GPTBot/1.3; +https://openai.com/gptbot)" 422 **0/422080**
74.7.241.60 - - [14/Mar/2026:09:13:53 -0700] "GET /wp-json/oembed/1.0/embed?url=https%3A%2F%2Ftodaysiplmatch.in%2Fcricket-betting%2Fipl-betting%2Fipl-betting-in-ladakh%2F HTTP/2.0" 200 1126 "https://todaysiplmatch.in/cricket-betting/ipl-betting/ipl-betting-in-ladakh/" "Mozilla/5.0 AppleWebKit/537.36 (KHTML, like Gecko; compatible; GPTBot/1.3; +https://openai.com/gptbot)" 246 **0/246397**
74.7.229.235 - - [14/Mar/2026:09:13:53 -0700] "GET /cricket-betting/ipl-betting/ipl-betting-in-mumbai/ HTTP/2.0" 200 33158 "https://todaysiplmatch.in/ipl/most-dangerous-batsman-in-ipl/" "Mozilla/5.0 (Macintosh; Intel Mac OS X 10_15_7) AppleWebKit/537.36 (KHTML, like Gecko) Chrome/131.0.0.0 Safari/537.36; compatible; OAI-SearchBot/1.3; +https://openai.com/searchbot" 596 **0/596122**
74.7.241.60 - - [14/Mar/2026:09:13:53 -0700] "GET /wp-json/oembed/1.0/embed?format=xml&url=https%3A%2F%2Ftodaysiplmatch.in%2Fsatta-matka%2Fipl-satta-app%2F HTTP/2.0" 200 1129 "https://todaysiplmatch.in/articles/satta-matka/ipl-satta-app/" "Mozilla/5.0 AppleWebKit/537.36 (KHTML, like Gecko; compatible; GPTBot/1.3; +https://openai.com/gptbot)" 262 **0/262852**
74.7.243.32 - - [14/Mar/2026:09:13:54 -0700] "GET /wp-json/oembed/1.0/embed?format=xml&url=https%3A%2F%2Ftodaysiplmatch.in%2Fcricket-betting%2Fipl-betting%2Fipl-betting-in-tamil-nadu%2F HTTP/2.0" 200 1153 "https://todaysiplmatch.in/cricket-betting/ipl-betting/ipl-betting-in-tamil-nadu/" "Mozilla/5.0 (Macintosh; Intel Mac OS X 10_15_7) AppleWebKit/537.36 (KHTML, like Gecko) Chrome/131.0.0.0 Safari/537.36; compatible; OAI-SearchBot/1.3; +https://openai.com/searchbot" 322 **0/322383**
74.7.241.60 - - [14/Mar/2026:09:13:54 -0700] "GET /wp-json/oembed/1.0/embed?format=xml&url=https%3A%2F%2Ftodaysiplmatch.in%2Fcricket-betting%2Fipl-betting%2Fipl-betting-in-ladakh%2F HTTP/2.0" 200 1140 "https://todaysiplmatch.in/cricket-betting/ipl-betting/ipl-betting-in-ladakh/" "Mozilla/5.0 AppleWebKit/537.36 (KHTML, like Gecko; compatible; GPTBot/1.3; +https://openai.com/gptbot)" 278 **0/278121**
74.7.241.60 - - [14/Mar/2026:09:13:55 -0700] "GET /wp-json/wp/v2/pages/33818 HTTP/2.0" 200 7092 "https://todaysiplmatch.in/cricket-betting/ipl-betting/ipl-betting-in-ladakh/" "Mozilla/5.0 AppleWebKit/537.36 (KHTML, like Gecko; compatible; GPTBot/1.3; +https://openai.com/gptbot)" 406 **0/406471**
74.7.229.3 - - [14/Mar/2026:09:13:55 -0700] "GET /?p=33818 HTTP/2.0" 301 1 "https://todaysiplmatch.in/cricket-betting/ipl-betting/ipl-betting-in-ladakh/" "Mozilla/5.0 (Macintosh; Intel Mac OS X 10_15_7) AppleWebKit/537.36 (KHTML, like Gecko) Chrome/131.0.0.0 Safari/537.36; compatible; OAI-SearchBot/1.3; +https://openai.com/searchbot" 215 **0/215412**
74.7.241.60 - - [14/Mar/2026:09:13:55 -0700] "GET /wp-content/uploads/elementor/css/post-29848.css?ver=1773489551 HTTP/2.0" 200 207 "https://todaysiplmatch.in/articles/ipl/ipl-satta/" "Mozilla/5.0 AppleWebKit/537.36 (KHTML, like Gecko; compatible; GPTBot/1.3; +https://openai.com/gptbot)" 8 **0/8644**
216.73.216.186 - - [14/Mar/2026:09:13:55 -0700] "GET /world-cup/world-cup-highlights/feed HTTP/2.0" 301 1 "-" "Mozilla/5.0 AppleWebKit/537.36 (KHTML, like Gecko; compatible; ClaudeBot/1.0; +claudebot@anthropic.com)" 233 **0/233376**
216.73.216.186 - - [14/Mar/2026:09:13:55 -0700] "GET /?p=26825 HTTP/2.0" 301 1 "-" "Mozilla/5.0 AppleWebKit/537.36 (KHTML, like Gecko; compatible; ClaudeBot/1.0; +claudebot@anthropic.com)" 322 **0/322572**
74.7.241.60 - - [14/Mar/2026:09:13:56 -0700] "GET /wp-content/uploads/elementor/css/post-29860.css?ver=1773491049 HTTP/2.0" 200 180 "https://todaysiplmatch.in/articles/satta-matka/ipl-satta-app/" "Mozilla/5.0 AppleWebKit/537.36 (KHTML, like Gecko; compatible; GPTBot/1.3; +https://openai.com/gptbot)" 9 **0/9229**
216.73.216.186 - - [14/Mar/2026:09:13:56 -0700] "GET /world-cup/world-cup-highlights/feed/ HTTP/2.0" 200 384 "https://todaysiplmatch.in/world-cup/world-cup-highlights/feed" "Mozilla/5.0 AppleWebKit/537.36 (KHTML, like Gecko; compatible; ClaudeBot/1.0; +claudebot@anthropic.com)" 260 **0/260165**
74.7.229.3 - - [14/Mar/2026:09:13:56 -0700] "GET /cricket-betting/ipl-betting/ipl-betting-in-ladakh/ HTTP/2.0" 200 33372 "https://todaysiplmatch.in/?p=33818" "Mozilla/5.0 (Macintosh; Intel Mac OS X 10_15_7) AppleWebKit/537.36 (KHTML, like Gecko) Chrome/131.0.0.0 Safari/537.36; compatible; OAI-SearchBot/1.3; +https://openai.com/searchbot" 535 **0/535902**
74.7.241.60 - - [14/Mar/2026:09:13:56 -0700] "GET /wp-content/uploads/elementor/css/post-33818.css?ver=1773504824 HTTP/2.0" 200 228 "https://todaysiplmatch.in/cricket-betting/ipl-betting/ipl-betting-in-ladakh/" "Mozilla/5.0 AppleWebKit/537.36 (KHTML, like Gecko; compatible; GPTBot/1.3; +https://openai.com/gptbot)" 11 **0/11921**
216.73.216.186 - - [14/Mar/2026:09:13:56 -0700] "GET /news/ipl-news-in-hindi/ipl-2024-mi-vs-csk-chennai-super-kings-break-mumbai-indians-winning-streak-at-wankhede/ HTTP/2.0" 200 37474 "https://todaysiplmatch.in/?p=26825" "Mozilla/5.0 AppleWebKit/537.36 (KHTML, like Gecko; compatible; ClaudeBot/1.0; +claudebot@anthropic.com)" 611 **0/611703**
74.7.241.60 - - [14/Mar/2026:09:13:57 -0700] "GET /wp-json/oembed/1.0/embed?url=https%3A%2F%2Ftodaysiplmatch.in%2Fcricket-betting%2Fipl-betting%2Fipl-betting-in-mumbai%2F HTTP/2.0" 200 1096 "https://todaysiplmatch.in/cricket-betting/ipl-betting/ipl-betting-in-mumbai/" "Mozilla/5.0 AppleWebKit/537.36 (KHTML, like Gecko; compatible; GPTBot/1.3; +https://openai.com/gptbot)" 319 **0/319641**
74.7.228.206 - - [14/Mar/2026:09:13:57 -0700] "GET /wp-json/oembed/1.0/embed?url=https%3A%2F%2Ftodaysiplmatch.in%2Fcricket-betting%2Fipl-betting%2Fipl-betting-in-ladakh%2F HTTP/2.0" 200 1126 "https://todaysiplmatch.in/cricket-betting/ipl-betting/ipl-betting-in-ladakh/" "Mozilla/5.0 (Macintosh; Intel Mac OS X 10_15_7) AppleWebKit/537.36 (KHTML, like Gecko) Chrome/131.0.0.0 Safari/537.36; compatible; OAI-SearchBot/1.3; +https://openai.com/searchbot" 277 **0/277035**
74.7.241.60 - - [14/Mar/2026:09:13:58 -0700] "GET /wp-content/uploads/elementor/css/post-29884.css?ver=1773498222 HTTP/2.0" 200 179 "https://todaysiplmatch.in/articles/satta-matka/rajdhani-night-chart/" "Mozilla/5.0 AppleWebKit/537.36 (KHTML, like Gecko; compatible; GPTBot/1.3; +https://openai.com/gptbot)" 9 **0/9235**
74.7.228.206 - - [14/Mar/2026:09:13:58 -0700] "GET /wp-json/oembed/1.0/embed?format=xml&url=https%3A%2F%2Ftodaysiplmatch.in%2Fcricket-betting%2Fipl-betting%2Fipl-betting-in-ladakh%2F HTTP/2.0" 200 1138 "https://todaysiplmatch.in/cricket-betting/ipl-betting/ipl-betting-in-ladakh/" "Mozilla/5.0 (Macintosh; Intel Mac OS X 10_15_7) AppleWebKit/537.36 (KHTML, like Gecko) Chrome/131.0.0.0 Safari/537.36; compatible; OAI-SearchBot/1.3; +https://openai.com/searchbot" 266 **0/266139**
