103.87.142.82 - - [14/Mar/2026:12:08:01 -0700] "GET /wp-content/themes/astra/assets/css/minified/main.min.css?ver=4.12.4 HTTP/1.1" 200 8492 "https://todaysiplmatch.in/betinasia-bia/" "Mozilla/5.0 (Windows NT 10.0; Win64; x64) AppleWebKit/537.36 (KHTML, like Gecko) Chrome/143.0.0.0 Safari/537.36" 17 **0/17664**
103.87.142.82 - - [14/Mar/2026:12:08:01 -0700] "GET /wp-content/plugins/jetpack/jetpack_vendor/automattic/jetpack-forms/src/../dist/contact-form/css/jetpack-forms-layout.css?ver=15.6 HTTP/1.1" 200 833 "https://todaysiplmatch.in/betinasia-bia/" "Mozilla/5.0 (Windows NT 10.0; Win64; x64) AppleWebKit/537.36 (KHTML, like Gecko) Chrome/143.0.0.0 Safari/537.36" 15 **0/15663**
103.87.142.82 - - [14/Mar/2026:12:08:02 -0700] "GET /wp-content/plugins/popup-maker/dist/packages/block-library-style.css?ver=dbea705cfafe089d65f1 HTTP/1.1" 200 967 "https://todaysiplmatch.in/betinasia-bia/" "Mozilla/5.0 (Windows NT 10.0; Win64; x64) AppleWebKit/537.36 (KHTML, like Gecko) Chrome/143.0.0.0 Safari/537.36" 13 **0/13777**
103.87.142.82 - - [14/Mar/2026:12:08:02 -0700] "GET /wp-content/plugins/wp-responsive-recent-post-slider/assets/css/slick.css?ver=3.7.1 HTTP/1.1" 200 428 "https://todaysiplmatch.in/betinasia-bia/" "Mozilla/5.0 (Windows NT 10.0; Win64; x64) AppleWebKit/537.36 (KHTML, like Gecko) Chrome/143.0.0.0 Safari/537.36" 13 **0/13209**
103.87.142.82 - - [14/Mar/2026:12:08:02 -0700] "GET /wp-content/plugins/wp-responsive-recent-post-slider/assets/css/recent-post-style.css?ver=3.7.1 HTTP/1.1" 200 1994 "https://todaysiplmatch.in/betinasia-bia/" "Mozilla/5.0 (Windows NT 10.0; Win64; x64) AppleWebKit/537.36 (KHTML, like Gecko) Chrome/143.0.0.0 Safari/537.36" 19 **0/19827**
103.87.142.82 - - [14/Mar/2026:12:08:03 -0700] "GET /wp-content/plugins/elementor/assets/css/frontend.min.css?ver=3.35.7 HTTP/1.1" 200 6618 "https://todaysiplmatch.in/betinasia-bia/" "Mozilla/5.0 (Windows NT 10.0; Win64; x64) AppleWebKit/537.36 (KHTML, like Gecko) Chrome/143.0.0.0 Safari/537.36" 20 **0/20240**
103.87.142.82 - - [14/Mar/2026:12:08:03 -0700] "GET /wp-content/uploads/elementor/css/post-6.css?ver=1773288565 HTTP/1.1" 200 324 "https://todaysiplmatch.in/betinasia-bia/" "Mozilla/5.0 (Windows NT 10.0; Win64; x64) AppleWebKit/537.36 (KHTML, like Gecko) Chrome/143.0.0.0 Safari/537.36" 13 **0/13121**
103.87.142.82 - - [14/Mar/2026:12:08:03 -0700] "GET /wp-content/plugins/elementor/assets/lib/font-awesome/css/all.min.css?ver=3.35.7 HTTP/1.1" 200 12402 "https://todaysiplmatch.in/betinasia-bia/" "Mozilla/5.0 (Windows NT 10.0; Win64; x64) AppleWebKit/537.36 (KHTML, like Gecko) Chrome/143.0.0.0 Safari/537.36" 16 **0/16574**
103.87.142.82 - - [14/Mar/2026:12:08:04 -0700] "GET /wp-content/plugins/elementor/assets/lib/font-awesome/css/v4-shims.min.css?ver=3.35.7 HTTP/1.1" 200 3986 "https://todaysiplmatch.in/betinasia-bia/" "Mozilla/5.0 (Windows NT 10.0; Win64; x64) AppleWebKit/537.36 (KHTML, like Gecko) Chrome/143.0.0.0 Safari/537.36" 18 **0/18245**
103.87.142.82 - - [14/Mar/2026:12:08:04 -0700] "GET /wp-content/uploads/elementor/css/post-30191.css?ver=1773479068 HTTP/1.1" 200 178 "https://todaysiplmatch.in/betinasia-bia/" "Mozilla/5.0 (Windows NT 10.0; Win64; x64) AppleWebKit/537.36 (KHTML, like Gecko) Chrome/143.0.0.0 Safari/537.36" 11 **0/11720**
103.87.142.82 - - [14/Mar/2026:12:08:04 -0700] "GET /wp-content/plugins/elementskit-lite/widgets/init/assets/css/widget-styles.css?ver=3.8.1 HTTP/1.1" 200 47723 "https://todaysiplmatch.in/betinasia-bia/" "Mozilla/5.0 (Windows NT 10.0; Win64; x64) AppleWebKit/537.36 (KHTML, like Gecko) Chrome/143.0.0.0 Safari/537.36" 41 **0/41603**
103.87.142.82 - - [14/Mar/2026:12:08:05 -0700] "GET /wp-content/plugins/elementskit-lite/widgets/init/assets/css/responsive.css?ver=3.8.1 HTTP/1.1" 200 2861 "https://todaysiplmatch.in/betinasia-bia/" "Mozilla/5.0 (Windows NT 10.0; Win64; x64) AppleWebKit/537.36 (KHTML, like Gecko) Chrome/143.0.0.0 Safari/537.36" 18 **0/18974**
103.87.142.82 - - [14/Mar/2026:12:08:05 -0700] "GET /wp-content/uploads/elementor/google-fonts/css/roboto.css?ver=1742270851 HTTP/1.1" 200 1878 "https://todaysiplmatch.in/betinasia-bia/" "Mozilla/5.0 (Windows NT 10.0; Win64; x64) AppleWebKit/537.36 (KHTML, like Gecko) Chrome/143.0.0.0 Safari/537.36" 13 **0/13567**
103.87.142.82 - - [14/Mar/2026:12:08:06 -0700] "GET /wp-content/uploads/elementor/google-fonts/css/robotoslab.css?ver=1742270861 HTTP/1.1" 200 716 "https://todaysiplmatch.in/betinasia-bia/" "Mozilla/5.0 (Windows NT 10.0; Win64; x64) AppleWebKit/537.36 (KHTML, like Gecko) Chrome/143.0.0.0 Safari/537.36" 11 **0/11630**
103.87.142.82 - - [14/Mar/2026:12:08:06 -0700] "GET /wp-content/plugins/elementskit-lite/modules/elementskit-icon-pack/assets/css/ekiticons.css?ver=3.8.1 HTTP/1.1" 200 9809 "https://todaysiplmatch.in/betinasia-bia/" "Mozilla/5.0 (Windows NT 10.0; Win64; x64) AppleWebKit/537.36 (KHTML, like Gecko) Chrome/143.0.0.0 Safari/537.36" 18 **0/18454**
51.89.144.57 - - [14/Mar/2026:12:08:06 -0700] "GET / HTTP/2.0" 200 39791 "-" "HetrixTools Uptime Monitoring Bot. https://hetrix.tools/uptime-monitoring-bot.html" 714 **0/714264**
118.139.180.95 - - [14/Mar/2026:12:08:19 -0700] "POST /wp-cron.php?doing_wp_cron=1773515299.0623400211334228515625 HTTP/1.1" 200 - "-" "WordPress/6.9.4; https://todaysiplmatch.in" 18 **0/18260**
79.127.243.80 - - [14/Mar/2026:12:08:18 -0700] "GET / HTTP/2.0" 200 39791 "-" "HetrixTools Uptime Monitoring Bot. https://hetrix.tools/uptime-monitoring-bot.html" 671 **0/671870**
35.154.5.38 - - [14/Mar/2026:12:08:19 -0700] "GET / HTTP/2.0" 200 39791 "-" "HetrixTools Uptime Monitoring Bot. https://hetrix.tools/uptime-monitoring-bot.html" 634 **0/634487**
66.165.225.34 - - [14/Mar/2026:12:08:23 -0700] "GET / HTTP/2.0" 200 39791 "-" "HetrixTools Uptime Monitoring Bot. https://hetrix.tools/uptime-monitoring-bot.html" 663 **0/663399**
43.159.128.237 - - [14/Mar/2026:12:08:42 -0700] "GET /wp-json/oembed/1.0/embed?url=https%3A%2F%2Ftodaysiplmatch.in%2Fworld-cup%2Ft20-world-cup-points-table%2F&format=xml HTTP/1.1" 200 1302 "-" "Mozilla/5.0 (iPhone; CPU iPhone OS 13_2_3 like Mac OS X) AppleWebKit/605.1.15 (KHTML, like Gecko) Version/13.0.3 Mobile/15E148 Safari/604.1" 325 **0/325479**
65.20.70.55 - - [14/Mar/2026:12:09:09 -0700] "GET / HTTP/2.0" 200 39791 "-" "HetrixTools Uptime Monitoring Bot. https://hetrix.tools/uptime-monitoring-bot.html" 645 **0/645009**
66.165.247.154 - - [14/Mar/2026:12:09:14 -0700] "GET / HTTP/2.0" 200 39791 "-" "HetrixTools Uptime Monitoring Bot. https://hetrix.tools/uptime-monitoring-bot.html" 631 **0/631626**
104.194.8.169 - - [14/Mar/2026:12:09:17 -0700] "GET / HTTP/2.0" 200 39791 "-" "HetrixTools Uptime Monitoring Bot. https://hetrix.tools/uptime-monitoring-bot.html" 631 **0/631227**
94.72.181.90 - - [14/Mar/2026:12:09:23 -0700] "GET / HTTP/2.0" 200 39791 "-" "HetrixTools Uptime Monitoring Bot. https://hetrix.tools/uptime-monitoring-bot.html" 617 **0/617370**
23.106.61.94 - - [14/Mar/2026:12:10:03 -0700] "GET / HTTP/2.0" 200 39791 "-" "HetrixTools Uptime Monitoring Bot. https://hetrix.tools/uptime-monitoring-bot.html" 1740 **1/1740603**
148.113.2.135 - - [14/Mar/2026:12:10:05 -0700] "GET / HTTP/2.0" 200 39791 "-" "HetrixTools Uptime Monitoring Bot. https://hetrix.tools/uptime-monitoring-bot.html" 1172 **1/1172145**
118.139.180.95 - - [14/Mar/2026:12:10:22 -0700] "POST /wp-cron.php?doing_wp_cron=1773515422.4123609066009521484375 HTTP/1.1" 200 - "-" "WordPress/6.9.4; https://todaysiplmatch.in" 22 **0/22445**
79.127.243.80 - - [14/Mar/2026:12:10:21 -0700] "GET / HTTP/2.0" 200 39791 "-" "HetrixTools Uptime Monitoring Bot. https://hetrix.tools/uptime-monitoring-bot.html" 763 **0/763088**
104.194.8.169 - - [14/Mar/2026:12:10:25 -0700] "GET / HTTP/2.0" 200 39791 "-" "HetrixTools Uptime Monitoring Bot. https://hetrix.tools/uptime-monitoring-bot.html" 788 **0/788891**
191.96.124.107 - - [14/Mar/2026:12:10:27 -0700] "GET /satta-matka/telegram-satta-king HTTP/2.0" 301 1 "-" "Mozilla/5.0 (Macintosh; Intel Mac OS X 10_15_7) AppleWebKit/537.36 (KHTML, like Gecko) Chrome/142.0.0.0 Safari/537.36" 319 **0/319981**
138.226.16.163 - - [14/Mar/2026:12:10:29 -0700] "GET /satta-matka/telegram-satta-king/ HTTP/2.0" 200 33820 "-" "Mozilla/5.0 (Macintosh; Intel Mac OS X 10_15_7) AppleWebKit/537.36 (KHTML, like Gecko) Chrome/142.0.0.0 Safari/537.36" 637 **0/637466**
23.106.180.172 - - [14/Mar/2026:12:11:08 -0700] "GET / HTTP/2.0" 200 39791 "-" "HetrixTools Uptime Monitoring Bot. https://hetrix.tools/uptime-monitoring-bot.html" 759 **0/759865**
35.154.5.38 - - [14/Mar/2026:12:11:09 -0700] "GET / HTTP/2.0" 200 39791 "-" "HetrixTools Uptime Monitoring Bot. https://hetrix.tools/uptime-monitoring-bot.html" 634 **0/634998**
192.0.91.228 - - [14/Mar/2026:12:11:16 -0700] "HEAD / HTTP/1.1" 200 - "-" "jetmon/1.0 (Jetpack Site Uptime Monitor by WordPress.com)" 254 **0/254516**
23.106.61.94 - - [14/Mar/2026:12:11:25 -0700] "GET / HTTP/2.0" 200 39791 "-" "HetrixTools Uptime Monitoring Bot. https://hetrix.tools/uptime-monitoring-bot.html" 739 **0/739983**
67.213.120.27 - - [14/Mar/2026:12:11:26 -0700] "GET / HTTP/2.0" 200 39791 "-" "HetrixTools Uptime Monitoring Bot. https://hetrix.tools/uptime-monitoring-bot.html" 613 **0/613263**
94.154.159.133 - - [14/Mar/2026:12:12:04 -0700] "GET / HTTP/2.0" 200 39791 "-" "HetrixTools Uptime Monitoring Bot. https://hetrix.tools/uptime-monitoring-bot.html" 766 **0/766111**
51.89.144.57 - - [14/Mar/2026:12:12:08 -0700] "GET / HTTP/2.0" 200 39791 "-" "HetrixTools Uptime Monitoring Bot. https://hetrix.tools/uptime-monitoring-bot.html" 615 **0/615138**
104.194.8.169 - - [14/Mar/2026:12:12:20 -0700] "GET / HTTP/2.0" 200 39791 "-" "HetrixTools Uptime Monitoring Bot. https://hetrix.tools/uptime-monitoring-bot.html" 584 **0/584177**
148.113.2.135 - - [14/Mar/2026:12:12:22 -0700] "GET / HTTP/2.0" 200 39791 "-" "HetrixTools Uptime Monitoring Bot. https://hetrix.tools/uptime-monitoring-bot.html" 535 **0/535293**
148.113.25.248 - - [14/Mar/2026:12:13:05 -0700] "GET / HTTP/2.0" 200 39791 "-" "HetrixTools Uptime Monitoring Bot. https://hetrix.tools/uptime-monitoring-bot.html" 584 **0/584466**
51.89.144.57 - - [14/Mar/2026:12:13:10 -0700] "GET / HTTP/2.0" 200 39791 "-" "HetrixTools Uptime Monitoring Bot. https://hetrix.tools/uptime-monitoring-bot.html" 541 **0/541017**
118.139.180.95 - - [14/Mar/2026:12:13:17 -0700] "POST /wp-cron.php?doing_wp_cron=1773515597.1097650527954101562500 HTTP/1.1" 200 - "-" "WordPress/6.9.4; https://todaysiplmatch.in" 19 **0/19850**
77.247.126.141 - - [14/Mar/2026:12:13:16 -0700] "GET / HTTP/2.0" 200 39791 "-" "HetrixTools Uptime Monitoring Bot. https://hetrix.tools/uptime-monitoring-bot.html" 669 **0/669326**
66.165.247.154 - - [14/Mar/2026:12:13:18 -0700] "GET / HTTP/2.0" 200 39791 "-" "HetrixTools Uptime Monitoring Bot. https://hetrix.tools/uptime-monitoring-bot.html" 638 **0/638704**
5.196.78.175 - - [14/Mar/2026:12:13:28 -0700] "GET /orbit-betting-exchange/ HTTP/1.1" 200 34220 "https://todaysiplmatch.in/" "Mozilla/5.0 (Windows NT 10.0; Win64; x64) AppleWebKit/537.36 (KHTML, like Gecko) Chrome/114.0.0.0 Safari/537.36" 441 **0/441210**
114.46.149.4 - - [14/Mar/2026:12:13:28 -0700] "GET /orbit-betting-exchange/ HTTP/1.1" 200 34220 "https://todaysiplmatch.in/" "Mozilla/5.0 (Windows NT 10.0; Win64; x64) AppleWebKit/537.36 (KHTML, like Gecko) Chrome/114.0.0.0 Safari/537.36" 544 **0/544153**
114.46.149.4 - - [14/Mar/2026:12:13:31 -0700] "GET /?p=30127 HTTP/1.1" 301 1 "https://todaysiplmatch.in/orbit-betting-exchange/" "Mozilla/5.0 (Windows NT 10.0; Win64; x64) AppleWebKit/537.36 (KHTML, like Gecko) Chrome/114.0.0.0 Safari/537.36" 212 **0/212480**
114.46.149.4 - - [14/Mar/2026:12:13:31 -0700] "GET /orbit-betting-exchange/ HTTP/1.1" 200 34220 "https://todaysiplmatch.in/?p=30127" "Mozilla/5.0 (Windows NT 10.0; Win64; x64) AppleWebKit/537.36 (KHTML, like Gecko) Chrome/114.0.0.0 Safari/537.36" 513 **0/513350**
66.249.71.198 - - [14/Mar/2026:12:13:33 -0700] "GET /ipl/most-wins-in-ipl-by-a-captain/ HTTP/1.1" 200 37027 "-" "Mozilla/5.0 (Linux; Android 6.0.1; Nexus 5X Build/MMB29P) AppleWebKit/537.36 (KHTML, like Gecko) Chrome/145.0.7632.116 Mobile Safari/537.36 (compatible; Googlebot/2.1; +http://www.google.com/bot.html)" 464 **0/464916**
5.196.78.175 - - [14/Mar/2026:12:13:34 -0700] "GET /wp-admin/admin-ajax.php HTTP/1.1" 400 5 "https://todaysiplmatch.in/orbit-betting-exchange/" "Mozilla/5.0 (Windows NT 6.3; Win64; x64) AppleWebKit/537.36 (KHTML, like Gecko) Chrome/103.0.0.0 Safari/537.36" 248 **0/248250**
5.196.78.175 - - [14/Mar/2026:12:13:35 -0700] "GET /wp-admin/admin-ajax.php?action=register HTTP/1.1" 400 5 "https://todaysiplmatch.in/wp-admin/admin-ajax.php" "Mozilla/5.0 (Windows NT 6.3; Win64; x64) AppleWebKit/537.36 (KHTML, like Gecko) Chrome/103.0.0.0 Safari/537.36" 256 **0/256672**
66.249.79.204 - - [14/Mar/2026:12:13:36 -0700] "GET /ipl/most-wins-in-ipl-by-a-captain/?relatedposts=1 HTTP/1.1" 200 1131 "https://todaysiplmatch.in/ipl/most-wins-in-ipl-by-a-captain/" "Mozilla/5.0 (Linux; Android 6.0.1; Nexus 5X Build/MMB29P) AppleWebKit/537.36 (KHTML, like Gecko) Chrome/145.0.7632.116 Mobile Safari/537.36 (compatible; Googlebot/2.1; +http://www.google.com/bot.html)" 606 **0/606540**
114.119.128.22 - - [14/Mar/2026:12:14:12 -0700] "GET /world-cup/most-sixes-in-an-innings HTTP/1.1" 301 - "https://todaysiplmatch.in/articles/world-cup/world-cup-india-jersey" "Mozilla/5.0 (Linux; Android 7.0;) AppleWebKit/537.36 (KHTML, like Gecko) Mobile Safari/537.36 (compatible; PetalBot;+https://webmaster.petalsearch.com/site/petalbot)" 224 **0/224750**
23.106.61.94 - - [14/Mar/2026:12:14:12 -0700] "GET / HTTP/2.0" 200 39791 "-" "HetrixTools Uptime Monitoring Bot. https://hetrix.tools/uptime-monitoring-bot.html" 609 **0/609747**
114.119.128.22 - - [14/Mar/2026:12:14:13 -0700] "GET /world-cup/most-sixes-in-an-innings/ HTTP/1.1" 200 41901 "https://todaysiplmatch.in/articles/world-cup/world-cup-india-jersey" "Mozilla/5.0 (Linux; Android 7.0;) AppleWebKit/537.36 (KHTML, like Gecko) Mobile Safari/537.36 (compatible; PetalBot;+https://webmaster.petalsearch.com/site/petalbot)" 486 **0/486533**
77.247.126.141 - - [14/Mar/2026:12:14:13 -0700] "GET / HTTP/2.0" 200 39791 "-" "HetrixTools Uptime Monitoring Bot. https://hetrix.tools/uptime-monitoring-bot.html" 704 **0/704352**
35.154.5.38 - - [14/Mar/2026:12:14:15 -0700] "GET / HTTP/2.0" 200 39791 "-" "HetrixTools Uptime Monitoring Bot. https://hetrix.tools/uptime-monitoring-bot.html" 695 **0/695854**
94.154.159.133 - - [14/Mar/2026:12:14:21 -0700] "GET / HTTP/2.0" 200 39791 "-" "HetrixTools Uptime Monitoring Bot. https://hetrix.tools/uptime-monitoring-bot.html" 586 **0/586334**
35.154.5.38 - - [14/Mar/2026:12:15:05 -0700] "GET / HTTP/2.0" 200 39791 "-" "HetrixTools Uptime Monitoring Bot. https://hetrix.tools/uptime-monitoring-bot.html" 1054 **1/1054345**
209.222.107.178 - - [14/Mar/2026:12:15:10 -0700] "GET / HTTP/2.0" 200 39791 "-" "HetrixTools Uptime Monitoring Bot. https://hetrix.tools/uptime-monitoring-bot.html" 831 **0/831690**
118.139.180.95 - - [14/Mar/2026:12:15:20 -0700] "POST /wp-cron.php?doing_wp_cron=1773515720.9121639728546142578125 HTTP/1.1" 200 - "-" "WordPress/6.9.4; https://todaysiplmatch.in" 23 **0/23026**
51.89.144.57 - - [14/Mar/2026:12:15:20 -0700] "GET / HTTP/2.0" 200 39791 "-" "HetrixTools Uptime Monitoring Bot. https://hetrix.tools/uptime-monitoring-bot.html" 827 **0/827512**
23.106.180.172 - - [14/Mar/2026:12:15:25 -0700] "GET / HTTP/2.0" 200 39791 "-" "HetrixTools Uptime Monitoring Bot. https://hetrix.tools/uptime-monitoring-bot.html" 685 **0/685731**
113.188.143.185 - - [14/Mar/2026:12:15:39 -0700] "GET /wp-json/oembed/1.0/embed?format=xml&url=https%3A%2F%2Ftodaysiplmatch.in%2Fcricket-betting%2Fipl-betting%2Fipl-betting-jharkhand%2F HTTP/1.1" 200 1271 "-" "Mozilla/5.0 (Windows NT 10.0; WOW64) AppleWebKit/537.36 (KHTML, like Gecko) Chrome/89.0.4389.72 Safari/537.36" 242 **0/242421**
35.154.5.38 - - [14/Mar/2026:12:16:07 -0700] "GET / HTTP/2.0" 200 39791 "-" "HetrixTools Uptime Monitoring Bot. https://hetrix.tools/uptime-monitoring-bot.html" 604 **0/604336**
66.165.225.34 - - [14/Mar/2026:12:16:08 -0700] "GET / HTTP/2.0" 200 39791 "-" "HetrixTools Uptime Monitoring Bot. https://hetrix.tools/uptime-monitoring-bot.html" 690 **0/690184**
51.89.144.57 - - [14/Mar/2026:12:16:10 -0700] "GET / HTTP/2.0" 200 39791 "-" "HetrixTools Uptime Monitoring Bot. https://hetrix.tools/uptime-monitoring-bot.html" 610 **0/610227**
192.0.91.228 - - [14/Mar/2026:12:16:15 -0700] "HEAD / HTTP/1.1" 200 - "-" "jetmon/1.0 (Jetpack Site Uptime Monitor by WordPress.com)" 258 **0/258359**
209.222.107.178 - - [14/Mar/2026:12:16:20 -0700] "GET / HTTP/2.0" 200 39791 "-" "HetrixTools Uptime Monitoring Bot. https://hetrix.tools/uptime-monitoring-bot.html" 679 **0/679771**
216.73.216.186 - - [14/Mar/2026:12:16:56 -0700] "GET /?p=27004 HTTP/2.0" 301 1 "-" "Mozilla/5.0 AppleWebKit/537.36 (KHTML, like Gecko; compatible; ClaudeBot/1.0; +claudebot@anthropic.com)" 267 **0/267187**
216.73.216.186 - - [14/Mar/2026:12:16:56 -0700] "GET /world-cup/world-cup-ball-price HTTP/2.0" 301 1 "-" "Mozilla/5.0 AppleWebKit/537.36 (KHTML, like Gecko; compatible; ClaudeBot/1.0; +claudebot@anthropic.com)" 274 **0/274336**
216.73.216.186 - - [14/Mar/2026:12:16:56 -0700] "GET /world-cup/most-half-centuries-in-world-cup/ HTTP/2.0" 200 36569 "https://todaysiplmatch.in/?p=27004" "Mozilla/5.0 AppleWebKit/537.36 (KHTML, like Gecko; compatible; ClaudeBot/1.0; +claudebot@anthropic.com)" 584 **0/584372**
216.73.216.186 - - [14/Mar/2026:12:16:56 -0700] "GET /world-cup/world-cup-ball-price/ HTTP/2.0" 200 36455 "https://todaysiplmatch.in/world-cup/world-cup-ball-price" "Mozilla/5.0 AppleWebKit/537.36 (KHTML, like Gecko; compatible; ClaudeBot/1.0; +claudebot@anthropic.com)" 608 **0/608452**
148.113.2.135 - - [14/Mar/2026:12:17:04 -0700] "GET / HTTP/2.0" 200 39791 "-" "HetrixTools Uptime Monitoring Bot. https://hetrix.tools/uptime-monitoring-bot.html" 881 **0/881764**
66.206.13.170 - - [14/Mar/2026:12:17:06 -0700] "GET / HTTP/2.0" 200 39791 "-" "HetrixTools Uptime Monitoring Bot. https://hetrix.tools/uptime-monitoring-bot.html" 580 **0/580363**
216.73.216.186 - - [14/Mar/2026:12:17:11 -0700] "GET /?p=27341 HTTP/2.0" 301 1 "-" "Mozilla/5.0 AppleWebKit/537.36 (KHTML, like Gecko; compatible; ClaudeBot/1.0; +claudebot@anthropic.com)" 340 **0/340852**
23.106.180.172 - - [14/Mar/2026:12:17:11 -0700] "GET / HTTP/2.0" 200 39791 "-" "HetrixTools Uptime Monitoring Bot. https://hetrix.tools/uptime-monitoring-bot.html" 642 **0/642603**
216.73.216.186 - - [14/Mar/2026:12:17:12 -0700] "GET /world-cup/t20-world-cup-predictions/ HTTP/2.0" 200 36589 "https://todaysiplmatch.in/?p=27341" "Mozilla/5.0 AppleWebKit/537.36 (KHTML, like Gecko; compatible; ClaudeBot/1.0; +claudebot@anthropic.com)" 615 **0/615788**
95.179.193.59 - - [14/Mar/2026:12:17:24 -0700] "GET / HTTP/2.0" 200 39791 "-" "HetrixTools Uptime Monitoring Bot. https://hetrix.tools/uptime-monitoring-bot.html" 627 **0/627850**
23.106.61.94 - - [14/Mar/2026:12:18:01 -0700] "GET / HTTP/2.0" 200 39791 "-" "HetrixTools Uptime Monitoring Bot. https://hetrix.tools/uptime-monitoring-bot.html" 1026 **1/1026235**
94.154.159.133 - - [14/Mar/2026:12:18:03 -0700] "GET / HTTP/2.0" 200 39791 "-" "HetrixTools Uptime Monitoring Bot. https://hetrix.tools/uptime-monitoring-bot.html" 781 **0/781161**
118.139.180.95 - - [14/Mar/2026:12:18:19 -0700] "POST /wp-cron.php?doing_wp_cron=1773515899.6854979991912841796875 HTTP/1.1" 200 - "-" "WordPress/6.9.4; https://todaysiplmatch.in" 23 **0/23481**
66.165.225.34 - - [14/Mar/2026:12:18:18 -0700] "GET / HTTP/2.0" 200 39791 "-" "HetrixTools Uptime Monitoring Bot. https://hetrix.tools/uptime-monitoring-bot.html" 868 **0/868751**
118.139.180.95 - - [14/Mar/2026:12:18:27 -0700] "POST /wp-cron.php?doing_wp_cron=1773515907.3002638816833496093750 HTTP/1.1" 200 - "-" "WordPress/6.9.4; https://todaysiplmatch.in" 21 **0/21248**
65.20.70.55 - - [14/Mar/2026:12:18:26 -0700] "GET / HTTP/2.0" 200 39791 "-" "HetrixTools Uptime Monitoring Bot. https://hetrix.tools/uptime-monitoring-bot.html" 804 **0/804317**
216.73.216.186 - - [14/Mar/2026:12:18:33 -0700] "GET /articles/world-cup/cricket-ball-weight HTTP/2.0" 301 1 "-" "Mozilla/5.0 AppleWebKit/537.36 (KHTML, like Gecko; compatible; ClaudeBot/1.0; +claudebot@anthropic.com)" 284 **0/284099**
216.73.216.186 - - [14/Mar/2026:12:18:34 -0700] "GET /world-cup/cricket-ball-weight/ HTTP/2.0" 200 36639 "https://todaysiplmatch.in/articles/world-cup/cricket-ball-weight" "Mozilla/5.0 AppleWebKit/537.36 (KHTML, like Gecko; compatible; ClaudeBot/1.0; +claudebot@anthropic.com)" 520 **0/520582**
94.72.181.90 - - [14/Mar/2026:12:19:10 -0700] "GET / HTTP/2.0" 200 39791 "-" "HetrixTools Uptime Monitoring Bot. https://hetrix.tools/uptime-monitoring-bot.html" 700 **0/700132**
77.247.126.141 - - [14/Mar/2026:12:19:12 -0700] "GET / HTTP/2.0" 200 39791 "-" "HetrixTools Uptime Monitoring Bot. https://hetrix.tools/uptime-monitoring-bot.html" 565 **0/565645**
67.213.120.27 - - [14/Mar/2026:12:19:20 -0700] "GET / HTTP/2.0" 200 39791 "-" "HetrixTools Uptime Monitoring Bot. https://hetrix.tools/uptime-monitoring-bot.html" 632 **0/632170**
35.154.5.38 - - [14/Mar/2026:12:19:25 -0700] "GET / HTTP/2.0" 200 39791 "-" "HetrixTools Uptime Monitoring Bot. https://hetrix.tools/uptime-monitoring-bot.html" 554 **0/554750**
77.247.126.141 - - [14/Mar/2026:12:20:13 -0700] "GET / HTTP/2.0" 200 39791 "-" "HetrixTools Uptime Monitoring Bot. https://hetrix.tools/uptime-monitoring-bot.html" 798 **0/798792**
94.154.159.133 - - [14/Mar/2026:12:20:14 -0700] "GET / HTTP/2.0" 200 39791 "-" "HetrixTools Uptime Monitoring Bot. https://hetrix.tools/uptime-monitoring-bot.html" 756 **0/756384**
43.135.144.81 - - [14/Mar/2026:12:20:17 -0700] "GET /wp-content/uploads/2024/05/T20-World-Cup-2024-Points-Table.webp HTTP/1.1" 200 52520 "-" "Mozilla/5.0 (iPhone; CPU iPhone OS 13_2_3 like Mac OS X) AppleWebKit/605.1.15 (KHTML, like Gecko) Version/13.0.3 Mobile/15E148 Safari/604.1" 10 **0/10465**
118.139.180.95 - - [14/Mar/2026:12:20:19 -0700] "POST /wp-cron.php?doing_wp_cron=1773516019.2870619297027587890625 HTTP/1.1" 200 - "-" "WordPress/6.9.4; https://todaysiplmatch.in" 22 **0/22932**
51.89.144.57 - - [14/Mar/2026:12:20:18 -0700] "GET / HTTP/2.0" 200 39791 "-" "HetrixTools Uptime Monitoring Bot. https://hetrix.tools/uptime-monitoring-bot.html" 826 **0/826332**
35.154.5.38 - - [14/Mar/2026:12:20:24 -0700] "GET / HTTP/2.0" 200 39791 "-" "HetrixTools Uptime Monitoring Bot. https://hetrix.tools/uptime-monitoring-bot.html" 799 **0/799421**
216.73.216.186 - - [14/Mar/2026:12:20:43 -0700] "GET /world-cup/most-wickets-in-t20-world-cup/feed HTTP/2.0" 301 1 "-" "Mozilla/5.0 AppleWebKit/537.36 (KHTML, like Gecko; compatible; ClaudeBot/1.0; +claudebot@anthropic.com)" 307 **0/307361**
216.73.216.186 - - [14/Mar/2026:12:20:44 -0700] "GET /world-cup/most-wickets-in-t20-world-cup/feed/ HTTP/2.0" 200 405 "https://todaysiplmatch.in/world-cup/most-wickets-in-t20-world-cup/feed" "Mozilla/5.0 AppleWebKit/537.36 (KHTML, like Gecko; compatible; ClaudeBot/1.0; +claudebot@anthropic.com)" 256 **0/256934**
35.154.5.38 - - [14/Mar/2026:12:21:04 -0700] "GET / HTTP/2.0" 200 39791 "-" "HetrixTools Uptime Monitoring Bot. https://hetrix.tools/uptime-monitoring-bot.html" 659 **0/659575**
172.241.23.225 - - [14/Mar/2026:12:21:05 -0700] "GET / HTTP/2.0" 200 39791 "-" "HetrixTools Uptime Monitoring Bot. https://hetrix.tools/uptime-monitoring-bot.html" 643 **0/643635**
51.89.144.57 - - [14/Mar/2026:12:21:14 -0700] "GET / HTTP/2.0" 200 39791 "-" "HetrixTools Uptime Monitoring Bot. https://hetrix.tools/uptime-monitoring-bot.html" 588 **0/588651**
192.0.91.228 - - [14/Mar/2026:12:21:18 -0700] "HEAD / HTTP/1.1" 200 - "-" "jetmon/1.0 (Jetpack Site Uptime Monitor by WordPress.com)" 257 **0/257190**
2.189.5.142 - - [14/Mar/2026:12:21:19 -0700] "GET / HTTP/1.1" 200 367395 "-" "Mozilla/5.0 (Macintosh; Intel Mac OS X 13.6; rv:109.0) Gecko/20100101 Firefox/118.0" 964 **0/964768**
77.247.126.141 - - [14/Mar/2026:12:21:24 -0700] "GET / HTTP/2.0" 200 39791 "-" "HetrixTools Uptime Monitoring Bot. https://hetrix.tools/uptime-monitoring-bot.html" 592 **0/592136**
43.173.179.243 - - [14/Mar/2026:12:21:46 -0700] "GET /world-cup/cricket-bails-price HTTP/1.1" 301 - "-" "Mozilla/5.0 (Windows NT 10.0; Win64; x64) AppleWebKit/537.36 (KHTML, like Gecko) Chrome/110.0.0.0 Safari/537.36" 294 **0/294822**
43.173.181.50 - - [14/Mar/2026:12:21:46 -0700] "GET /world-cup/cricket-bails-price/ HTTP/1.1" 200 41805 "-" "Mozilla/5.0 (Windows NT 10.0; Win64; x64) AppleWebKit/537.36 (KHTML, like Gecko) Chrome/110.0.0.0 Safari/537.36" 596 **0/596357**
43.173.173.15 - - [14/Mar/2026:12:21:56 -0700] "GET /world-cup/cricket-bails-price/?relatedposts=1 HTTP/1.1" 200 4920 "https://todaysiplmatch.in/world-cup/cricket-bails-price/" "Mozilla/5.0 (Windows NT 10.0; Win64; x64) AppleWebKit/537.36 (KHTML, like Gecko) Chrome/110.0.0.0 Safari/537.36" 711 **0/711029**
43.173.181.153 - - [14/Mar/2026:12:22:00 -0700] "GET /world-cup/cricket-bails-price HTTP/1.1" 301 - "-" "Mozilla/5.0 (Windows NT 10.0; Win64; x64) AppleWebKit/537.36 (KHTML, like Gecko) Chrome/133.0.0.0 Safari/537.36" 320 **0/320733**
43.173.181.153 - - [14/Mar/2026:12:22:01 -0700] "GET /world-cup/cricket-bails-price/ HTTP/1.1" 200 41805 "https://todaysiplmatch.in/world-cup/cricket-bails-price" "Mozilla/5.0 (Windows NT 10.0; Win64; x64) AppleWebKit/537.36 (KHTML, like Gecko) Chrome/133.0.0.0 Safari/537.36" 827 **0/827549**
69.67.149.243 - - [14/Mar/2026:12:22:05 -0700] "GET / HTTP/2.0" 200 39791 "-" "HetrixTools Uptime Monitoring Bot. https://hetrix.tools/uptime-monitoring-bot.html" 661 **0/661033**
51.89.144.57 - - [14/Mar/2026:12:22:09 -0700] "GET / HTTP/2.0" 200 39791 "-" "HetrixTools Uptime Monitoring Bot. https://hetrix.tools/uptime-monitoring-bot.html" 563 **0/563210**
66.206.13.170 - - [14/Mar/2026:12:22:19 -0700] "GET / HTTP/2.0" 200 39791 "-" "HetrixTools Uptime Monitoring Bot. https://hetrix.tools/uptime-monitoring-bot.html" 735 **0/735096**
181.41.142.170 - - [14/Mar/2026:12:22:23 -0700] "GET / HTTP/2.0" 200 39791 "-" "HetrixTools Uptime Monitoring Bot. https://hetrix.tools/uptime-monitoring-bot.html" 703 **0/703282**
37.60.244.188 - - [14/Mar/2026:12:22:48 -0700] "GET /betinasia-bia/ HTTP/1.1" 200 33142 "https://todaysiplmatch.in/" "Mozilla/5.0 (Windows NT 10.0; WOW64) AppleWebKit/537.36 (KHTML, like Gecko) Chrome/114.0.0.0 Safari/537.36" 472 **0/472079**
172.105.37.103 - - [14/Mar/2026:12:23:10 -0700] "GET / HTTP/2.0" 200 39791 "-" "HetrixTools Uptime Monitoring Bot. https://hetrix.tools/uptime-monitoring-bot.html" 569 **0/569155**
118.139.180.95 - - [14/Mar/2026:12:23:15 -0700] "POST /wp-cron.php?doing_wp_cron=1773516195.6078801155090332031250 HTTP/1.1" 200 - "-" "WordPress/6.9.4; https://todaysiplmatch.in" 18 **0/18066**
216.73.216.186 - - [14/Mar/2026:12:23:15 -0700] "GET /ipl/ipl-betting-news/feed HTTP/2.0" 301 1 "-" "Mozilla/5.0 AppleWebKit/537.36 (KHTML, like Gecko; compatible; ClaudeBot/1.0; +claudebot@anthropic.com)" 278 **0/278111**
216.73.216.186 - - [14/Mar/2026:12:23:15 -0700] "GET /ipl/ipl-betting-news/feed/ HTTP/2.0" 200 389 "https://todaysiplmatch.in/ipl/ipl-betting-news/feed" "Mozilla/5.0 AppleWebKit/537.36 (KHTML, like Gecko; compatible; ClaudeBot/1.0; +claudebot@anthropic.com)" 236 **0/236656**
104.194.8.169 - - [14/Mar/2026:12:23:17 -0700] "GET / HTTP/2.0" 200 39791 "-" "HetrixTools Uptime Monitoring Bot. https://hetrix.tools/uptime-monitoring-bot.html" 599 **0/599089**
94.72.181.90 - - [14/Mar/2026:12:23:20 -0700] "GET / HTTP/2.0" 200 39791 "-" "HetrixTools Uptime Monitoring Bot. https://hetrix.tools/uptime-monitoring-bot.html" 582 **0/582349**
209.222.107.178 - - [14/Mar/2026:12:23:24 -0700] "GET / HTTP/2.0" 200 39791 "-" "HetrixTools Uptime Monitoring Bot. https://hetrix.tools/uptime-monitoring-bot.html" 534 **0/534613**
43.173.174.104 - - [14/Mar/2026:12:23:53 -0700] "GET /ipl/ipl-2021-final HTTP/1.1" 301 - "-" "Mozilla/5.0 (Windows NT 10.0; Win64; x64) AppleWebKit/537.36 (KHTML, like Gecko) Chrome/110.0.0.0 Safari/537.36" 242 **0/242302**
43.173.175.121 - - [14/Mar/2026:12:23:53 -0700] "GET /ipl/ipl-2021-final/ HTTP/1.1" 200 42566 "-" "Mozilla/5.0 (Windows NT 10.0; Win64; x64) AppleWebKit/537.36 (KHTML, like Gecko) Chrome/110.0.0.0 Safari/537.36" 466 **0/466223**
14.227.92.219 - - [14/Mar/2026:12:23:58 -0700] "GET /ipl/who-is-the-god-of-ipl/ HTTP/1.1" 200 44976 "-" "Mozilla/5.0 (Windows NT 10.0; Win64; x64) AppleWebKit/537.36 (KHTML, like Gecko) Chrome/101.0.4951.67 Safari/537.36" 518 **0/518651**
43.173.173.93 - - [14/Mar/2026:12:24:00 -0700] "GET /ipl/ipl-2021-final/?relatedposts=1 HTTP/1.1" 200 4197 "https://todaysiplmatch.in/ipl/ipl-2021-final/" "Mozilla/5.0 (Windows NT 10.0; Win64; x64) AppleWebKit/537.36 (KHTML, like Gecko) Chrome/110.0.0.0 Safari/537.36" 585 **0/585651**
181.41.142.170 - - [14/Mar/2026:12:24:07 -0700] "GET / HTTP/2.0" 200 39791 "-" "HetrixTools Uptime Monitoring Bot. https://hetrix.tools/uptime-monitoring-bot.html" 584 **0/584621**
23.106.180.172 - - [14/Mar/2026:12:24:09 -0700] "GET / HTTP/2.0" 200 39791 "-" "HetrixTools Uptime Monitoring Bot. https://hetrix.tools/uptime-monitoring-bot.html" 605 **0/605397**
79.127.243.80 - - [14/Mar/2026:12:24:14 -0700] "GET / HTTP/2.0" 200 39791 "-" "HetrixTools Uptime Monitoring Bot. https://hetrix.tools/uptime-monitoring-bot.html" 598 **0/598606**
51.89.144.57 - - [14/Mar/2026:12:24:18 -0700] "GET / HTTP/2.0" 200 39791 "-" "HetrixTools Uptime Monitoring Bot. https://hetrix.tools/uptime-monitoring-bot.html" 631 **0/631226**
77.75.79.54 - - [14/Mar/2026:12:24:25 -0700] "GET /jodipanel-dev/ HTTP/1.1" 200 37150 "-" "Mozilla/5.0 (compatible; SeznamBot/4.0; +https://o-seznam.cz/napoveda/vyhledavani/en/seznambot-crawler/)" 466 **0/466056**
216.73.216.186 - - [14/Mar/2026:12:24:54 -0700] "GET /world-cup/t20-world-cup-predictions/feed HTTP/2.0" 301 1 "-" "Mozilla/5.0 AppleWebKit/537.36 (KHTML, like Gecko; compatible; ClaudeBot/1.0; +claudebot@anthropic.com)" 252 **0/252270**
216.73.216.186 - - [14/Mar/2026:12:24:54 -0700] "GET /world-cup/t20-world-cup-predictions/feed/ HTTP/2.0" 200 396 "https://todaysiplmatch.in/world-cup/t20-world-cup-predictions/feed" "Mozilla/5.0 AppleWebKit/537.36 (KHTML, like Gecko; compatible; ClaudeBot/1.0; +claudebot@anthropic.com)" 201 **0/201840**
209.222.107.178 - - [14/Mar/2026:12:25:02 -0700] "GET / HTTP/2.0" 200 39791 "-" "HetrixTools Uptime Monitoring Bot. https://hetrix.tools/uptime-monitoring-bot.html" 1521 **1/1521289**
172.105.37.103 - - [14/Mar/2026:12:25:02 -0700] "GET / HTTP/2.0" 200 39791 "-" "HetrixTools Uptime Monitoring Bot. https://hetrix.tools/uptime-monitoring-bot.html" 1281 **1/1281051**
37.60.244.188 - - [14/Mar/2026:12:25:04 -0700] "GET /wp-admin/admin-ajax.php HTTP/1.1" 400 5 "https://todaysiplmatch.in/betinasia-bia/" "Mozilla/5.0 (Windows NT 6.3; Win64; x64) AppleWebKit/537.36 (KHTML, like Gecko) Chrome/103.0.0.0 Safari/537.36" 653 **0/653544**
104.194.8.169 - - [14/Mar/2026:12:25:05 -0700] "GET / HTTP/2.0" 200 39791 "-" "HetrixTools Uptime Monitoring Bot. https://hetrix.tools/uptime-monitoring-bot.html" 824 **0/824167**
37.60.244.188 - - [14/Mar/2026:12:25:07 -0700] "GET /wp-admin/admin-ajax.php?action=register HTTP/1.1" 400 5 "https://todaysiplmatch.in/wp-admin/admin-ajax.php" "Mozilla/5.0 (Windows NT 6.3; Win64; x64) AppleWebKit/537.36 (KHTML, like Gecko) Chrome/103.0.0.0 Safari/537.36" 365 **0/365184**
23.106.61.94 - - [14/Mar/2026:12:25:12 -0700] "GET / HTTP/2.0" 200 39791 "-" "HetrixTools Uptime Monitoring Bot. https://hetrix.tools/uptime-monitoring-bot.html" 661 **0/661000**
118.139.180.95 - - [14/Mar/2026:12:25:26 -0700] "POST /wp-cron.php?doing_wp_cron=1773516326.8489530086517333984375 HTTP/1.1" 200 - "-" "WordPress/6.9.4; https://todaysiplmatch.in" 13 **0/13416**
216.73.216.186 - - [14/Mar/2026:12:25:26 -0700] "GET /world-cup/icc-cricket-world-cup-fantasy/feed HTTP/2.0" 301 1 "-" "Mozilla/5.0 AppleWebKit/537.36 (KHTML, like Gecko; compatible; ClaudeBot/1.0; +claudebot@anthropic.com)" 245 **0/245886**
216.73.216.186 - - [14/Mar/2026:12:25:27 -0700] "GET /world-cup/icc-cricket-world-cup-fantasy/feed/ HTTP/2.0" 200 404 "https://todaysiplmatch.in/world-cup/icc-cricket-world-cup-fantasy/feed" "Mozilla/5.0 AppleWebKit/537.36 (KHTML, like Gecko; compatible; ClaudeBot/1.0; +claudebot@anthropic.com)" 228 **0/228941**
216.73.216.186 - - [14/Mar/2026:12:25:52 -0700] "GET /world-cup/world-cup-stumps-price HTTP/2.0" 301 1 "-" "Mozilla/5.0 AppleWebKit/537.36 (KHTML, like Gecko; compatible; ClaudeBot/1.0; +claudebot@anthropic.com)" 245 **0/245661**
216.73.216.186 - - [14/Mar/2026:12:25:52 -0700] "GET /world-cup/world-cup-stumps-price/ HTTP/2.0" 200 36365 "https://todaysiplmatch.in/world-cup/world-cup-stumps-price" "Mozilla/5.0 AppleWebKit/537.36 (KHTML, like Gecko; compatible; ClaudeBot/1.0; +claudebot@anthropic.com)" 483 **0/483760**
192.0.87.71 - - [14/Mar/2026:12:25:58 -0700] "GET /?rest_route=%2Fjetpack%2Fv4%2Fsync%2Fstatus&_for=jetpack&token=WScDw%23zm3%40G%24Oibu2%2AC6rY3%5Elsch4unJ%3A1%3A0×tamp=1773516357&nonce=DtRKE6EIps&body-hash&signature=tTcXFOtXWc3cFyiRQnTUrsEnn80%3D HTTP/1.1" 200 234 "https://todaysiplmatch.in/?rest_route=%2Fjetpack%2Fv4%2Fsync%2Fstatus&_for=jetpack&token=WScDw%23zm3%40G%24Oibu2%2AC6rY3%5Elsch4unJ%3A1%3A0×tamp=1773516357&nonce=DtRKE6EIps&body-hash&signature=tTcXFOtXWc3cFyiRQnTUrsEnn80%3D" "Jetpack by WordPress.com" 305 **0/305790**
192.0.87.71 - - [14/Mar/2026:12:25:59 -0700] "POST /?rest_route=%2Fjetpack%2Fv4%2Fsync%2Fobject&_for=jetpack&token=WScDw%23zm3%40G%24Oibu2%2AC6rY3%5Elsch4unJ%3A1%3A0×tamp=1773516358&nonce=FCFgtOSIIY&body-hash=9EbFOoJFL1Uq%2BgrQTPG82orr1n0%3D&signature=LrVD4xAadIJp5LXBN07tB36znhU%3D HTTP/1.1" 200 4582 "https://todaysiplmatch.in/?rest_route=%2Fjetpack%2Fv4%2Fsync%2Fobject&_for=jetpack&token=WScDw%23zm3%40G%24Oibu2%2AC6rY3%5Elsch4unJ%3A1%3A0×tamp=1773516358&nonce=FCFgtOSIIY&body-hash=9EbFOoJFL1Uq%2BgrQTPG82orr1n0%3D&signature=LrVD4xAadIJp5LXBN07tB36znhU%3D" "Jetpack by WordPress.com" 278 **0/278537**
192.0.87.71 - - [14/Mar/2026:12:26:00 -0700] "POST /?rest_route=%2Fjetpack%2Fv4%2Fsync%2Fobject&_for=jetpack&token=WScDw%23zm3%40G%24Oibu2%2AC6rY3%5Elsch4unJ%3A1%3A0×tamp=1773516359&nonce=WYxOkZNOD2&body-hash=SljWaFuv%2BRFGJ5yLzqbQGYJHiFo%3D&signature=uUERUZehfH%2Fy9g8fuV3O%2B4NZjUc%3D HTTP/1.1" 200 13284 "https://todaysiplmatch.in/?rest_route=%2Fjetpack%2Fv4%2Fsync%2Fobject&_for=jetpack&token=WScDw%23zm3%40G%24Oibu2%2AC6rY3%5Elsch4unJ%3A1%3A0×tamp=1773516359&nonce=WYxOkZNOD2&body-hash=SljWaFuv%2BRFGJ5yLzqbQGYJHiFo%3D&signature=uUERUZehfH%2Fy9g8fuV3O%2B4NZjUc%3D" "Jetpack by WordPress.com" 319 **0/319812**
192.0.87.71 - - [14/Mar/2026:12:26:01 -0700] "POST /?rest_route=%2Fjetpack%2Fv4%2Fsync%2Fobject&_for=jetpack&token=WScDw%23zm3%40G%24Oibu2%2AC6rY3%5Elsch4unJ%3A1%3A0×tamp=1773516360&nonce=a3beHTcgrF&body-hash=f4gz9vN1HJg370THfl9y1cOkQX0%3D&signature=ocHws9MnVSivZaEuswge31QRjP4%3D HTTP/1.1" 200 409 "https://todaysiplmatch.in/?rest_route=%2Fjetpack%2Fv4%2Fsync%2Fobject&_for=jetpack&token=WScDw%23zm3%40G%24Oibu2%2AC6rY3%5Elsch4unJ%3A1%3A0×tamp=1773516360&nonce=a3beHTcgrF&body-hash=f4gz9vN1HJg370THfl9y1cOkQX0%3D&signature=ocHws9MnVSivZaEuswge31QRjP4%3D" "Jetpack by WordPress.com" 606 **0/606799**
192.0.87.71 - - [14/Mar/2026:12:26:03 -0700] "GET /?rest_route=%2Fjetpack%2Fv4%2Fsync%2Fdata-check&_for=jetpack&token=WScDw%23zm3%40G%24Oibu2%2AC6rY3%5Elsch4unJ%3A1%3A0×tamp=1773516362&nonce=ybVGKFKS7E&body-hash&signature=%2B%2B%2F5uVN4qmdjTnYm8nQOy%2F3Z%2BZw%3D HTTP/1.1" 200 249 "https://todaysiplmatch.in/?rest_route=%2Fjetpack%2Fv4%2Fsync%2Fdata-check&_for=jetpack&token=WScDw%23zm3%40G%24Oibu2%2AC6rY3%5Elsch4unJ%3A1%3A0×tamp=1773516362&nonce=ybVGKFKS7E&body-hash&signature=%2B%2B%2F5uVN4qmdjTnYm8nQOy%2F3Z%2BZw%3D" "Jetpack by WordPress.com" 923 **0/923194**
192.0.87.71 - - [14/Mar/2026:12:26:04 -0700] "POST /?rest_route=%2Fjetpack%2Fv4%2Fsync%2Fdata-histogram&_for=jetpack&token=WScDw%23zm3%40G%24Oibu2%2AC6rY3%5Elsch4unJ%3A1%3A0×tamp=1773516364&nonce=DFVPtMSUv8&body-hash=wMmbA0ZSl5yqjZqMiBKMzdD4fBY%3D&signature=7IE5RWcyI2w4GLnbh6MUUMRaInw%3D HTTP/1.1" 200 50 "https://todaysiplmatch.in/?rest_route=%2Fjetpack%2Fv4%2Fsync%2Fdata-histogram&_for=jetpack&token=WScDw%23zm3%40G%24Oibu2%2AC6rY3%5Elsch4unJ%3A1%3A0×tamp=1773516364&nonce=DFVPtMSUv8&body-hash=wMmbA0ZSl5yqjZqMiBKMzdD4fBY%3D&signature=7IE5RWcyI2w4GLnbh6MUUMRaInw%3D" "Jetpack by WordPress.com" 326 **0/326211**
192.0.87.71 - - [14/Mar/2026:12:26:06 -0700] "POST /?rest_route=%2Fjetpack%2Fv4%2Fsync%2Fdata-histogram&_for=jetpack&token=WScDw%23zm3%40G%24Oibu2%2AC6rY3%5Elsch4unJ%3A1%3A0×tamp=1773516365&nonce=Y5606M6kVZ&body-hash=n%2BNanPw%2FoUUn3iH%2Ba3KcY14AYVo%3D&signature=FiQLz4KlQFzesZVmjwSTx77Nx54%3D HTTP/1.1" 200 52 "https://todaysiplmatch.in/?rest_route=%2Fjetpack%2Fv4%2Fsync%2Fdata-histogram&_for=jetpack&token=WScDw%23zm3%40G%24Oibu2%2AC6rY3%5Elsch4unJ%3A1%3A0×tamp=1773516365&nonce=Y5606M6kVZ&body-hash=n%2BNanPw%2FoUUn3iH%2Ba3KcY14AYVo%3D&signature=FiQLz4KlQFzesZVmjwSTx77Nx54%3D" "Jetpack by WordPress.com" 268 **0/268213**
216.73.216.186 - - [14/Mar/2026:12:26:06 -0700] "GET /?p=27227 HTTP/2.0" 301 1 "-" "Mozilla/5.0 AppleWebKit/537.36 (KHTML, like Gecko; compatible; ClaudeBot/1.0; +claudebot@anthropic.com)" 218 **0/218211**
216.73.216.186 - - [14/Mar/2026:12:26:07 -0700] "GET /world-cup/most-wickets-in-t20-world-cup/ HTTP/2.0" 200 36340 "https://todaysiplmatch.in/?p=27227" "Mozilla/5.0 AppleWebKit/537.36 (KHTML, like Gecko; compatible; ClaudeBot/1.0; +claudebot@anthropic.com)" 486 **0/486282**
69.67.149.243 - - [14/Mar/2026:12:26:09 -0700] "GET / HTTP/2.0" 200 39791 "-" "HetrixTools Uptime Monitoring Bot. https://hetrix.tools/uptime-monitoring-bot.html" 648 **0/648234**
148.113.25.248 - - [14/Mar/2026:12:26:11 -0700] "GET / HTTP/2.0" 200 39791 "-" "HetrixTools Uptime Monitoring Bot. https://hetrix.tools/uptime-monitoring-bot.html" 670 **0/670088**
192.0.86.161 - - [14/Mar/2026:12:26:14 -0700] "GET /?rest_route=%2Fjetpack%2Fv4%2Fsync%2Fstatus&_for=jetpack&token=WScDw%23zm3%40G%24Oibu2%2AC6rY3%5Elsch4unJ%3A1%3A0×tamp=1773516373&nonce=XWxP9Vj0BG&body-hash&signature=wD2b3flUTnSfqM2FyFm40qi6IVA%3D HTTP/1.1" 200 556 "https://todaysiplmatch.in/?rest_route=%2Fjetpack%2Fv4%2Fsync%2Fstatus&_for=jetpack&token=WScDw%23zm3%40G%24Oibu2%2AC6rY3%5Elsch4unJ%3A1%3A0×tamp=1773516373&nonce=XWxP9Vj0BG&body-hash&signature=wD2b3flUTnSfqM2FyFm40qi6IVA%3D" "Jetpack by WordPress.com" 263 **0/263772**
192.0.86.161 - - [14/Mar/2026:12:26:15 -0700] "POST /?rest_route=%2Fjetpack%2Fv4%2Fsync%2Fobject&_for=jetpack&token=WScDw%23zm3%40G%24Oibu2%2AC6rY3%5Elsch4unJ%3A1%3A0×tamp=1773516374&nonce=S6Hbh5HSBW&body-hash=9EbFOoJFL1Uq%2BgrQTPG82orr1n0%3D&signature=6J4VbeAOqnKkBRZDYqoYlNQgtxM%3D HTTP/1.1" 200 6017 "https://todaysiplmatch.in/?rest_route=%2Fjetpack%2Fv4%2Fsync%2Fobject&_for=jetpack&token=WScDw%23zm3%40G%24Oibu2%2AC6rY3%5Elsch4unJ%3A1%3A0×tamp=1773516374&nonce=S6Hbh5HSBW&body-hash=9EbFOoJFL1Uq%2BgrQTPG82orr1n0%3D&signature=6J4VbeAOqnKkBRZDYqoYlNQgtxM%3D" "Jetpack by WordPress.com" 297 **0/297046**
192.0.86.161 - - [14/Mar/2026:12:26:16 -0700] "POST /?rest_route=%2Fjetpack%2Fv4%2Fsync%2Fobject&_for=jetpack&token=WScDw%23zm3%40G%24Oibu2%2AC6rY3%5Elsch4unJ%3A1%3A0×tamp=1773516375&nonce=lxmle3DnEw&body-hash=SljWaFuv%2BRFGJ5yLzqbQGYJHiFo%3D&signature=CxzCC0oUY88KE7jydKiIOx9tFxw%3D HTTP/1.1" 200 17548 "https://todaysiplmatch.in/?rest_route=%2Fjetpack%2Fv4%2Fsync%2Fobject&_for=jetpack&token=WScDw%23zm3%40G%24Oibu2%2AC6rY3%5Elsch4unJ%3A1%3A0×tamp=1773516375&nonce=lxmle3DnEw&body-hash=SljWaFuv%2BRFGJ5yLzqbQGYJHiFo%3D&signature=CxzCC0oUY88KE7jydKiIOx9tFxw%3D" "Jetpack by WordPress.com" 278 **0/278915**
192.0.86.161 - - [14/Mar/2026:12:26:17 -0700] "POST /?rest_route=%2Fjetpack%2Fv4%2Fsync%2Fobject&_for=jetpack&token=WScDw%23zm3%40G%24Oibu2%2AC6rY3%5Elsch4unJ%3A1%3A0×tamp=1773516377&nonce=JZ762ePKG0&body-hash=f4gz9vN1HJg370THfl9y1cOkQX0%3D&signature=jH%2F3OqJ8RFo5DjnnIdD7ui17ar4%3D HTTP/1.1" 200 502 "https://todaysiplmatch.in/?rest_route=%2Fjetpack%2Fv4%2Fsync%2Fobject&_for=jetpack&token=WScDw%23zm3%40G%24Oibu2%2AC6rY3%5Elsch4unJ%3A1%3A0×tamp=1773516377&nonce=JZ762ePKG0&body-hash=f4gz9vN1HJg370THfl9y1cOkQX0%3D&signature=jH%2F3OqJ8RFo5DjnnIdD7ui17ar4%3D" "Jetpack by WordPress.com" 275 **0/275198**
192.0.86.161 - - [14/Mar/2026:12:26:19 -0700] "POST /?rest_route=%2Fjetpack%2Fv4%2Fsync%2Fdata-histogram&_for=jetpack&token=WScDw%23zm3%40G%24Oibu2%2AC6rY3%5Elsch4unJ%3A1%3A0×tamp=1773516378&nonce=QNTxNrBjnV&body-hash=cdOYhPDLlrrFEHndTDAWqxrucvo%3D&signature=XPZLtx29RbPsv3NQfM67dJ841Ak%3D HTTP/1.1" 200 79 "https://todaysiplmatch.in/?rest_route=%2Fjetpack%2Fv4%2Fsync%2Fdata-histogram&_for=jetpack&token=WScDw%23zm3%40G%24Oibu2%2AC6rY3%5Elsch4unJ%3A1%3A0×tamp=1773516378&nonce=QNTxNrBjnV&body-hash=cdOYhPDLlrrFEHndTDAWqxrucvo%3D&signature=XPZLtx29RbPsv3NQfM67dJ841Ak%3D" "Jetpack by WordPress.com" 244 **0/244903**
192.0.91.228 - - [14/Mar/2026:12:26:19 -0700] "HEAD / HTTP/1.1" 200 - "-" "jetmon/1.0 (Jetpack Site Uptime Monitor by WordPress.com)" 269 **0/269681**
192.0.86.161 - - [14/Mar/2026:12:26:20 -0700] "POST /?rest_route=%2Fjetpack%2Fv4%2Fsync%2Fdata-histogram&_for=jetpack&token=WScDw%23zm3%40G%24Oibu2%2AC6rY3%5Elsch4unJ%3A1%3A0×tamp=1773516379&nonce=bmjCzkmrw9&body-hash=TYmGgtTqJUIDj%2BW%2B5yV%2FDctAyRY%3D&signature=aDUMCRlUhCfk%2BbRRYsWPvkjL0QA%3D HTTP/1.1" 200 301 "https://todaysiplmatch.in/?rest_route=%2Fjetpack%2Fv4%2Fsync%2Fdata-histogram&_for=jetpack&token=WScDw%23zm3%40G%24Oibu2%2AC6rY3%5Elsch4unJ%3A1%3A0×tamp=1773516379&nonce=bmjCzkmrw9&body-hash=TYmGgtTqJUIDj%2BW%2B5yV%2FDctAyRY%3D&signature=aDUMCRlUhCfk%2BbRRYsWPvkjL0QA%3D" "Jetpack by WordPress.com" 270 **0/270564**
192.0.86.161 - - [14/Mar/2026:12:26:21 -0700] "POST /?rest_route=%2Fjetpack%2Fv4%2Fsync%2Fobject&_for=jetpack&token=WScDw%23zm3%40G%24Oibu2%2AC6rY3%5Elsch4unJ%3A1%3A0×tamp=1773516380&nonce=N6Zh3ScKCN&body-hash=BhqY7fW0oIJrvwXA3k7HhpkOlKw%3D&signature=pM%2FBGjNYguyoOcUkyUigzLIet%2FQ%3D HTTP/1.1" 200 2846 "https://todaysiplmatch.in/?rest_route=%2Fjetpack%2Fv4%2Fsync%2Fobject&_for=jetpack&token=WScDw%23zm3%40G%24Oibu2%2AC6rY3%5Elsch4unJ%3A1%3A0×tamp=1773516380&nonce=N6Zh3ScKCN&body-hash=BhqY7fW0oIJrvwXA3k7HhpkOlKw%3D&signature=pM%2FBGjNYguyoOcUkyUigzLIet%2FQ%3D" "Jetpack by WordPress.com" 259 **0/259794**
192.0.86.161 - - [14/Mar/2026:12:26:22 -0700] "POST /?rest_route=%2Fjetpack%2Fv4%2Fsync%2Fdata-histogram&_for=jetpack&token=WScDw%23zm3%40G%24Oibu2%2AC6rY3%5Elsch4unJ%3A1%3A0×tamp=1773516381&nonce=HtVdUjAdQw&body-hash=guP0GKcn8ZkGhAig8tk7N1p%2BJmA%3D&signature=KsLsBID2HsEal5Ici71kf%2BpPMWw%3D HTTP/1.1" 200 79 "https://todaysiplmatch.in/?rest_route=%2Fjetpack%2Fv4%2Fsync%2Fdata-histogram&_for=jetpack&token=WScDw%23zm3%40G%24Oibu2%2AC6rY3%5Elsch4unJ%3A1%3A0×tamp=1773516381&nonce=HtVdUjAdQw&body-hash=guP0GKcn8ZkGhAig8tk7N1p%2BJmA%3D&signature=KsLsBID2HsEal5Ici71kf%2BpPMWw%3D" "Jetpack by WordPress.com" 266 **0/266265**
192.0.86.161 - - [14/Mar/2026:12:26:23 -0700] "POST /?rest_route=%2Fjetpack%2Fv4%2Fsync%2Fdata-histogram&_for=jetpack&token=WScDw%23zm3%40G%24Oibu2%2AC6rY3%5Elsch4unJ%3A1%3A0×tamp=1773516383&nonce=vi3CUvDVnR&body-hash=wiRZUmtGCHVfX1UdvUST63D1l%2FY%3D&signature=Y5hco84NCAPZmaxR%2Fj5fPvXLM0w%3D HTTP/1.1" 200 290 "https://todaysiplmatch.in/?rest_route=%2Fjetpack%2Fv4%2Fsync%2Fdata-histogram&_for=jetpack&token=WScDw%23zm3%40G%24Oibu2%2AC6rY3%5Elsch4unJ%3A1%3A0×tamp=1773516383&nonce=vi3CUvDVnR&body-hash=wiRZUmtGCHVfX1UdvUST63D1l%2FY%3D&signature=Y5hco84NCAPZmaxR%2Fj5fPvXLM0w%3D" "Jetpack by WordPress.com" 315 **0/315499**
192.0.86.161 - - [14/Mar/2026:12:26:25 -0700] "POST /?rest_route=%2Fjetpack%2Fv4%2Fsync%2Fobject&_for=jetpack&token=WScDw%23zm3%40G%24Oibu2%2AC6rY3%5Elsch4unJ%3A1%3A0×tamp=1773516384&nonce=rhO31yl9Na&body-hash=RZ%2Fptwa8YFU399nx37qnD6jj7rc%3D&signature=MVTiAa2ihpGDmXho5E%2FdhQ8zBAY%3D HTTP/1.1" 200 2017 "https://todaysiplmatch.in/?rest_route=%2Fjetpack%2Fv4%2Fsync%2Fobject&_for=jetpack&token=WScDw%23zm3%40G%24Oibu2%2AC6rY3%5Elsch4unJ%3A1%3A0×tamp=1773516384&nonce=rhO31yl9Na&body-hash=RZ%2Fptwa8YFU399nx37qnD6jj7rc%3D&signature=MVTiAa2ihpGDmXho5E%2FdhQ8zBAY%3D" "Jetpack by WordPress.com" 246 **0/246092**
66.165.247.154 - - [14/Mar/2026:12:26:25 -0700] "GET / HTTP/2.0" 200 39791 "-" "HetrixTools Uptime Monitoring Bot. https://hetrix.tools/uptime-monitoring-bot.html" 559 **0/559009**
192.0.86.161 - - [14/Mar/2026:12:26:26 -0700] "POST /?rest_route=%2Fjetpack%2Fv4%2Fsync%2Fhealth&_for=jetpack&token=WScDw%23zm3%40G%24Oibu2%2AC6rY3%5Elsch4unJ%3A1%3A0×tamp=1773516385&nonce=yY32TPkeNG&body-hash=lKHMv1qixxzsVb2b%2B7IjCG6lL5g%3D&signature=0Rv5H2e4Ytc62H1934HUOe6XceU%3D HTTP/1.1" 200 21 "https://todaysiplmatch.in/?rest_route=%2Fjetpack%2Fv4%2Fsync%2Fhealth&_for=jetpack&token=WScDw%23zm3%40G%24Oibu2%2AC6rY3%5Elsch4unJ%3A1%3A0×tamp=1773516385&nonce=yY32TPkeNG&body-hash=lKHMv1qixxzsVb2b%2B7IjCG6lL5g%3D&signature=0Rv5H2e4Ytc62H1934HUOe6XceU%3D" "Jetpack by WordPress.com" 278 **0/278763**
185.38.148.144 - - [14/Mar/2026:12:26:26 -0700] "GET / HTTP/2.0" 200 39791 "-" "HetrixTools Uptime Monitoring Bot. https://hetrix.tools/uptime-monitoring-bot.html" 641 **0/641438**
67.213.120.27 - - [14/Mar/2026:12:27:08 -0700] "GET / HTTP/2.0" 200 39791 "-" "HetrixTools Uptime Monitoring Bot. https://hetrix.tools/uptime-monitoring-bot.html" 616 **0/616672**
69.67.149.243 - - [14/Mar/2026:12:27:17 -0700] "GET / HTTP/2.0" 200 39791 "-" "HetrixTools Uptime Monitoring Bot. https://hetrix.tools/uptime-monitoring-bot.html" 516 **0/516460**
185.38.148.144 - - [14/Mar/2026:12:27:19 -0700] "GET / HTTP/2.0" 200 39791 "-" "HetrixTools Uptime Monitoring Bot. https://hetrix.tools/uptime-monitoring-bot.html" 500 **0/500183**
172.105.37.103 - - [14/Mar/2026:12:27:26 -0700] "GET / HTTP/2.0" 200 39791 "-" "HetrixTools Uptime Monitoring Bot. https://hetrix.tools/uptime-monitoring-bot.html" 567 **0/567328**
185.174.110.102 - - [14/Mar/2026:12:28:10 -0700] "GET / HTTP/2.0" 200 39791 "-" "HetrixTools Uptime Monitoring Bot. https://hetrix.tools/uptime-monitoring-bot.html" 524 **0/524544**
118.139.180.95 - - [14/Mar/2026:12:28:13 -0700] "POST /wp-cron.php?doing_wp_cron=1773516493.7165329456329345703125 HTTP/1.1" 200 - "-" "WordPress/6.9.4; https://todaysiplmatch.in" 19 **0/19881**
67.215.253.21 - - [14/Mar/2026:12:28:13 -0700] "GET / HTTP/2.0" 200 46541 "-" "Mozilla/5.0 (Windows NT 10.0; Win64; x64) AppleWebKit/537.36 (KHTML, like Gecko) Chrome/128.0.0.0 Safari/537.36" 593 **0/593015**
118.139.180.95 - - [14/Mar/2026:12:28:14 -0700] "POST /wp-cron.php?doing_wp_cron=1773516494.3292798995971679687500 HTTP/1.1" 200 - "-" "WordPress/6.9.4; https://todaysiplmatch.in" 19 **0/19574**
148.113.25.248 - - [14/Mar/2026:12:28:13 -0700] "GET / HTTP/2.0" 200 39791 "-" "HetrixTools Uptime Monitoring Bot. https://hetrix.tools/uptime-monitoring-bot.html" 720 **0/720122**
209.222.107.178 - - [14/Mar/2026:12:28:18 -0700] "GET / HTTP/2.0" 200 39791 "-" "HetrixTools Uptime Monitoring Bot. https://hetrix.tools/uptime-monitoring-bot.html" 556 **0/556992**
66.165.225.34 - - [14/Mar/2026:12:28:20 -0700] "GET / HTTP/2.0" 200 39791 "-" "HetrixTools Uptime Monitoring Bot. https://hetrix.tools/uptime-monitoring-bot.html" 579 **0/579188**
104.194.8.169 - - [14/Mar/2026:12:29:05 -0700] "GET / HTTP/2.0" 200 39791 "-" "HetrixTools Uptime Monitoring Bot. https://hetrix.tools/uptime-monitoring-bot.html" 602 **0/602062**
51.89.144.57 - - [14/Mar/2026:12:29:10 -0700] "GET / HTTP/2.0" 200 39791 "-" "HetrixTools Uptime Monitoring Bot. https://hetrix.tools/uptime-monitoring-bot.html" 711 **0/711058**
181.41.142.170 - - [14/Mar/2026:12:29:11 -0700] "GET / HTTP/2.0" 200 39791 "-" "HetrixTools Uptime Monitoring Bot. https://hetrix.tools/uptime-monitoring-bot.html" 636 **0/636868**
209.222.107.178 - - [14/Mar/2026:12:29:22 -0700] "GET / HTTP/2.0" 200 39791 "-" "HetrixTools Uptime Monitoring Bot. https://hetrix.tools/uptime-monitoring-bot.html" 603 **0/603172**
66.249.71.198 - - [14/Mar/2026:12:30:10 -0700] "GET /wp-content/uploads/elementor/css/post-29920.css?ver=1772928000 HTTP/1.1" 200 179 "https://todaysiplmatch.in/satta-matka/rajdhani-day-chart/" "Mozilla/5.0 (Linux; Android 6.0.1; Nexus 5X Build/MMB29P) AppleWebKit/537.36 (KHTML, like Gecko) Chrome/145.0.7632.116 Mobile Safari/537.36 (compatible; Googlebot/2.1; +http://www.google.com/bot.html)" 11 **0/11487**
66.249.79.203 - - [14/Mar/2026:12:30:10 -0700] "GET /wp-content/uploads/elementor/css/post-29920.css?ver=1772928000 HTTP/1.1" 200 179 "https://todaysiplmatch.in/satta-matka/rajdhani-day-chart/" "Mozilla/5.0 (Linux; Android 6.0.1; Nexus 5X Build/MMB29P) AppleWebKit/537.36 (KHTML, like Gecko) Chrome/145.0.7632.116 Mobile Safari/537.36 (compatible; Googlebot/2.1; +http://www.google.com/bot.html)" 10 **0/10527**
79.127.243.80 - - [14/Mar/2026:12:30:14 -0700] "GET / HTTP/2.0" 200 39791 "-" "HetrixTools Uptime Monitoring Bot. https://hetrix.tools/uptime-monitoring-bot.html" 655 **0/655321**
35.154.5.38 - - [14/Mar/2026:12:30:16 -0700] "GET / HTTP/2.0" 200 39791 "-" "HetrixTools Uptime Monitoring Bot. https://hetrix.tools/uptime-monitoring-bot.html" 636 **0/636075**
118.139.180.95 - - [14/Mar/2026:12:30:18 -0700] "POST /wp-cron.php?doing_wp_cron=1773516618.7204298973083496093750 HTTP/1.1" 200 - "-" "WordPress/6.9.4; https://todaysiplmatch.in" 21 **0/21179**
23.106.180.172 - - [14/Mar/2026:12:30:18 -0700] "GET / HTTP/2.0" 200 39791 "-" "HetrixTools Uptime Monitoring Bot. https://hetrix.tools/uptime-monitoring-bot.html" 712 **0/712045**
51.195.149.151 - - [14/Mar/2026:12:30:23 -0700] "GET / HTTP/2.0" 200 39791 "-" "HetrixTools Uptime Monitoring Bot. https://hetrix.tools/uptime-monitoring-bot.html" 740 **0/740858**
57.141.16.71 - - [14/Mar/2026:12:31:09 -0700] "GET /uncategorized/avsloja-hemligheterna-bakom-framgangsrika-casinostrategier-2/ HTTP/2.0" 200 286587 "-" "meta-externalagent/1.1 (+https://developers.facebook.com/docs/sharing/webmasters/crawler)" 806 **0/806295**
148.113.2.135 - - [14/Mar/2026:12:31:13 -0700] "GET / HTTP/2.0" 200 39791 "-" "HetrixTools Uptime Monitoring Bot. https://hetrix.tools/uptime-monitoring-bot.html" 537 **0/537478**
