213.180.203.150 - - [14/Mar/2026:05:20:10 -0700] "GET /wie-gleichfalls-darf-guy-atomar-unter-dampf-stehen-casino-zaster-einzahlen/ HTTP/1.1" 200 17813 "-" "Mozilla/5.0 (compatible; YandexBot/3.0; +http://yandex.com/bots)" 298 **0/298456**
74.7.227.158 - - [14/Mar/2026:05:20:10 -0700] "GET /?p=282331 HTTP/2.0" 301 1 "https://indiabettingexchange.in/greenville-sv-female-escorts-in-washington/" "Mozilla/5.0 AppleWebKit/537.36 (KHTML, like Gecko; compatible; GPTBot/1.3; +https://openai.com/gptbot)" 206 **0/206228**
118.139.180.95 - - [14/Mar/2026:05:20:11 -0700] "HEAD /wp-content/uploads/font-awesome/v6.2.0/css/svg-with-js.css HTTP/1.1" 200 - "-" "WordPress/6.9.4; https://indiabettingexchange.in" 12 **0/12915**
65.111.4.115 - - [14/Mar/2026:05:20:10 -0700] "GET /wp-admin/plugins.php HTTP/2.0" 403 854 "-" "Mozilla/5.0 (Windows NT 10.0; Win64; x64) AppleWebKit/537.36 (KHTML, like Gecko) Chrome/124.0.6367.207 Safari/537.36" 281 **0/281422**
216.75.132.211 - - [14/Mar/2026:05:20:11 -0700] "GET /reels-try-burning-in-fire-struck-the-fresh-new-3a-5-ten-contours-videoslot/feed/ HTTP/1.1" 200 483 "-" "Mozilla/5.0 (Macintosh; Intel Mac OS X 10_15_7) AppleWebKit/537.36 (KHTML, like Gecko) Chrome/135.0.0.0 Safari/537.36" 256 **0/256103**
74.7.227.158 - - [14/Mar/2026:05:20:11 -0700] "GET /greenville-sv-female-escorts-in-washington/ HTTP/2.0" 200 16687 "https://indiabettingexchange.in/?p=282331" "Mozilla/5.0 AppleWebKit/537.36 (KHTML, like Gecko; compatible; GPTBot/1.3; +https://openai.com/gptbot)" 273 **0/273614**
118.139.180.95 - - [14/Mar/2026:05:20:11 -0700] "HEAD /wp-content/uploads/font-awesome/v6.2.0/css/svg-with-js.css HTTP/1.1" 200 - "-" "WordPress/6.9.4; https://indiabettingexchange.in" 8 **0/8273**
65.111.4.115 - - [14/Mar/2026:05:20:11 -0700] "GET /wp-admin/plugins.php HTTP/2.0" 403 854 "-" "Mozilla/5.0 (Windows NT 10.0; Win64; x64) AppleWebKit/537.36 (KHTML, like Gecko) Chrome/124.0.6367.207 Safari/537.36" 210 **0/210940**
74.7.227.158 - - [14/Mar/2026:05:20:11 -0700] "GET /?p=220728 HTTP/2.0" 301 1 "https://indiabettingexchange.in/yet-still-no-cash-transferred-into-the-my-account-neither-pending-withdrawl-nor-during-my-local-casino-account/" "Mozilla/5.0 AppleWebKit/537.36 (KHTML, like Gecko; compatible; GPTBot/1.3; +https://openai.com/gptbot)" 162 **0/162728**
74.7.227.158 - - [14/Mar/2026:05:20:12 -0700] "GET /yet-still-no-cash-transferred-into-the-my-account-neither-pending-withdrawl-nor-during-my-local-casino-account/ HTTP/2.0" 200 15453 "https://indiabettingexchange.in/?p=220728" "Mozilla/5.0 AppleWebKit/537.36 (KHTML, like Gecko; compatible; GPTBot/1.3; +https://openai.com/gptbot)" 256 **0/256966**
118.139.180.95 - - [14/Mar/2026:05:20:12 -0700] "HEAD /wp-content/uploads/font-awesome/v6.2.0/css/svg-with-js.css HTTP/1.1" 200 - "-" "WordPress/6.9.4; https://indiabettingexchange.in" 10 **0/10636**
65.111.4.115 - - [14/Mar/2026:05:20:12 -0700] "GET /wp-admin/plugins.php HTTP/2.0" 403 854 "-" "Mozilla/5.0 (Windows NT 10.0; Win64; x64) AppleWebKit/537.36 (KHTML, like Gecko) Chrome/124.0.6367.207 Safari/537.36" 234 **0/234222**
74.7.227.158 - - [14/Mar/2026:05:20:12 -0700] "GET /?p=220954 HTTP/2.0" 301 1 "https://indiabettingexchange.in/welcome-to-onlinecasinocanada-the-official-domestic-for-what-you-linked-to-real-money-internet-casino-canada-other-sites/" "Mozilla/5.0 AppleWebKit/537.36 (KHTML, like Gecko; compatible; GPTBot/1.3; +https://openai.com/gptbot)" 183 **0/183069**
118.139.180.95 - - [14/Mar/2026:05:20:13 -0700] "HEAD /wp-content/uploads/font-awesome/v6.2.0/css/svg-with-js.css HTTP/1.1" 200 - "-" "WordPress/6.9.4; https://indiabettingexchange.in" 12 **0/12087**
65.111.4.115 - - [14/Mar/2026:05:20:13 -0700] "GET /wp-admin/plugins.php HTTP/2.0" 403 854 "-" "Mozilla/5.0 (Windows NT 10.0; Win64; x64) AppleWebKit/537.36 (KHTML, like Gecko) Chrome/124.0.6367.207 Safari/537.36" 264 **0/264818**
74.7.227.158 - - [14/Mar/2026:05:20:13 -0700] "GET /welcome-to-onlinecasinocanada-the-official-domestic-for-what-you-linked-to-real-money-internet-casino-canada-other-sites/ HTTP/2.0" 200 16149 "https://indiabettingexchange.in/?p=220954" "Mozilla/5.0 AppleWebKit/537.36 (KHTML, like Gecko; compatible; GPTBot/1.3; +https://openai.com/gptbot)" 257 **0/257937**
118.139.180.95 - - [14/Mar/2026:05:20:13 -0700] "HEAD /wp-content/uploads/font-awesome/v6.2.0/css/svg-with-js.css HTTP/1.1" 200 - "-" "WordPress/6.9.4; https://indiabettingexchange.in" 15 **0/15904**
65.111.4.115 - - [14/Mar/2026:05:20:13 -0700] "GET /wp-admin/themes.php HTTP/2.0" 403 854 "-" "Mozilla/5.0 (Windows NT 10.0; Win64; x64) AppleWebKit/537.36 (KHTML, like Gecko) Chrome/124.0.6367.207 Safari/537.36" 237 **0/237901**
74.7.227.158 - - [14/Mar/2026:05:20:13 -0700] "GET /?p=221105 HTTP/2.0" 301 1 "https://indiabettingexchange.in/updating-their-standing-inside-jackpot-urban-area-gambling-establishment-benefits/" "Mozilla/5.0 AppleWebKit/537.36 (KHTML, like Gecko; compatible; GPTBot/1.3; +https://openai.com/gptbot)" 185 **0/185131**
118.139.180.95 - - [14/Mar/2026:05:20:14 -0700] "HEAD /wp-content/uploads/font-awesome/v6.2.0/css/svg-with-js.css HTTP/1.1" 200 - "-" "WordPress/6.9.4; https://indiabettingexchange.in" 12 **0/12920**
74.7.227.158 - - [14/Mar/2026:05:20:14 -0700] "GET /updating-their-standing-inside-jackpot-urban-area-gambling-establishment-benefits/ HTTP/2.0" 200 15755 "https://indiabettingexchange.in/?p=221105" "Mozilla/5.0 AppleWebKit/537.36 (KHTML, like Gecko; compatible; GPTBot/1.3; +https://openai.com/gptbot)" 338 **0/338849**
65.111.4.115 - - [14/Mar/2026:05:20:14 -0700] "GET /wp-admin/themes.php HTTP/2.0" 403 854 "-" "Mozilla/5.0 (Windows NT 10.0; Win64; x64) AppleWebKit/537.36 (KHTML, like Gecko) Chrome/124.0.6367.207 Safari/537.36" 306 **0/306600**
118.139.180.95 - - [14/Mar/2026:05:20:15 -0700] "HEAD /wp-content/uploads/font-awesome/v6.2.0/css/svg-with-js.css HTTP/1.1" 200 - "-" "WordPress/6.9.4; https://indiabettingexchange.in" 11 **0/11382**
118.139.180.95 - - [14/Mar/2026:05:20:15 -0700] "POST /wp-cron.php?doing_wp_cron=1773490815.1853590011596679687500 HTTP/1.1" 200 - "-" "WordPress/6.9.4; https://indiabettingexchange.in" 26 **0/26556**
65.111.4.115 - - [14/Mar/2026:05:20:14 -0700] "GET /wp-admin/themes.php HTTP/2.0" 403 854 "-" "Mozilla/5.0 (Windows NT 10.0; Win64; x64) AppleWebKit/537.36 (KHTML, like Gecko) Chrome/124.0.6367.207 Safari/537.36" 293 **0/293934**
118.139.180.95 - - [14/Mar/2026:05:20:15 -0700] "HEAD /wp-content/uploads/font-awesome/v6.2.0/css/svg-with-js.css HTTP/1.1" 200 - "-" "WordPress/6.9.4; https://indiabettingexchange.in" 13 **0/13042**
65.111.4.115 - - [14/Mar/2026:05:20:15 -0700] "GET /wp-admin/themes.php HTTP/2.0" 403 854 "-" "Mozilla/5.0 (Windows NT 10.0; Win64; x64) AppleWebKit/537.36 (KHTML, like Gecko) Chrome/124.0.6367.207 Safari/537.36" 263 **0/263193**
118.139.180.95 - - [14/Mar/2026:05:20:16 -0700] "HEAD /wp-content/uploads/font-awesome/v6.2.0/css/svg-with-js.css HTTP/1.1" 200 - "-" "WordPress/6.9.4; https://indiabettingexchange.in" 9 **0/9218**
65.111.4.115 - - [14/Mar/2026:05:20:16 -0700] "GET /wp-admin/themes.php HTTP/2.0" 403 854 "-" "Mozilla/5.0 (Windows NT 10.0; Win64; x64) AppleWebKit/537.36 (KHTML, like Gecko) Chrome/124.0.6367.207 Safari/537.36" 238 **0/238582**
74.7.227.158 - - [14/Mar/2026:05:20:16 -0700] "GET /?p=220918 HTTP/2.0" 301 1 "https://indiabettingexchange.in/im-sure-very-gambling-establishment-incentives-incorporate-a-specific-bet-requirements/" "Mozilla/5.0 AppleWebKit/537.36 (KHTML, like Gecko; compatible; GPTBot/1.3; +https://openai.com/gptbot)" 170 **0/170971**
118.139.180.95 - - [14/Mar/2026:05:20:16 -0700] "HEAD /wp-content/uploads/font-awesome/v6.2.0/css/svg-with-js.css HTTP/1.1" 200 - "-" "WordPress/6.9.4; https://indiabettingexchange.in" 10 **0/10483**
65.111.4.115 - - [14/Mar/2026:05:20:16 -0700] "GET /wp-admin/themes.php HTTP/2.0" 403 854 "-" "Mozilla/5.0 (Windows NT 10.0; Win64; x64) AppleWebKit/537.36 (KHTML, like Gecko) Chrome/124.0.6367.207 Safari/537.36" 255 **0/255351**
74.7.227.158 - - [14/Mar/2026:05:20:16 -0700] "GET /im-sure-very-gambling-establishment-incentives-incorporate-a-specific-bet-requirements/ HTTP/2.0" 200 15632 "https://indiabettingexchange.in/?p=220918" "Mozilla/5.0 AppleWebKit/537.36 (KHTML, like Gecko; compatible; GPTBot/1.3; +https://openai.com/gptbot)" 328 **0/328468**
118.139.180.95 - - [14/Mar/2026:05:20:17 -0700] "HEAD /wp-content/uploads/font-awesome/v6.2.0/css/svg-with-js.css HTTP/1.1" 200 - "-" "WordPress/6.9.4; https://indiabettingexchange.in" 10 **0/10620**
65.111.4.115 - - [14/Mar/2026:05:20:17 -0700] "GET /wp-admin/themes.php HTTP/2.0" 403 854 "-" "Mozilla/5.0 (Windows NT 10.0; Win64; x64) AppleWebKit/537.36 (KHTML, like Gecko) Chrome/124.0.6367.207 Safari/537.36" 262 **0/262314**
74.7.227.158 - - [14/Mar/2026:05:20:17 -0700] "GET /?p=221071 HTTP/2.0" 301 1 "https://indiabettingexchange.in/this-type-of-game-comprise-pokies-live-dealer-headings-and-you-can-dining-table-game/" "Mozilla/5.0 AppleWebKit/537.36 (KHTML, like Gecko; compatible; GPTBot/1.3; +https://openai.com/gptbot)" 171 **0/171041**
74.7.227.158 - - [14/Mar/2026:05:20:17 -0700] "GET /this-type-of-game-comprise-pokies-live-dealer-headings-and-you-can-dining-table-game/ HTTP/2.0" 200 15995 "https://indiabettingexchange.in/?p=221071" "Mozilla/5.0 AppleWebKit/537.36 (KHTML, like Gecko; compatible; GPTBot/1.3; +https://openai.com/gptbot)" 219 **0/219055**
118.139.180.95 - - [14/Mar/2026:05:20:18 -0700] "HEAD /wp-content/uploads/font-awesome/v6.2.0/css/svg-with-js.css HTTP/1.1" 200 - "-" "WordPress/6.9.4; https://indiabettingexchange.in" 8 **0/8470**
65.111.4.115 - - [14/Mar/2026:05:20:18 -0700] "GET /wp-admin/themes.php HTTP/2.0" 403 854 "-" "Mozilla/5.0 (Windows NT 10.0; Win64; x64) AppleWebKit/537.36 (KHTML, like Gecko) Chrome/124.0.6367.207 Safari/537.36" 215 **0/215079**
74.7.227.158 - - [14/Mar/2026:05:20:18 -0700] "GET /?p=221113 HTTP/2.0" 301 1 "https://indiabettingexchange.in/the-brand-new-casino-frequently-releases-themed-events-linked-with-getaways-the-brand-new-game-releases-or-significant-wear-year/" "Mozilla/5.0 AppleWebKit/537.36 (KHTML, like Gecko; compatible; GPTBot/1.3; +https://openai.com/gptbot)" 160 **0/160149**
118.139.180.95 - - [14/Mar/2026:05:20:18 -0700] "HEAD /wp-content/uploads/font-awesome/v6.2.0/css/svg-with-js.css HTTP/1.1" 200 - "-" "WordPress/6.9.4; https://indiabettingexchange.in" 8 **0/8989**
65.111.4.115 - - [14/Mar/2026:05:20:18 -0700] "GET /wp-admin/themes.php HTTP/2.0" 403 854 "-" "Mozilla/5.0 (Windows NT 10.0; Win64; x64) AppleWebKit/537.36 (KHTML, like Gecko) Chrome/124.0.6367.207 Safari/537.36" 196 **0/196309**
74.7.227.158 - - [14/Mar/2026:05:20:18 -0700] "GET /the-brand-new-casino-frequently-releases-themed-events-linked-with-getaways-the-brand-new-game-releases-or-significant-wear-year/ HTTP/2.0" 200 15944 "https://indiabettingexchange.in/?p=221113" "Mozilla/5.0 AppleWebKit/537.36 (KHTML, like Gecko; compatible; GPTBot/1.3; +https://openai.com/gptbot)" 260 **0/260508**
118.139.180.95 - - [14/Mar/2026:05:20:19 -0700] "HEAD /wp-content/uploads/font-awesome/v6.2.0/css/svg-with-js.css HTTP/1.1" 200 - "-" "WordPress/6.9.4; https://indiabettingexchange.in" 12 **0/12309**
65.111.4.115 - - [14/Mar/2026:05:20:19 -0700] "GET /wp-admin/themes.php HTTP/2.0" 403 854 "-" "Mozilla/5.0 (Windows NT 10.0; Win64; x64) AppleWebKit/537.36 (KHTML, like Gecko) Chrome/124.0.6367.207 Safari/537.36" 230 **0/230112**
74.7.227.158 - - [14/Mar/2026:05:20:19 -0700] "GET /?p=220890 HTTP/2.0" 301 1 "https://indiabettingexchange.in/golden-tiger-is-limited-in-a-number-of-regions-however-specifically-the-united-states-continental-european-countries-and-you-may-australian-continent/" "Mozilla/5.0 AppleWebKit/537.36 (KHTML, like Gecko; compatible; GPTBot/1.3; +https://openai.com/gptbot)" 162 **0/162002**
118.139.180.95 - - [14/Mar/2026:05:20:19 -0700] "HEAD /wp-content/uploads/font-awesome/v6.2.0/css/svg-with-js.css HTTP/1.1" 200 - "-" "WordPress/6.9.4; https://indiabettingexchange.in" 9 **0/9551**
65.111.4.115 - - [14/Mar/2026:05:20:19 -0700] "GET /wp-admin/plugins.php HTTP/2.0" 403 854 "-" "Mozilla/5.0 (Windows NT 10.0; Win64; x64) AppleWebKit/537.36 (KHTML, like Gecko) Chrome/124.0.6367.207 Safari/537.36" 222 **0/222388**
74.7.227.158 - - [14/Mar/2026:05:20:19 -0700] "GET /golden-tiger-is-limited-in-a-number-of-regions-however-specifically-the-united-states-continental-european-countries-and-you-may-australian-continent/ HTTP/2.0" 200 15821 "https://indiabettingexchange.in/?p=220890" "Mozilla/5.0 AppleWebKit/537.36 (KHTML, like Gecko; compatible; GPTBot/1.3; +https://openai.com/gptbot)" 236 **0/236558**
118.139.180.95 - - [14/Mar/2026:05:20:20 -0700] "HEAD /wp-content/uploads/font-awesome/v6.2.0/css/svg-with-js.css HTTP/1.1" 200 - "-" "WordPress/6.9.4; https://indiabettingexchange.in" 12 **0/12759**
74.7.227.158 - - [14/Mar/2026:05:20:20 -0700] "GET /?p=220944 HTTP/2.0" 301 1 "https://indiabettingexchange.in/strategisk-bonusjakt-maximera-vinstchanserna-pa-online-kasinon/" "Mozilla/5.0 AppleWebKit/537.36 (KHTML, like Gecko; compatible; GPTBot/1.3; +https://openai.com/gptbot)" 193 **0/193735**
65.111.4.115 - - [14/Mar/2026:05:20:20 -0700] "GET /wp-admin/plugins.php HTTP/2.0" 403 854 "-" "Mozilla/5.0 (Windows NT 10.0; Win64; x64) AppleWebKit/537.36 (KHTML, like Gecko) Chrome/124.0.6367.207 Safari/537.36" 231 **0/231693**
74.7.227.158 - - [14/Mar/2026:05:20:20 -0700] "GET /strategisk-bonusjakt-maximera-vinstchanserna-pa-online-kasinon/ HTTP/2.0" 200 16155 "https://indiabettingexchange.in/?p=220944" "Mozilla/5.0 AppleWebKit/537.36 (KHTML, like Gecko; compatible; GPTBot/1.3; +https://openai.com/gptbot)" 253 **0/253304**
118.139.180.95 - - [14/Mar/2026:05:20:21 -0700] "HEAD /wp-content/uploads/font-awesome/v6.2.0/css/svg-with-js.css HTTP/1.1" 200 - "-" "WordPress/6.9.4; https://indiabettingexchange.in" 10 **0/10297**
65.111.4.115 - - [14/Mar/2026:05:20:20 -0700] "GET /wp-admin/plugins.php HTTP/2.0" 403 854 "-" "Mozilla/5.0 (Windows NT 10.0; Win64; x64) AppleWebKit/537.36 (KHTML, like Gecko) Chrome/124.0.6367.207 Safari/537.36" 221 **0/221529**
74.7.227.158 - - [14/Mar/2026:05:20:21 -0700] "GET /?p=220960 HTTP/2.0" 301 1 "https://indiabettingexchange.in/you-simply-will-not-select-the-rocketplay-gambling-enterprise-application-around-the-newest-tabs-because-will-not-exist-yet/" "Mozilla/5.0 AppleWebKit/537.36 (KHTML, like Gecko; compatible; GPTBot/1.3; +https://openai.com/gptbot)" 165 **0/165920**
118.139.180.95 - - [14/Mar/2026:05:20:21 -0700] "HEAD /wp-content/uploads/font-awesome/v6.2.0/css/svg-with-js.css HTTP/1.1" 200 - "-" "WordPress/6.9.4; https://indiabettingexchange.in" 11 **0/11132**
65.111.4.115 - - [14/Mar/2026:05:20:21 -0700] "GET /wp-admin/plugins.php HTTP/2.0" 403 854 "-" "Mozilla/5.0 (Windows NT 10.0; Win64; x64) AppleWebKit/537.36 (KHTML, like Gecko) Chrome/124.0.6367.207 Safari/537.36" 223 **0/223870**
74.7.227.158 - - [14/Mar/2026:05:20:21 -0700] "GET /you-simply-will-not-select-the-rocketplay-gambling-enterprise-application-around-the-newest-tabs-because-will-not-exist-yet/ HTTP/2.0" 200 15819 "https://indiabettingexchange.in/?p=220960" "Mozilla/5.0 AppleWebKit/537.36 (KHTML, like Gecko; compatible; GPTBot/1.3; +https://openai.com/gptbot)" 228 **0/228020**
118.139.180.95 - - [14/Mar/2026:05:20:22 -0700] "HEAD /wp-content/uploads/font-awesome/v6.2.0/css/svg-with-js.css HTTP/1.1" 200 - "-" "WordPress/6.9.4; https://indiabettingexchange.in" 9 **0/9896**
65.111.4.115 - - [14/Mar/2026:05:20:22 -0700] "GET /wp-admin/plugins.php HTTP/2.0" 403 854 "-" "Mozilla/5.0 (Windows NT 10.0; Win64; x64) AppleWebKit/537.36 (KHTML, like Gecko) Chrome/124.0.6367.207 Safari/537.36" 194 **0/194235**
74.7.227.158 - - [14/Mar/2026:05:20:22 -0700] "GET /antique-casino-incentives-vs-chumba-casinos-free-sweeps-gold-coins-added-bonus-requirements/ HTTP/2.0" 200 15542 "https://indiabettingexchange.in/articles/page/648/" "Mozilla/5.0 AppleWebKit/537.36 (KHTML, like Gecko; compatible; GPTBot/1.3; +https://openai.com/gptbot)" 282 **0/282620**
118.139.180.95 - - [14/Mar/2026:05:20:22 -0700] "HEAD /wp-content/uploads/font-awesome/v6.2.0/css/svg-with-js.css HTTP/1.1" 200 - "-" "WordPress/6.9.4; https://indiabettingexchange.in" 11 **0/11311**
65.111.4.115 - - [14/Mar/2026:05:20:22 -0700] "GET /wp-admin/plugins.php HTTP/2.0" 403 854 "-" "Mozilla/5.0 (Windows NT 10.0; Win64; x64) AppleWebKit/537.36 (KHTML, like Gecko) Chrome/124.0.6367.207 Safari/537.36" 210 **0/210695**
74.7.227.158 - - [14/Mar/2026:05:20:22 -0700] "GET /canadian-players-will-find-numerous-gambling-establishment-platforms-with-a-good-reward-build-to-have-professionals/ HTTP/2.0" 200 15640 "https://indiabettingexchange.in/articles/page/647/" "Mozilla/5.0 AppleWebKit/537.36 (KHTML, like Gecko; compatible; GPTBot/1.3; +https://openai.com/gptbot)" 257 **0/257688**
118.139.180.95 - - [14/Mar/2026:05:20:23 -0700] "HEAD /wp-content/uploads/font-awesome/v6.2.0/css/svg-with-js.css HTTP/1.1" 200 - "-" "WordPress/6.9.4; https://indiabettingexchange.in" 10 **0/10079**
65.111.4.115 - - [14/Mar/2026:05:20:23 -0700] "GET /wp-admin/plugins.php HTTP/2.0" 403 854 "-" "Mozilla/5.0 (Windows NT 10.0; Win64; x64) AppleWebKit/537.36 (KHTML, like Gecko) Chrome/124.0.6367.207 Safari/537.36" 182 **0/182242**
74.7.227.158 - - [14/Mar/2026:05:20:23 -0700] "GET /it%ef%bf%bds-really-worth-bringing-up-your-quantity-of-certificates-you-to-a-good-local-casino-keeps-does-not-matter/ HTTP/2.0" 200 15647 "https://indiabettingexchange.in/articles/page/648/" "Mozilla/5.0 AppleWebKit/537.36 (KHTML, like Gecko; compatible; GPTBot/1.3; +https://openai.com/gptbot)" 204 **0/204428**
118.139.180.95 - - [14/Mar/2026:05:20:24 -0700] "HEAD /wp-content/uploads/font-awesome/v6.2.0/css/svg-with-js.css HTTP/1.1" 200 - "-" "WordPress/6.9.4; https://indiabettingexchange.in" 10 **0/10128**
74.7.227.158 - - [14/Mar/2026:05:20:23 -0700] "GET /euro-castle-gambling-enterprise-is-another-top-internet-casino-for-example-ruby-fortune-gambling-enterprise/ HTTP/2.0" 200 15730 "https://indiabettingexchange.in/articles/page/646/" "Mozilla/5.0 AppleWebKit/537.36 (KHTML, like Gecko; compatible; GPTBot/1.3; +https://openai.com/gptbot)" 230 **0/230549**
65.111.4.115 - - [14/Mar/2026:05:20:23 -0700] "GET /wp-admin/plugins.php HTTP/2.0" 403 854 "-" "Mozilla/5.0 (Windows NT 10.0; Win64; x64) AppleWebKit/537.36 (KHTML, like Gecko) Chrome/124.0.6367.207 Safari/537.36" 211 **0/211301**
118.139.180.95 - - [14/Mar/2026:05:20:24 -0700] "HEAD /wp-content/uploads/font-awesome/v6.2.0/css/svg-with-js.css HTTP/1.1" 200 - "-" "WordPress/6.9.4; https://indiabettingexchange.in" 14 **0/14098**
65.111.4.115 - - [14/Mar/2026:05:20:24 -0700] "GET /wp-admin/plugins.php HTTP/2.0" 403 854 "-" "Mozilla/5.0 (Windows NT 10.0; Win64; x64) AppleWebKit/537.36 (KHTML, like Gecko) Chrome/124.0.6367.207 Safari/537.36" 218 **0/218636**
74.7.227.158 - - [14/Mar/2026:05:20:24 -0700] "GET /villento-on-line-casino-review-made-their-height-to-your-on-the-line-gambling-business-in-2012/ HTTP/2.0" 200 15438 "https://indiabettingexchange.in/articles/page/648/" "Mozilla/5.0 AppleWebKit/537.36 (KHTML, like Gecko; compatible; GPTBot/1.3; +https://openai.com/gptbot)" 271 **0/271554**
118.139.180.95 - - [14/Mar/2026:05:20:25 -0700] "HEAD /wp-content/uploads/font-awesome/v6.2.0/css/svg-with-js.css HTTP/1.1" 200 - "-" "WordPress/6.9.4; https://indiabettingexchange.in" 9 **0/9685**
65.111.4.115 - - [14/Mar/2026:05:20:25 -0700] "GET /wp-admin/plugins.php HTTP/2.0" 403 854 "-" "Mozilla/5.0 (Windows NT 10.0; Win64; x64) AppleWebKit/537.36 (KHTML, like Gecko) Chrome/124.0.6367.207 Safari/537.36" 206 **0/206258**
74.7.227.158 - - [14/Mar/2026:05:20:25 -0700] "GET /gambling-enterprise-villento-can-also-be-undertake-people-in-search-of-a-real-income-gambling-establishment-sites-within-the-canada/ HTTP/2.0" 200 15741 "https://indiabettingexchange.in/articles/page/648/" "Mozilla/5.0 AppleWebKit/537.36 (KHTML, like Gecko; compatible; GPTBot/1.3; +https://openai.com/gptbot)" 248 **0/248264**
74.7.227.158 - - [14/Mar/2026:05:20:25 -0700] "GET /they-are-also-extremely-leading-which-can-influence-when-the-professionals-prefer-to-bet-on-their-video-game/ HTTP/2.0" 200 15715 "https://indiabettingexchange.in/articles/page/646/" "Mozilla/5.0 AppleWebKit/537.36 (KHTML, like Gecko; compatible; GPTBot/1.3; +https://openai.com/gptbot)" 271 **0/271383**
74.7.227.158 - - [14/Mar/2026:05:20:26 -0700] "GET /gambling-enterprise-villento-normally-take-on-professionals-looking-real-money-gambling-establishment-sites-within-the-canada/ HTTP/2.0" 200 15707 "https://indiabettingexchange.in/articles/page/646/" "Mozilla/5.0 AppleWebKit/537.36 (KHTML, like Gecko; compatible; GPTBot/1.3; +https://openai.com/gptbot)" 259 **0/259027**
45.3.43.60 - - [14/Mar/2026:05:20:26 -0700] "GET /wp-login.php HTTP/2.0" 200 2058 "-" "Mozilla/5.0 (Windows NT 10.0; Win64; x64; rv:127.0) Gecko/20100101 Firefox/127.0" 189 **0/189753**
74.7.227.158 - - [14/Mar/2026:05:20:26 -0700] "GET /the-fresh-outdoor-night-markets-site-is-progressed-into-a-great-3/ HTTP/2.0" 200 16856 "https://indiabettingexchange.in/articles/page/646/" "Mozilla/5.0 AppleWebKit/537.36 (KHTML, like Gecko; compatible; GPTBot/1.3; +https://openai.com/gptbot)" 313 **0/313371**
74.7.227.158 - - [14/Mar/2026:05:20:27 -0700] "GET /laer-deg-roulette-med-rulettguiden/ HTTP/2.0" 200 18244 "https://indiabettingexchange.in/articles/page/649/" "Mozilla/5.0 AppleWebKit/537.36 (KHTML, like Gecko; compatible; GPTBot/1.3; +https://openai.com/gptbot)" 250 **0/250461**
45.3.43.60 - - [14/Mar/2026:05:20:27 -0700] "GET /wp-login.php?wp_lang=en_US HTTP/2.0" 200 2062 "-" "Mozilla/5.0 (Windows NT 10.0; Win64; x64) AppleWebKit/537.36 (KHTML, like Gecko) Chrome/124.0.6367.207 Safari/537.36" 163 **0/163828**
74.7.227.158 - - [14/Mar/2026:05:20:27 -0700] "GET /what-are-100-free-spins-as-well-as-how-carry-out-they-work/ HTTP/2.0" 200 15483 "https://indiabettingexchange.in/articles/page/646/" "Mozilla/5.0 AppleWebKit/537.36 (KHTML, like Gecko; compatible; GPTBot/1.3; +https://openai.com/gptbot)" 244 **0/244930**
45.3.43.60 - - [14/Mar/2026:05:20:28 -0700] "POST /wp-login.php?wp_lang=en_US HTTP/2.0" 302 1 "https://indiabettingexchange.in/wp-login.php?wp_lang=en_US" "Mozilla/5.0 (Windows NT 10.0; Win64; x64) AppleWebKit/537.36 (KHTML, like Gecko) Chrome/124.0.6367.207 Safari/537.36" 274 **0/274233**
74.7.227.158 - - [14/Mar/2026:05:20:28 -0700] "GET /?p=220880 HTTP/2.0" 301 1 "https://indiabettingexchange.in/antique-casino-incentives-vs-chumba-casinos-free-sweeps-gold-coins-added-bonus-requirements/" "Mozilla/5.0 AppleWebKit/537.36 (KHTML, like Gecko; compatible; GPTBot/1.3; +https://openai.com/gptbot)" 149 **0/149823**
118.139.180.95 - - [14/Mar/2026:05:20:28 -0700] "HEAD /wp-content/uploads/font-awesome/v6.2.0/css/svg-with-js.css HTTP/1.1" 200 - "-" "WordPress/6.9.4; https://indiabettingexchange.in" 10 **0/10278**
45.3.43.60 - - [14/Mar/2026:05:20:28 -0700] "GET /wp-admin/ HTTP/2.0" 200 22918 "https://indiabettingexchange.in/wp-login.php?wp_lang=en_US" "Mozilla/5.0 (Windows NT 10.0; Win64; x64) AppleWebKit/537.36 (KHTML, like Gecko) Chrome/124.0.6367.207 Safari/537.36" 290 **0/290261**
74.7.227.158 - - [14/Mar/2026:05:20:28 -0700] "GET /antique-casino-incentives-vs-chumba-casinos-free-sweeps-gold-coins-added-bonus-requirements/ HTTP/2.0" 200 15541 "https://indiabettingexchange.in/?p=220880" "Mozilla/5.0 AppleWebKit/537.36 (KHTML, like Gecko; compatible; GPTBot/1.3; +https://openai.com/gptbot)" 191 **0/191759**
74.7.227.158 - - [14/Mar/2026:05:20:29 -0700] "GET /?p=221013 HTTP/2.0" 301 1 "https://indiabettingexchange.in/canadian-players-will-find-numerous-gambling-establishment-platforms-with-a-good-reward-build-to-have-professionals/" "Mozilla/5.0 AppleWebKit/537.36 (KHTML, like Gecko; compatible; GPTBot/1.3; +https://openai.com/gptbot)" 132 **0/132792**
118.139.180.95 - - [14/Mar/2026:05:20:29 -0700] "HEAD /wp-content/uploads/font-awesome/v6.2.0/css/svg-with-js.css HTTP/1.1" 200 - "-" "WordPress/6.9.4; https://indiabettingexchange.in" 7 **0/7553**
45.3.43.60 - - [14/Mar/2026:05:20:29 -0700] "GET /wp-admin/plugins.php HTTP/2.0" 403 854 "-" "Mozilla/5.0 (Windows NT 10.0; Win64; x64) AppleWebKit/537.36 (KHTML, like Gecko) Chrome/124.0.6367.207 Safari/537.36" 196 **0/196548**
74.7.227.158 - - [14/Mar/2026:05:20:29 -0700] "GET /canadian-players-will-find-numerous-gambling-establishment-platforms-with-a-good-reward-build-to-have-professionals/ HTTP/2.0" 200 15638 "https://indiabettingexchange.in/?p=221013" "Mozilla/5.0 AppleWebKit/537.36 (KHTML, like Gecko; compatible; GPTBot/1.3; +https://openai.com/gptbot)" 195 **0/195253**
118.139.180.95 - - [14/Mar/2026:05:20:30 -0700] "HEAD /wp-content/uploads/font-awesome/v6.2.0/css/svg-with-js.css HTTP/1.1" 200 - "-" "WordPress/6.9.4; https://indiabettingexchange.in" 11 **0/11686**
45.3.43.60 - - [14/Mar/2026:05:20:30 -0700] "GET /wp-admin/plugins.php HTTP/2.0" 403 854 "-" "Mozilla/5.0 (Windows NT 10.0; Win64; x64) AppleWebKit/537.36 (KHTML, like Gecko) Chrome/124.0.6367.207 Safari/537.36" 230 **0/230711**
74.7.227.158 - - [14/Mar/2026:05:20:30 -0700] "GET /?p=220872 HTTP/2.0" 301 1 "https://indiabettingexchange.in/it%ef%bf%bds-really-worth-bringing-up-your-quantity-of-certificates-you-to-a-good-local-casino-keeps-does-not-matter/" "Mozilla/5.0 AppleWebKit/537.36 (KHTML, like Gecko; compatible; GPTBot/1.3; +https://openai.com/gptbot)" 217 **0/217404**
43.173.181.203 - - [14/Mar/2026:05:20:30 -0700] "GET /steam-posibilidades-sobre-ganar-coyote-moon-tower-35-giros-vano-carente-deposito/feed/ HTTP/1.1" 200 499 "-" "Mozilla/5.0 (Windows NT 10.0; Win64; x64) AppleWebKit/537.36 (KHTML, like Gecko) Chrome/104.0.5112.81 Safari/537.36" 226 **0/226657**
43.173.174.177 - - [14/Mar/2026:05:20:30 -0700] "GET /better-blackjack-web-babushkas-slot-sites-the-real-deal-profit-2025-rated-by-clear/ HTTP/1.1" 200 19286 "-" "Mozilla/5.0 (Windows NT 10.0; Win64; x64) AppleWebKit/537.36 (KHTML, like Gecko) Chrome/116.0.0.0 Safari/537.36" 321 **0/321407**
43.173.182.208 - - [14/Mar/2026:05:20:30 -0700] "GET /live-dealer-games-i-top-bedste-casino-uden-nemid/ HTTP/1.1" 200 16936 "-" "Mozilla/5.0 (Windows NT 10.0; Win64; x64) AppleWebKit/537.36 (KHTML, like Gecko) Chrome/117.0.0.0 Safari/537.36" 296 **0/296557**
118.139.180.95 - - [14/Mar/2026:05:20:30 -0700] "HEAD /wp-content/uploads/font-awesome/v6.2.0/css/svg-with-js.css HTTP/1.1" 200 - "-" "WordPress/6.9.4; https://indiabettingexchange.in" 11 **0/11103**
45.3.43.60 - - [14/Mar/2026:05:20:30 -0700] "GET /wp-admin/plugins.php HTTP/2.0" 403 854 "-" "Mozilla/5.0 (Windows NT 10.0; Win64; x64) AppleWebKit/537.36 (KHTML, like Gecko) Chrome/124.0.6367.207 Safari/537.36" 240 **0/240077**
74.7.227.158 - - [14/Mar/2026:05:20:30 -0700] "GET /it%ef%bf%bds-really-worth-bringing-up-your-quantity-of-certificates-you-to-a-good-local-casino-keeps-does-not-matter/ HTTP/2.0" 200 15647 "https://indiabettingexchange.in/?p=220872" "Mozilla/5.0 AppleWebKit/537.36 (KHTML, like Gecko; compatible; GPTBot/1.3; +https://openai.com/gptbot)" 257 **0/257134**
74.7.227.158 - - [14/Mar/2026:05:20:31 -0700] "GET /?p=221119 HTTP/2.0" 301 1 "https://indiabettingexchange.in/euro-castle-gambling-enterprise-is-another-top-internet-casino-for-example-ruby-fortune-gambling-enterprise/" "Mozilla/5.0 AppleWebKit/537.36 (KHTML, like Gecko; compatible; GPTBot/1.3; +https://openai.com/gptbot)" 132 **0/132235**
118.139.180.95 - - [14/Mar/2026:05:20:31 -0700] "HEAD /wp-content/uploads/font-awesome/v6.2.0/css/svg-with-js.css HTTP/1.1" 200 - "-" "WordPress/6.9.4; https://indiabettingexchange.in" 7 **0/7737**
45.3.43.60 - - [14/Mar/2026:05:20:31 -0700] "GET /wp-admin/plugins.php HTTP/2.0" 403 854 "-" "Mozilla/5.0 (Windows NT 10.0; Win64; x64) AppleWebKit/537.36 (KHTML, like Gecko) Chrome/124.0.6367.207 Safari/537.36" 185 **0/185669**
74.7.227.158 - - [14/Mar/2026:05:20:31 -0700] "GET /euro-castle-gambling-enterprise-is-another-top-internet-casino-for-example-ruby-fortune-gambling-enterprise/ HTTP/2.0" 200 15732 "https://indiabettingexchange.in/?p=221119" "Mozilla/5.0 AppleWebKit/537.36 (KHTML, like Gecko; compatible; GPTBot/1.3; +https://openai.com/gptbot)" 186 **0/186564**
118.139.180.95 - - [14/Mar/2026:05:20:31 -0700] "HEAD /wp-content/uploads/font-awesome/v6.2.0/css/svg-with-js.css HTTP/1.1" 200 - "-" "WordPress/6.9.4; https://indiabettingexchange.in" 7 **0/7245**
45.3.43.60 - - [14/Mar/2026:05:20:31 -0700] "GET /wp-admin/plugins.php HTTP/2.0" 403 854 "-" "Mozilla/5.0 (Windows NT 10.0; Win64; x64) AppleWebKit/537.36 (KHTML, like Gecko) Chrome/124.0.6367.207 Safari/537.36" 179 **0/179823**
74.7.227.158 - - [14/Mar/2026:05:20:32 -0700] "GET /?p=220868 HTTP/2.0" 301 1 "https://indiabettingexchange.in/villento-on-line-casino-review-made-their-height-to-your-on-the-line-gambling-business-in-2012/" "Mozilla/5.0 AppleWebKit/537.36 (KHTML, like Gecko; compatible; GPTBot/1.3; +https://openai.com/gptbot)" 166 **0/166709**
118.139.180.95 - - [14/Mar/2026:05:20:32 -0700] "HEAD /wp-content/uploads/font-awesome/v6.2.0/css/svg-with-js.css HTTP/1.1" 200 - "-" "WordPress/6.9.4; https://indiabettingexchange.in" 8 **0/8621**
45.3.43.60 - - [14/Mar/2026:05:20:32 -0700] "GET /wp-admin/plugins.php HTTP/2.0" 403 854 "-" "Mozilla/5.0 (Windows NT 10.0; Win64; x64) AppleWebKit/537.36 (KHTML, like Gecko) Chrome/124.0.6367.207 Safari/537.36" 169 **0/169557**
74.7.227.158 - - [14/Mar/2026:05:20:32 -0700] "GET /villento-on-line-casino-review-made-their-height-to-your-on-the-line-gambling-business-in-2012/ HTTP/2.0" 200 15438 "https://indiabettingexchange.in/?p=220868" "Mozilla/5.0 AppleWebKit/537.36 (KHTML, like Gecko; compatible; GPTBot/1.3; +https://openai.com/gptbot)" 204 **0/204840**
118.139.180.95 - - [14/Mar/2026:05:20:33 -0700] "HEAD /wp-content/uploads/font-awesome/v6.2.0/css/svg-with-js.css HTTP/1.1" 200 - "-" "WordPress/6.9.4; https://indiabettingexchange.in" 10 **0/10569**
45.3.43.60 - - [14/Mar/2026:05:20:32 -0700] "GET /wp-admin/plugins.php HTTP/2.0" 403 854 "-" "Mozilla/5.0 (Windows NT 10.0; Win64; x64) AppleWebKit/537.36 (KHTML, like Gecko) Chrome/124.0.6367.207 Safari/537.36" 183 **0/183282**
74.7.227.158 - - [14/Mar/2026:05:20:33 -0700] "GET /?p=220896 HTTP/2.0" 301 1 "https://indiabettingexchange.in/gambling-enterprise-villento-can-also-be-undertake-people-in-search-of-a-real-income-gambling-establishment-sites-within-the-canada/" "Mozilla/5.0 AppleWebKit/537.36 (KHTML, like Gecko; compatible; GPTBot/1.3; +https://openai.com/gptbot)" 162 **0/162701**
118.139.180.95 - - [14/Mar/2026:05:20:33 -0700] "HEAD /wp-content/uploads/font-awesome/v6.2.0/css/svg-with-js.css HTTP/1.1" 200 - "-" "WordPress/6.9.4; https://indiabettingexchange.in" 8 **0/8342**
74.7.227.158 - - [14/Mar/2026:05:20:33 -0700] "GET /gambling-enterprise-villento-can-also-be-undertake-people-in-search-of-a-real-income-gambling-establishment-sites-within-the-canada/ HTTP/2.0" 200 15741 "https://indiabettingexchange.in/?p=220896" "Mozilla/5.0 AppleWebKit/537.36 (KHTML, like Gecko; compatible; GPTBot/1.3; +https://openai.com/gptbot)" 210 **0/210559**
45.3.43.60 - - [14/Mar/2026:05:20:33 -0700] "GET /wp-admin/plugins.php HTTP/2.0" 403 854 "-" "Mozilla/5.0 (Windows NT 10.0; Win64; x64) AppleWebKit/537.36 (KHTML, like Gecko) Chrome/124.0.6367.207 Safari/537.36" 187 **0/187198**
74.7.227.158 - - [14/Mar/2026:05:20:33 -0700] "GET /?p=221079 HTTP/2.0" 301 1 "https://indiabettingexchange.in/they-are-also-extremely-leading-which-can-influence-when-the-professionals-prefer-to-bet-on-their-video-game/" "Mozilla/5.0 AppleWebKit/537.36 (KHTML, like Gecko; compatible; GPTBot/1.3; +https://openai.com/gptbot)" 148 **0/148235**
118.139.180.95 - - [14/Mar/2026:05:20:34 -0700] "HEAD /wp-content/uploads/font-awesome/v6.2.0/css/svg-with-js.css HTTP/1.1" 200 - "-" "WordPress/6.9.4; https://indiabettingexchange.in" 8 **0/8720**
45.3.43.60 - - [14/Mar/2026:05:20:34 -0700] "GET /wp-admin/plugins.php HTTP/2.0" 403 854 "-" "Mozilla/5.0 (Windows NT 10.0; Win64; x64) AppleWebKit/537.36 (KHTML, like Gecko) Chrome/124.0.6367.207 Safari/537.36" 193 **0/193151**
74.7.227.158 - - [14/Mar/2026:05:20:34 -0700] "GET /they-are-also-extremely-leading-which-can-influence-when-the-professionals-prefer-to-bet-on-their-video-game/ HTTP/2.0" 200 15714 "https://indiabettingexchange.in/?p=221079" "Mozilla/5.0 AppleWebKit/537.36 (KHTML, like Gecko; compatible; GPTBot/1.3; +https://openai.com/gptbot)" 200 **0/200220**
118.139.180.95 - - [14/Mar/2026:05:20:34 -0700] "HEAD /wp-content/uploads/font-awesome/v6.2.0/css/svg-with-js.css HTTP/1.1" 200 - "-" "WordPress/6.9.4; https://indiabettingexchange.in" 8 **0/8250**
45.3.43.60 - - [14/Mar/2026:05:20:34 -0700] "GET /wp-admin/plugins.php HTTP/2.0" 403 854 "-" "Mozilla/5.0 (Windows NT 10.0; Win64; x64) AppleWebKit/537.36 (KHTML, like Gecko) Chrome/124.0.6367.207 Safari/537.36" 183 **0/183244**
74.7.227.158 - - [14/Mar/2026:05:20:34 -0700] "GET /?p=221043 HTTP/2.0" 301 1 "https://indiabettingexchange.in/gambling-enterprise-villento-normally-take-on-professionals-looking-real-money-gambling-establishment-sites-within-the-canada/" "Mozilla/5.0 AppleWebKit/537.36 (KHTML, like Gecko; compatible; GPTBot/1.3; +https://openai.com/gptbot)" 131 **0/131253**
74.7.227.158 - - [14/Mar/2026:05:20:35 -0700] "GET /gambling-enterprise-villento-normally-take-on-professionals-looking-real-money-gambling-establishment-sites-within-the-canada/ HTTP/2.0" 200 15709 "https://indiabettingexchange.in/?p=221043" "Mozilla/5.0 AppleWebKit/537.36 (KHTML, like Gecko; compatible; GPTBot/1.3; +https://openai.com/gptbot)" 208 **0/208438**
118.139.180.95 - - [14/Mar/2026:05:20:35 -0700] "HEAD /wp-content/uploads/font-awesome/v6.2.0/css/svg-with-js.css HTTP/1.1" 200 - "-" "WordPress/6.9.4; https://indiabettingexchange.in" 7 **0/7848**
45.3.43.60 - - [14/Mar/2026:05:20:35 -0700] "GET /wp-admin/plugins.php HTTP/2.0" 403 854 "-" "Mozilla/5.0 (Windows NT 10.0; Win64; x64) AppleWebKit/537.36 (KHTML, like Gecko) Chrome/124.0.6367.207 Safari/537.36" 174 **0/174914**
74.7.227.158 - - [14/Mar/2026:05:20:35 -0700] "GET /?p=221089 HTTP/2.0" 301 1 "https://indiabettingexchange.in/the-fresh-outdoor-night-markets-site-is-progressed-into-a-great-3/" "Mozilla/5.0 AppleWebKit/537.36 (KHTML, like Gecko; compatible; GPTBot/1.3; +https://openai.com/gptbot)" 130 **0/130065**
118.139.180.95 - - [14/Mar/2026:05:20:35 -0700] "HEAD /wp-content/uploads/font-awesome/v6.2.0/css/svg-with-js.css HTTP/1.1" 200 - "-" "WordPress/6.9.4; https://indiabettingexchange.in" 9 **0/9592**
45.3.43.60 - - [14/Mar/2026:05:20:35 -0700] "GET /wp-admin/themes.php HTTP/2.0" 403 854 "-" "Mozilla/5.0 (Windows NT 10.0; Win64; x64) AppleWebKit/537.36 (KHTML, like Gecko) Chrome/124.0.6367.207 Safari/537.36" 179 **0/179821**
74.7.227.158 - - [14/Mar/2026:05:20:36 -0700] "GET /the-fresh-outdoor-night-markets-site-is-progressed-into-a-great-3/ HTTP/2.0" 200 16854 "https://indiabettingexchange.in/?p=221089" "Mozilla/5.0 AppleWebKit/537.36 (KHTML, like Gecko; compatible; GPTBot/1.3; +https://openai.com/gptbot)" 205 **0/205592**
118.139.180.95 - - [14/Mar/2026:05:20:36 -0700] "HEAD /wp-content/uploads/font-awesome/v6.2.0/css/svg-with-js.css HTTP/1.1" 200 - "-" "WordPress/6.9.4; https://indiabettingexchange.in" 10 **0/10820**
45.3.43.60 - - [14/Mar/2026:05:20:36 -0700] "GET /wp-admin/themes.php HTTP/2.0" 403 854 "-" "Mozilla/5.0 (Windows NT 10.0; Win64; x64) AppleWebKit/537.36 (KHTML, like Gecko) Chrome/124.0.6367.207 Safari/537.36" 174 **0/174067**
74.7.227.158 - - [14/Mar/2026:05:20:36 -0700] "GET /?p=220724 HTTP/2.0" 301 1 "https://indiabettingexchange.in/laer-deg-roulette-med-rulettguiden/" "Mozilla/5.0 AppleWebKit/537.36 (KHTML, like Gecko; compatible; GPTBot/1.3; +https://openai.com/gptbot)" 133 **0/133446**
118.139.180.95 - - [14/Mar/2026:05:20:36 -0700] "HEAD /wp-content/uploads/font-awesome/v6.2.0/css/svg-with-js.css HTTP/1.1" 200 - "-" "WordPress/6.9.4; https://indiabettingexchange.in" 9 **0/9415**
45.3.43.60 - - [14/Mar/2026:05:20:36 -0700] "GET /wp-admin/themes.php HTTP/2.0" 403 854 "-" "Mozilla/5.0 (Windows NT 10.0; Win64; x64) AppleWebKit/537.36 (KHTML, like Gecko) Chrome/124.0.6367.207 Safari/537.36" 181 **0/181059**
74.7.227.158 - - [14/Mar/2026:05:20:36 -0700] "GET /laer-deg-roulette-med-rulettguiden/ HTTP/2.0" 200 18244 "https://indiabettingexchange.in/?p=220724" "Mozilla/5.0 AppleWebKit/537.36 (KHTML, like Gecko; compatible; GPTBot/1.3; +https://openai.com/gptbot)" 188 **0/188543**
118.139.180.95 - - [14/Mar/2026:05:20:37 -0700] "HEAD /wp-content/uploads/font-awesome/v6.2.0/css/svg-with-js.css HTTP/1.1" 200 - "-" "WordPress/6.9.4; https://indiabettingexchange.in" 7 **0/7841**
45.3.43.60 - - [14/Mar/2026:05:20:37 -0700] "GET /wp-admin/themes.php HTTP/2.0" 403 854 "-" "Mozilla/5.0 (Windows NT 10.0; Win64; x64) AppleWebKit/537.36 (KHTML, like Gecko) Chrome/124.0.6367.207 Safari/537.36" 180 **0/180997**
74.7.227.158 - - [14/Mar/2026:05:20:37 -0700] "GET /?p=221063 HTTP/2.0" 301 1 "https://indiabettingexchange.in/what-are-100-free-spins-as-well-as-how-carry-out-they-work/" "Mozilla/5.0 AppleWebKit/537.36 (KHTML, like Gecko; compatible; GPTBot/1.3; +https://openai.com/gptbot)" 135 **0/135387**
118.139.180.95 - - [14/Mar/2026:05:20:37 -0700] "HEAD /wp-content/uploads/font-awesome/v6.2.0/css/svg-with-js.css HTTP/1.1" 200 - "-" "WordPress/6.9.4; https://indiabettingexchange.in" 10 **0/10857**
45.3.43.60 - - [14/Mar/2026:05:20:37 -0700] "GET /wp-admin/themes.php HTTP/2.0" 403 854 "-" "Mozilla/5.0 (Windows NT 10.0; Win64; x64) AppleWebKit/537.36 (KHTML, like Gecko) Chrome/124.0.6367.207 Safari/537.36" 208 **0/208112**
74.7.227.158 - - [14/Mar/2026:05:20:37 -0700] "GET /what-are-100-free-spins-as-well-as-how-carry-out-they-work/ HTTP/2.0" 200 15483 "https://indiabettingexchange.in/?p=221063" "Mozilla/5.0 AppleWebKit/537.36 (KHTML, like Gecko; compatible; GPTBot/1.3; +https://openai.com/gptbot)" 229 **0/229203**
74.7.227.158 - - [14/Mar/2026:05:20:38 -0700] "GET /site-oficial-de-cassino-online-e-apostas-no-brasil-36/ HTTP/2.0" 200 24966 "https://indiabettingexchange.in/articles/page/647/" "Mozilla/5.0 AppleWebKit/537.36 (KHTML, like Gecko; compatible; GPTBot/1.3; +https://openai.com/gptbot)" 265 **0/265971**
118.139.180.95 - - [14/Mar/2026:05:20:38 -0700] "HEAD /wp-content/uploads/font-awesome/v6.2.0/css/svg-with-js.css HTTP/1.1" 200 - "-" "WordPress/6.9.4; https://indiabettingexchange.in" 10 **0/10107**
45.3.43.60 - - [14/Mar/2026:05:20:38 -0700] "GET /wp-admin/themes.php HTTP/2.0" 403 854 "-" "Mozilla/5.0 (Windows NT 10.0; Win64; x64) AppleWebKit/537.36 (KHTML, like Gecko) Chrome/124.0.6367.207 Safari/537.36" 178 **0/178495**
118.139.180.95 - - [14/Mar/2026:05:20:39 -0700] "HEAD /wp-content/uploads/font-awesome/v6.2.0/css/svg-with-js.css HTTP/1.1" 200 - "-" "WordPress/6.9.4; https://indiabettingexchange.in" 9 **0/9615**
74.7.227.158 - - [14/Mar/2026:05:20:38 -0700] "GET /this-2002-established-internet-casino-is-amongst-the-representative-friendly-programs-within-the-cityviews-class-flag/ HTTP/2.0" 200 15751 "https://indiabettingexchange.in/articles/page/646/" "Mozilla/5.0 AppleWebKit/537.36 (KHTML, like Gecko; compatible; GPTBot/1.3; +https://openai.com/gptbot)" 210 **0/210049**
45.3.43.60 - - [14/Mar/2026:05:20:38 -0700] "GET /wp-admin/themes.php HTTP/2.0" 403 854 "-" "Mozilla/5.0 (Windows NT 10.0; Win64; x64) AppleWebKit/537.36 (KHTML, like Gecko) Chrome/124.0.6367.207 Safari/537.36" 169 **0/169385**
118.139.180.95 - - [14/Mar/2026:05:20:39 -0700] "HEAD /wp-content/uploads/font-awesome/v6.2.0/css/svg-with-js.css HTTP/1.1" 200 - "-" "WordPress/6.9.4; https://indiabettingexchange.in" 7 **0/7919**
45.3.43.60 - - [14/Mar/2026:05:20:39 -0700] "GET /wp-admin/themes.php HTTP/2.0" 403 854 "-" "Mozilla/5.0 (Windows NT 10.0; Win64; x64) AppleWebKit/537.36 (KHTML, like Gecko) Chrome/124.0.6367.207 Safari/537.36" 170 **0/170488**
74.7.227.158 - - [14/Mar/2026:05:20:39 -0700] "GET /therefore-we-now-have-detail-by-detail-a-number-of-the-finest-positives-and-negatives-to-arrange-you/ HTTP/2.0" 200 15596 "https://indiabettingexchange.in/articles/page/647/" "Mozilla/5.0 AppleWebKit/537.36 (KHTML, like Gecko; compatible; GPTBot/1.3; +https://openai.com/gptbot)" 235 **0/235904**
43.173.175.189 - - [14/Mar/2026:05:20:39 -0700] "GET /gry-online-zaklady-sportowe-i-atrakcyjne-bonusy/ HTTP/1.1" 200 18576 "-" "Mozilla/5.0 (Windows NT 10.0; Win64; x64) AppleWebKit/537.36 (KHTML, like Gecko) Chrome/133.0.0.0 Safari/537.36" 206 **0/206699**
118.139.180.95 - - [14/Mar/2026:05:20:39 -0700] "HEAD /wp-content/uploads/font-awesome/v6.2.0/css/svg-with-js.css HTTP/1.1" 200 - "-" "WordPress/6.9.4; https://indiabettingexchange.in" 10 **0/10977**
45.3.43.60 - - [14/Mar/2026:05:20:39 -0700] "GET /wp-admin/themes.php HTTP/2.0" 403 854 "-" "Mozilla/5.0 (Windows NT 10.0; Win64; x64) AppleWebKit/537.36 (KHTML, like Gecko) Chrome/124.0.6367.207 Safari/537.36" 172 **0/172412**
74.7.227.158 - - [14/Mar/2026:05:20:40 -0700] "GET /ruby-chance-gambling-establishment-would-not-be-where-it%ef%bf%bds-today-instead-our-very-own-players-ongoing-involvement/ HTTP/2.0" 200 16050 "https://indiabettingexchange.in/articles/page/648/" "Mozilla/5.0 AppleWebKit/537.36 (KHTML, like Gecko; compatible; GPTBot/1.3; +https://openai.com/gptbot)" 199 **0/199561**
118.139.180.95 - - [14/Mar/2026:05:20:40 -0700] "HEAD /wp-content/uploads/font-awesome/v6.2.0/css/svg-with-js.css HTTP/1.1" 200 - "-" "WordPress/6.9.4; https://indiabettingexchange.in" 7 **0/7373**
45.3.43.60 - - [14/Mar/2026:05:20:40 -0700] "GET /wp-admin/themes.php HTTP/2.0" 403 854 "-" "Mozilla/5.0 (Windows NT 10.0; Win64; x64) AppleWebKit/537.36 (KHTML, like Gecko) Chrome/124.0.6367.207 Safari/537.36" 177 **0/177249**
74.7.227.158 - - [14/Mar/2026:05:20:40 -0700] "GET /sitio-publico-referente-a-espana-2025-registro-en-allyspin/ HTTP/2.0" 200 16931 "https://indiabettingexchange.in/articles/page/648/" "Mozilla/5.0 AppleWebKit/537.36 (KHTML, like Gecko; compatible; GPTBot/1.3; +https://openai.com/gptbot)" 201 **0/201078**
118.139.180.95 - - [14/Mar/2026:05:20:40 -0700] "HEAD /wp-content/uploads/font-awesome/v6.2.0/css/svg-with-js.css HTTP/1.1" 200 - "-" "WordPress/6.9.4; https://indiabettingexchange.in" 11 **0/11239**
45.3.43.60 - - [14/Mar/2026:05:20:40 -0700] "GET /wp-admin/plugins.php HTTP/2.0" 403 854 "-" "Mozilla/5.0 (Windows NT 10.0; Win64; x64) AppleWebKit/537.36 (KHTML, like Gecko) Chrome/124.0.6367.207 Safari/537.36" 155 **0/155855**
74.7.227.158 - - [14/Mar/2026:05:20:41 -0700] "GET /finest-actual-currency-online-casinos-practical-link-publication-january-2026/ HTTP/2.0" 200 18548 "https://indiabettingexchange.in/articles/page/646/" "Mozilla/5.0 AppleWebKit/537.36 (KHTML, like Gecko; compatible; GPTBot/1.3; +https://openai.com/gptbot)" 202 **0/202099**
118.139.180.95 - - [14/Mar/2026:05:20:41 -0700] "HEAD /wp-content/uploads/font-awesome/v6.2.0/css/svg-with-js.css HTTP/1.1" 200 - "-" "WordPress/6.9.4; https://indiabettingexchange.in" 8 **0/8871**
45.3.43.60 - - [14/Mar/2026:05:20:41 -0700] "GET /wp-admin/plugins.php HTTP/2.0" 403 854 "-" "Mozilla/5.0 (Windows NT 10.0; Win64; x64) AppleWebKit/537.36 (KHTML, like Gecko) Chrome/124.0.6367.207 Safari/537.36" 182 **0/182191**
74.7.227.158 - - [14/Mar/2026:05:20:41 -0700] "GET /washington-stats-against-ucf-picks-predictions-no-deposit-coupons-for-casino-tropez-to-have-january-27-2025/ HTTP/2.0" 200 18324 "https://indiabettingexchange.in/articles/page/646/" "Mozilla/5.0 AppleWebKit/537.36 (KHTML, like Gecko; compatible; GPTBot/1.3; +https://openai.com/gptbot)" 212 **0/212771**
118.139.180.95 - - [14/Mar/2026:05:20:41 -0700] "HEAD /wp-content/uploads/font-awesome/v6.2.0/css/svg-with-js.css HTTP/1.1" 200 - "-" "WordPress/6.9.4; https://indiabettingexchange.in" 8 **0/8516**
45.3.43.60 - - [14/Mar/2026:05:20:41 -0700] "GET /wp-admin/plugins.php HTTP/2.0" 403 854 "-" "Mozilla/5.0 (Windows NT 10.0; Win64; x64) AppleWebKit/537.36 (KHTML, like Gecko) Chrome/124.0.6367.207 Safari/537.36" 156 **0/156122**
118.139.180.95 - - [14/Mar/2026:05:20:42 -0700] "HEAD /wp-content/uploads/font-awesome/v6.2.0/css/svg-with-js.css HTTP/1.1" 200 - "-" "WordPress/6.9.4; https://indiabettingexchange.in" 7 **0/7625**
45.3.43.60 - - [14/Mar/2026:05:20:42 -0700] "GET /wp-admin/plugins.php HTTP/2.0" 403 854 "-" "Mozilla/5.0 (Windows NT 10.0; Win64; x64) AppleWebKit/537.36 (KHTML, like Gecko) Chrome/124.0.6367.207 Safari/537.36" 174 **0/174160**
74.7.227.158 - - [14/Mar/2026:05:20:42 -0700] "GET /people-can-register-for-the-fresh-local-casino-on-the-web-otherwise-because-of-a-cellular-device/ HTTP/2.0" 200 16183 "https://indiabettingexchange.in/articles/page/647/" "Mozilla/5.0 AppleWebKit/537.36 (KHTML, like Gecko; compatible; GPTBot/1.3; +https://openai.com/gptbot)" 226 **0/226706**
118.139.180.95 - - [14/Mar/2026:05:20:42 -0700] "HEAD /wp-content/uploads/font-awesome/v6.2.0/css/svg-with-js.css HTTP/1.1" 200 - "-" "WordPress/6.9.4; https://indiabettingexchange.in" 7 **0/7951**
45.3.43.60 - - [14/Mar/2026:05:20:42 -0700] "GET /wp-admin/plugins.php HTTP/2.0" 403 854 "-" "Mozilla/5.0 (Windows NT 10.0; Win64; x64) AppleWebKit/537.36 (KHTML, like Gecko) Chrome/124.0.6367.207 Safari/537.36" 168 **0/168528**
74.7.227.158 - - [14/Mar/2026:05:20:42 -0700] "GET /beste-norsk-nettkasino-hete-betraktning-er-2026/ HTTP/2.0" 200 18345 "https://indiabettingexchange.in/articles/page/649/" "Mozilla/5.0 AppleWebKit/537.36 (KHTML, like Gecko; compatible; GPTBot/1.3; +https://openai.com/gptbot)" 234 **0/234903**
92.222.104.216 - - [14/Mar/2026:05:20:42 -0700] "GET /taschentelefon-spielbank-neueste-casino-bonus-echtgeld-pramie-blos-einzahlung-2026/ HTTP/2.0" 200 19009 "-" "Mozilla/5.0 (compatible; AhrefsBot/7.0; +http://ahrefs.com/robot/)" 244 **0/244269**
118.139.180.95 - - [14/Mar/2026:05:20:43 -0700] "HEAD /wp-content/uploads/font-awesome/v6.2.0/css/svg-with-js.css HTTP/1.1" 200 - "-" "WordPress/6.9.4; https://indiabettingexchange.in" 7 **0/7457**
45.3.43.60 - - [14/Mar/2026:05:20:43 -0700] "GET /wp-admin/plugins.php HTTP/2.0" 403 854 "-" "Mozilla/5.0 (Windows NT 10.0; Win64; x64) AppleWebKit/537.36 (KHTML, like Gecko) Chrome/124.0.6367.207 Safari/537.36" 189 **0/189278**
74.7.227.158 - - [14/Mar/2026:05:20:43 -0700] "GET /ruby-chance-casino-was-an-on-line-casino-which-was-circulated-inside-the-2003/ HTTP/2.0" 200 16392 "https://indiabettingexchange.in/articles/page/646/" "Mozilla/5.0 AppleWebKit/537.36 (KHTML, like Gecko; compatible; GPTBot/1.3; +https://openai.com/gptbot)" 230 **0/230557**
118.139.180.95 - - [14/Mar/2026:05:20:43 -0700] "HEAD /wp-content/uploads/font-awesome/v6.2.0/css/svg-with-js.css HTTP/1.1" 200 - "-" "WordPress/6.9.4; https://indiabettingexchange.in" 7 **0/7068**
45.3.43.60 - - [14/Mar/2026:05:20:43 -0700] "GET /wp-admin/plugins.php HTTP/2.0" 403 854 "-" "Mozilla/5.0 (Windows NT 10.0; Win64; x64) AppleWebKit/537.36 (KHTML, like Gecko) Chrome/124.0.6367.207 Safari/537.36" 158 **0/158860**
74.7.227.158 - - [14/Mar/2026:05:20:43 -0700] "GET /delight-in-100-free-casino-games-inside-the-trial-form-for-the-local-casino-guru/ HTTP/2.0" 200 15839 "https://indiabettingexchange.in/articles/page/649/" "Mozilla/5.0 AppleWebKit/537.36 (KHTML, like Gecko; compatible; GPTBot/1.3; +https://openai.com/gptbot)" 206 **0/206415**
118.139.180.95 - - [14/Mar/2026:05:20:44 -0700] "HEAD /wp-content/uploads/font-awesome/v6.2.0/css/svg-with-js.css HTTP/1.1" 200 - "-" "WordPress/6.9.4; https://indiabettingexchange.in" 10 **0/10084**
74.7.227.158 - - [14/Mar/2026:05:20:44 -0700] "GET /?p=220988 HTTP/2.0" 301 1 "https://indiabettingexchange.in/site-oficial-de-cassino-online-e-apostas-no-brasil-36/" "Mozilla/5.0 AppleWebKit/537.36 (KHTML, like Gecko; compatible; GPTBot/1.3; +https://openai.com/gptbot)" 126 **0/126200**
45.3.43.60 - - [14/Mar/2026:05:20:44 -0700] "GET /wp-admin/plugins.php HTTP/2.0" 403 854 "-" "Mozilla/5.0 (Windows NT 10.0; Win64; x64) AppleWebKit/537.36 (KHTML, like Gecko) Chrome/124.0.6367.207 Safari/537.36" 202 **0/202035**
118.139.180.95 - - [14/Mar/2026:05:20:44 -0700] "HEAD /wp-content/uploads/font-awesome/v6.2.0/css/svg-with-js.css HTTP/1.1" 200 - "-" "WordPress/6.9.4; https://indiabettingexchange.in" 8 **0/8408**
74.7.227.158 - - [14/Mar/2026:05:20:44 -0700] "GET /site-oficial-de-cassino-online-e-apostas-no-brasil-36/ HTTP/2.0" 200 24966 "https://indiabettingexchange.in/?p=220988" "Mozilla/5.0 AppleWebKit/537.36 (KHTML, like Gecko; compatible; GPTBot/1.3; +https://openai.com/gptbot)" 190 **0/190558**
45.3.43.60 - - [14/Mar/2026:05:20:44 -0700] "GET /wp-admin/plugins.php HTTP/2.0" 403 854 "-" "Mozilla/5.0 (Windows NT 10.0; Win64; x64) AppleWebKit/537.36 (KHTML, like Gecko) Chrome/124.0.6367.207 Safari/537.36" 156 **0/156921**
118.139.180.95 - - [14/Mar/2026:05:20:45 -0700] "POST /wp-cron.php?doing_wp_cron=1773490845.1178889274597167968750 HTTP/1.1" 200 - "-" "WordPress/6.9.4; https://indiabettingexchange.in" 22 **0/22263**
74.7.227.158 - - [14/Mar/2026:05:20:44 -0700] "GET /?p=221087 HTTP/2.0" 301 1 "https://indiabettingexchange.in/this-2002-established-internet-casino-is-amongst-the-representative-friendly-programs-within-the-cityviews-class-flag/" "Mozilla/5.0 AppleWebKit/537.36 (KHTML, like Gecko; compatible; GPTBot/1.3; +https://openai.com/gptbot)" 163 **0/163783**
118.139.180.95 - - [14/Mar/2026:05:20:45 -0700] "HEAD /wp-content/uploads/font-awesome/v6.2.0/css/svg-with-js.css HTTP/1.1" 200 - "-" "WordPress/6.9.4; https://indiabettingexchange.in" 12 **0/12081**
45.3.43.60 - - [14/Mar/2026:05:20:45 -0700] "GET /wp-admin/plugins.php HTTP/2.0" 403 854 "-" "Mozilla/5.0 (Windows NT 10.0; Win64; x64) AppleWebKit/537.36 (KHTML, like Gecko) Chrome/124.0.6367.207 Safari/537.36" 209 **0/209616**
74.7.227.158 - - [14/Mar/2026:05:20:45 -0700] "GET /this-2002-established-internet-casino-is-amongst-the-representative-friendly-programs-within-the-cityviews-class-flag/ HTTP/2.0" 200 15752 "https://indiabettingexchange.in/?p=221087" "Mozilla/5.0 AppleWebKit/537.36 (KHTML, like Gecko; compatible; GPTBot/1.3; +https://openai.com/gptbot)" 201 **0/201379**
