74.7.227.158 - - [14/Mar/2026:05:42:51 -0700] "GET /sweet-vegas-plus-belgie-app-download-apk-bonanza-fantastisch-scatter-dem-gratis-gokkasten-spelen/ HTTP/2.0" 200 16125 "https://indiabettingexchange.in/%ef%bf%bdalles-zum-pramie-in-feuer-speiender-berg-sin-city-%ef%bf%bd-braucht-das-den-vulkan-sin-city-additional-provision-quelltext/" "Mozilla/5.0 AppleWebKit/537.36 (KHTML, like Gecko; compatible; GPTBot/1.3; +https://openai.com/gptbot)" 210 **0/210569**
74.7.227.158 - - [14/Mar/2026:05:42:52 -0700] "GET /1-sexting-usernames-listing-the-best-place-for-sex-chat-along-with-your-favourite-apps-like-telegram-and-kik/ HTTP/2.0" 200 16650 "https://indiabettingexchange.in/articles/page/691/" "Mozilla/5.0 AppleWebKit/537.36 (KHTML, like Gecko; compatible; GPTBot/1.3; +https://openai.com/gptbot)" 205 **0/205277**
74.7.227.158 - - [14/Mar/2026:05:42:52 -0700] "GET /articles/page/697/ HTTP/2.0" 200 17719 "https://indiabettingexchange.in/articles/page/693/" "Mozilla/5.0 AppleWebKit/537.36 (KHTML, like Gecko; compatible; GPTBot/1.3; +https://openai.com/gptbot)" 454 **0/454389**
74.7.227.158 - - [14/Mar/2026:05:42:53 -0700] "GET /articles/page/696/ HTTP/2.0" 200 16594 "https://indiabettingexchange.in/articles/page/693/" "Mozilla/5.0 AppleWebKit/537.36 (KHTML, like Gecko; compatible; GPTBot/1.3; +https://openai.com/gptbot)" 450 **0/450747**
74.7.227.158 - - [14/Mar/2026:05:42:54 -0700] "GET /articles/page/695/ HTTP/2.0" 200 17143 "https://indiabettingexchange.in/articles/page/693/" "Mozilla/5.0 AppleWebKit/537.36 (KHTML, like Gecko; compatible; GPTBot/1.3; +https://openai.com/gptbot)" 456 **0/456360**
216.73.216.48 - - [14/Mar/2026:05:42:54 -0700] "GET /tag/total-slot-games/feed HTTP/2.0" 301 1 "-" "Mozilla/5.0 AppleWebKit/537.36 (KHTML, like Gecko; compatible; ClaudeBot/1.0; +claudebot@anthropic.com)" 123 **0/123355**
216.73.216.48 - - [14/Mar/2026:05:42:54 -0700] "GET /discovering-casino-platforms-with-transparent-2/feed HTTP/2.0" 301 1 "-" "Mozilla/5.0 AppleWebKit/537.36 (KHTML, like Gecko; compatible; ClaudeBot/1.0; +claudebot@anthropic.com)" 146 **0/146511**
216.73.216.48 - - [14/Mar/2026:05:42:55 -0700] "GET /discovering-casino-platforms-with-transparent-2/feed/ HTTP/2.0" 200 388 "https://indiabettingexchange.in/discovering-casino-platforms-with-transparent-2/feed" "Mozilla/5.0 AppleWebKit/537.36 (KHTML, like Gecko; compatible; ClaudeBot/1.0; +claudebot@anthropic.com)" 131 **0/131608**
216.73.216.48 - - [14/Mar/2026:05:42:55 -0700] "GET /tag/total-slot-games/feed/ HTTP/2.0" 200 8226 "https://indiabettingexchange.in/tag/total-slot-games/feed" "Mozilla/5.0 AppleWebKit/537.36 (KHTML, like Gecko; compatible; ClaudeBot/1.0; +claudebot@anthropic.com)" 165 **0/165882**
74.7.227.158 - - [14/Mar/2026:05:42:55 -0700] "GET /articles/page/694/ HTTP/2.0" 200 17021 "https://indiabettingexchange.in/articles/page/693/" "Mozilla/5.0 AppleWebKit/537.36 (KHTML, like Gecko; compatible; GPTBot/1.3; +https://openai.com/gptbot)" 484 **0/484994**
74.7.227.158 - - [14/Mar/2026:05:42:56 -0700] "GET /wp-json/oembed/1.0/embed?url=https%3A%2F%2Findiabettingexchange.in%2Fdie-zukunft-der-online-casinos-verifizierungslos-spielen-und-die-branchenentwicklung%2F HTTP/2.0" 200 1445 "https://indiabettingexchange.in/die-zukunft-der-online-casinos-verifizierungslos-spielen-und-die-branchenentwicklung/" "Mozilla/5.0 AppleWebKit/537.36 (KHTML, like Gecko; compatible; GPTBot/1.3; +https://openai.com/gptbot)" 151 **0/151647**
216.73.216.48 - - [14/Mar/2026:05:42:56 -0700] "GET /?p=130215 HTTP/2.0" 301 1 "-" "Mozilla/5.0 AppleWebKit/537.36 (KHTML, like Gecko; compatible; ClaudeBot/1.0; +claudebot@anthropic.com)" 128 **0/128924**
43.173.174.141 - - [14/Mar/2026:05:42:56 -0700] "GET /jouer-en-accessoire-a-thunes-carte-and-la-perle-rare-beanstalk-en-intelligentes HTTP/1.1" 301 - "-" "Mozilla/5.0 (Windows NT 10.0; Win64; x64) AppleWebKit/537.36 (KHTML, like Gecko) Chrome/111.0.0.0 Safari/537.36" 138 **0/138170**
43.173.169.94 - - [14/Mar/2026:05:42:56 -0700] "GET /greatest-casinos-on-the-internet-break-da-bank-again-pokie-usa-2025-real-money-bonuses-the-brand-new-internet-sites HTTP/1.1" 301 - "-" "Mozilla/5.0 (Windows NT 10.0; Win64; x64) AppleWebKit/537.36 (KHTML, like Gecko) Chrome/103.0.0.0 Safari/537.36" 131 **0/131153**
74.7.227.158 - - [14/Mar/2026:05:42:56 -0700] "GET /wp-json/oembed/1.0/embed?url=https%3A%2F%2Findiabettingexchange.in%2Fluckydays-150-entwicklungsmoglichkeiten-purple-resident-durchlauf-zum-spas-hot-erfahrungen-2024-test-and-kundenmeinungen%2F HTTP/2.0" 200 1568 "https://indiabettingexchange.in/luckydays-150-entwicklungsmoglichkeiten-purple-resident-durchlauf-zum-spas-hot-erfahrungen-2024-test-and-kundenmeinungen/" "Mozilla/5.0 AppleWebKit/537.36 (KHTML, like Gecko; compatible; GPTBot/1.3; +https://openai.com/gptbot)" 169 **0/169836**
216.73.216.48 - - [14/Mar/2026:05:42:56 -0700] "GET /discovering-casino-platforms-with-transparent-2/ HTTP/2.0" 200 16491 "https://indiabettingexchange.in/?p=130215" "Mozilla/5.0 AppleWebKit/537.36 (KHTML, like Gecko; compatible; ClaudeBot/1.0; +claudebot@anthropic.com)" 245 **0/245516**
43.173.177.233 - - [14/Mar/2026:05:42:56 -0700] "GET /?p=93200 HTTP/1.1" 301 - "-" "Mozilla/5.0 (Windows NT 10.0; Win64; x64) AppleWebKit/537.36 (KHTML, like Gecko) Chrome/131.0.0.0 Safari/537.36" 146 **0/146089**
43.173.175.13 - - [14/Mar/2026:05:42:56 -0700] "GET /ultimat-utlandska-casino-2025-%EF%B8%8F-trustly-bankid/ HTTP/1.1" 200 17918 "-" "Mozilla/5.0 (Windows NT 10.0; Win64; x64) AppleWebKit/537.36 (KHTML, like Gecko) Chrome/131.0.0.0 Safari/537.36" 211 **0/211830**
43.173.181.65 - - [14/Mar/2026:05:42:56 -0700] "GET /jouer-en-accessoire-a-thunes-carte-and-la-perle-rare-beanstalk-en-intelligentes/ HTTP/1.1" 200 19396 "-" "Mozilla/5.0 (Windows NT 10.0; Win64; x64) AppleWebKit/537.36 (KHTML, like Gecko) Chrome/111.0.0.0 Safari/537.36" 199 **0/199674**
43.173.173.186 - - [14/Mar/2026:05:42:56 -0700] "GET /no-deposit-new-casino-100-bonus-casino-incentive-requirements-2025-personal-away-from-time2play/ HTTP/1.1" 200 18995 "-" "Mozilla/5.0 (Windows NT 10.0; Win64; x64) AppleWebKit/537.36 (KHTML, like Gecko) Chrome/131.0.0.0 Safari/537.36" 204 **0/204366**
43.173.179.162 - - [14/Mar/2026:05:42:57 -0700] "GET /greatest-casinos-on-the-internet-break-da-bank-again-pokie-usa-2025-real-money-bonuses-the-brand-new-internet-sites/ HTTP/1.1" 200 19680 "-" "Mozilla/5.0 (Windows NT 10.0; Win64; x64) AppleWebKit/537.36 (KHTML, like Gecko) Chrome/103.0.0.0 Safari/537.36" 202 **0/202886**
74.7.227.158 - - [14/Mar/2026:05:42:57 -0700] "GET /wp-json/oembed/1.0/embed?url=https%3A%2F%2Findiabettingexchange.in%2Fa-las-nuevos-usuarios-inscribiri-les-ofrece-algun-bono-del-100-sobre-hasta-un%2F HTTP/2.0" 200 1392 "https://indiabettingexchange.in/a-las-nuevos-usuarios-inscribiri-les-ofrece-algun-bono-del-100-sobre-hasta-un/" "Mozilla/5.0 AppleWebKit/537.36 (KHTML, like Gecko; compatible; GPTBot/1.3; +https://openai.com/gptbot)" 138 **0/138565**
74.7.227.158 - - [14/Mar/2026:05:42:57 -0700] "GET /wp-json/oembed/1.0/embed?url=https%3A%2F%2Findiabettingexchange.in%2Fsharon-stone-61-recreates-renowned-casino-stars-ireland-earliest-abdomen-perspective-inside-the-fresh-style-pass-on%2F HTTP/2.0" 200 1353 "https://indiabettingexchange.in/sharon-stone-61-recreates-renowned-casino-stars-ireland-earliest-abdomen-perspective-inside-the-fresh-style-pass-on/" "Mozilla/5.0 AppleWebKit/537.36 (KHTML, like Gecko; compatible; GPTBot/1.3; +https://openai.com/gptbot)" 152 **0/152885**
74.7.227.158 - - [14/Mar/2026:05:42:58 -0700] "GET /wp-json/oembed/1.0/embed?url=https%3A%2F%2Findiabettingexchange.in%2Fminimum-5-put-casinos-in-the-united-states-play-for-5-cash-lucky-ladys-charm-deluxe-online-slot-2024%2F HTTP/2.0" 200 1365 "https://indiabettingexchange.in/minimum-5-put-casinos-in-the-united-states-play-for-5-cash-lucky-ladys-charm-deluxe-online-slot-2024/" "Mozilla/5.0 AppleWebKit/537.36 (KHTML, like Gecko; compatible; GPTBot/1.3; +https://openai.com/gptbot)" 143 **0/143900**
74.7.227.158 - - [14/Mar/2026:05:42:58 -0700] "GET /wp-json/oembed/1.0/embed?url=https%3A%2F%2Findiabettingexchange.in%2Fred-colored-stag-gambling-enterprise-january-2026-added-bonus-47-free-spins-on-the-luck-frog-499-complement-so-you-can-five-hundred-99-revolves%2F HTTP/2.0" 200 1344 "https://indiabettingexchange.in/red-colored-stag-gambling-enterprise-january-2026-added-bonus-47-free-spins-on-the-luck-frog-499-complement-so-you-can-five-hundred-99-revolves/" "Mozilla/5.0 AppleWebKit/537.36 (KHTML, like Gecko; compatible; GPTBot/1.3; +https://openai.com/gptbot)" 146 **0/146546**
85.208.96.200 - - [14/Mar/2026:05:42:58 -0700] "GET /category/uncategorized/page/4703/ HTTP/1.1" 200 18064 "-" "Mozilla/5.0 (compatible; SemrushBot/7~bl; +http://www.semrush.com/bot.html)" 1063 **1/1063427**
74.7.227.158 - - [14/Mar/2026:05:42:59 -0700] "GET /wp-json/oembed/1.0/embed?url=https%3A%2F%2Findiabettingexchange.in%2Fmoney-master-each-day-100-percent-free-revolves-and-you-may-gold-coins-links-could-possibly-get-2025%2F HTTP/2.0" 200 1395 "https://indiabettingexchange.in/money-master-each-day-100-percent-free-revolves-and-you-may-gold-coins-links-could-possibly-get-2025/" "Mozilla/5.0 AppleWebKit/537.36 (KHTML, like Gecko; compatible; GPTBot/1.3; +https://openai.com/gptbot)" 142 **0/142467**
74.7.227.158 - - [14/Mar/2026:05:42:59 -0700] "GET /which-slots-chief-extra-element-is-the-totally-free-spins/ HTTP/2.0" 200 15745 "https://indiabettingexchange.in/articles/page/697/" "Mozilla/5.0 AppleWebKit/537.36 (KHTML, like Gecko; compatible; GPTBot/1.3; +https://openai.com/gptbot)" 189 **0/189079**
74.7.227.158 - - [14/Mar/2026:05:43:00 -0700] "GET /in-which-manage-i-go-into-a-no-deposit-extra-code/ HTTP/2.0" 200 16003 "https://indiabettingexchange.in/articles/page/696/" "Mozilla/5.0 AppleWebKit/537.36 (KHTML, like Gecko; compatible; GPTBot/1.3; +https://openai.com/gptbot)" 252 **0/252471**
74.7.227.158 - - [14/Mar/2026:05:43:00 -0700] "GET /at-the-same-time-because-of-a-lot-users-dont-use-them-safely/ HTTP/2.0" 200 15779 "https://indiabettingexchange.in/articles/page/695/" "Mozilla/5.0 AppleWebKit/537.36 (KHTML, like Gecko; compatible; GPTBot/1.3; +https://openai.com/gptbot)" 253 **0/253130**
74.7.227.158 - - [14/Mar/2026:05:43:01 -0700] "GET /whats-a-no-deposit-added-bonus-when-you-look-at-the-web-based-casinos/ HTTP/2.0" 200 15045 "https://indiabettingexchange.in/articles/page/694/" "Mozilla/5.0 AppleWebKit/537.36 (KHTML, like Gecko; compatible; GPTBot/1.3; +https://openai.com/gptbot)" 345 **0/345156**
74.7.227.158 - - [14/Mar/2026:05:43:02 -0700] "GET /do-you-know-the-better-online-casino-no-deposit-incentives/ HTTP/2.0" 200 15439 "https://indiabettingexchange.in/articles/page/694/" "Mozilla/5.0 AppleWebKit/537.36 (KHTML, like Gecko; compatible; GPTBot/1.3; +https://openai.com/gptbot)" 342 **0/342441**
74.7.227.158 - - [14/Mar/2026:05:43:02 -0700] "GET /the-expression-processing-is-what-you-have-to-pay-attention-to/ HTTP/2.0" 200 15644 "https://indiabettingexchange.in/articles/page/694/" "Mozilla/5.0 AppleWebKit/537.36 (KHTML, like Gecko; compatible; GPTBot/1.3; +https://openai.com/gptbot)" 341 **0/341237**
92.222.108.118 - - [14/Mar/2026:05:43:03 -0700] "GET /you-could-potentially-still-obtain-the-quests-of-your-later/ HTTP/2.0" 200 15759 "-" "Mozilla/5.0 (compatible; AhrefsBot/7.0; +http://ahrefs.com/robot/)" 291 **0/291772**
74.7.227.158 - - [14/Mar/2026:05:43:03 -0700] "GET /crystal-secret-position-is-a-treasure-inspired-game-out-of-ags-with-fulfilling-incentive-provides/ HTTP/2.0" 200 16821 "https://indiabettingexchange.in/articles/page/695/" "Mozilla/5.0 AppleWebKit/537.36 (KHTML, like Gecko; compatible; GPTBot/1.3; +https://openai.com/gptbot)" 281 **0/281919**
74.7.227.158 - - [14/Mar/2026:05:43:04 -0700] "GET /must-i-earn-real-money-to-try-out-gambling-games/ HTTP/2.0" 200 15932 "https://indiabettingexchange.in/articles/page/694/" "Mozilla/5.0 AppleWebKit/537.36 (KHTML, like Gecko; compatible; GPTBot/1.3; +https://openai.com/gptbot)" 259 **0/259943**
74.7.227.158 - - [14/Mar/2026:05:43:04 -0700] "GET /tips-to-test-when-trying-new-online-slots-games/ HTTP/2.0" 200 15678 "https://indiabettingexchange.in/articles/page/695/" "Mozilla/5.0 AppleWebKit/537.36 (KHTML, like Gecko; compatible; GPTBot/1.3; +https://openai.com/gptbot)" 225 **0/225421**
74.7.227.158 - - [14/Mar/2026:05:43:05 -0700] "GET /inspire-vegas-the-jackpot-element-bigger-victories-all-of-the-spin/ HTTP/2.0" 200 15541 "https://indiabettingexchange.in/articles/page/694/" "Mozilla/5.0 AppleWebKit/537.36 (KHTML, like Gecko; compatible; GPTBot/1.3; +https://openai.com/gptbot)" 192 **0/192444**
74.7.227.158 - - [14/Mar/2026:05:43:06 -0700] "GET /the-also-provides-just-continue-to-be-active-to-own-a-limited-date/ HTTP/2.0" 200 15545 "https://indiabettingexchange.in/articles/page/694/" "Mozilla/5.0 AppleWebKit/537.36 (KHTML, like Gecko; compatible; GPTBot/1.3; +https://openai.com/gptbot)" 198 **0/198461**
74.7.227.158 - - [14/Mar/2026:05:43:06 -0700] "GET /how-do-i-pick-top-casinos-to-play-online-slots-games-real-currency/ HTTP/2.0" 200 16216 "https://indiabettingexchange.in/articles/page/694/" "Mozilla/5.0 AppleWebKit/537.36 (KHTML, like Gecko; compatible; GPTBot/1.3; +https://openai.com/gptbot)" 173 **0/173243**
74.7.227.158 - - [14/Mar/2026:05:43:07 -0700] "GET /bitcoin-this-new-money-of-the-future-and-you-may-area-take-a-trip/ HTTP/2.0" 200 15636 "https://indiabettingexchange.in/articles/page/694/" "Mozilla/5.0 AppleWebKit/537.36 (KHTML, like Gecko; compatible; GPTBot/1.3; +https://openai.com/gptbot)" 176 **0/176047**
74.7.227.158 - - [14/Mar/2026:05:43:07 -0700] "GET /wish-to-know-what-is-worth-to-relax-and-play-one-which-just-struck-twist/ HTTP/2.0" 200 15959 "https://indiabettingexchange.in/articles/page/697/" "Mozilla/5.0 AppleWebKit/537.36 (KHTML, like Gecko; compatible; GPTBot/1.3; +https://openai.com/gptbot)" 168 **0/168871**
74.7.227.158 - - [14/Mar/2026:05:43:08 -0700] "GET /was-gold-blitz-good-on-the-internet-position-video-game-to-experience/ HTTP/2.0" 200 16023 "https://indiabettingexchange.in/articles/page/694/" "Mozilla/5.0 AppleWebKit/537.36 (KHTML, like Gecko; compatible; GPTBot/1.3; +https://openai.com/gptbot)" 181 **0/181657**
74.7.227.158 - - [14/Mar/2026:05:43:08 -0700] "GET /casinos-qua-schneller-auszahlung-dein-erfolg-as-part-of-book-of-fruits-halloween-gewinn-minuten/ HTTP/2.0" 200 17171 "https://indiabettingexchange.in/articles/page/697/" "Mozilla/5.0 AppleWebKit/537.36 (KHTML, like Gecko; compatible; GPTBot/1.3; +https://openai.com/gptbot)" 181 **0/181923**
74.7.227.158 - - [14/Mar/2026:05:43:09 -0700] "GET /such-online-game-ability-in-depth-storylines-cinematic-sequences-and-you-can-interactive-aspects/ HTTP/2.0" 200 15846 "https://indiabettingexchange.in/articles/page/696/" "Mozilla/5.0 AppleWebKit/537.36 (KHTML, like Gecko; compatible; GPTBot/1.3; +https://openai.com/gptbot)" 204 **0/204640**
74.7.227.158 - - [14/Mar/2026:05:43:09 -0700] "GET /bingo-harbors-an-amount-crazier-solution-to-play-online-casino-games/ HTTP/2.0" 200 15762 "https://indiabettingexchange.in/articles/page/694/" "Mozilla/5.0 AppleWebKit/537.36 (KHTML, like Gecko; compatible; GPTBot/1.3; +https://openai.com/gptbot)" 169 **0/169392**
74.7.227.158 - - [14/Mar/2026:05:43:10 -0700] "GET /amusement-is-actually-a-just-click-here-aside-with-your-band-of-totally-free-gambling-enterprise-online-game/ HTTP/2.0" 200 15685 "https://indiabettingexchange.in/articles/page/695/" "Mozilla/5.0 AppleWebKit/537.36 (KHTML, like Gecko; compatible; GPTBot/1.3; +https://openai.com/gptbot)" 181 **0/181475**
74.7.227.158 - - [14/Mar/2026:05:43:10 -0700] "GET /after-nevada-does-not-render-one-formal-managed-real-money-casinos-on-the-internet/ HTTP/2.0" 200 16085 "https://indiabettingexchange.in/articles/page/695/" "Mozilla/5.0 AppleWebKit/537.36 (KHTML, like Gecko; compatible; GPTBot/1.3; +https://openai.com/gptbot)" 205 **0/205799**
185.191.171.11 - - [14/Mar/2026:05:43:10 -0700] "GET /entain-is-really-an-extraordinary-brand-name-and-our-company-is-thrilled-to-possess-hitched-with-these-people/ HTTP/1.1" 200 17157 "-" "Mozilla/5.0 (compatible; SemrushBot/7~bl; +http://www.semrush.com/bot.html)" 241 **0/241764**
74.7.227.158 - - [14/Mar/2026:05:43:11 -0700] "GET /and-therefore-gambling-games-feel-the-high-payout-proportions/ HTTP/2.0" 200 15786 "https://indiabettingexchange.in/articles/page/695/" "Mozilla/5.0 AppleWebKit/537.36 (KHTML, like Gecko; compatible; GPTBot/1.3; +https://openai.com/gptbot)" 200 **0/200543**
74.7.227.158 - - [14/Mar/2026:05:43:11 -0700] "GET /ive-curated-far-more-lists-of-the-market-leading-bitcoin-casinos-you-to-definitely-cater-to-several-playing-choice/ HTTP/2.0" 200 16221 "https://indiabettingexchange.in/articles/page/696/" "Mozilla/5.0 AppleWebKit/537.36 (KHTML, like Gecko; compatible; GPTBot/1.3; +https://openai.com/gptbot)" 191 **0/191906**
74.7.227.158 - - [14/Mar/2026:05:43:12 -0700] "GET /eye-of-horus-zum-besten-geben-as-part-of-bitkingz-bonuscode-deutschland-slot-damit-echtes-piepen/ HTTP/2.0" 200 17411 "https://indiabettingexchange.in/articles/page/695/" "Mozilla/5.0 AppleWebKit/537.36 (KHTML, like Gecko; compatible; GPTBot/1.3; +https://openai.com/gptbot)" 189 **0/189694**
74.7.227.158 - - [14/Mar/2026:05:43:12 -0700] "GET /yosinly-ive-had-just-an-excellent-experience-in-mystake-and-you-will-create-strongly-recommend-to-everyone/ HTTP/2.0" 200 16056 "https://indiabettingexchange.in/articles/page/696/" "Mozilla/5.0 AppleWebKit/537.36 (KHTML, like Gecko; compatible; GPTBot/1.3; +https://openai.com/gptbot)" 215 **0/215192**
74.7.227.158 - - [14/Mar/2026:05:43:13 -0700] "GET /you-currently-like-roulette-for-the-simplicity-and-you-can-potential-for-dining-table-topping-payouts/ HTTP/2.0" 200 16684 "https://indiabettingexchange.in/articles/page/694/" "Mozilla/5.0 AppleWebKit/537.36 (KHTML, like Gecko; compatible; GPTBot/1.3; +https://openai.com/gptbot)" 187 **0/187782**
74.7.227.158 - - [14/Mar/2026:05:43:13 -0700] "GET /casino-games-online-free-explore-the-thrills-with-betway-casino/ HTTP/2.0" 200 16464 "https://indiabettingexchange.in/articles/page/694/" "Mozilla/5.0 AppleWebKit/537.36 (KHTML, like Gecko; compatible; GPTBot/1.3; +https://openai.com/gptbot)" 224 **0/224758**
74.7.227.158 - - [14/Mar/2026:05:43:14 -0700] "GET /fruits-book-of-ra-deluxe-gratis-spinn-spilleautomat/ HTTP/2.0" 200 16498 "https://indiabettingexchange.in/author/omer/page/14140/" "Mozilla/5.0 AppleWebKit/537.36 (KHTML, like Gecko; compatible; GPTBot/1.3; +https://openai.com/gptbot)" 227 **0/227960**
74.7.227.158 - - [14/Mar/2026:05:43:15 -0700] "GET /and-be-sure-to-discuss-the-online-game-features-knowing-in-the-event-the-there-are-totally-free-added-bonus-spins-to-you-personally/ HTTP/2.0" 200 15591 "https://indiabettingexchange.in/articles/page/695/" "Mozilla/5.0 AppleWebKit/537.36 (KHTML, like Gecko; compatible; GPTBot/1.3; +https://openai.com/gptbot)" 234 **0/234928**
181.59.148.49 - - [14/Mar/2026:05:43:15 -0700] "GET /sustanon-250-mg-richtige-einnahme-und-wichtige-hinweise/ HTTP/1.1" 200 67339 "-" "GuzzleHttp/7" 220 **0/220963**
74.7.227.158 - - [14/Mar/2026:05:43:15 -0700] "GET /in-love-expensive-diamonds-from-the-indigo-wonders-are-an-apple-styled-vintage-slot-machine/ HTTP/2.0" 200 16922 "https://indiabettingexchange.in/articles/page/695/" "Mozilla/5.0 AppleWebKit/537.36 (KHTML, like Gecko; compatible; GPTBot/1.3; +https://openai.com/gptbot)" 221 **0/221498**
74.7.227.158 - - [14/Mar/2026:05:43:16 -0700] "GET /games-weighting-is-the-portion-of-their-wager-that-matters-on-appointment-the-new-betting-conditions/ HTTP/2.0" 200 15583 "https://indiabettingexchange.in/articles/page/694/" "Mozilla/5.0 AppleWebKit/537.36 (KHTML, like Gecko; compatible; GPTBot/1.3; +https://openai.com/gptbot)" 198 **0/198744**
74.7.227.158 - - [14/Mar/2026:05:43:16 -0700] "GET /top-social-and-you-will-sweepstakes-gambling-enterprises-for-online-slots-during-the-ny/ HTTP/2.0" 200 15584 "https://indiabettingexchange.in/articles/page/697/" "Mozilla/5.0 AppleWebKit/537.36 (KHTML, like Gecko; compatible; GPTBot/1.3; +https://openai.com/gptbot)" 224 **0/224514**
118.139.180.95 - - [14/Mar/2026:05:43:17 -0700] "POST /wp-cron.php?doing_wp_cron=1773492197.5376639366149902343750 HTTP/1.1" 200 - "-" "WordPress/6.9.4; https://indiabettingexchange.in" 21 **0/21627**
74.7.227.158 - - [14/Mar/2026:05:43:17 -0700] "GET /click-on-a-specific-day-in-virtually-any-offered-month/ HTTP/2.0" 200 15794 "https://indiabettingexchange.in/articles/page/694/" "Mozilla/5.0 AppleWebKit/537.36 (KHTML, like Gecko; compatible; GPTBot/1.3; +https://openai.com/gptbot)" 239 **0/239894**
74.7.227.158 - - [14/Mar/2026:05:43:17 -0700] "GET /regarding-classic-to-help-you-movies-harbors-there-will-be-something-for-everybody-on-on-the-internet-betting-society/ HTTP/2.0" 200 15532 "https://indiabettingexchange.in/articles/page/695/" "Mozilla/5.0 AppleWebKit/537.36 (KHTML, like Gecko; compatible; GPTBot/1.3; +https://openai.com/gptbot)" 222 **0/222231**
74.7.227.158 - - [14/Mar/2026:05:43:18 -0700] "GET /any-kind-of-benefits-to-to-tackle-new-ports/ HTTP/2.0" 200 15810 "https://indiabettingexchange.in/articles/page/695/" "Mozilla/5.0 AppleWebKit/537.36 (KHTML, like Gecko; compatible; GPTBot/1.3; +https://openai.com/gptbot)" 245 **0/245121**
74.7.227.158 - - [14/Mar/2026:05:43:19 -0700] "GET /flames-joker-suggests-that-playn-go-including-produces-smoother-game/ HTTP/2.0" 200 15773 "https://indiabettingexchange.in/articles/page/695/" "Mozilla/5.0 AppleWebKit/537.36 (KHTML, like Gecko; compatible; GPTBot/1.3; +https://openai.com/gptbot)" 183 **0/183447**
74.7.227.158 - - [14/Mar/2026:05:43:19 -0700] "GET /wp-json/wp/v2/posts/198744 HTTP/2.0" 200 5066 "https://indiabettingexchange.in/sobald-ich-einzahle-mochte-meine-wenigkeit-zweite-geige-einen-jahresabschluss-auszahlen-konnen-unter-anderem-dies-cabinet/" "Mozilla/5.0 AppleWebKit/537.36 (KHTML, like Gecko; compatible; GPTBot/1.3; +https://openai.com/gptbot)" 194 **0/194688**
74.7.227.158 - - [14/Mar/2026:05:43:20 -0700] "GET /minimal-and-you-can-limit-wager-and-you-can-earn-on-mega-moolah/ HTTP/2.0" 200 15656 "https://indiabettingexchange.in/articles/page/694/" "Mozilla/5.0 AppleWebKit/537.36 (KHTML, like Gecko; compatible; GPTBot/1.3; +https://openai.com/gptbot)" 237 **0/237625**
74.7.227.158 - - [14/Mar/2026:05:43:20 -0700] "GET /wp-json/oembed/1.0/embed?format=xml&url=https%3A%2F%2Findiabettingexchange.in%2Fsobald-ich-einzahle-mochte-meine-wenigkeit-zweite-geige-einen-jahresabschluss-auszahlen-konnen-unter-anderem-dies-cabinet%2F HTTP/2.0" 200 1433 "https://indiabettingexchange.in/sobald-ich-einzahle-mochte-meine-wenigkeit-zweite-geige-einen-jahresabschluss-auszahlen-konnen-unter-anderem-dies-cabinet/" "Mozilla/5.0 AppleWebKit/537.36 (KHTML, like Gecko; compatible; GPTBot/1.3; +https://openai.com/gptbot)" 179 **0/179450**
74.7.227.158 - - [14/Mar/2026:05:43:21 -0700] "GET /sobald-ich-einzahle-mochte-meine-wenigkeit-zweite-geige-einen-jahresabschluss-auszahlen-konnen-unter-anderem-dies-cabinet/feed/ HTTP/2.0" 200 447 "https://indiabettingexchange.in/sobald-ich-einzahle-mochte-meine-wenigkeit-zweite-geige-einen-jahresabschluss-auszahlen-konnen-unter-anderem-dies-cabinet/" "Mozilla/5.0 AppleWebKit/537.36 (KHTML, like Gecko; compatible; GPTBot/1.3; +https://openai.com/gptbot)" 149 **0/149342**
85.208.96.206 - - [14/Mar/2026:05:43:21 -0700] "GET /below-are-a-few-resources-and-secrets-to-earn-big/ HTTP/1.1" 200 18709 "-" "Mozilla/5.0 (compatible; SemrushBot/7~bl; +http://www.semrush.com/bot.html)" 234 **0/234786**
74.7.227.158 - - [14/Mar/2026:05:43:21 -0700] "GET /remark-the-latest-casinos-reputation-and-you-can-pro-viewpoints/feed/ HTTP/2.0" 200 409 "https://indiabettingexchange.in/remark-the-latest-casinos-reputation-and-you-can-pro-viewpoints/" "Mozilla/5.0 AppleWebKit/537.36 (KHTML, like Gecko; compatible; GPTBot/1.3; +https://openai.com/gptbot)" 159 **0/159477**
66.249.68.3 - - [14/Mar/2026:05:43:22 -0700] "GET /online-roulette-i-danmark-spil-strategisk-og-vind/feed/ HTTP/1.1" 200 407 "-" "Mozilla/5.0 (Linux; Android 6.0.1; Nexus 5X Build/MMB29P) AppleWebKit/537.36 (KHTML, like Gecko) Chrome/145.0.7632.116 Mobile Safari/537.36 (compatible; Googlebot/2.1; +http://www.google.com/bot.html)" 144 **0/144599**
74.7.227.158 - - [14/Mar/2026:05:43:22 -0700] "GET /real-time-agent-froulette-provides-players-that-have-genuine-betting-sense-betclic-gambling-enterprise-totally-free-gambling-enterprise-added-bonus/ HTTP/2.0" 200 15975 "https://indiabettingexchange.in/articles/page/696/" "Mozilla/5.0 AppleWebKit/537.36 (KHTML, like Gecko; compatible; GPTBot/1.3; +https://openai.com/gptbot)" 184 **0/184279**
74.7.227.158 - - [14/Mar/2026:05:43:22 -0700] "GET /wp-json/oembed/1.0/embed?format=xml&url=https%3A%2F%2Findiabettingexchange.in%2Fremark-the-latest-casinos-reputation-and-you-can-pro-viewpoints%2F HTTP/2.0" 200 1314 "https://indiabettingexchange.in/remark-the-latest-casinos-reputation-and-you-can-pro-viewpoints/" "Mozilla/5.0 AppleWebKit/537.36 (KHTML, like Gecko; compatible; GPTBot/1.3; +https://openai.com/gptbot)" 176 **0/176061**
74.7.227.158 - - [14/Mar/2026:05:43:23 -0700] "GET /are-you-willing-to-fool-around-with-real-money-which-have-neverland-gambling-establishment/ HTTP/2.0" 200 15772 "https://indiabettingexchange.in/articles/page/696/" "Mozilla/5.0 AppleWebKit/537.36 (KHTML, like Gecko; compatible; GPTBot/1.3; +https://openai.com/gptbot)" 182 **0/182903**
74.7.227.158 - - [14/Mar/2026:05:43:23 -0700] "GET /wp-json/oembed/1.0/embed?format=xml&url=https%3A%2F%2Findiabettingexchange.in%2Fbetter-2025-baccarat-casinos-on-the-internet%2F HTTP/2.0" 200 1352 "https://indiabettingexchange.in/better-2025-baccarat-casinos-on-the-internet/" "Mozilla/5.0 AppleWebKit/537.36 (KHTML, like Gecko; compatible; GPTBot/1.3; +https://openai.com/gptbot)" 164 **0/164776**
85.208.96.199 - - [14/Mar/2026:05:43:24 -0700] "GET /baccarat-deluxe-vom-entwickler-account-games-zahlt-genauso-hinten-den-bekanntesten-spielvarianten-de-lensemble-des-tischspiels/ HTTP/1.1" 200 17598 "-" "Mozilla/5.0 (compatible; SemrushBot/7~bl; +http://www.semrush.com/bot.html)" 238 **0/238321**
74.7.227.158 - - [14/Mar/2026:05:43:24 -0700] "GET /online-casino-with-sign-up-bonus-experience-the-thrills-at-mgm-casino/ HTTP/2.0" 200 16560 "https://indiabettingexchange.in/articles/page/696/" "Mozilla/5.0 AppleWebKit/537.36 (KHTML, like Gecko; compatible; GPTBot/1.3; +https://openai.com/gptbot)" 224 **0/224847**
74.7.227.158 - - [14/Mar/2026:05:43:24 -0700] "GET /best-online-casino-no-deposit-bonus-discover-the-thrills-at-lukki-casino/ HTTP/2.0" 200 16195 "https://indiabettingexchange.in/articles/page/694/" "Mozilla/5.0 AppleWebKit/537.36 (KHTML, like Gecko; compatible; GPTBot/1.3; +https://openai.com/gptbot)" 202 **0/202523**
216.73.216.48 - - [14/Mar/2026:05:43:25 -0700] "GET /tag/piggybet-casino-review-2026 HTTP/2.0" 301 1 "-" "Mozilla/5.0 AppleWebKit/537.36 (KHTML, like Gecko; compatible; ClaudeBot/1.0; +claudebot@anthropic.com)" 150 **0/150320**
74.7.227.158 - - [14/Mar/2026:05:43:25 -0700] "GET /discover-the-thrills-of-nz-online-casino-with-hopa-casino/ HTTP/2.0" 200 16497 "https://indiabettingexchange.in/articles/page/696/" "Mozilla/5.0 AppleWebKit/537.36 (KHTML, like Gecko; compatible; GPTBot/1.3; +https://openai.com/gptbot)" 245 **0/245046**
216.73.216.48 - - [14/Mar/2026:05:43:25 -0700] "GET /tag/piggybet-casino-review-2026/ HTTP/2.0" 200 13131 "https://indiabettingexchange.in/tag/piggybet-casino-review-2026" "Mozilla/5.0 AppleWebKit/537.36 (KHTML, like Gecko; compatible; ClaudeBot/1.0; +claudebot@anthropic.com)" 192 **0/192587**
74.7.227.158 - - [14/Mar/2026:05:43:26 -0700] "GET /what-is-the-difference-in-gold-coins-and-you-can-sweeps-gold-coins/ HTTP/2.0" 200 16073 "https://indiabettingexchange.in/articles/page/694/" "Mozilla/5.0 AppleWebKit/537.36 (KHTML, like Gecko; compatible; GPTBot/1.3; +https://openai.com/gptbot)" 239 **0/239299**
74.7.227.158 - - [14/Mar/2026:05:43:26 -0700] "GET /pays-try-supplied-off-remaining-in-order-to-top-starting-with-the-furthermost-remaining-reel/ HTTP/2.0" 200 15470 "https://indiabettingexchange.in/articles/page/697/" "Mozilla/5.0 AppleWebKit/537.36 (KHTML, like Gecko; compatible; GPTBot/1.3; +https://openai.com/gptbot)" 223 **0/223525**
74.7.227.158 - - [14/Mar/2026:05:43:27 -0700] "GET /online-casino-norge-discover-the-exciting-world-of-tote-casino/ HTTP/2.0" 200 16299 "https://indiabettingexchange.in/articles/page/696/" "Mozilla/5.0 AppleWebKit/537.36 (KHTML, like Gecko; compatible; GPTBot/1.3; +https://openai.com/gptbot)" 251 **0/251594**
74.7.227.158 - - [14/Mar/2026:05:43:27 -0700] "GET /getting-business-analysts-devoted-to-brand-new-hungarian-gambling-on-line-business-knowing-the-progression-and-you-can-perception-regarding-software-company-is-the-vital-thing/ HTTP/2.0" 200 17098 "https://indiabettingexchange.in/articles/page/694/" "Mozilla/5.0 AppleWebKit/537.36 (KHTML, like Gecko; compatible; GPTBot/1.3; +https://openai.com/gptbot)" 201 **0/201307**
74.7.227.158 - - [14/Mar/2026:05:43:28 -0700] "GET /free-slots-rather-than-getting-otherwise-subscription-promote-extra-series-to-increase-winning-odds/ HTTP/2.0" 200 15609 "https://indiabettingexchange.in/articles/page/695/" "Mozilla/5.0 AppleWebKit/537.36 (KHTML, like Gecko; compatible; GPTBot/1.3; +https://openai.com/gptbot)" 223 **0/223391**
74.7.227.158 - - [14/Mar/2026:05:43:28 -0700] "GET /best-payout-online-casino-uk-discover-kingdom-casino/ HTTP/2.0" 200 16249 "https://indiabettingexchange.in/articles/page/696/" "Mozilla/5.0 AppleWebKit/537.36 (KHTML, like Gecko; compatible; GPTBot/1.3; +https://openai.com/gptbot)" 229 **0/229243**
74.7.227.158 - - [14/Mar/2026:05:43:29 -0700] "GET /wp-json/oembed/1.0/embed?format=xml&url=https%3A%2F%2Findiabettingexchange.in%2Ftitanic-pin-up-app-download-apk-2020-board-game-opinion-and-you-can-regulations%2F HTTP/2.0" 200 1382 "https://indiabettingexchange.in/titanic-pin-up-app-download-apk-2020-board-game-opinion-and-you-can-regulations/" "Mozilla/5.0 AppleWebKit/537.36 (KHTML, like Gecko; compatible; GPTBot/1.3; +https://openai.com/gptbot)" 143 **0/143997**
74.7.227.158 - - [14/Mar/2026:05:43:30 -0700] "GET /wp-json/oembed/1.0/embed?url=https%3A%2F%2Findiabettingexchange.in%2Ftitanic-pin-up-app-download-apk-2020-board-game-opinion-and-you-can-regulations%2F HTTP/2.0" 200 1378 "https://indiabettingexchange.in/titanic-pin-up-app-download-apk-2020-board-game-opinion-and-you-can-regulations/" "Mozilla/5.0 AppleWebKit/537.36 (KHTML, like Gecko; compatible; GPTBot/1.3; +https://openai.com/gptbot)" 194 **0/194974**
74.7.227.158 - - [14/Mar/2026:05:43:30 -0700] "GET /unser-kostenlose-goldbet-slots-promo-code-erreichbar-spielbank-nun-zum-besten-geben/ HTTP/2.0" 200 17246 "https://indiabettingexchange.in/articles/page/695/" "Mozilla/5.0 AppleWebKit/537.36 (KHTML, like Gecko; compatible; GPTBot/1.3; +https://openai.com/gptbot)" 199 **0/199710**
74.7.227.158 - - [14/Mar/2026:05:43:31 -0700] "GET /neue-online-casino-bonus-ohne-einzahlung-discover-the-thrills-at-leon-casino/ HTTP/2.0" 200 16387 "https://indiabettingexchange.in/articles/page/694/" "Mozilla/5.0 AppleWebKit/537.36 (KHTML, like Gecko; compatible; GPTBot/1.3; +https://openai.com/gptbot)" 190 **0/190320**
74.7.227.158 - - [14/Mar/2026:05:43:31 -0700] "GET /select-the-settlement-alternative-in-addition-to-nz-money-if-youre-the-money-and-you-can-deposit/ HTTP/2.0" 200 15801 "https://indiabettingexchange.in/articles/page/697/" "Mozilla/5.0 AppleWebKit/537.36 (KHTML, like Gecko; compatible; GPTBot/1.3; +https://openai.com/gptbot)" 194 **0/194311**
114.119.130.95 - - [14/Mar/2026:05:43:32 -0700] "GET /ukash/ HTTP/1.1" 200 17671 "https://indiabettingexchange.in/ukash/" "Mozilla/5.0 (Linux; Android 7.0;) AppleWebKit/537.36 (KHTML, like Gecko) Mobile Safari/537.36 (compatible; PetalBot;+https://webmaster.petalsearch.com/site/petalbot)" 224 **0/224282**
185.191.171.3 - - [14/Mar/2026:05:43:32 -0700] "GET /erreichbar-casino-uber-handyrechnung-saldieren-pay-roman-riches-casino-spiel-by-phone-casinos/ HTTP/1.1" 200 20101 "-" "Mozilla/5.0 (compatible; SemrushBot/7~bl; +http://www.semrush.com/bot.html)" 261 **0/261213**
74.7.227.158 - - [14/Mar/2026:05:43:32 -0700] "GET /greatest-societal-and-you-can-sweepstakes-gambling-enterprises-getting-online-slots-games-inside-nyc/ HTTP/2.0" 200 15556 "https://indiabettingexchange.in/articles/page/697/" "Mozilla/5.0 AppleWebKit/537.36 (KHTML, like Gecko; compatible; GPTBot/1.3; +https://openai.com/gptbot)" 247 **0/247217**
74.7.227.158 - - [14/Mar/2026:05:43:32 -0700] "GET /online-slots-games-was-extensively-sought-after-and-you-may-lots-of-people-play-them-day-after-day/ HTTP/2.0" 200 15673 "https://indiabettingexchange.in/articles/page/694/" "Mozilla/5.0 AppleWebKit/537.36 (KHTML, like Gecko; compatible; GPTBot/1.3; +https://openai.com/gptbot)" 196 **0/196272**
74.7.227.158 - - [14/Mar/2026:05:43:33 -0700] "GET /baccarat-online-casino-experience-the-thrills-at-xtraspin-casino/ HTTP/2.0" 200 16471 "https://indiabettingexchange.in/articles/page/696/" "Mozilla/5.0 AppleWebKit/537.36 (KHTML, like Gecko; compatible; GPTBot/1.3; +https://openai.com/gptbot)" 222 **0/222567**
74.7.227.158 - - [14/Mar/2026:05:43:33 -0700] "GET /casino-online-slot-at-kingdom-casino-your-ultimate-gaming-destination/ HTTP/2.0" 200 16853 "https://indiabettingexchange.in/articles/page/695/" "Mozilla/5.0 AppleWebKit/537.36 (KHTML, like Gecko; compatible; GPTBot/1.3; +https://openai.com/gptbot)" 226 **0/226975**
74.7.227.158 - - [14/Mar/2026:05:43:34 -0700] "GET /online-casino-instant-payout-experience-the-thrill-at-boyle-casino/ HTTP/2.0" 200 16299 "https://indiabettingexchange.in/articles/page/696/" "Mozilla/5.0 AppleWebKit/537.36 (KHTML, like Gecko; compatible; GPTBot/1.3; +https://openai.com/gptbot)" 208 **0/208819**
74.7.227.158 - - [14/Mar/2026:05:43:35 -0700] "GET /fixed-jackpot-ports-are-also-effective-at-handing-big-wins/ HTTP/2.0" 200 15773 "https://indiabettingexchange.in/articles/page/697/" "Mozilla/5.0 AppleWebKit/537.36 (KHTML, like Gecko; compatible; GPTBot/1.3; +https://openai.com/gptbot)" 215 **0/215724**
74.7.227.158 - - [14/Mar/2026:05:43:35 -0700] "GET /the-overall-game-are-used-fully-or-partially-covered-notes-in-which-wagers-are-produced-sequentially-during-the-a-group/ HTTP/2.0" 200 15756 "https://indiabettingexchange.in/articles/page/697/" "Mozilla/5.0 AppleWebKit/537.36 (KHTML, like Gecko; compatible; GPTBot/1.3; +https://openai.com/gptbot)" 208 **0/208685**
74.7.227.158 - - [14/Mar/2026:05:43:36 -0700] "GET /after-a-comulsive-gambler-comes-to-an-end-betting-their-notice-seems-crisper-therefore-it-not%ef%bf%bdce-way-more/ HTTP/2.0" 200 16857 "https://indiabettingexchange.in/articles/page/696/" "Mozilla/5.0 AppleWebKit/537.36 (KHTML, like Gecko; compatible; GPTBot/1.3; +https://openai.com/gptbot)" 255 **0/255486**
185.191.171.17 - - [14/Mar/2026:05:43:36 -0700] "GET /ideas-on-how-to-claim-the-latest-pulsz-casino-no-deposit-bonus/ HTTP/1.1" 200 17618 "-" "Mozilla/5.0 (compatible; SemrushBot/7~bl; +http://www.semrush.com/bot.html)" 238 **0/238935**
74.7.227.158 - - [14/Mar/2026:05:43:36 -0700] "GET /michigan-online-casino-promos-unleash-the-fun-with-jokabet-casino/ HTTP/2.0" 200 16402 "https://indiabettingexchange.in/articles/page/695/" "Mozilla/5.0 AppleWebKit/537.36 (KHTML, like Gecko; compatible; GPTBot/1.3; +https://openai.com/gptbot)" 191 **0/191640**
74.7.227.158 - - [14/Mar/2026:05:43:37 -0700] "GET /vip-applications-inside-the-public-casinos-award-productive-community-users-with-unique-incentives-unique-competitions-and-you-may-individualized-has-the-benefit-of/ HTTP/2.0" 200 15893 "https://indiabettingexchange.in/articles/page/697/" "Mozilla/5.0 AppleWebKit/537.36 (KHTML, like Gecko; compatible; GPTBot/1.3; +https://openai.com/gptbot)" 188 **0/188075**
74.7.227.158 - - [14/Mar/2026:05:43:37 -0700] "GET /ramses-ii-zdarma-casino-kartac-cz-slot/ HTTP/2.0" 200 17170 "https://indiabettingexchange.in/articles/page/695/" "Mozilla/5.0 AppleWebKit/537.36 (KHTML, like Gecko; compatible; GPTBot/1.3; +https://openai.com/gptbot)" 198 **0/198491**
74.7.227.158 - - [14/Mar/2026:05:43:38 -0700] "GET /bonanza-online-casino-discover-the-thrills-with-boyle-casino/ HTTP/2.0" 200 16439 "https://indiabettingexchange.in/articles/page/695/" "Mozilla/5.0 AppleWebKit/537.36 (KHTML, like Gecko; compatible; GPTBot/1.3; +https://openai.com/gptbot)" 208 **0/208670**
74.7.227.158 - - [14/Mar/2026:05:43:38 -0700] "GET /amazingly-secret-slot-is-actually-a-gem-themed-video-game-out-of-ags-having-satisfying-added-bonus-features/ HTTP/2.0" 200 16843 "https://indiabettingexchange.in/articles/page/695/" "Mozilla/5.0 AppleWebKit/537.36 (KHTML, like Gecko; compatible; GPTBot/1.3; +https://openai.com/gptbot)" 211 **0/211006**
74.7.227.158 - - [14/Mar/2026:05:43:39 -0700] "GET /unser-kostenlose-angeschlossen-sizzling-hot-deluxe-trick-kasino-religious-vortragen/ HTTP/2.0" 200 17644 "https://indiabettingexchange.in/articles/page/697/" "Mozilla/5.0 AppleWebKit/537.36 (KHTML, like Gecko; compatible; GPTBot/1.3; +https://openai.com/gptbot)" 254 **0/254353**
74.7.227.158 - - [14/Mar/2026:05:43:39 -0700] "GET /thunderkick-exactly-who-demands-a-simple-nudge-outside/ HTTP/2.0" 200 15617 "https://indiabettingexchange.in/articles/page/694/" "Mozilla/5.0 AppleWebKit/537.36 (KHTML, like Gecko; compatible; GPTBot/1.3; +https://openai.com/gptbot)" 211 **0/211481**
54.37.118.68 - - [14/Mar/2026:05:43:40 -0700] "GET /william-mountain-las-vegas-free-revolves-provide-%EF%BF%BD-2-hundred-free-revolves/ HTTP/2.0" 200 15603 "-" "Mozilla/5.0 (compatible; AhrefsBot/7.0; +http://ahrefs.com/robot/)" 259 **0/259835**
74.7.227.158 - - [14/Mar/2026:05:43:40 -0700] "GET /perhaps-brand-new-clunky-interface-the-newest-stingy-promotions-or-even-the-confusing-withdrawal-procedure/ HTTP/2.0" 200 15973 "https://indiabettingexchange.in/articles/page/695/" "Mozilla/5.0 AppleWebKit/537.36 (KHTML, like Gecko; compatible; GPTBot/1.3; +https://openai.com/gptbot)" 257 **0/257092**
74.7.227.158 - - [14/Mar/2026:05:43:41 -0700] "GET /since-the-a-personal-betting-system-neverland-gambling-enterprise-does-not-need-to-obtain-one-unique-gambling-certificates/ HTTP/2.0" 200 15739 "https://indiabettingexchange.in/articles/page/695/" "Mozilla/5.0 AppleWebKit/537.36 (KHTML, like Gecko; compatible; GPTBot/1.3; +https://openai.com/gptbot)" 238 **0/238543**
74.7.227.158 - - [14/Mar/2026:05:43:41 -0700] "GET /the-latest-buffalo-video-slot-was-definitely-the-best-inside-las-vegas/ HTTP/2.0" 200 15440 "https://indiabettingexchange.in/articles/page/697/" "Mozilla/5.0 AppleWebKit/537.36 (KHTML, like Gecko; compatible; GPTBot/1.3; +https://openai.com/gptbot)" 227 **0/227147**
74.7.227.158 - - [14/Mar/2026:05:43:42 -0700] "GET /how-online-gambling-worsens-habits-treasures-treasures-jewels-casino-slot-games/ HTTP/2.0" 200 15792 "https://indiabettingexchange.in/articles/page/697/" "Mozilla/5.0 AppleWebKit/537.36 (KHTML, like Gecko; compatible; GPTBot/1.3; +https://openai.com/gptbot)" 206 **0/206114**
74.7.227.158 - - [14/Mar/2026:05:43:42 -0700] "GET /all-british-gambling-enterprise-%ef%bf%bd-most-readily-useful-on-line-casino-in-the-uk-to-possess-cashback/ HTTP/2.0" 200 15754 "https://indiabettingexchange.in/articles/page/696/" "Mozilla/5.0 AppleWebKit/537.36 (KHTML, like Gecko; compatible; GPTBot/1.3; +https://openai.com/gptbot)" 203 **0/203617**
74.7.227.158 - - [14/Mar/2026:05:43:43 -0700] "GET /the-fresh-yorkers-may-discover-slot-layout-video-game-for-the-parimutuel-pushed-gaming-networks-instance-horseplay-and-giddyup/ HTTP/2.0" 200 15660 "https://indiabettingexchange.in/articles/page/694/" "Mozilla/5.0 AppleWebKit/537.36 (KHTML, like Gecko; compatible; GPTBot/1.3; +https://openai.com/gptbot)" 184 **0/184692**
74.7.227.158 - - [14/Mar/2026:05:43:43 -0700] "GET /for-these-new-to-the-view-the-brand-new-absolute-quantity-of-video-game-have-and-you-will-choices-can-seem-to-be-sometime-daunting/ HTTP/2.0" 200 16891 "https://indiabettingexchange.in/articles/page/697/" "Mozilla/5.0 AppleWebKit/537.36 (KHTML, like Gecko; compatible; GPTBot/1.3; +https://openai.com/gptbot)" 186 **0/186717**
74.7.227.158 - - [14/Mar/2026:05:43:44 -0700] "GET /the-thorough-collection-of-position-feedback-offers-for-the-depth-expertise-into-for-each-online-game-as-well-as-its-theme-has-and-you-can-full-gameplay/ HTTP/2.0" 200 15802 "https://indiabettingexchange.in/articles/page/697/" "Mozilla/5.0 AppleWebKit/537.36 (KHTML, like Gecko; compatible; GPTBot/1.3; +https://openai.com/gptbot)" 184 **0/184102**
74.7.227.158 - - [14/Mar/2026:05:43:44 -0700] "GET /online-spilleautomater-quickspin-spill-blant-casino-house-online-casino/ HTTP/2.0" 200 16618 "https://indiabettingexchange.in/so-kriegen-sie-einen-maklercourtage-abzuglich-einzahlung-within-slowenien/" "Mozilla/5.0 AppleWebKit/537.36 (KHTML, like Gecko; compatible; GPTBot/1.3; +https://openai.com/gptbot)" 184 **0/184933**
74.7.227.158 - - [14/Mar/2026:05:43:45 -0700] "GET /once-a-great-comulsive-casino-player-finishes-betting-their-attention-seems-better-therefore-it-not%ef%bf%bdce-a-great-deal-more/ HTTP/2.0" 200 16894 "https://indiabettingexchange.in/articles/page/695/" "Mozilla/5.0 AppleWebKit/537.36 (KHTML, like Gecko; compatible; GPTBot/1.3; +https://openai.com/gptbot)" 230 **0/230783**
74.7.227.158 - - [14/Mar/2026:05:43:45 -0700] "GET /wp-json/oembed/1.0/embed?url=https%3A%2F%2Findiabettingexchange.in%2Fless-than-1-hour-detachment-casinos-vs-exact-same-time-payment-gambling-enterprises%2F HTTP/2.0" 200 1341 "https://indiabettingexchange.in/less-than-1-hour-detachment-casinos-vs-exact-same-time-payment-gambling-enterprises/" "Mozilla/5.0 AppleWebKit/537.36 (KHTML, like Gecko; compatible; GPTBot/1.3; +https://openai.com/gptbot)" 143 **0/143111**
74.7.227.158 - - [14/Mar/2026:05:43:46 -0700] "GET /apart-from-that-we-will-give-you-totally-free-revolves-in-order-to-sweeten-the-offer/ HTTP/2.0" 200 15556 "https://indiabettingexchange.in/articles/page/697/" "Mozilla/5.0 AppleWebKit/537.36 (KHTML, like Gecko; compatible; GPTBot/1.3; +https://openai.com/gptbot)" 212 **0/212540**
74.7.227.158 - - [14/Mar/2026:05:43:46 -0700] "GET /less-than-1-hour-detachment-casinos-vs-exact-same-time-payment-gambling-enterprises/feed/ HTTP/2.0" 200 423 "https://indiabettingexchange.in/less-than-1-hour-detachment-casinos-vs-exact-same-time-payment-gambling-enterprises/" "Mozilla/5.0 AppleWebKit/537.36 (KHTML, like Gecko; compatible; GPTBot/1.3; +https://openai.com/gptbot)" 157 **0/157663**
74.7.227.158 - - [14/Mar/2026:05:43:47 -0700] "GET /wp-json/wp/v2/posts/138446 HTTP/2.0" 200 4372 "https://indiabettingexchange.in/less-than-1-hour-detachment-casinos-vs-exact-same-time-payment-gambling-enterprises/" "Mozilla/5.0 AppleWebKit/537.36 (KHTML, like Gecko; compatible; GPTBot/1.3; +https://openai.com/gptbot)" 169 **0/169267**
74.7.227.158 - - [14/Mar/2026:05:43:47 -0700] "GET /wp-json/oembed/1.0/embed?format=xml&url=https%3A%2F%2Findiabettingexchange.in%2Fless-than-1-hour-detachment-casinos-vs-exact-same-time-payment-gambling-enterprises%2F HTTP/2.0" 200 1353 "https://indiabettingexchange.in/less-than-1-hour-detachment-casinos-vs-exact-same-time-payment-gambling-enterprises/" "Mozilla/5.0 AppleWebKit/537.36 (KHTML, like Gecko; compatible; GPTBot/1.3; +https://openai.com/gptbot)" 124 **0/124871**
74.7.227.158 - - [14/Mar/2026:05:43:48 -0700] "GET /within-the-2026-no-deposit-bonus-casinos-was-entering-a-different-stage-just-like-the/ HTTP/2.0" 200 15724 "https://indiabettingexchange.in/articles/page/697/" "Mozilla/5.0 AppleWebKit/537.36 (KHTML, like Gecko; compatible; GPTBot/1.3; +https://openai.com/gptbot)" 211 **0/211036**
74.7.227.158 - - [14/Mar/2026:05:43:48 -0700] "GET /how-gambling-on-line-aggravates-dependency-jewels-treasures-gems-video-slot/ HTTP/2.0" 200 15795 "https://indiabettingexchange.in/articles/page/697/" "Mozilla/5.0 AppleWebKit/537.36 (KHTML, like Gecko; compatible; GPTBot/1.3; +https://openai.com/gptbot)" 224 **0/224655**
74.7.227.158 - - [14/Mar/2026:05:43:49 -0700] "GET /websites-and-you-can-application-sense-within-mcluck-5-5/ HTTP/2.0" 200 15832 "https://indiabettingexchange.in/articles/page/696/" "Mozilla/5.0 AppleWebKit/537.36 (KHTML, like Gecko; compatible; GPTBot/1.3; +https://openai.com/gptbot)" 244 **0/244663**
74.7.227.158 - - [14/Mar/2026:05:43:50 -0700] "GET /neue-online-casinos-banana-party-paypal-janner-2026-je-deutsche-spieler/ HTTP/2.0" 200 17263 "https://indiabettingexchange.in/articles/page/696/" "Mozilla/5.0 AppleWebKit/537.36 (KHTML, like Gecko; compatible; GPTBot/1.3; +https://openai.com/gptbot)" 214 **0/214554**
74.7.227.158 - - [14/Mar/2026:05:43:50 -0700] "GET /beste-online-casinos-ohne-limits-uber-seine-inside-teutonia-2026/ HTTP/2.0" 200 16982 "https://indiabettingexchange.in/articles/page/696/" "Mozilla/5.0 AppleWebKit/537.36 (KHTML, like Gecko; compatible; GPTBot/1.3; +https://openai.com/gptbot)" 244 **0/244099**
74.7.227.158 - - [14/Mar/2026:05:43:51 -0700] "GET /second-strike-en-glitrende-spilleautomat-ikke-i-bruk-vare-favoritter-mythic-maiden-slot-inne-i-quickspin/ HTTP/2.0" 200 15630 "https://indiabettingexchange.in/recompense-en-compagnie-de-casino-un-brin-avec-machine-vers-sous/" "Mozilla/5.0 AppleWebKit/537.36 (KHTML, like Gecko; compatible; GPTBot/1.3; +https://openai.com/gptbot)" 235 **0/235021**
74.7.227.158 - - [14/Mar/2026:05:43:51 -0700] "GET /die-10-besten-echtgeld-sizzling-hot-deluxe-geheime-tricks-casinos-jetzt-echtes-piepen-erlangen/ HTTP/2.0" 200 17542 "https://indiabettingexchange.in/articles/page/697/" "Mozilla/5.0 AppleWebKit/537.36 (KHTML, like Gecko; compatible; GPTBot/1.3; +https://openai.com/gptbot)" 207 **0/207306**
74.7.227.158 - - [14/Mar/2026:05:43:52 -0700] "GET /reels-was-burning-in-flames-struck-new-3a-5-10-lines-videoslot/ HTTP/2.0" 200 15662 "https://indiabettingexchange.in/articles/page/697/" "Mozilla/5.0 AppleWebKit/537.36 (KHTML, like Gecko; compatible; GPTBot/1.3; +https://openai.com/gptbot)" 234 **0/234886**
74.7.227.158 - - [14/Mar/2026:05:43:52 -0700] "GET /additionally-simply-because-title-is-sold-with-the-phrase-%ef%bf%bdslots%ef%bf%bd-cannot-signify-this-great-site-does-not-have-game/ HTTP/2.0" 200 16201 "https://indiabettingexchange.in/articles/page/694/" "Mozilla/5.0 AppleWebKit/537.36 (KHTML, like Gecko; compatible; GPTBot/1.3; +https://openai.com/gptbot)" 212 **0/212365**
74.7.227.158 - - [14/Mar/2026:05:43:53 -0700] "GET /casino-games-online-free-discover-exciting-options-at-red32-casino/ HTTP/2.0" 200 15816 "https://indiabettingexchange.in/articles/page/696/" "Mozilla/5.0 AppleWebKit/537.36 (KHTML, like Gecko; compatible; GPTBot/1.3; +https://openai.com/gptbot)" 193 **0/193460**
74.7.227.158 - - [14/Mar/2026:05:43:54 -0700] "GET /fortunate-6-roulette-is-a-different-sort-of-multiplier-alive-agent-roulette-game-regarding-pragmatic-enjoy/ HTTP/2.0" 200 15752 "https://indiabettingexchange.in/articles/page/695/" "Mozilla/5.0 AppleWebKit/537.36 (KHTML, like Gecko; compatible; GPTBot/1.3; +https://openai.com/gptbot)" 240 **0/240480**
74.7.227.158 - - [14/Mar/2026:05:43:54 -0700] "GET /this-type-of-technical-areas-have-a-tendency-to-apply-at-how-you-carry-out-and-how-fun-the-fresh-new-game-could-well-be/ HTTP/2.0" 200 15990 "https://indiabettingexchange.in/articles/page/694/" "Mozilla/5.0 AppleWebKit/537.36 (KHTML, like Gecko; compatible; GPTBot/1.3; +https://openai.com/gptbot)" 234 **0/234725**
74.7.227.158 - - [14/Mar/2026:05:43:55 -0700] "GET /wp-json/wp/v2/posts/138540 HTTP/2.0" 200 4192 "https://indiabettingexchange.in/how-do-i-get-a-no-deposit-totally-free-bet/" "Mozilla/5.0 AppleWebKit/537.36 (KHTML, like Gecko; compatible; GPTBot/1.3; +https://openai.com/gptbot)" 187 **0/187511**
74.7.227.158 - - [14/Mar/2026:05:43:55 -0700] "GET /wp-json/oembed/1.0/embed?format=xml&url=https%3A%2F%2Findiabettingexchange.in%2Fput-play-ten-in-virtually-any-bingo-area-contained-in-this-1-week%2F HTTP/2.0" 200 1326 "https://indiabettingexchange.in/put-play-ten-in-virtually-any-bingo-area-contained-in-this-1-week/" "Mozilla/5.0 AppleWebKit/537.36 (KHTML, like Gecko; compatible; GPTBot/1.3; +https://openai.com/gptbot)" 142 **0/142814**
74.7.227.158 - - [14/Mar/2026:05:43:56 -0700] "GET /wp-json/oembed/1.0/embed?format=xml&url=https%3A%2F%2Findiabettingexchange.in%2Fhow-do-i-get-a-no-deposit-totally-free-bet%2F HTTP/2.0" 200 1299 "https://indiabettingexchange.in/how-do-i-get-a-no-deposit-totally-free-bet/" "Mozilla/5.0 AppleWebKit/537.36 (KHTML, like Gecko; compatible; GPTBot/1.3; +https://openai.com/gptbot)" 157 **0/157300**
74.7.227.158 - - [14/Mar/2026:05:43:56 -0700] "GET /how-do-i-get-a-no-deposit-totally-free-bet/feed/ HTTP/2.0" 200 393 "https://indiabettingexchange.in/how-do-i-get-a-no-deposit-totally-free-bet/" "Mozilla/5.0 AppleWebKit/537.36 (KHTML, like Gecko; compatible; GPTBot/1.3; +https://openai.com/gptbot)" 133 **0/133585**
74.7.227.158 - - [14/Mar/2026:05:43:57 -0700] "GET /wp-json/oembed/1.0/embed?url=https%3A%2F%2Findiabettingexchange.in%2Fhow-do-i-get-a-no-deposit-totally-free-bet%2F HTTP/2.0" 200 1289 "https://indiabettingexchange.in/how-do-i-get-a-no-deposit-totally-free-bet/" "Mozilla/5.0 AppleWebKit/537.36 (KHTML, like Gecko; compatible; GPTBot/1.3; +https://openai.com/gptbot)" 184 **0/184156**
85.208.96.202 - - [14/Mar/2026:05:43:57 -0700] "GET /%E2%AD%90-play-festival-position-on-the-web-the-real-deal-currency-otherwise-totally-free-super-wheel-slot-register-now/ HTTP/1.1" 200 19790 "-" "Mozilla/5.0 (compatible; SemrushBot/7~bl; +http://www.semrush.com/bot.html)" 180 **0/180788**
74.7.227.158 - - [14/Mar/2026:05:43:57 -0700] "GET /obstacle-casino-pop-casino-way-competition-see-your-future-challenge/feed/ HTTP/2.0" 200 404 "https://indiabettingexchange.in/obstacle-casino-pop-casino-way-competition-see-your-future-challenge/" "Mozilla/5.0 AppleWebKit/537.36 (KHTML, like Gecko; compatible; GPTBot/1.3; +https://openai.com/gptbot)" 162 **0/162753**
