74.7.227.158 - - [14/Mar/2026:05:19:35 -0700] "GET /do-you-want-to-raise-your-gambling-feel-and-you-will-rating-enjoyable-perks-during-the-jackpot-urban-area-casino/ HTTP/2.0" 200 15794 "https://indiabettingexchange.in/?p=220962" "Mozilla/5.0 AppleWebKit/537.36 (KHTML, like Gecko; compatible; GPTBot/1.3; +https://openai.com/gptbot)" 158 **0/158428**
118.139.180.95 - - [14/Mar/2026:05:19:36 -0700] "HEAD /wp-content/uploads/font-awesome/v6.2.0/css/svg-with-js.css HTTP/1.1" 200 - "-" "WordPress/6.9.4; https://indiabettingexchange.in" 9 **0/9115**
45.3.34.144 - - [14/Mar/2026:05:19:36 -0700] "GET /wp-admin/plugins.php HTTP/2.0" 403 854 "-" "Mozilla/5.0 (Windows NT 10.0; Win64; x64) AppleWebKit/537.36 (KHTML, like Gecko) Chrome/124.0.6367.207 Safari/537.36" 161 **0/161781**
74.7.227.158 - - [14/Mar/2026:05:19:36 -0700] "GET /?p=221073 HTTP/2.0" 301 1 "https://indiabettingexchange.in/examined-of-the-claire-told-you-past-updated-why-trust-the-recommendations/" "Mozilla/5.0 AppleWebKit/537.36 (KHTML, like Gecko; compatible; GPTBot/1.3; +https://openai.com/gptbot)" 137 **0/137768**
74.7.227.158 - - [14/Mar/2026:05:19:36 -0700] "GET /examined-of-the-claire-told-you-past-updated-why-trust-the-recommendations/ HTTP/2.0" 200 15998 "https://indiabettingexchange.in/?p=221073" "Mozilla/5.0 AppleWebKit/537.36 (KHTML, like Gecko; compatible; GPTBot/1.3; +https://openai.com/gptbot)" 187 **0/187361**
118.139.180.95 - - [14/Mar/2026:05:19:36 -0700] "HEAD /wp-content/uploads/font-awesome/v6.2.0/css/svg-with-js.css HTTP/1.1" 200 - "-" "WordPress/6.9.4; https://indiabettingexchange.in" 9 **0/9328**
45.3.34.144 - - [14/Mar/2026:05:19:36 -0700] "GET /wp-admin/plugins.php HTTP/2.0" 403 854 "-" "Mozilla/5.0 (Windows NT 10.0; Win64; x64) AppleWebKit/537.36 (KHTML, like Gecko) Chrome/124.0.6367.207 Safari/537.36" 180 **0/180356**
74.7.227.158 - - [14/Mar/2026:05:19:37 -0700] "GET /?p=221011 HTTP/2.0" 301 1 "https://indiabettingexchange.in/ideas-on-how-to-rocketplay-gambling-establishment-install-in-your-smart-phone/" "Mozilla/5.0 AppleWebKit/537.36 (KHTML, like Gecko; compatible; GPTBot/1.3; +https://openai.com/gptbot)" 134 **0/134221**
118.139.180.95 - - [14/Mar/2026:05:19:37 -0700] "HEAD /wp-content/uploads/font-awesome/v6.2.0/css/svg-with-js.css HTTP/1.1" 200 - "-" "WordPress/6.9.4; https://indiabettingexchange.in" 9 **0/9094**
45.3.34.144 - - [14/Mar/2026:05:19:37 -0700] "GET /wp-admin/plugins.php HTTP/2.0" 403 854 "-" "Mozilla/5.0 (Windows NT 10.0; Win64; x64) AppleWebKit/537.36 (KHTML, like Gecko) Chrome/124.0.6367.207 Safari/537.36" 168 **0/168138**
66.249.68.5 - - [14/Mar/2026:05:19:37 -0700] "GET /mas-casinos-con-el-pasar-del-tiempo-dogecoin-doge-%EF%BF%BD-los-recien-llegados/ HTTP/1.1" 200 15999 "-" "Mozilla/5.0 (Linux; Android 6.0.1; Nexus 5X Build/MMB29P) AppleWebKit/537.36 (KHTML, like Gecko) Chrome/145.0.7632.116 Mobile Safari/537.36 (compatible; Googlebot/2.1; +http://www.google.com/bot.html)" 213 **0/213041**
74.7.227.158 - - [14/Mar/2026:05:19:37 -0700] "GET /ideas-on-how-to-rocketplay-gambling-establishment-install-in-your-smart-phone/ HTTP/2.0" 200 15537 "https://indiabettingexchange.in/?p=221011" "Mozilla/5.0 AppleWebKit/537.36 (KHTML, like Gecko; compatible; GPTBot/1.3; +https://openai.com/gptbot)" 204 **0/204058**
118.139.180.95 - - [14/Mar/2026:05:19:38 -0700] "HEAD /wp-content/uploads/font-awesome/v6.2.0/css/svg-with-js.css HTTP/1.1" 200 - "-" "WordPress/6.9.4; https://indiabettingexchange.in" 7 **0/7982**
45.3.34.144 - - [14/Mar/2026:05:19:37 -0700] "GET /wp-admin/plugins.php HTTP/2.0" 403 854 "-" "Mozilla/5.0 (Windows NT 10.0; Win64; x64) AppleWebKit/537.36 (KHTML, like Gecko) Chrome/124.0.6367.207 Safari/537.36" 189 **0/189303**
74.7.227.158 - - [14/Mar/2026:05:19:38 -0700] "GET /?p=221021 HTTP/2.0" 301 1 "https://indiabettingexchange.in/we-have-a-whole-people-intent-on-investigations-and-you-may-evaluating-on-the-internet-casinos/" "Mozilla/5.0 AppleWebKit/537.36 (KHTML, like Gecko; compatible; GPTBot/1.3; +https://openai.com/gptbot)" 152 **0/152013**
74.7.227.158 - - [14/Mar/2026:05:19:38 -0700] "GET /we-have-a-whole-people-intent-on-investigations-and-you-may-evaluating-on-the-internet-casinos/ HTTP/2.0" 200 15969 "https://indiabettingexchange.in/?p=221021" "Mozilla/5.0 AppleWebKit/537.36 (KHTML, like Gecko; compatible; GPTBot/1.3; +https://openai.com/gptbot)" 173 **0/173375**
118.139.180.95 - - [14/Mar/2026:05:19:38 -0700] "HEAD /wp-content/uploads/font-awesome/v6.2.0/css/svg-with-js.css HTTP/1.1" 200 - "-" "WordPress/6.9.4; https://indiabettingexchange.in" 9 **0/9227**
45.3.34.144 - - [14/Mar/2026:05:19:38 -0700] "GET /wp-admin/plugins.php HTTP/2.0" 403 854 "-" "Mozilla/5.0 (Windows NT 10.0; Win64; x64) AppleWebKit/537.36 (KHTML, like Gecko) Chrome/124.0.6367.207 Safari/537.36" 167 **0/167275**
74.7.227.158 - - [14/Mar/2026:05:19:38 -0700] "GET /?p=221015 HTTP/2.0" 301 1 "https://indiabettingexchange.in/the-fun-and-daring-rocket-gamble-gambling-establishment-desk-online-game-could-keep-you-coming-back-for-much-more/" "Mozilla/5.0 AppleWebKit/537.36 (KHTML, like Gecko; compatible; GPTBot/1.3; +https://openai.com/gptbot)" 141 **0/141651**
118.139.180.95 - - [14/Mar/2026:05:19:39 -0700] "HEAD /wp-content/uploads/font-awesome/v6.2.0/css/svg-with-js.css HTTP/1.1" 200 - "-" "WordPress/6.9.4; https://indiabettingexchange.in" 7 **0/7306**
45.3.34.144 - - [14/Mar/2026:05:19:39 -0700] "GET /wp-admin/plugins.php HTTP/2.0" 403 854 "-" "Mozilla/5.0 (Windows NT 10.0; Win64; x64) AppleWebKit/537.36 (KHTML, like Gecko) Chrome/124.0.6367.207 Safari/537.36" 165 **0/165619**
74.7.227.158 - - [14/Mar/2026:05:19:39 -0700] "GET /the-fun-and-daring-rocket-gamble-gambling-establishment-desk-online-game-could-keep-you-coming-back-for-much-more/ HTTP/2.0" 200 16940 "https://indiabettingexchange.in/?p=221015" "Mozilla/5.0 AppleWebKit/537.36 (KHTML, like Gecko; compatible; GPTBot/1.3; +https://openai.com/gptbot)" 213 **0/213273**
118.139.180.95 - - [14/Mar/2026:05:19:39 -0700] "HEAD /wp-content/uploads/font-awesome/v6.2.0/css/svg-with-js.css HTTP/1.1" 200 - "-" "WordPress/6.9.4; https://indiabettingexchange.in" 8 **0/8540**
74.7.227.158 - - [14/Mar/2026:05:19:39 -0700] "GET /?p=220916 HTTP/2.0" 301 1 "https://indiabettingexchange.in/can-be-gambling-enterprises-ban-bettors-having-not-following-the-foibles/" "Mozilla/5.0 AppleWebKit/537.36 (KHTML, like Gecko; compatible; GPTBot/1.3; +https://openai.com/gptbot)" 133 **0/133180**
45.3.34.144 - - [14/Mar/2026:05:19:39 -0700] "GET /wp-admin/plugins.php HTTP/2.0" 403 854 "-" "Mozilla/5.0 (Windows NT 10.0; Win64; x64) AppleWebKit/537.36 (KHTML, like Gecko) Chrome/124.0.6367.207 Safari/537.36" 182 **0/182841**
74.7.227.158 - - [14/Mar/2026:05:19:40 -0700] "GET /can-be-gambling-enterprises-ban-bettors-having-not-following-the-foibles/ HTTP/2.0" 200 15707 "https://indiabettingexchange.in/?p=220916" "Mozilla/5.0 AppleWebKit/537.36 (KHTML, like Gecko; compatible; GPTBot/1.3; +https://openai.com/gptbot)" 204 **0/204788**
74.7.227.158 - - [14/Mar/2026:05:19:40 -0700] "GET /?p=220836 HTTP/2.0" 301 1 "https://indiabettingexchange.in/very-there-is-intricate-a-few-of-the-better-positives-and-negatives-to-prepare-your/" "Mozilla/5.0 AppleWebKit/537.36 (KHTML, like Gecko; compatible; GPTBot/1.3; +https://openai.com/gptbot)" 133 **0/133118**
118.139.180.95 - - [14/Mar/2026:05:19:41 -0700] "HEAD /wp-content/uploads/font-awesome/v6.2.0/css/svg-with-js.css HTTP/1.1" 200 - "-" "WordPress/6.9.4; https://indiabettingexchange.in" 12 **0/12089**
45.3.34.144 - - [14/Mar/2026:05:19:40 -0700] "GET /wp-admin/plugins.php HTTP/2.0" 403 854 "-" "Mozilla/5.0 (Windows NT 10.0; Win64; x64) AppleWebKit/537.36 (KHTML, like Gecko) Chrome/124.0.6367.207 Safari/537.36" 186 **0/186707**
74.7.227.158 - - [14/Mar/2026:05:19:40 -0700] "GET /very-there-is-intricate-a-few-of-the-better-positives-and-negatives-to-prepare-your/ HTTP/2.0" 200 15526 "https://indiabettingexchange.in/?p=220836" "Mozilla/5.0 AppleWebKit/537.36 (KHTML, like Gecko; compatible; GPTBot/1.3; +https://openai.com/gptbot)" 203 **0/203965**
118.139.180.95 - - [14/Mar/2026:05:19:41 -0700] "HEAD /wp-content/uploads/font-awesome/v6.2.0/css/svg-with-js.css HTTP/1.1" 200 - "-" "WordPress/6.9.4; https://indiabettingexchange.in" 8 **0/8782**
74.7.227.158 - - [14/Mar/2026:05:19:41 -0700] "GET /the-newest-backyard-night-markets-site-is-progressed-into-an-excellent-twenty-three/feed/ HTTP/2.0" 200 407 "https://indiabettingexchange.in/the-newest-backyard-night-markets-site-is-progressed-into-an-excellent-twenty-three/" "Mozilla/5.0 AppleWebKit/537.36 (KHTML, like Gecko; compatible; GPTBot/1.3; +https://openai.com/gptbot)" 148 **0/148683**
45.3.34.144 - - [14/Mar/2026:05:19:41 -0700] "GET /wp-admin/plugins.php HTTP/2.0" 403 854 "-" "Mozilla/5.0 (Windows NT 10.0; Win64; x64) AppleWebKit/537.36 (KHTML, like Gecko) Chrome/124.0.6367.207 Safari/537.36" 171 **0/171595**
118.139.180.95 - - [14/Mar/2026:05:19:42 -0700] "HEAD /wp-content/uploads/font-awesome/v6.2.0/css/svg-with-js.css HTTP/1.1" 200 - "-" "WordPress/6.9.4; https://indiabettingexchange.in" 11 **0/11596**
5.255.231.160 - - [14/Mar/2026:05:19:41 -0700] "GET /wp-json/oembed/1.0/embed?url=https%3A%2F%2Findiabettingexchange.in%2Freal-chance-gambling-establishment-no-deposit-extra-codes-fifty-100-free-spins%2F&format=xml HTTP/1.1" 200 1483 "-" "Mozilla/5.0 (compatible; YandexBot/3.0; +http://yandex.com/bots)" 170 **0/170822**
45.3.34.144 - - [14/Mar/2026:05:19:41 -0700] "GET /wp-admin/plugins.php HTTP/2.0" 403 854 "-" "Mozilla/5.0 (Windows NT 10.0; Win64; x64) AppleWebKit/537.36 (KHTML, like Gecko) Chrome/124.0.6367.207 Safari/537.36" 198 **0/198553**
74.7.227.158 - - [14/Mar/2026:05:19:41 -0700] "GET /hence-new-zealand-pages-are-often-score-some-thing-most-of-the-today-and-you-can-after-that/ HTTP/2.0" 200 16649 "https://indiabettingexchange.in/articles/page/648/" "Mozilla/5.0 AppleWebKit/537.36 (KHTML, like Gecko; compatible; GPTBot/1.3; +https://openai.com/gptbot)" 222 **0/222802**
87.250.224.30 - - [14/Mar/2026:05:19:42 -0700] "GET /erleben-sie-den-nervenkitzel-von-chicken-road-2-cr/ HTTP/1.1" 200 16820 "-" "Mozilla/5.0 (compatible; YandexBot/3.0; +http://yandex.com/bots)" 255 **0/255050**
5.255.231.184 - - [14/Mar/2026:05:19:42 -0700] "GET /anabolizantes-en-espana-uso-regulacion-y-consideraciones/ HTTP/1.1" 200 16030 "-" "Mozilla/5.0 (compatible; YandexBot/3.0; +http://yandex.com/bots)" 288 **0/288585**
74.7.227.158 - - [14/Mar/2026:05:19:42 -0700] "GET /villento-local-casino-earns-an-excellent-seven-ten-get-centered-on-my-investigations-and-you-may-maximus-our-autorank-systems-research/ HTTP/2.0" 200 16892 "https://indiabettingexchange.in/articles/page/648/" "Mozilla/5.0 AppleWebKit/537.36 (KHTML, like Gecko; compatible; GPTBot/1.3; +https://openai.com/gptbot)" 249 **0/249486**
213.180.203.224 - - [14/Mar/2026:05:19:42 -0700] "GET /nolvadex-%CE%BC%CF%85%CF%8A%CE%BA%CE%AE-%CE%B5%CE%BD%CE%B4%CF%85%CE%BD%CE%AC%CE%BC%CF%89%CF%83%CE%B7-%CE%BA%CE%B1%CE%B9-%CE%BF%CF%86%CE%AD%CE%BB%CE%B7/ HTTP/1.1" 200 16814 "-" "Mozilla/5.0 (compatible; YandexBot/3.0; +http://yandex.com/bots)" 267 **0/267194**
209.50.181.247 - - [14/Mar/2026:05:19:43 -0700] "GET /wp-login.php HTTP/2.0" 200 2058 "-" "Mozilla/5.0 (Windows NT 10.0; Win64; x64) AppleWebKit/537.36 (KHTML, like Gecko) Chrome/124.0.6367.207 Safari/537.36" 158 **0/158486**
74.7.227.158 - - [14/Mar/2026:05:19:43 -0700] "GET /into-the-extra-front-side-betting-pub-gambling-enterprise-offers-a-good-rousing-twice-welcome-incentive/ HTTP/2.0" 200 15623 "https://indiabettingexchange.in/articles/page/648/" "Mozilla/5.0 AppleWebKit/537.36 (KHTML, like Gecko; compatible; GPTBot/1.3; +https://openai.com/gptbot)" 229 **0/229560**
74.7.227.158 - - [14/Mar/2026:05:19:43 -0700] "GET /betmgm-personal-spinson-casino-bonus-explained-genius-from-oz-over-the-rainbow-comment-betmgm/ HTTP/2.0" 200 18958 "https://indiabettingexchange.in/articles/page/646/" "Mozilla/5.0 AppleWebKit/537.36 (KHTML, like Gecko; compatible; GPTBot/1.3; +https://openai.com/gptbot)" 246 **0/246482**
87.250.224.108 - - [14/Mar/2026:05:19:43 -0700] "GET /?p=52627 HTTP/1.1" 301 - "-" "Mozilla/5.0 (compatible; YandexBot/3.0; +http://yandex.com/bots)" 166 **0/166945**
209.50.181.247 - - [14/Mar/2026:05:19:44 -0700] "GET /wp-login.php?wp_lang=en_US HTTP/2.0" 200 2062 "-" "Mozilla/5.0 (Windows NT 10.0; Win64; x64) AppleWebKit/537.36 (KHTML, like Gecko) Chrome/124.0.6367.207 Safari/537.36" 152 **0/152032**
74.7.227.158 - - [14/Mar/2026:05:19:44 -0700] "GET /villento-gambling-establishment-is-an-integral-part-of-the-fresh-new-perspectives-ltd/ HTTP/2.0" 200 15688 "https://indiabettingexchange.in/articles/page/647/" "Mozilla/5.0 AppleWebKit/537.36 (KHTML, like Gecko; compatible; GPTBot/1.3; +https://openai.com/gptbot)" 213 **0/213534**
95.108.213.193 - - [14/Mar/2026:05:19:44 -0700] "GET /comment-prendre-lequipoise-guide-et-conseils/ HTTP/1.1" 200 16299 "-" "Mozilla/5.0 (compatible; YandexBot/3.0; +http://yandex.com/bots)" 214 **0/214683**
209.50.181.247 - - [14/Mar/2026:05:19:44 -0700] "POST /wp-login.php?wp_lang=en_US HTTP/2.0" 302 1 "https://indiabettingexchange.in/wp-login.php?wp_lang=en_US" "Mozilla/5.0 (Windows NT 10.0; Win64; x64) AppleWebKit/537.36 (KHTML, like Gecko) Chrome/124.0.6367.207 Safari/537.36" 224 **0/224122**
87.250.224.49 - - [14/Mar/2026:05:19:44 -0700] "GET /contact-us/ HTTP/1.1" 200 14508 "-" "Mozilla/5.0 (compatible; YandexBot/3.0; +http://yandex.com/bots)" 185 **0/185246**
95.108.213.143 - - [14/Mar/2026:05:19:44 -0700] "GET /wp-json/wp/v2/posts/52627 HTTP/1.1" 200 19262 "-" "Mozilla/5.0 (compatible; YandexBot/3.0; +http://yandex.com/bots)" 160 **0/160021**
74.7.227.158 - - [14/Mar/2026:05:19:44 -0700] "GET /participants-can-take-advantage-of-several-incentives-whenever-to-tackle-from-the-on-the-internet-casinos/ HTTP/2.0" 200 15654 "https://indiabettingexchange.in/articles/page/647/" "Mozilla/5.0 AppleWebKit/537.36 (KHTML, like Gecko; compatible; GPTBot/1.3; +https://openai.com/gptbot)" 211 **0/211606**
118.139.180.95 - - [14/Mar/2026:05:19:45 -0700] "HEAD /wp-content/uploads/font-awesome/v6.2.0/css/svg-with-js.css HTTP/1.1" 200 - "-" "WordPress/6.9.4; https://indiabettingexchange.in" 9 **0/9871**
209.50.181.247 - - [14/Mar/2026:05:19:44 -0700] "GET /wp-admin/ HTTP/2.0" 200 22930 "https://indiabettingexchange.in/wp-login.php?wp_lang=en_US" "Mozilla/5.0 (Windows NT 10.0; Win64; x64) AppleWebKit/537.36 (KHTML, like Gecko) Chrome/124.0.6367.207 Safari/537.36" 265 **0/265917**
213.180.203.148 - - [14/Mar/2026:05:19:45 -0700] "GET /real-chance-gambling-establishment-no-deposit-extra-codes-fifty-100-free-spins/feed/ HTTP/1.1" 200 490 "-" "Mozilla/5.0 (compatible; YandexBot/3.0; +http://yandex.com/bots)" 144 **0/144656**
74.7.227.158 - - [14/Mar/2026:05:19:45 -0700] "GET /you-could-potentially-play-on-your-notebook-otherwise-desktop-despite-that-you-choose/ HTTP/2.0" 200 15781 "https://indiabettingexchange.in/articles/page/648/" "Mozilla/5.0 AppleWebKit/537.36 (KHTML, like Gecko; compatible; GPTBot/1.3; +https://openai.com/gptbot)" 211 **0/211544**
87.250.224.41 - - [14/Mar/2026:05:19:45 -0700] "GET /real-chance-gambling-establishment-no-deposit-extra-codes-fifty-100-free-spins/ HTTP/1.1" 200 17474 "-" "Mozilla/5.0 (compatible; YandexBot/3.0; +http://yandex.com/bots)" 185 **0/185342**
118.139.180.95 - - [14/Mar/2026:05:19:45 -0700] "HEAD /wp-content/uploads/font-awesome/v6.2.0/css/svg-with-js.css HTTP/1.1" 200 - "-" "WordPress/6.9.4; https://indiabettingexchange.in" 8 **0/8319**
209.50.181.247 - - [14/Mar/2026:05:19:45 -0700] "GET /wp-admin/plugins.php HTTP/2.0" 403 854 "-" "Mozilla/5.0 (Windows NT 10.0; Win64; x64) AppleWebKit/537.36 (KHTML, like Gecko) Chrome/124.0.6367.207 Safari/537.36" 180 **0/180175**
74.7.227.158 - - [14/Mar/2026:05:19:45 -0700] "GET /invest-free-revolves-and-you-will-totally-free-potato-chips-in-order-to-profit-game/ HTTP/2.0" 200 15890 "https://indiabettingexchange.in/articles/page/646/" "Mozilla/5.0 AppleWebKit/537.36 (KHTML, like Gecko; compatible; GPTBot/1.3; +https://openai.com/gptbot)" 211 **0/211680**
118.139.180.95 - - [14/Mar/2026:05:19:46 -0700] "HEAD /wp-content/uploads/font-awesome/v6.2.0/css/svg-with-js.css HTTP/1.1" 200 - "-" "WordPress/6.9.4; https://indiabettingexchange.in" 8 **0/8082**
87.250.224.23 - - [14/Mar/2026:05:19:46 -0700] "GET /wp-json/oembed/1.0/embed?url=https%3A%2F%2Findiabettingexchange.in%2Freal-chance-gambling-establishment-no-deposit-extra-codes-fifty-100-free-spins%2F HTTP/1.1" 200 3053 "-" "Mozilla/5.0 (compatible; YandexBot/3.0; +http://yandex.com/bots)" 163 **0/163094**
209.50.181.247 - - [14/Mar/2026:05:19:46 -0700] "GET /wp-admin/plugins.php HTTP/2.0" 403 854 "-" "Mozilla/5.0 (Windows NT 10.0; Win64; x64) AppleWebKit/537.36 (KHTML, like Gecko) Chrome/124.0.6367.207 Safari/537.36" 182 **0/182626**
74.7.227.158 - - [14/Mar/2026:05:19:46 -0700] "GET /blackjack-ballroom-try-a-part-of-local-casino-perks-and-you-may-thus-a-respected-and-you-will-credible-brand/ HTTP/2.0" 200 15678 "https://indiabettingexchange.in/articles/page/646/" "Mozilla/5.0 AppleWebKit/537.36 (KHTML, like Gecko; compatible; GPTBot/1.3; +https://openai.com/gptbot)" 212 **0/212715**
118.139.180.95 - - [14/Mar/2026:05:19:46 -0700] "HEAD /wp-content/uploads/font-awesome/v6.2.0/css/svg-with-js.css HTTP/1.1" 200 - "-" "WordPress/6.9.4; https://indiabettingexchange.in" 8 **0/8460**
209.50.181.247 - - [14/Mar/2026:05:19:46 -0700] "GET /wp-admin/plugins.php HTTP/2.0" 403 854 "-" "Mozilla/5.0 (Windows NT 10.0; Win64; x64) AppleWebKit/537.36 (KHTML, like Gecko) Chrome/124.0.6367.207 Safari/537.36" 158 **0/158593**
114.119.130.95 - - [14/Mar/2026:05:19:46 -0700] "GET /unsereins-eignen-unvoreingenommen-oder-fair-aber-so-lange-es-unvermeidlich-sei-als-nachstes-sie-sind-unsereins-zweite-geige-rigide/ HTTP/1.1" 200 18195 "https://indiabettingexchange.in/unsereins-eignen-unvoreingenommen-oder-fair-aber-so-lange-es-unvermeidlich-sei-als-nachstes-sie-sind-unsereins-zweite-geige-rigide/" "Mozilla/5.0 (Linux; Android 7.0;) AppleWebKit/537.36 (KHTML, like Gecko) Mobile Safari/537.36 (compatible; PetalBot;+https://webmaster.petalsearch.com/site/petalbot)" 219 **0/219953**
74.7.227.158 - - [14/Mar/2026:05:19:46 -0700] "GET /wp-json/wp/v2/posts/221065 HTTP/2.0" 200 4460 "https://indiabettingexchange.in/invest-free-revolves-and-you-will-totally-free-potato-chips-in-order-to-profit-game/" "Mozilla/5.0 AppleWebKit/537.36 (KHTML, like Gecko; compatible; GPTBot/1.3; +https://openai.com/gptbot)" 187 **0/187961**
118.139.180.95 - - [14/Mar/2026:05:19:47 -0700] "HEAD /wp-content/uploads/font-awesome/v6.2.0/css/svg-with-js.css HTTP/1.1" 200 - "-" "WordPress/6.9.4; https://indiabettingexchange.in" 7 **0/7613**
209.50.181.247 - - [14/Mar/2026:05:19:46 -0700] "GET /wp-admin/plugins.php HTTP/2.0" 403 854 "-" "Mozilla/5.0 (Windows NT 10.0; Win64; x64) AppleWebKit/537.36 (KHTML, like Gecko) Chrome/124.0.6367.207 Safari/537.36" 179 **0/179146**
213.180.203.227 - - [14/Mar/2026:05:19:47 -0700] "GET /unlock-the-fortune-of-15-dragon-pearls-a-thrilling/ HTTP/1.1" 200 17882 "-" "Mozilla/5.0 (compatible; YandexBot/3.0; +http://yandex.com/bots)" 209 **0/209496**
118.139.180.95 - - [14/Mar/2026:05:19:47 -0700] "HEAD /wp-content/uploads/font-awesome/v6.2.0/css/svg-with-js.css HTTP/1.1" 200 - "-" "WordPress/6.9.4; https://indiabettingexchange.in" 7 **0/7696**
209.50.181.247 - - [14/Mar/2026:05:19:47 -0700] "GET /wp-admin/plugins.php HTTP/2.0" 403 854 "-" "Mozilla/5.0 (Windows NT 10.0; Win64; x64) AppleWebKit/537.36 (KHTML, like Gecko) Chrome/124.0.6367.207 Safari/537.36" 192 **0/192075**
74.7.227.158 - - [14/Mar/2026:05:19:47 -0700] "GET /blackjack-ballroom-is-actually-a-part-of-gambling-enterprise-perks-and-you-can-thus-a-leading-and-you-will-credible-brand/ HTTP/2.0" 200 15737 "https://indiabettingexchange.in/articles/page/647/" "Mozilla/5.0 AppleWebKit/537.36 (KHTML, like Gecko; compatible; GPTBot/1.3; +https://openai.com/gptbot)" 227 **0/227101**
118.139.180.95 - - [14/Mar/2026:05:19:47 -0700] "HEAD /wp-content/uploads/font-awesome/v6.2.0/css/svg-with-js.css HTTP/1.1" 200 - "-" "WordPress/6.9.4; https://indiabettingexchange.in" 8 **0/8567**
209.50.181.247 - - [14/Mar/2026:05:19:47 -0700] "GET /wp-admin/plugins.php HTTP/2.0" 403 854 "-" "Mozilla/5.0 (Windows NT 10.0; Win64; x64) AppleWebKit/537.36 (KHTML, like Gecko) Chrome/124.0.6367.207 Safari/537.36" 150 **0/150759**
74.7.227.158 - - [14/Mar/2026:05:19:47 -0700] "GET /invest-free-revolves-and-you-will-totally-free-potato-chips-in-order-to-profit-game/feed/ HTTP/2.0" 200 411 "https://indiabettingexchange.in/invest-free-revolves-and-you-will-totally-free-potato-chips-in-order-to-profit-game/" "Mozilla/5.0 AppleWebKit/537.36 (KHTML, like Gecko; compatible; GPTBot/1.3; +https://openai.com/gptbot)" 126 **0/126739**
118.139.180.95 - - [14/Mar/2026:05:19:48 -0700] "HEAD /wp-content/uploads/font-awesome/v6.2.0/css/svg-with-js.css HTTP/1.1" 200 - "-" "WordPress/6.9.4; https://indiabettingexchange.in" 10 **0/10423**
209.50.181.247 - - [14/Mar/2026:05:19:48 -0700] "GET /wp-admin/plugins.php HTTP/2.0" 403 854 "-" "Mozilla/5.0 (Windows NT 10.0; Win64; x64) AppleWebKit/537.36 (KHTML, like Gecko) Chrome/124.0.6367.207 Safari/537.36" 180 **0/180976**
74.7.227.158 - - [14/Mar/2026:05:19:48 -0700] "GET /wp-json/oembed/1.0/embed?format=xml&url=https%3A%2F%2Findiabettingexchange.in%2Finvest-free-revolves-and-you-will-totally-free-potato-chips-in-order-to-profit-game%2F HTTP/2.0" 200 1310 "https://indiabettingexchange.in/invest-free-revolves-and-you-will-totally-free-potato-chips-in-order-to-profit-game/" "Mozilla/5.0 AppleWebKit/537.36 (KHTML, like Gecko; compatible; GPTBot/1.3; +https://openai.com/gptbot)" 129 **0/129561**
118.139.180.95 - - [14/Mar/2026:05:19:48 -0700] "HEAD /wp-content/uploads/font-awesome/v6.2.0/css/svg-with-js.css HTTP/1.1" 200 - "-" "WordPress/6.9.4; https://indiabettingexchange.in" 9 **0/9970**
209.50.181.247 - - [14/Mar/2026:05:19:48 -0700] "GET /wp-admin/plugins.php HTTP/2.0" 403 854 "-" "Mozilla/5.0 (Windows NT 10.0; Win64; x64) AppleWebKit/537.36 (KHTML, like Gecko) Chrome/124.0.6367.207 Safari/537.36" 197 **0/197741**
74.7.227.158 - - [14/Mar/2026:05:19:48 -0700] "GET /wp-json/oembed/1.0/embed?url=https%3A%2F%2Findiabettingexchange.in%2Finvest-free-revolves-and-you-will-totally-free-potato-chips-in-order-to-profit-game%2F HTTP/2.0" 200 1292 "https://indiabettingexchange.in/invest-free-revolves-and-you-will-totally-free-potato-chips-in-order-to-profit-game/" "Mozilla/5.0 AppleWebKit/537.36 (KHTML, like Gecko; compatible; GPTBot/1.3; +https://openai.com/gptbot)" 211 **0/211996**
118.139.180.95 - - [14/Mar/2026:05:19:49 -0700] "HEAD /wp-content/uploads/font-awesome/v6.2.0/css/svg-with-js.css HTTP/1.1" 200 - "-" "WordPress/6.9.4; https://indiabettingexchange.in" 11 **0/11837**
209.50.181.247 - - [14/Mar/2026:05:19:49 -0700] "GET /wp-admin/plugins.php HTTP/2.0" 403 854 "-" "Mozilla/5.0 (Windows NT 10.0; Win64; x64) AppleWebKit/537.36 (KHTML, like Gecko) Chrome/124.0.6367.207 Safari/537.36" 187 **0/187022**
74.7.227.158 - - [14/Mar/2026:05:19:49 -0700] "GET /ruby-fortune-also-offers-twenty-three-constant-bonuses-having-canadian-professionals/ HTTP/2.0" 200 16941 "https://indiabettingexchange.in/articles/page/646/" "Mozilla/5.0 AppleWebKit/537.36 (KHTML, like Gecko; compatible; GPTBot/1.3; +https://openai.com/gptbot)" 239 **0/239778**
118.139.180.95 - - [14/Mar/2026:05:19:49 -0700] "HEAD /wp-content/uploads/font-awesome/v6.2.0/css/svg-with-js.css HTTP/1.1" 200 - "-" "WordPress/6.9.4; https://indiabettingexchange.in" 12 **0/12062**
209.50.181.247 - - [14/Mar/2026:05:19:49 -0700] "GET /wp-admin/plugins.php HTTP/2.0" 403 854 "-" "Mozilla/5.0 (Windows NT 10.0; Win64; x64) AppleWebKit/537.36 (KHTML, like Gecko) Chrome/124.0.6367.207 Safari/537.36" 180 **0/180103**
74.7.227.158 - - [14/Mar/2026:05:19:50 -0700] "GET /?p=220892 HTTP/2.0" 301 1 "https://indiabettingexchange.in/hence-new-zealand-pages-are-often-score-some-thing-most-of-the-today-and-you-can-after-that/" "Mozilla/5.0 AppleWebKit/537.36 (KHTML, like Gecko; compatible; GPTBot/1.3; +https://openai.com/gptbot)" 191 **0/191493**
118.139.180.95 - - [14/Mar/2026:05:19:50 -0700] "HEAD /wp-content/uploads/font-awesome/v6.2.0/css/svg-with-js.css HTTP/1.1" 200 - "-" "WordPress/6.9.4; https://indiabettingexchange.in" 10 **0/10124**
209.50.181.247 - - [14/Mar/2026:05:19:50 -0700] "GET /wp-admin/plugins.php HTTP/2.0" 403 854 "-" "Mozilla/5.0 (Windows NT 10.0; Win64; x64) AppleWebKit/537.36 (KHTML, like Gecko) Chrome/124.0.6367.207 Safari/537.36" 203 **0/203470**
74.7.227.158 - - [14/Mar/2026:05:19:50 -0700] "GET /hence-new-zealand-pages-are-often-score-some-thing-most-of-the-today-and-you-can-after-that/ HTTP/2.0" 200 16651 "https://indiabettingexchange.in/?p=220892" "Mozilla/5.0 AppleWebKit/537.36 (KHTML, like Gecko; compatible; GPTBot/1.3; +https://openai.com/gptbot)" 217 **0/217826**
118.139.180.95 - - [14/Mar/2026:05:19:50 -0700] "HEAD /wp-content/uploads/font-awesome/v6.2.0/css/svg-with-js.css HTTP/1.1" 200 - "-" "WordPress/6.9.4; https://indiabettingexchange.in" 9 **0/9601**
209.50.181.247 - - [14/Mar/2026:05:19:50 -0700] "GET /wp-admin/themes.php HTTP/2.0" 403 854 "-" "Mozilla/5.0 (Windows NT 10.0; Win64; x64) AppleWebKit/537.36 (KHTML, like Gecko) Chrome/124.0.6367.207 Safari/537.36" 192 **0/192231**
118.139.180.95 - - [14/Mar/2026:05:19:51 -0700] "HEAD /wp-content/uploads/font-awesome/v6.2.0/css/svg-with-js.css HTTP/1.1" 200 - "-" "WordPress/6.9.4; https://indiabettingexchange.in" 9 **0/9469**
74.7.227.158 - - [14/Mar/2026:05:19:50 -0700] "GET /?p=220882 HTTP/2.0" 301 1 "https://indiabettingexchange.in/villento-local-casino-earns-an-excellent-seven-ten-get-centered-on-my-investigations-and-you-may-maximus-our-autorank-systems-research/" "Mozilla/5.0 AppleWebKit/537.36 (KHTML, like Gecko; compatible; GPTBot/1.3; +https://openai.com/gptbot)" 166 **0/166648**
209.50.181.247 - - [14/Mar/2026:05:19:50 -0700] "GET /wp-admin/themes.php HTTP/2.0" 403 854 "-" "Mozilla/5.0 (Windows NT 10.0; Win64; x64) AppleWebKit/537.36 (KHTML, like Gecko) Chrome/124.0.6367.207 Safari/537.36" 197 **0/197786**
118.139.180.95 - - [14/Mar/2026:05:19:51 -0700] "HEAD /wp-content/uploads/font-awesome/v6.2.0/css/svg-with-js.css HTTP/1.1" 200 - "-" "WordPress/6.9.4; https://indiabettingexchange.in" 8 **0/8355**
74.7.227.158 - - [14/Mar/2026:05:19:51 -0700] "GET /villento-local-casino-earns-an-excellent-seven-ten-get-centered-on-my-investigations-and-you-may-maximus-our-autorank-systems-research/ HTTP/2.0" 200 16892 "https://indiabettingexchange.in/?p=220882" "Mozilla/5.0 AppleWebKit/537.36 (KHTML, like Gecko; compatible; GPTBot/1.3; +https://openai.com/gptbot)" 225 **0/225264**
209.50.181.247 - - [14/Mar/2026:05:19:51 -0700] "GET /wp-admin/themes.php HTTP/2.0" 403 854 "-" "Mozilla/5.0 (Windows NT 10.0; Win64; x64) AppleWebKit/537.36 (KHTML, like Gecko) Chrome/124.0.6367.207 Safari/537.36" 197 **0/197451**
118.139.180.95 - - [14/Mar/2026:05:19:51 -0700] "HEAD /wp-content/uploads/font-awesome/v6.2.0/css/svg-with-js.css HTTP/1.1" 200 - "-" "WordPress/6.9.4; https://indiabettingexchange.in" 10 **0/10535**
74.7.227.158 - - [14/Mar/2026:05:19:51 -0700] "GET /?p=220864 HTTP/2.0" 301 1 "https://indiabettingexchange.in/into-the-extra-front-side-betting-pub-gambling-enterprise-offers-a-good-rousing-twice-welcome-incentive/" "Mozilla/5.0 AppleWebKit/537.36 (KHTML, like Gecko; compatible; GPTBot/1.3; +https://openai.com/gptbot)" 173 **0/173194**
209.50.181.247 - - [14/Mar/2026:05:19:51 -0700] "GET /wp-admin/themes.php HTTP/2.0" 403 854 "-" "Mozilla/5.0 (Windows NT 10.0; Win64; x64) AppleWebKit/537.36 (KHTML, like Gecko) Chrome/124.0.6367.207 Safari/537.36" 245 **0/245249**
118.139.180.95 - - [14/Mar/2026:05:19:52 -0700] "HEAD /wp-content/uploads/font-awesome/v6.2.0/css/svg-with-js.css HTTP/1.1" 200 - "-" "WordPress/6.9.4; https://indiabettingexchange.in" 10 **0/10185**
74.7.227.158 - - [14/Mar/2026:05:19:52 -0700] "GET /into-the-extra-front-side-betting-pub-gambling-enterprise-offers-a-good-rousing-twice-welcome-incentive/ HTTP/2.0" 200 15624 "https://indiabettingexchange.in/?p=220864" "Mozilla/5.0 AppleWebKit/537.36 (KHTML, like Gecko; compatible; GPTBot/1.3; +https://openai.com/gptbot)" 210 **0/210893**
209.50.181.247 - - [14/Mar/2026:05:19:52 -0700] "GET /wp-admin/themes.php HTTP/2.0" 403 854 "-" "Mozilla/5.0 (Windows NT 10.0; Win64; x64) AppleWebKit/537.36 (KHTML, like Gecko) Chrome/124.0.6367.207 Safari/537.36" 201 **0/201207**
118.139.180.95 - - [14/Mar/2026:05:19:52 -0700] "HEAD /wp-content/uploads/font-awesome/v6.2.0/css/svg-with-js.css HTTP/1.1" 200 - "-" "WordPress/6.9.4; https://indiabettingexchange.in" 10 **0/10021**
209.50.181.247 - - [14/Mar/2026:05:19:52 -0700] "GET /wp-admin/themes.php HTTP/2.0" 403 854 "-" "Mozilla/5.0 (Windows NT 10.0; Win64; x64) AppleWebKit/537.36 (KHTML, like Gecko) Chrome/124.0.6367.207 Safari/537.36" 171 **0/171064**
74.7.227.158 - - [14/Mar/2026:05:19:52 -0700] "GET /?p=221039 HTTP/2.0" 301 1 "https://indiabettingexchange.in/betmgm-personal-spinson-casino-bonus-explained-genius-from-oz-over-the-rainbow-comment-betmgm/" "Mozilla/5.0 AppleWebKit/537.36 (KHTML, like Gecko; compatible; GPTBot/1.3; +https://openai.com/gptbot)" 123 **0/123912**
118.139.180.95 - - [14/Mar/2026:05:19:53 -0700] "HEAD /wp-content/uploads/font-awesome/v6.2.0/css/svg-with-js.css HTTP/1.1" 200 - "-" "WordPress/6.9.4; https://indiabettingexchange.in" 10 **0/10019**
209.50.181.247 - - [14/Mar/2026:05:19:53 -0700] "GET /wp-admin/themes.php HTTP/2.0" 403 854 "-" "Mozilla/5.0 (Windows NT 10.0; Win64; x64) AppleWebKit/537.36 (KHTML, like Gecko) Chrome/124.0.6367.207 Safari/537.36" 185 **0/185619**
74.7.227.158 - - [14/Mar/2026:05:19:53 -0700] "GET /betmgm-personal-spinson-casino-bonus-explained-genius-from-oz-over-the-rainbow-comment-betmgm/ HTTP/2.0" 200 18958 "https://indiabettingexchange.in/?p=221039" "Mozilla/5.0 AppleWebKit/537.36 (KHTML, like Gecko; compatible; GPTBot/1.3; +https://openai.com/gptbot)" 189 **0/189632**
118.139.180.95 - - [14/Mar/2026:05:19:53 -0700] "HEAD /wp-content/uploads/font-awesome/v6.2.0/css/svg-with-js.css HTTP/1.1" 200 - "-" "WordPress/6.9.4; https://indiabettingexchange.in" 7 **0/7078**
209.50.181.247 - - [14/Mar/2026:05:19:53 -0700] "GET /wp-admin/themes.php HTTP/2.0" 403 854 "-" "Mozilla/5.0 (Windows NT 10.0; Win64; x64) AppleWebKit/537.36 (KHTML, like Gecko) Chrome/124.0.6367.207 Safari/537.36" 162 **0/162889**
74.7.227.158 - - [14/Mar/2026:05:19:53 -0700] "GET /?p=220926 HTTP/2.0" 301 1 "https://indiabettingexchange.in/villento-gambling-establishment-is-an-integral-part-of-the-fresh-new-perspectives-ltd/" "Mozilla/5.0 AppleWebKit/537.36 (KHTML, like Gecko; compatible; GPTBot/1.3; +https://openai.com/gptbot)" 132 **0/132433**
118.139.180.95 - - [14/Mar/2026:05:19:54 -0700] "HEAD /wp-content/uploads/font-awesome/v6.2.0/css/svg-with-js.css HTTP/1.1" 200 - "-" "WordPress/6.9.4; https://indiabettingexchange.in" 8 **0/8677**
209.50.181.247 - - [14/Mar/2026:05:19:53 -0700] "GET /wp-admin/themes.php HTTP/2.0" 403 854 "-" "Mozilla/5.0 (Windows NT 10.0; Win64; x64) AppleWebKit/537.36 (KHTML, like Gecko) Chrome/124.0.6367.207 Safari/537.36" 168 **0/168722**
74.7.227.158 - - [14/Mar/2026:05:19:54 -0700] "GET /villento-gambling-establishment-is-an-integral-part-of-the-fresh-new-perspectives-ltd/ HTTP/2.0" 200 15690 "https://indiabettingexchange.in/?p=220926" "Mozilla/5.0 AppleWebKit/537.36 (KHTML, like Gecko; compatible; GPTBot/1.3; +https://openai.com/gptbot)" 198 **0/198586**
118.139.180.95 - - [14/Mar/2026:05:19:54 -0700] "HEAD /wp-content/uploads/font-awesome/v6.2.0/css/svg-with-js.css HTTP/1.1" 200 - "-" "WordPress/6.9.4; https://indiabettingexchange.in" 9 **0/9117**
209.50.181.247 - - [14/Mar/2026:05:19:54 -0700] "GET /wp-admin/themes.php HTTP/2.0" 403 854 "-" "Mozilla/5.0 (Windows NT 10.0; Win64; x64) AppleWebKit/537.36 (KHTML, like Gecko) Chrome/124.0.6367.207 Safari/537.36" 176 **0/176609**
74.7.227.158 - - [14/Mar/2026:05:19:54 -0700] "GET /?p=220938 HTTP/2.0" 301 1 "https://indiabettingexchange.in/participants-can-take-advantage-of-several-incentives-whenever-to-tackle-from-the-on-the-internet-casinos/" "Mozilla/5.0 AppleWebKit/537.36 (KHTML, like Gecko; compatible; GPTBot/1.3; +https://openai.com/gptbot)" 139 **0/139937**
118.139.180.95 - - [14/Mar/2026:05:19:54 -0700] "HEAD /wp-content/uploads/font-awesome/v6.2.0/css/svg-with-js.css HTTP/1.1" 200 - "-" "WordPress/6.9.4; https://indiabettingexchange.in" 10 **0/10141**
209.50.181.247 - - [14/Mar/2026:05:19:54 -0700] "GET /wp-admin/plugins.php HTTP/2.0" 403 854 "-" "Mozilla/5.0 (Windows NT 10.0; Win64; x64) AppleWebKit/537.36 (KHTML, like Gecko) Chrome/124.0.6367.207 Safari/537.36" 186 **0/186919**
74.7.227.158 - - [14/Mar/2026:05:19:54 -0700] "GET /participants-can-take-advantage-of-several-incentives-whenever-to-tackle-from-the-on-the-internet-casinos/ HTTP/2.0" 200 15656 "https://indiabettingexchange.in/?p=220938" "Mozilla/5.0 AppleWebKit/537.36 (KHTML, like Gecko; compatible; GPTBot/1.3; +https://openai.com/gptbot)" 218 **0/218750**
118.139.180.95 - - [14/Mar/2026:05:19:55 -0700] "HEAD /wp-content/uploads/font-awesome/v6.2.0/css/svg-with-js.css HTTP/1.1" 200 - "-" "WordPress/6.9.4; https://indiabettingexchange.in" 8 **0/8909**
209.50.181.247 - - [14/Mar/2026:05:19:55 -0700] "GET /wp-admin/plugins.php HTTP/2.0" 403 854 "-" "Mozilla/5.0 (Windows NT 10.0; Win64; x64) AppleWebKit/537.36 (KHTML, like Gecko) Chrome/124.0.6367.207 Safari/537.36" 203 **0/203027**
74.7.227.158 - - [14/Mar/2026:05:19:55 -0700] "GET /?p=220898 HTTP/2.0" 301 1 "https://indiabettingexchange.in/you-could-potentially-play-on-your-notebook-otherwise-desktop-despite-that-you-choose/" "Mozilla/5.0 AppleWebKit/537.36 (KHTML, like Gecko; compatible; GPTBot/1.3; +https://openai.com/gptbot)" 140 **0/140599**
118.139.180.95 - - [14/Mar/2026:05:19:55 -0700] "HEAD /wp-content/uploads/font-awesome/v6.2.0/css/svg-with-js.css HTTP/1.1" 200 - "-" "WordPress/6.9.4; https://indiabettingexchange.in" 8 **0/8948**
209.50.181.247 - - [14/Mar/2026:05:19:55 -0700] "GET /wp-admin/plugins.php HTTP/2.0" 403 854 "-" "Mozilla/5.0 (Windows NT 10.0; Win64; x64) AppleWebKit/537.36 (KHTML, like Gecko) Chrome/124.0.6367.207 Safari/537.36" 160 **0/160934**
74.7.227.158 - - [14/Mar/2026:05:19:55 -0700] "GET /you-could-potentially-play-on-your-notebook-otherwise-desktop-despite-that-you-choose/ HTTP/2.0" 200 15781 "https://indiabettingexchange.in/?p=220898" "Mozilla/5.0 AppleWebKit/537.36 (KHTML, like Gecko; compatible; GPTBot/1.3; +https://openai.com/gptbot)" 207 **0/207387**
118.139.180.95 - - [14/Mar/2026:05:19:56 -0700] "HEAD /wp-content/uploads/font-awesome/v6.2.0/css/svg-with-js.css HTTP/1.1" 200 - "-" "WordPress/6.9.4; https://indiabettingexchange.in" 8 **0/8615**
209.50.181.247 - - [14/Mar/2026:05:19:56 -0700] "GET /wp-admin/plugins.php HTTP/2.0" 403 854 "-" "Mozilla/5.0 (Windows NT 10.0; Win64; x64) AppleWebKit/537.36 (KHTML, like Gecko) Chrome/124.0.6367.207 Safari/537.36" 206 **0/206356**
74.7.227.158 - - [14/Mar/2026:05:19:56 -0700] "GET /?p=221065 HTTP/2.0" 301 1 "https://indiabettingexchange.in/invest-free-revolves-and-you-will-totally-free-potato-chips-in-order-to-profit-game/" "Mozilla/5.0 AppleWebKit/537.36 (KHTML, like Gecko; compatible; GPTBot/1.3; +https://openai.com/gptbot)" 113 **0/113188**
118.139.180.95 - - [14/Mar/2026:05:19:56 -0700] "HEAD /wp-content/uploads/font-awesome/v6.2.0/css/svg-with-js.css HTTP/1.1" 200 - "-" "WordPress/6.9.4; https://indiabettingexchange.in" 8 **0/8265**
209.50.181.247 - - [14/Mar/2026:05:19:56 -0700] "GET /wp-admin/plugins.php HTTP/2.0" 403 854 "-" "Mozilla/5.0 (Windows NT 10.0; Win64; x64) AppleWebKit/537.36 (KHTML, like Gecko) Chrome/124.0.6367.207 Safari/537.36" 175 **0/175726**
74.7.227.158 - - [14/Mar/2026:05:19:56 -0700] "GET /invest-free-revolves-and-you-will-totally-free-potato-chips-in-order-to-profit-game/ HTTP/2.0" 200 15892 "https://indiabettingexchange.in/?p=221065" "Mozilla/5.0 AppleWebKit/537.36 (KHTML, like Gecko; compatible; GPTBot/1.3; +https://openai.com/gptbot)" 176 **0/176403**
118.139.180.95 - - [14/Mar/2026:05:19:57 -0700] "HEAD /wp-content/uploads/font-awesome/v6.2.0/css/svg-with-js.css HTTP/1.1" 200 - "-" "WordPress/6.9.4; https://indiabettingexchange.in" 7 **0/7833**
209.50.181.247 - - [14/Mar/2026:05:19:56 -0700] "GET /wp-admin/plugins.php HTTP/2.0" 403 854 "-" "Mozilla/5.0 (Windows NT 10.0; Win64; x64) AppleWebKit/537.36 (KHTML, like Gecko) Chrome/124.0.6367.207 Safari/537.36" 170 **0/170147**
74.7.227.158 - - [14/Mar/2026:05:19:57 -0700] "GET /?p=221027 HTTP/2.0" 301 1 "https://indiabettingexchange.in/blackjack-ballroom-try-a-part-of-local-casino-perks-and-you-may-thus-a-respected-and-you-will-credible-brand/" "Mozilla/5.0 AppleWebKit/537.36 (KHTML, like Gecko; compatible; GPTBot/1.3; +https://openai.com/gptbot)" 130 **0/130457**
118.139.180.95 - - [14/Mar/2026:05:19:57 -0700] "HEAD /wp-content/uploads/font-awesome/v6.2.0/css/svg-with-js.css HTTP/1.1" 200 - "-" "WordPress/6.9.4; https://indiabettingexchange.in" 10 **0/10278**
209.50.181.247 - - [14/Mar/2026:05:19:57 -0700] "GET /wp-admin/plugins.php HTTP/2.0" 403 854 "-" "Mozilla/5.0 (Windows NT 10.0; Win64; x64) AppleWebKit/537.36 (KHTML, like Gecko) Chrome/124.0.6367.207 Safari/537.36" 180 **0/180188**
74.7.227.158 - - [14/Mar/2026:05:19:57 -0700] "GET /blackjack-ballroom-try-a-part-of-local-casino-perks-and-you-may-thus-a-respected-and-you-will-credible-brand/ HTTP/2.0" 200 15678 "https://indiabettingexchange.in/?p=221027" "Mozilla/5.0 AppleWebKit/537.36 (KHTML, like Gecko; compatible; GPTBot/1.3; +https://openai.com/gptbot)" 188 **0/188604**
118.139.180.95 - - [14/Mar/2026:05:19:57 -0700] "HEAD /wp-content/uploads/font-awesome/v6.2.0/css/svg-with-js.css HTTP/1.1" 200 - "-" "WordPress/6.9.4; https://indiabettingexchange.in" 12 **0/12704**
209.50.181.247 - - [14/Mar/2026:05:19:57 -0700] "GET /wp-admin/plugins.php HTTP/2.0" 403 854 "-" "Mozilla/5.0 (Windows NT 10.0; Win64; x64) AppleWebKit/537.36 (KHTML, like Gecko) Chrome/124.0.6367.207 Safari/537.36" 176 **0/176400**
74.7.227.158 - - [14/Mar/2026:05:19:57 -0700] "GET /?p=221065 HTTP/2.0" 301 1 "https://indiabettingexchange.in/invest-free-revolves-and-you-will-totally-free-potato-chips-in-order-to-profit-game/" "Mozilla/5.0 AppleWebKit/537.36 (KHTML, like Gecko; compatible; GPTBot/1.3; +https://openai.com/gptbot)" 157 **0/157258**
74.7.227.158 - - [14/Mar/2026:05:19:58 -0700] "GET /invest-free-revolves-and-you-will-totally-free-potato-chips-in-order-to-profit-game/ HTTP/2.0" 200 15891 "https://indiabettingexchange.in/?p=221065" "Mozilla/5.0 AppleWebKit/537.36 (KHTML, like Gecko; compatible; GPTBot/1.3; +https://openai.com/gptbot)" 184 **0/184516**
118.139.180.95 - - [14/Mar/2026:05:19:58 -0700] "HEAD /wp-content/uploads/font-awesome/v6.2.0/css/svg-with-js.css HTTP/1.1" 200 - "-" "WordPress/6.9.4; https://indiabettingexchange.in" 8 **0/8463**
209.50.181.247 - - [14/Mar/2026:05:19:58 -0700] "GET /wp-admin/plugins.php HTTP/2.0" 403 854 "-" "Mozilla/5.0 (Windows NT 10.0; Win64; x64) AppleWebKit/537.36 (KHTML, like Gecko) Chrome/124.0.6367.207 Safari/537.36" 183 **0/183501**
74.7.227.158 - - [14/Mar/2026:05:19:58 -0700] "GET /?p=221009 HTTP/2.0" 301 1 "https://indiabettingexchange.in/blackjack-ballroom-is-actually-a-part-of-gambling-enterprise-perks-and-you-can-thus-a-leading-and-you-will-credible-brand/" "Mozilla/5.0 AppleWebKit/537.36 (KHTML, like Gecko; compatible; GPTBot/1.3; +https://openai.com/gptbot)" 143 **0/143498**
118.139.180.95 - - [14/Mar/2026:05:19:58 -0700] "HEAD /wp-content/uploads/font-awesome/v6.2.0/css/svg-with-js.css HTTP/1.1" 200 - "-" "WordPress/6.9.4; https://indiabettingexchange.in" 8 **0/8728**
54.37.118.92 - - [14/Mar/2026:05:19:58 -0700] "GET /beste-erreichbar-spielsaal-land-lesen-sie-dies-weiter-der-dichter-und-denker-2025-erfahrungen-ferner-untersuchung/ HTTP/2.0" 200 16644 "-" "Mozilla/5.0 (compatible; AhrefsBot/7.0; +http://ahrefs.com/robot/)" 213 **0/213724**
209.50.181.247 - - [14/Mar/2026:05:19:58 -0700] "GET /wp-admin/plugins.php HTTP/2.0" 403 854 "-" "Mozilla/5.0 (Windows NT 10.0; Win64; x64) AppleWebKit/537.36 (KHTML, like Gecko) Chrome/124.0.6367.207 Safari/537.36" 173 **0/173163**
74.7.227.158 - - [14/Mar/2026:05:19:59 -0700] "GET /blackjack-ballroom-is-actually-a-part-of-gambling-enterprise-perks-and-you-can-thus-a-leading-and-you-will-credible-brand/ HTTP/2.0" 200 15737 "https://indiabettingexchange.in/?p=221009" "Mozilla/5.0 AppleWebKit/537.36 (KHTML, like Gecko; compatible; GPTBot/1.3; +https://openai.com/gptbot)" 190 **0/190135**
74.7.227.158 - - [14/Mar/2026:05:19:59 -0700] "GET /?p=221030 HTTP/2.0" 301 1 "https://indiabettingexchange.in/ruby-fortune-also-offers-twenty-three-constant-bonuses-having-canadian-professionals/" "Mozilla/5.0 AppleWebKit/537.36 (KHTML, like Gecko; compatible; GPTBot/1.3; +https://openai.com/gptbot)" 124 **0/124507**
74.7.227.158 - - [14/Mar/2026:05:19:59 -0700] "GET /ruby-fortune-also-offers-twenty-three-constant-bonuses-having-canadian-professionals/ HTTP/2.0" 200 16940 "https://indiabettingexchange.in/?p=221030" "Mozilla/5.0 AppleWebKit/537.36 (KHTML, like Gecko; compatible; GPTBot/1.3; +https://openai.com/gptbot)" 197 **0/197729**
65.111.4.115 - - [14/Mar/2026:05:20:00 -0700] "GET /wp-login.php HTTP/2.0" 200 2058 "-" "Mozilla/5.0 (Windows NT 10.0; Win64; x64) AppleWebKit/537.36 (KHTML, like Gecko) Chrome/124.0.6367.207 Safari/537.36" 179 **0/179265**
74.7.227.158 - - [14/Mar/2026:05:20:00 -0700] "GET /with-respect-to-bonuses-huge-resort-gambling-enterprise-even-offers-tempting-bonuses/ HTTP/2.0" 200 15611 "https://indiabettingexchange.in/articles/page/649/" "Mozilla/5.0 AppleWebKit/537.36 (KHTML, like Gecko; compatible; GPTBot/1.3; +https://openai.com/gptbot)" 290 **0/290123**
74.7.227.158 - - [14/Mar/2026:05:20:01 -0700] "GET /greenville-sv-female-escorts-in-washington/ HTTP/2.0" 200 16687 "https://indiabettingexchange.in/articles/page/647/" "Mozilla/5.0 AppleWebKit/537.36 (KHTML, like Gecko; compatible; GPTBot/1.3; +https://openai.com/gptbot)" 379 **0/379273**
65.111.4.115 - - [14/Mar/2026:05:20:02 -0700] "GET /wp-login.php?wp_lang=en_US HTTP/2.0" 200 2062 "-" "Mozilla/5.0 (Windows NT 10.0; Win64; x64) AppleWebKit/537.36 (KHTML, like Gecko) Chrome/124.0.6367.207 Safari/537.36" 1118 **1/1118684**
74.7.227.158 - - [14/Mar/2026:05:20:01 -0700] "GET /yet-still-no-cash-transferred-into-the-my-account-neither-pending-withdrawl-nor-during-my-local-casino-account/ HTTP/2.0" 200 15452 "https://indiabettingexchange.in/articles/page/649/" "Mozilla/5.0 AppleWebKit/537.36 (KHTML, like Gecko; compatible; GPTBot/1.3; +https://openai.com/gptbot)" 1476 **1/1476258**
74.7.227.158 - - [14/Mar/2026:05:20:03 -0700] "GET /welcome-to-onlinecasinocanada-the-official-domestic-for-what-you-linked-to-real-money-internet-casino-canada-other-sites/ HTTP/2.0" 200 16149 "https://indiabettingexchange.in/articles/page/647/" "Mozilla/5.0 AppleWebKit/537.36 (KHTML, like Gecko; compatible; GPTBot/1.3; +https://openai.com/gptbot)" 825 **0/825357**
65.111.4.115 - - [14/Mar/2026:05:20:03 -0700] "POST /wp-login.php?wp_lang=en_US HTTP/2.0" 302 1 "https://indiabettingexchange.in/wp-login.php?wp_lang=en_US" "Mozilla/5.0 (Windows NT 10.0; Win64; x64) AppleWebKit/537.36 (KHTML, like Gecko) Chrome/124.0.6367.207 Safari/537.36" 853 **0/853008**
118.139.180.95 - - [14/Mar/2026:05:20:05 -0700] "HEAD /wp-content/uploads/font-awesome/v6.2.0/css/svg-with-js.css HTTP/1.1" 200 - "-" "WordPress/6.9.4; https://indiabettingexchange.in" 12 **0/12987**
74.7.227.158 - - [14/Mar/2026:05:20:04 -0700] "GET /updating-their-standing-inside-jackpot-urban-area-gambling-establishment-benefits/ HTTP/2.0" 200 15756 "https://indiabettingexchange.in/articles/page/646/" "Mozilla/5.0 AppleWebKit/537.36 (KHTML, like Gecko; compatible; GPTBot/1.3; +https://openai.com/gptbot)" 620 **0/620088**
65.111.4.115 - - [14/Mar/2026:05:20:04 -0700] "GET /wp-admin/ HTTP/2.0" 200 22933 "https://indiabettingexchange.in/wp-login.php?wp_lang=en_US" "Mozilla/5.0 (Windows NT 10.0; Win64; x64) AppleWebKit/537.36 (KHTML, like Gecko) Chrome/124.0.6367.207 Safari/537.36" 943 **0/943295**
74.7.227.158 - - [14/Mar/2026:05:20:05 -0700] "GET /im-sure-very-gambling-establishment-incentives-incorporate-a-specific-bet-requirements/ HTTP/2.0" 200 15631 "https://indiabettingexchange.in/articles/page/647/" "Mozilla/5.0 AppleWebKit/537.36 (KHTML, like Gecko; compatible; GPTBot/1.3; +https://openai.com/gptbot)" 537 **0/537805**
118.139.180.95 - - [14/Mar/2026:05:20:06 -0700] "HEAD /wp-content/uploads/font-awesome/v6.2.0/css/svg-with-js.css HTTP/1.1" 200 - "-" "WordPress/6.9.4; https://indiabettingexchange.in" 14 **0/14853**
65.111.4.115 - - [14/Mar/2026:05:20:06 -0700] "GET /wp-admin/plugins.php HTTP/2.0" 403 854 "-" "Mozilla/5.0 (Windows NT 10.0; Win64; x64) AppleWebKit/537.36 (KHTML, like Gecko) Chrome/124.0.6367.207 Safari/537.36" 323 **0/323301**
74.7.227.158 - - [14/Mar/2026:05:20:06 -0700] "GET /this-type-of-game-comprise-pokies-live-dealer-headings-and-you-can-dining-table-game/ HTTP/2.0" 200 15994 "https://indiabettingexchange.in/articles/page/646/" "Mozilla/5.0 AppleWebKit/537.36 (KHTML, like Gecko; compatible; GPTBot/1.3; +https://openai.com/gptbot)" 391 **0/391528**
118.139.180.95 - - [14/Mar/2026:05:20:07 -0700] "HEAD /wp-content/uploads/font-awesome/v6.2.0/css/svg-with-js.css HTTP/1.1" 200 - "-" "WordPress/6.9.4; https://indiabettingexchange.in" 10 **0/10681**
65.111.4.115 - - [14/Mar/2026:05:20:07 -0700] "GET /wp-admin/plugins.php HTTP/2.0" 403 854 "-" "Mozilla/5.0 (Windows NT 10.0; Win64; x64) AppleWebKit/537.36 (KHTML, like Gecko) Chrome/124.0.6367.207 Safari/537.36" 331 **0/331984**
74.7.227.158 - - [14/Mar/2026:05:20:07 -0700] "GET /the-brand-new-casino-frequently-releases-themed-events-linked-with-getaways-the-brand-new-game-releases-or-significant-wear-year/ HTTP/2.0" 200 15944 "https://indiabettingexchange.in/articles/page/646/" "Mozilla/5.0 AppleWebKit/537.36 (KHTML, like Gecko; compatible; GPTBot/1.3; +https://openai.com/gptbot)" 438 **0/438451**
118.139.180.95 - - [14/Mar/2026:05:20:07 -0700] "HEAD /wp-content/uploads/font-awesome/v6.2.0/css/svg-with-js.css HTTP/1.1" 200 - "-" "WordPress/6.9.4; https://indiabettingexchange.in" 11 **0/11785**
65.111.4.115 - - [14/Mar/2026:05:20:07 -0700] "GET /wp-admin/plugins.php HTTP/2.0" 403 854 "-" "Mozilla/5.0 (Windows NT 10.0; Win64; x64) AppleWebKit/537.36 (KHTML, like Gecko) Chrome/124.0.6367.207 Safari/537.36" 286 **0/286490**
74.7.227.158 - - [14/Mar/2026:05:20:07 -0700] "GET /golden-tiger-is-limited-in-a-number-of-regions-however-specifically-the-united-states-continental-european-countries-and-you-may-australian-continent/ HTTP/2.0" 200 15822 "https://indiabettingexchange.in/articles/page/648/" "Mozilla/5.0 AppleWebKit/537.36 (KHTML, like Gecko; compatible; GPTBot/1.3; +https://openai.com/gptbot)" 388 **0/388714**
118.139.180.95 - - [14/Mar/2026:05:20:08 -0700] "HEAD /wp-content/uploads/font-awesome/v6.2.0/css/svg-with-js.css HTTP/1.1" 200 - "-" "WordPress/6.9.4; https://indiabettingexchange.in" 10 **0/10643**
65.111.4.115 - - [14/Mar/2026:05:20:08 -0700] "GET /wp-admin/plugins.php HTTP/2.0" 403 854 "-" "Mozilla/5.0 (Windows NT 10.0; Win64; x64) AppleWebKit/537.36 (KHTML, like Gecko) Chrome/124.0.6367.207 Safari/537.36" 288 **0/288180**
74.7.227.158 - - [14/Mar/2026:05:20:08 -0700] "GET /strategisk-bonusjakt-maximera-vinstchanserna-pa-online-kasinon/ HTTP/2.0" 200 16155 "https://indiabettingexchange.in/articles/page/647/" "Mozilla/5.0 AppleWebKit/537.36 (KHTML, like Gecko; compatible; GPTBot/1.3; +https://openai.com/gptbot)" 354 **0/354266**
118.139.180.95 - - [14/Mar/2026:05:20:09 -0700] "HEAD /wp-content/uploads/font-awesome/v6.2.0/css/svg-with-js.css HTTP/1.1" 200 - "-" "WordPress/6.9.4; https://indiabettingexchange.in" 11 **0/11989**
65.111.4.115 - - [14/Mar/2026:05:20:09 -0700] "GET /wp-admin/plugins.php HTTP/2.0" 403 854 "-" "Mozilla/5.0 (Windows NT 10.0; Win64; x64) AppleWebKit/537.36 (KHTML, like Gecko) Chrome/124.0.6367.207 Safari/537.36" 229 **0/229326**
74.7.227.158 - - [14/Mar/2026:05:20:09 -0700] "GET /you-simply-will-not-select-the-rocketplay-gambling-enterprise-application-around-the-newest-tabs-because-will-not-exist-yet/ HTTP/2.0" 200 15819 "https://indiabettingexchange.in/articles/page/647/" "Mozilla/5.0 AppleWebKit/537.36 (KHTML, like Gecko; compatible; GPTBot/1.3; +https://openai.com/gptbot)" 359 **0/359172**
118.139.180.95 - - [14/Mar/2026:05:20:09 -0700] "HEAD /wp-content/uploads/font-awesome/v6.2.0/css/svg-with-js.css HTTP/1.1" 200 - "-" "WordPress/6.9.4; https://indiabettingexchange.in" 12 **0/12096**
65.111.4.115 - - [14/Mar/2026:05:20:09 -0700] "GET /wp-admin/plugins.php HTTP/2.0" 403 854 "-" "Mozilla/5.0 (Windows NT 10.0; Win64; x64) AppleWebKit/537.36 (KHTML, like Gecko) Chrome/124.0.6367.207 Safari/537.36" 235 **0/235230**
74.7.227.158 - - [14/Mar/2026:05:20:09 -0700] "GET /?p=220770 HTTP/2.0" 301 1 "https://indiabettingexchange.in/with-respect-to-bonuses-huge-resort-gambling-enterprise-even-offers-tempting-bonuses/" "Mozilla/5.0 AppleWebKit/537.36 (KHTML, like Gecko; compatible; GPTBot/1.3; +https://openai.com/gptbot)" 191 **0/191121**
118.139.180.95 - - [14/Mar/2026:05:20:10 -0700] "HEAD /wp-content/uploads/font-awesome/v6.2.0/css/svg-with-js.css HTTP/1.1" 200 - "-" "WordPress/6.9.4; https://indiabettingexchange.in" 9 **0/9373**
74.7.227.158 - - [14/Mar/2026:05:20:10 -0700] "GET /with-respect-to-bonuses-huge-resort-gambling-enterprise-even-offers-tempting-bonuses/ HTTP/2.0" 200 15610 "https://indiabettingexchange.in/?p=220770" "Mozilla/5.0 AppleWebKit/537.36 (KHTML, like Gecko; compatible; GPTBot/1.3; +https://openai.com/gptbot)" 307 **0/307799**
65.111.4.115 - - [14/Mar/2026:05:20:10 -0700] "GET /wp-admin/plugins.php HTTP/2.0" 403 854 "-" "Mozilla/5.0 (Windows NT 10.0; Win64; x64) AppleWebKit/537.36 (KHTML, like Gecko) Chrome/124.0.6367.207 Safari/537.36" 257 **0/257264**
