74.7.227.158 - - [14/Mar/2026:05:20:45 -0700] "GET /?p=220990 HTTP/2.0" 301 1 "https://indiabettingexchange.in/therefore-we-now-have-detail-by-detail-a-number-of-the-finest-positives-and-negatives-to-arrange-you/" "Mozilla/5.0 AppleWebKit/537.36 (KHTML, like Gecko; compatible; GPTBot/1.3; +https://openai.com/gptbot)" 126 **0/126519**
74.7.227.158 - - [14/Mar/2026:05:20:46 -0700] "GET /therefore-we-now-have-detail-by-detail-a-number-of-the-finest-positives-and-negatives-to-arrange-you/ HTTP/2.0" 200 15600 "https://indiabettingexchange.in/?p=220990" "Mozilla/5.0 AppleWebKit/537.36 (KHTML, like Gecko; compatible; GPTBot/1.3; +https://openai.com/gptbot)" 190 **0/190496**
45.3.36.122 - - [14/Mar/2026:05:20:46 -0700] "GET /wp-login.php HTTP/2.0" 200 2058 "-" "Mozilla/5.0 (Macintosh; Intel Mac OS X 13_5) AppleWebKit/605.1.15 (KHTML, like Gecko) Version/17.5 Safari/605.1.15" 141 **0/141943**
74.7.227.158 - - [14/Mar/2026:05:20:46 -0700] "GET /?p=220894 HTTP/2.0" 301 1 "https://indiabettingexchange.in/ruby-chance-gambling-establishment-would-not-be-where-it%ef%bf%bds-today-instead-our-very-own-players-ongoing-involvement/" "Mozilla/5.0 AppleWebKit/537.36 (KHTML, like Gecko; compatible; GPTBot/1.3; +https://openai.com/gptbot)" 150 **0/150061**
74.7.227.158 - - [14/Mar/2026:05:20:47 -0700] "GET /ruby-chance-gambling-establishment-would-not-be-where-it%ef%bf%bds-today-instead-our-very-own-players-ongoing-involvement/ HTTP/2.0" 200 16050 "https://indiabettingexchange.in/?p=220894" "Mozilla/5.0 AppleWebKit/537.36 (KHTML, like Gecko; compatible; GPTBot/1.3; +https://openai.com/gptbot)" 219 **0/219413**
74.7.227.158 - - [14/Mar/2026:05:20:47 -0700] "GET /?p=232164 HTTP/2.0" 301 1 "https://indiabettingexchange.in/sitio-publico-referente-a-espana-2025-registro-en-allyspin/" "Mozilla/5.0 AppleWebKit/537.36 (KHTML, like Gecko; compatible; GPTBot/1.3; +https://openai.com/gptbot)" 125 **0/125095**
45.3.36.122 - - [14/Mar/2026:05:20:47 -0700] "GET /wp-login.php?wp_lang=en_US HTTP/2.0" 200 2062 "-" "Mozilla/5.0 (Windows NT 10.0; Win64; x64) AppleWebKit/537.36 (KHTML, like Gecko) Chrome/124.0.6367.207 Safari/537.36" 145 **0/145641**
74.7.227.158 - - [14/Mar/2026:05:20:47 -0700] "GET /sitio-publico-referente-a-espana-2025-registro-en-allyspin/ HTTP/2.0" 200 16931 "https://indiabettingexchange.in/?p=232164" "Mozilla/5.0 AppleWebKit/537.36 (KHTML, like Gecko; compatible; GPTBot/1.3; +https://openai.com/gptbot)" 190 **0/190361**
74.7.227.158 - - [14/Mar/2026:05:20:48 -0700] "GET /?p=221109 HTTP/2.0" 301 1 "https://indiabettingexchange.in/finest-actual-currency-online-casinos-practical-link-publication-january-2026/" "Mozilla/5.0 AppleWebKit/537.36 (KHTML, like Gecko; compatible; GPTBot/1.3; +https://openai.com/gptbot)" 136 **0/136438**
45.3.36.122 - - [14/Mar/2026:05:20:48 -0700] "POST /wp-login.php?wp_lang=en_US HTTP/2.0" 302 1 "https://indiabettingexchange.in/wp-login.php?wp_lang=en_US" "Mozilla/5.0 (Windows NT 10.0; Win64; x64) AppleWebKit/537.36 (KHTML, like Gecko) Chrome/124.0.6367.207 Safari/537.36" 257 **0/257771**
74.7.227.158 - - [14/Mar/2026:05:20:48 -0700] "GET /finest-actual-currency-online-casinos-practical-link-publication-january-2026/ HTTP/2.0" 200 18549 "https://indiabettingexchange.in/?p=221109" "Mozilla/5.0 AppleWebKit/537.36 (KHTML, like Gecko; compatible; GPTBot/1.3; +https://openai.com/gptbot)" 199 **0/199077**
118.139.180.95 - - [14/Mar/2026:05:20:49 -0700] "HEAD /wp-content/uploads/font-awesome/v6.2.0/css/svg-with-js.css HTTP/1.1" 200 - "-" "WordPress/6.9.4; https://indiabettingexchange.in" 8 **0/8795**
45.3.36.122 - - [14/Mar/2026:05:20:49 -0700] "GET /wp-admin/ HTTP/2.0" 200 22919 "https://indiabettingexchange.in/wp-login.php?wp_lang=en_US" "Mozilla/5.0 (Windows NT 10.0; Win64; x64) AppleWebKit/537.36 (KHTML, like Gecko) Chrome/124.0.6367.207 Safari/537.36" 285 **0/285248**
74.7.227.158 - - [14/Mar/2026:05:20:49 -0700] "GET /?p=221077 HTTP/2.0" 301 1 "https://indiabettingexchange.in/washington-stats-against-ucf-picks-predictions-no-deposit-coupons-for-casino-tropez-to-have-january-27-2025/" "Mozilla/5.0 AppleWebKit/537.36 (KHTML, like Gecko; compatible; GPTBot/1.3; +https://openai.com/gptbot)" 144 **0/144107**
74.7.227.158 - - [14/Mar/2026:05:20:49 -0700] "GET /washington-stats-against-ucf-picks-predictions-no-deposit-coupons-for-casino-tropez-to-have-january-27-2025/ HTTP/2.0" 200 18324 "https://indiabettingexchange.in/?p=221077" "Mozilla/5.0 AppleWebKit/537.36 (KHTML, like Gecko; compatible; GPTBot/1.3; +https://openai.com/gptbot)" 200 **0/200354**
74.7.227.158 - - [14/Mar/2026:05:20:50 -0700] "GET /?p=220976 HTTP/2.0" 301 1 "https://indiabettingexchange.in/people-can-register-for-the-fresh-local-casino-on-the-web-otherwise-because-of-a-cellular-device/" "Mozilla/5.0 AppleWebKit/537.36 (KHTML, like Gecko; compatible; GPTBot/1.3; +https://openai.com/gptbot)" 158 **0/158347**
118.139.180.95 - - [14/Mar/2026:05:20:50 -0700] "HEAD /wp-content/uploads/font-awesome/v6.2.0/css/svg-with-js.css HTTP/1.1" 200 - "-" "WordPress/6.9.4; https://indiabettingexchange.in" 8 **0/8629**
45.3.36.122 - - [14/Mar/2026:05:20:50 -0700] "GET /wp-admin/plugins.php HTTP/2.0" 403 854 "-" "Mozilla/5.0 (Windows NT 10.0; Win64; x64) AppleWebKit/537.36 (KHTML, like Gecko) Chrome/124.0.6367.207 Safari/537.36" 198 **0/198467**
74.7.227.158 - - [14/Mar/2026:05:20:50 -0700] "GET /people-can-register-for-the-fresh-local-casino-on-the-web-otherwise-because-of-a-cellular-device/ HTTP/2.0" 200 16184 "https://indiabettingexchange.in/?p=220976" "Mozilla/5.0 AppleWebKit/537.36 (KHTML, like Gecko; compatible; GPTBot/1.3; +https://openai.com/gptbot)" 241 **0/241612**
118.139.180.95 - - [14/Mar/2026:05:20:50 -0700] "HEAD /wp-content/uploads/font-awesome/v6.2.0/css/svg-with-js.css HTTP/1.1" 200 - "-" "WordPress/6.9.4; https://indiabettingexchange.in" 8 **0/8873**
45.3.36.122 - - [14/Mar/2026:05:20:50 -0700] "GET /wp-admin/plugins.php HTTP/2.0" 403 854 "-" "Mozilla/5.0 (Windows NT 10.0; Win64; x64) AppleWebKit/537.36 (KHTML, like Gecko) Chrome/124.0.6367.207 Safari/537.36" 192 **0/192887**
74.7.227.158 - - [14/Mar/2026:05:20:51 -0700] "GET /?p=220746 HTTP/2.0" 301 1 "https://indiabettingexchange.in/beste-norsk-nettkasino-hete-betraktning-er-2026/" "Mozilla/5.0 AppleWebKit/537.36 (KHTML, like Gecko; compatible; GPTBot/1.3; +https://openai.com/gptbot)" 143 **0/143236**
118.139.180.95 - - [14/Mar/2026:05:20:51 -0700] "HEAD /wp-content/uploads/font-awesome/v6.2.0/css/svg-with-js.css HTTP/1.1" 200 - "-" "WordPress/6.9.4; https://indiabettingexchange.in" 9 **0/9761**
45.3.36.122 - - [14/Mar/2026:05:20:51 -0700] "GET /wp-admin/plugins.php HTTP/2.0" 403 854 "-" "Mozilla/5.0 (Windows NT 10.0; Win64; x64) AppleWebKit/537.36 (KHTML, like Gecko) Chrome/124.0.6367.207 Safari/537.36" 195 **0/195882**
74.7.227.158 - - [14/Mar/2026:05:20:51 -0700] "GET /beste-norsk-nettkasino-hete-betraktning-er-2026/ HTTP/2.0" 200 18344 "https://indiabettingexchange.in/?p=220746" "Mozilla/5.0 AppleWebKit/537.36 (KHTML, like Gecko; compatible; GPTBot/1.3; +https://openai.com/gptbot)" 211 **0/211703**
74.7.227.158 - - [14/Mar/2026:05:20:51 -0700] "GET /?p=221033 HTTP/2.0" 301 1 "https://indiabettingexchange.in/ruby-chance-casino-was-an-on-line-casino-which-was-circulated-inside-the-2003/" "Mozilla/5.0 AppleWebKit/537.36 (KHTML, like Gecko; compatible; GPTBot/1.3; +https://openai.com/gptbot)" 129 **0/129217**
118.139.180.95 - - [14/Mar/2026:05:20:52 -0700] "HEAD /wp-content/uploads/font-awesome/v6.2.0/css/svg-with-js.css HTTP/1.1" 200 - "-" "WordPress/6.9.4; https://indiabettingexchange.in" 11 **0/11585**
45.3.36.122 - - [14/Mar/2026:05:20:51 -0700] "GET /wp-admin/plugins.php HTTP/2.0" 403 854 "-" "Mozilla/5.0 (Windows NT 10.0; Win64; x64) AppleWebKit/537.36 (KHTML, like Gecko) Chrome/124.0.6367.207 Safari/537.36" 161 **0/161380**
74.7.227.158 - - [14/Mar/2026:05:20:52 -0700] "GET /ruby-chance-casino-was-an-on-line-casino-which-was-circulated-inside-the-2003/ HTTP/2.0" 200 16392 "https://indiabettingexchange.in/?p=221033" "Mozilla/5.0 AppleWebKit/537.36 (KHTML, like Gecko; compatible; GPTBot/1.3; +https://openai.com/gptbot)" 184 **0/184550**
118.139.180.95 - - [14/Mar/2026:05:20:52 -0700] "HEAD /wp-content/uploads/font-awesome/v6.2.0/css/svg-with-js.css HTTP/1.1" 200 - "-" "WordPress/6.9.4; https://indiabettingexchange.in" 11 **0/11363**
45.3.36.122 - - [14/Mar/2026:05:20:52 -0700] "GET /wp-admin/plugins.php HTTP/2.0" 403 854 "-" "Mozilla/5.0 (Windows NT 10.0; Win64; x64) AppleWebKit/537.36 (KHTML, like Gecko) Chrome/124.0.6367.207 Safari/537.36" 205 **0/205302**
74.7.227.158 - - [14/Mar/2026:05:20:52 -0700] "GET /?p=220734 HTTP/2.0" 301 1 "https://indiabettingexchange.in/delight-in-100-free-casino-games-inside-the-trial-form-for-the-local-casino-guru/" "Mozilla/5.0 AppleWebKit/537.36 (KHTML, like Gecko; compatible; GPTBot/1.3; +https://openai.com/gptbot)" 116 **0/116009**
118.139.180.95 - - [14/Mar/2026:05:20:53 -0700] "HEAD /wp-content/uploads/font-awesome/v6.2.0/css/svg-with-js.css HTTP/1.1" 200 - "-" "WordPress/6.9.4; https://indiabettingexchange.in" 8 **0/8938**
45.3.36.122 - - [14/Mar/2026:05:20:53 -0700] "GET /wp-admin/plugins.php HTTP/2.0" 403 854 "-" "Mozilla/5.0 (Windows NT 10.0; Win64; x64) AppleWebKit/537.36 (KHTML, like Gecko) Chrome/124.0.6367.207 Safari/537.36" 182 **0/182070**
74.7.227.158 - - [14/Mar/2026:05:20:53 -0700] "GET /delight-in-100-free-casino-games-inside-the-trial-form-for-the-local-casino-guru/ HTTP/2.0" 200 15840 "https://indiabettingexchange.in/?p=220734" "Mozilla/5.0 AppleWebKit/537.36 (KHTML, like Gecko; compatible; GPTBot/1.3; +https://openai.com/gptbot)" 210 **0/210294**
118.139.180.95 - - [14/Mar/2026:05:20:53 -0700] "HEAD /wp-content/uploads/font-awesome/v6.2.0/css/svg-with-js.css HTTP/1.1" 200 - "-" "WordPress/6.9.4; https://indiabettingexchange.in" 8 **0/8299**
45.3.36.122 - - [14/Mar/2026:05:20:53 -0700] "GET /wp-admin/plugins.php HTTP/2.0" 403 854 "-" "Mozilla/5.0 (Windows NT 10.0; Win64; x64) AppleWebKit/537.36 (KHTML, like Gecko) Chrome/124.0.6367.207 Safari/537.36" 161 **0/161504**
74.7.227.158 - - [14/Mar/2026:05:20:53 -0700] "GET /grand-mondial-casino-might-have-been-giving-on-line-casino-gambling-as-the-the-founding-within-the-2018/ HTTP/2.0" 200 16704 "https://indiabettingexchange.in/articles/page/649/" "Mozilla/5.0 AppleWebKit/537.36 (KHTML, like Gecko; compatible; GPTBot/1.3; +https://openai.com/gptbot)" 239 **0/239592**
118.139.180.95 - - [14/Mar/2026:05:20:54 -0700] "HEAD /wp-content/uploads/font-awesome/v6.2.0/css/svg-with-js.css HTTP/1.1" 200 - "-" "WordPress/6.9.4; https://indiabettingexchange.in" 9 **0/9961**
45.3.36.122 - - [14/Mar/2026:05:20:54 -0700] "GET /wp-admin/plugins.php HTTP/2.0" 403 854 "-" "Mozilla/5.0 (Windows NT 10.0; Win64; x64) AppleWebKit/537.36 (KHTML, like Gecko) Chrome/124.0.6367.207 Safari/537.36" 172 **0/172276**
74.7.227.158 - - [14/Mar/2026:05:20:54 -0700] "GET /anstifte-blackjack-online-blackjack-dans-pa-nett-2026/ HTTP/2.0" 200 18377 "https://indiabettingexchange.in/articles/page/649/" "Mozilla/5.0 AppleWebKit/537.36 (KHTML, like Gecko; compatible; GPTBot/1.3; +https://openai.com/gptbot)" 217 **0/217441**
118.139.180.95 - - [14/Mar/2026:05:20:54 -0700] "HEAD /wp-content/uploads/font-awesome/v6.2.0/css/svg-with-js.css HTTP/1.1" 200 - "-" "WordPress/6.9.4; https://indiabettingexchange.in" 10 **0/10287**
45.3.36.122 - - [14/Mar/2026:05:20:54 -0700] "GET /wp-admin/plugins.php HTTP/2.0" 403 854 "-" "Mozilla/5.0 (Windows NT 10.0; Win64; x64) AppleWebKit/537.36 (KHTML, like Gecko) Chrome/124.0.6367.207 Safari/537.36" 201 **0/201639**
74.7.227.158 - - [14/Mar/2026:05:20:54 -0700] "GET /villento-gambling-enterprise-was-a-legitimate-microgaming-gambling-on-line-web-site-having-existed-since-the-2006/ HTTP/2.0" 200 16114 "https://indiabettingexchange.in/articles/page/648/" "Mozilla/5.0 AppleWebKit/537.36 (KHTML, like Gecko; compatible; GPTBot/1.3; +https://openai.com/gptbot)" 203 **0/203258**
118.139.180.95 - - [14/Mar/2026:05:20:55 -0700] "HEAD /wp-content/uploads/font-awesome/v6.2.0/css/svg-with-js.css HTTP/1.1" 200 - "-" "WordPress/6.9.4; https://indiabettingexchange.in" 7 **0/7682**
45.3.36.122 - - [14/Mar/2026:05:20:55 -0700] "GET /wp-admin/plugins.php HTTP/2.0" 403 854 "-" "Mozilla/5.0 (Windows NT 10.0; Win64; x64) AppleWebKit/537.36 (KHTML, like Gecko) Chrome/124.0.6367.207 Safari/537.36" 177 **0/177566**
74.7.227.158 - - [14/Mar/2026:05:20:55 -0700] "GET /he-is-shown-since-a-parallel-of-the-extra-number-like-%ef%bf%bd30x-the-main-benefit/ HTTP/2.0" 200 15671 "https://indiabettingexchange.in/articles/page/646/" "Mozilla/5.0 AppleWebKit/537.36 (KHTML, like Gecko; compatible; GPTBot/1.3; +https://openai.com/gptbot)" 191 **0/191268**
118.139.180.95 - - [14/Mar/2026:05:20:55 -0700] "HEAD /wp-content/uploads/font-awesome/v6.2.0/css/svg-with-js.css HTTP/1.1" 200 - "-" "WordPress/6.9.4; https://indiabettingexchange.in" 10 **0/10539**
45.3.36.122 - - [14/Mar/2026:05:20:55 -0700] "GET /wp-admin/plugins.php HTTP/2.0" 403 854 "-" "Mozilla/5.0 (Windows NT 10.0; Win64; x64) AppleWebKit/537.36 (KHTML, like Gecko) Chrome/124.0.6367.207 Safari/537.36" 173 **0/173649**
47.128.24.236 - - [14/Mar/2026:05:20:55 -0700] "GET /kredit-onlajn-ukraina-vzjat-kredit-onlajn-na-kartu/ HTTP/2.0" 403 158076 "-" "Mozilla/5.0 (Linux; Android 5.0) AppleWebKit/537.36 (KHTML, like Gecko) Mobile Safari/537.36 (compatible; Bytespider; spider-feedback@bytedance.com)" 315 **0/315870**
74.7.227.158 - - [14/Mar/2026:05:20:55 -0700] "GET /it%EF%BF%BDs-really-worth-bringing-up-your-quantity-of-certificates-you-to-a-good-local-casino-keeps-does-not-matter/ HTTP/2.0" 200 15646 "https://indiabettingexchange.in/it%ef%bf%bds-really-worth-bringing-up-your-quantity-of-certificates-you-to-a-good-local-casino-keeps-does-not-matter/" "Mozilla/5.0 AppleWebKit/537.36 (KHTML, like Gecko; compatible; GPTBot/1.3; +https://openai.com/gptbot)" 223 **0/223942**
118.139.180.95 - - [14/Mar/2026:05:20:56 -0700] "HEAD /wp-content/uploads/font-awesome/v6.2.0/css/svg-with-js.css HTTP/1.1" 200 - "-" "WordPress/6.9.4; https://indiabettingexchange.in" 10 **0/10266**
45.3.36.122 - - [14/Mar/2026:05:20:56 -0700] "GET /wp-admin/themes.php HTTP/2.0" 403 854 "-" "Mozilla/5.0 (Windows NT 10.0; Win64; x64) AppleWebKit/537.36 (KHTML, like Gecko) Chrome/124.0.6367.207 Safari/537.36" 197 **0/197680**
47.128.24.236 - - [14/Mar/2026:05:20:56 -0700] "GET /wp-content/themes/aurum/assets/js/nivo-lightbox/themes/default/default.css HTTP/2.0" 404 8213 "https://indiabettingexchange.in/kredit-onlajn-ukraina-vzjat-kredit-onlajn-na-kartu/" "Mozilla/5.0 (Linux; Android 5.0) AppleWebKit/537.36 (KHTML, like Gecko) Mobile Safari/537.36 (compatible; Bytespider; spider-feedback@bytedance.com)" 199 **0/199264**
47.128.24.236 - - [14/Mar/2026:05:20:56 -0700] "GET /wp-content/themes/aurum/assets/js/nivo-lightbox/nivo-lightbox.css HTTP/2.0" 404 8214 "https://indiabettingexchange.in/kredit-onlajn-ukraina-vzjat-kredit-onlajn-na-kartu/" "Mozilla/5.0 (Linux; Android 5.0) AppleWebKit/537.36 (KHTML, like Gecko) Mobile Safari/537.36 (compatible; Bytespider; spider-feedback@bytedance.com)" 257 **0/257648**
47.128.24.236 - - [14/Mar/2026:05:20:56 -0700] "GET /wp-includes/css/dist/block-library/style.min.css?ver=6.9.4 HTTP/2.0" 404 8214 "https://indiabettingexchange.in/kredit-onlajn-ukraina-vzjat-kredit-onlajn-na-kartu/" "Mozilla/5.0 (Linux; Android 5.0) AppleWebKit/537.36 (KHTML, like Gecko) Mobile Safari/537.36 (compatible; Bytespider; spider-feedback@bytedance.com)" 258 **0/258582**
47.128.24.236 - - [14/Mar/2026:05:20:56 -0700] "GET /wp-content/uploads/font-awesome/v6.2.0/css/svg-with-js.css HTTP/2.0" 404 8214 "https://indiabettingexchange.in/kredit-onlajn-ukraina-vzjat-kredit-onlajn-na-kartu/" "Mozilla/5.0 (Linux; Android 5.0) AppleWebKit/537.36 (KHTML, like Gecko) Mobile Safari/537.36 (compatible; Bytespider; spider-feedback@bytedance.com)" 267 **0/267181**
47.128.24.236 - - [14/Mar/2026:05:20:56 -0700] "GET /wp-content/plugins/the-post-grid/assets/vendor/font-awesome/css/font-awesome.min.css?ver=7.8.9 HTTP/2.0" 404 8214 "https://indiabettingexchange.in/kredit-onlajn-ukraina-vzjat-kredit-onlajn-na-kartu/" "Mozilla/5.0 (Linux; Android 5.0) AppleWebKit/537.36 (KHTML, like Gecko) Mobile Safari/537.36 (compatible; Bytespider; spider-feedback@bytedance.com)" 239 **0/239222**
74.7.227.158 - - [14/Mar/2026:05:20:56 -0700] "GET /rocket-popiplay-prize-pond-twenty-three-000-eur-skyrocket-fresh-spins-honor-pond-5-000-eur/ HTTP/2.0" 200 15844 "https://indiabettingexchange.in/articles/page/647/" "Mozilla/5.0 AppleWebKit/537.36 (KHTML, like Gecko; compatible; GPTBot/1.3; +https://openai.com/gptbot)" 333 **0/333131**
47.128.24.236 - - [14/Mar/2026:05:20:56 -0700] "GET /wp-content/themes/aurum/assets/css/fonts/font-awesome/css/font-awesome.min.css HTTP/2.0" 404 8214 "https://indiabettingexchange.in/kredit-onlajn-ukraina-vzjat-kredit-onlajn-na-kartu/" "Mozilla/5.0 (Linux; Android 5.0) AppleWebKit/537.36 (KHTML, like Gecko) Mobile Safari/537.36 (compatible; Bytespider; spider-feedback@bytedance.com)" 226 **0/226321**
47.128.24.236 - - [14/Mar/2026:05:20:56 -0700] "GET /wp-content/plugins/the-post-grid/assets/css/thepostgrid.min.css?ver=7.8.9 HTTP/2.0" 404 8213 "https://indiabettingexchange.in/kredit-onlajn-ukraina-vzjat-kredit-onlajn-na-kartu/" "Mozilla/5.0 (Linux; Android 5.0) AppleWebKit/537.36 (KHTML, like Gecko) Mobile Safari/537.36 (compatible; Bytespider; spider-feedback@bytedance.com)" 235 **0/235590**
47.128.24.236 - - [14/Mar/2026:05:20:56 -0700] "GET /wp-content/themes/aurum/assets/css/fonts/aurum-icons/font-icons.css HTTP/2.0" 404 8215 "https://indiabettingexchange.in/kredit-onlajn-ukraina-vzjat-kredit-onlajn-na-kartu/" "Mozilla/5.0 (Linux; Android 5.0) AppleWebKit/537.36 (KHTML, like Gecko) Mobile Safari/537.36 (compatible; Bytespider; spider-feedback@bytedance.com)" 208 **0/208146**
118.139.180.95 - - [14/Mar/2026:05:20:56 -0700] "HEAD /wp-content/uploads/font-awesome/v6.2.0/css/svg-with-js.css HTTP/1.1" 200 - "-" "WordPress/6.9.4; https://indiabettingexchange.in" 10 **0/10089**
47.128.24.236 - - [14/Mar/2026:05:20:56 -0700] "GET /wp-content/themes/aurum/assets/css/bootstrap.css?ver=3.15 HTTP/2.0" 404 8214 "https://indiabettingexchange.in/kredit-onlajn-ukraina-vzjat-kredit-onlajn-na-kartu/" "Mozilla/5.0 (Linux; Android 5.0) AppleWebKit/537.36 (KHTML, like Gecko) Mobile Safari/537.36 (compatible; Bytespider; spider-feedback@bytedance.com)" 195 **0/195570**
45.3.36.122 - - [14/Mar/2026:05:20:56 -0700] "GET /wp-admin/themes.php HTTP/2.0" 403 854 "-" "Mozilla/5.0 (Windows NT 10.0; Win64; x64) AppleWebKit/537.36 (KHTML, like Gecko) Chrome/124.0.6367.207 Safari/537.36" 197 **0/197777**
47.128.24.236 - - [14/Mar/2026:05:20:56 -0700] "GET /wp-content/themes/aurum/assets/css/aurum.css?ver=3.15 HTTP/2.0" 404 8214 "https://indiabettingexchange.in/kredit-onlajn-ukraina-vzjat-kredit-onlajn-na-kartu/" "Mozilla/5.0 (Linux; Android 5.0) AppleWebKit/537.36 (KHTML, like Gecko) Mobile Safari/537.36 (compatible; Bytespider; spider-feedback@bytedance.com)" 193 **0/193226**
47.128.24.236 - - [14/Mar/2026:05:20:56 -0700] "GET /wp-content/themes/aurum-child/style.css?ver=6.9.4 HTTP/2.0" 404 8214 "https://indiabettingexchange.in/kredit-onlajn-ukraina-vzjat-kredit-onlajn-na-kartu/" "Mozilla/5.0 (Linux; Android 5.0) AppleWebKit/537.36 (KHTML, like Gecko) Mobile Safari/537.36 (compatible; Bytespider; spider-feedback@bytedance.com)" 194 **0/194400**
74.7.227.158 - - [14/Mar/2026:05:20:57 -0700] "GET /strategisk-bonusjakt-maximera-vinstchanserna-pa-online-kasinon/feed/ HTTP/2.0" 200 411 "https://indiabettingexchange.in/strategisk-bonusjakt-maximera-vinstchanserna-pa-online-kasinon/" "Mozilla/5.0 AppleWebKit/537.36 (KHTML, like Gecko; compatible; GPTBot/1.3; +https://openai.com/gptbot)" 140 **0/140781**
47.128.24.236 - - [14/Mar/2026:05:20:57 -0700] "GET /wp-content/uploads/2022/11/1-e1668155022728.png HTTP/2.0" 404 35516 "https://indiabettingexchange.in/kredit-onlajn-ukraina-vzjat-kredit-onlajn-na-kartu/" "Mozilla/5.0 (Linux; Android 5.0) AppleWebKit/537.36 (KHTML, like Gecko) Mobile Safari/537.36 (compatible; Bytespider; spider-feedback@bytedance.com)" 185 **0/185997**
47.128.24.236 - - [14/Mar/2026:05:20:57 -0700] "GET /wp-content/uploads/2023/01/2-1.png HTTP/2.0" 404 35515 "https://indiabettingexchange.in/kredit-onlajn-ukraina-vzjat-kredit-onlajn-na-kartu/" "Mozilla/5.0 (Linux; Android 5.0) AppleWebKit/537.36 (KHTML, like Gecko) Mobile Safari/537.36 (compatible; Bytespider; spider-feedback@bytedance.com)" 185 **0/185824**
118.139.180.95 - - [14/Mar/2026:05:20:57 -0700] "HEAD /wp-content/uploads/font-awesome/v6.2.0/css/svg-with-js.css HTTP/1.1" 200 - "-" "WordPress/6.9.4; https://indiabettingexchange.in" 8 **0/8017**
45.3.36.122 - - [14/Mar/2026:05:20:57 -0700] "GET /wp-admin/themes.php HTTP/2.0" 403 854 "-" "Mozilla/5.0 (Windows NT 10.0; Win64; x64) AppleWebKit/537.36 (KHTML, like Gecko) Chrome/124.0.6367.207 Safari/537.36" 186 **0/186212**
47.128.24.236 - - [14/Mar/2026:05:20:57 -0700] "GET /wp-content/uploads/2023/01/3.png HTTP/2.0" 404 35516 "https://indiabettingexchange.in/kredit-onlajn-ukraina-vzjat-kredit-onlajn-na-kartu/" "Mozilla/5.0 (Linux; Android 5.0) AppleWebKit/537.36 (KHTML, like Gecko) Mobile Safari/537.36 (compatible; Bytespider; spider-feedback@bytedance.com)" 196 **0/196612**
47.128.24.236 - - [14/Mar/2026:05:20:57 -0700] "GET /wp-content/uploads/2023/01/BFB-Main.png HTTP/2.0" 404 35515 "https://indiabettingexchange.in/kredit-onlajn-ukraina-vzjat-kredit-onlajn-na-kartu/" "Mozilla/5.0 (Linux; Android 5.0) AppleWebKit/537.36 (KHTML, like Gecko) Mobile Safari/537.36 (compatible; Bytespider; spider-feedback@bytedance.com)" 206 **0/206603**
47.128.24.236 - - [14/Mar/2026:05:20:57 -0700] "GET /wp-content/uploads/2023/01/1.png HTTP/2.0" 404 35514 "https://indiabettingexchange.in/kredit-onlajn-ukraina-vzjat-kredit-onlajn-na-kartu/" "Mozilla/5.0 (Linux; Android 5.0) AppleWebKit/537.36 (KHTML, like Gecko) Mobile Safari/537.36 (compatible; Bytespider; spider-feedback@bytedance.com)" 211 **0/211356**
74.7.227.158 - - [14/Mar/2026:05:20:57 -0700] "GET /ruby-chance-gambling-establishment-would-not-be-where-it%EF%BF%BDs-today-instead-our-very-own-players-ongoing-involvement/ HTTP/2.0" 200 16050 "https://indiabettingexchange.in/ruby-chance-gambling-establishment-would-not-be-where-it%ef%bf%bds-today-instead-our-very-own-players-ongoing-involvement/" "Mozilla/5.0 AppleWebKit/537.36 (KHTML, like Gecko; compatible; GPTBot/1.3; +https://openai.com/gptbot)" 222 **0/222748**
118.139.180.95 - - [14/Mar/2026:05:20:57 -0700] "HEAD /wp-content/uploads/font-awesome/v6.2.0/css/svg-with-js.css HTTP/1.1" 200 - "-" "WordPress/6.9.4; https://indiabettingexchange.in" 8 **0/8585**
45.3.36.122 - - [14/Mar/2026:05:20:57 -0700] "GET /wp-admin/themes.php HTTP/2.0" 403 854 "-" "Mozilla/5.0 (Windows NT 10.0; Win64; x64) AppleWebKit/537.36 (KHTML, like Gecko) Chrome/124.0.6367.207 Safari/537.36" 199 **0/199376**
74.7.227.158 - - [14/Mar/2026:05:20:58 -0700] "GET /100-added-bonus-doing-1-000-aud-100-fs/ HTTP/2.0" 200 15465 "https://indiabettingexchange.in/articles/page/647/" "Mozilla/5.0 AppleWebKit/537.36 (KHTML, like Gecko; compatible; GPTBot/1.3; +https://openai.com/gptbot)" 233 **0/233252**
118.139.180.95 - - [14/Mar/2026:05:20:58 -0700] "HEAD /wp-content/uploads/font-awesome/v6.2.0/css/svg-with-js.css HTTP/1.1" 200 - "-" "WordPress/6.9.4; https://indiabettingexchange.in" 9 **0/9380**
45.3.36.122 - - [14/Mar/2026:05:20:58 -0700] "GET /wp-admin/themes.php HTTP/2.0" 403 854 "-" "Mozilla/5.0 (Windows NT 10.0; Win64; x64) AppleWebKit/537.36 (KHTML, like Gecko) Chrome/124.0.6367.207 Safari/537.36" 182 **0/182428**
74.7.227.158 - - [14/Mar/2026:05:20:58 -0700] "GET /a-lot-gate777-lite-login-of-invited-extra/ HTTP/2.0" 200 18417 "https://indiabettingexchange.in/articles/page/646/" "Mozilla/5.0 AppleWebKit/537.36 (KHTML, like Gecko; compatible; GPTBot/1.3; +https://openai.com/gptbot)" 188 **0/188638**
118.139.180.95 - - [14/Mar/2026:05:20:58 -0700] "HEAD /wp-content/uploads/font-awesome/v6.2.0/css/svg-with-js.css HTTP/1.1" 200 - "-" "WordPress/6.9.4; https://indiabettingexchange.in" 8 **0/8974**
45.3.36.122 - - [14/Mar/2026:05:20:58 -0700] "GET /wp-admin/themes.php HTTP/2.0" 403 854 "-" "Mozilla/5.0 (Windows NT 10.0; Win64; x64) AppleWebKit/537.36 (KHTML, like Gecko) Chrome/124.0.6367.207 Safari/537.36" 163 **0/163156**
74.7.227.158 - - [14/Mar/2026:05:20:59 -0700] "GET /wp-json/oembed/1.0/embed?url=https%3A%2F%2Findiabettingexchange.in%2Freally-does-ruby-fortune-canada-bring-support-apps-and-you-will-benefits%2F HTTP/2.0" 200 1318 "https://indiabettingexchange.in/really-does-ruby-fortune-canada-bring-support-apps-and-you-will-benefits/" "Mozilla/5.0 AppleWebKit/537.36 (KHTML, like Gecko; compatible; GPTBot/1.3; +https://openai.com/gptbot)" 162 **0/162867**
118.139.180.95 - - [14/Mar/2026:05:20:59 -0700] "HEAD /wp-content/uploads/font-awesome/v6.2.0/css/svg-with-js.css HTTP/1.1" 200 - "-" "WordPress/6.9.4; https://indiabettingexchange.in" 10 **0/10991**
45.3.36.122 - - [14/Mar/2026:05:20:59 -0700] "GET /wp-admin/themes.php HTTP/2.0" 403 854 "-" "Mozilla/5.0 (Windows NT 10.0; Win64; x64) AppleWebKit/537.36 (KHTML, like Gecko) Chrome/124.0.6367.207 Safari/537.36" 216 **0/216372**
74.7.227.158 - - [14/Mar/2026:05:20:59 -0700] "GET /?p=220722 HTTP/2.0" 301 1 "https://indiabettingexchange.in/grand-mondial-casino-might-have-been-giving-on-line-casino-gambling-as-the-the-founding-within-the-2018/" "Mozilla/5.0 AppleWebKit/537.36 (KHTML, like Gecko; compatible; GPTBot/1.3; +https://openai.com/gptbot)" 128 **0/128042**
118.139.180.95 - - [14/Mar/2026:05:21:00 -0700] "HEAD /wp-content/uploads/font-awesome/v6.2.0/css/svg-with-js.css HTTP/1.1" 200 - "-" "WordPress/6.9.4; https://indiabettingexchange.in" 10 **0/10284**
45.3.36.122 - - [14/Mar/2026:05:20:59 -0700] "GET /wp-admin/themes.php HTTP/2.0" 403 854 "-" "Mozilla/5.0 (Windows NT 10.0; Win64; x64) AppleWebKit/537.36 (KHTML, like Gecko) Chrome/124.0.6367.207 Safari/537.36" 226 **0/226573**
74.7.227.158 - - [14/Mar/2026:05:21:00 -0700] "GET /grand-mondial-casino-might-have-been-giving-on-line-casino-gambling-as-the-the-founding-within-the-2018/ HTTP/2.0" 200 16704 "https://indiabettingexchange.in/?p=220722" "Mozilla/5.0 AppleWebKit/537.36 (KHTML, like Gecko; compatible; GPTBot/1.3; +https://openai.com/gptbot)" 233 **0/233566**
118.139.180.95 - - [14/Mar/2026:05:21:00 -0700] "HEAD /wp-content/uploads/font-awesome/v6.2.0/css/svg-with-js.css HTTP/1.1" 200 - "-" "WordPress/6.9.4; https://indiabettingexchange.in" 10 **0/10074**
74.7.227.158 - - [14/Mar/2026:05:21:00 -0700] "GET /?p=220760 HTTP/2.0" 301 1 "https://indiabettingexchange.in/anstifte-blackjack-online-blackjack-dans-pa-nett-2026/" "Mozilla/5.0 AppleWebKit/537.36 (KHTML, like Gecko; compatible; GPTBot/1.3; +https://openai.com/gptbot)" 158 **0/158586**
45.3.36.122 - - [14/Mar/2026:05:21:00 -0700] "GET /wp-admin/themes.php HTTP/2.0" 403 854 "-" "Mozilla/5.0 (Windows NT 10.0; Win64; x64) AppleWebKit/537.36 (KHTML, like Gecko) Chrome/124.0.6367.207 Safari/537.36" 209 **0/209583**
74.7.227.158 - - [14/Mar/2026:05:21:00 -0700] "GET /anstifte-blackjack-online-blackjack-dans-pa-nett-2026/ HTTP/2.0" 200 18375 "https://indiabettingexchange.in/?p=220760" "Mozilla/5.0 AppleWebKit/537.36 (KHTML, like Gecko; compatible; GPTBot/1.3; +https://openai.com/gptbot)" 274 **0/274518**
118.139.180.95 - - [14/Mar/2026:05:21:01 -0700] "HEAD /wp-content/uploads/font-awesome/v6.2.0/css/svg-with-js.css HTTP/1.1" 200 - "-" "WordPress/6.9.4; https://indiabettingexchange.in" 9 **0/9532**
45.3.36.122 - - [14/Mar/2026:05:21:01 -0700] "GET /wp-admin/themes.php HTTP/2.0" 403 854 "-" "Mozilla/5.0 (Windows NT 10.0; Win64; x64) AppleWebKit/537.36 (KHTML, like Gecko) Chrome/124.0.6367.207 Safari/537.36" 298 **0/298392**
74.7.227.158 - - [14/Mar/2026:05:21:01 -0700] "GET /?p=220820 HTTP/2.0" 301 1 "https://indiabettingexchange.in/villento-gambling-enterprise-was-a-legitimate-microgaming-gambling-on-line-web-site-having-existed-since-the-2006/" "Mozilla/5.0 AppleWebKit/537.36 (KHTML, like Gecko; compatible; GPTBot/1.3; +https://openai.com/gptbot)" 226 **0/226765**
118.139.180.95 - - [14/Mar/2026:05:21:01 -0700] "HEAD /wp-content/uploads/font-awesome/v6.2.0/css/svg-with-js.css HTTP/1.1" 200 - "-" "WordPress/6.9.4; https://indiabettingexchange.in" 13 **0/13346**
45.3.36.122 - - [14/Mar/2026:05:21:01 -0700] "GET /wp-admin/plugins.php HTTP/2.0" 403 854 "-" "Mozilla/5.0 (Windows NT 10.0; Win64; x64) AppleWebKit/537.36 (KHTML, like Gecko) Chrome/124.0.6367.207 Safari/537.36" 318 **0/318047**
74.7.227.158 - - [14/Mar/2026:05:21:01 -0700] "GET /villento-gambling-enterprise-was-a-legitimate-microgaming-gambling-on-line-web-site-having-existed-since-the-2006/ HTTP/2.0" 200 16113 "https://indiabettingexchange.in/?p=220820" "Mozilla/5.0 AppleWebKit/537.36 (KHTML, like Gecko; compatible; GPTBot/1.3; +https://openai.com/gptbot)" 444 **0/444251**
118.139.180.95 - - [14/Mar/2026:05:21:02 -0700] "HEAD /wp-content/uploads/font-awesome/v6.2.0/css/svg-with-js.css HTTP/1.1" 200 - "-" "WordPress/6.9.4; https://indiabettingexchange.in" 9 **0/9995**
45.3.36.122 - - [14/Mar/2026:05:21:02 -0700] "GET /wp-admin/plugins.php HTTP/2.0" 403 854 "-" "Mozilla/5.0 (Windows NT 10.0; Win64; x64) AppleWebKit/537.36 (KHTML, like Gecko) Chrome/124.0.6367.207 Safari/537.36" 299 **0/299339**
74.7.227.158 - - [14/Mar/2026:05:21:02 -0700] "GET /?p=221081 HTTP/2.0" 301 1 "https://indiabettingexchange.in/he-is-shown-since-a-parallel-of-the-extra-number-like-%ef%bf%bd30x-the-main-benefit/" "Mozilla/5.0 AppleWebKit/537.36 (KHTML, like Gecko; compatible; GPTBot/1.3; +https://openai.com/gptbot)" 219 **0/219323**
118.139.180.95 - - [14/Mar/2026:05:21:03 -0700] "HEAD /wp-content/uploads/font-awesome/v6.2.0/css/svg-with-js.css HTTP/1.1" 200 - "-" "WordPress/6.9.4; https://indiabettingexchange.in" 13 **0/13396**
45.3.36.122 - - [14/Mar/2026:05:21:03 -0700] "GET /wp-admin/plugins.php HTTP/2.0" 403 854 "-" "Mozilla/5.0 (Windows NT 10.0; Win64; x64) AppleWebKit/537.36 (KHTML, like Gecko) Chrome/124.0.6367.207 Safari/537.36" 283 **0/283705**
74.7.227.158 - - [14/Mar/2026:05:21:03 -0700] "GET /he-is-shown-since-a-parallel-of-the-extra-number-like-%ef%bf%bd30x-the-main-benefit/ HTTP/2.0" 200 15669 "https://indiabettingexchange.in/?p=221081" "Mozilla/5.0 AppleWebKit/537.36 (KHTML, like Gecko; compatible; GPTBot/1.3; +https://openai.com/gptbot)" 317 **0/317805**
118.139.180.95 - - [14/Mar/2026:05:21:03 -0700] "HEAD /wp-content/uploads/font-awesome/v6.2.0/css/svg-with-js.css HTTP/1.1" 200 - "-" "WordPress/6.9.4; https://indiabettingexchange.in" 8 **0/8923**
74.7.227.158 - - [14/Mar/2026:05:21:03 -0700] "GET /he-is-shown-since-a-parallel-of-the-extra-number-like-%EF%BF%BD30x-the-main-benefit/ HTTP/2.0" 200 15670 "https://indiabettingexchange.in/he-is-shown-since-a-parallel-of-the-extra-number-like-%ef%bf%bd30x-the-main-benefit/" "Mozilla/5.0 AppleWebKit/537.36 (KHTML, like Gecko; compatible; GPTBot/1.3; +https://openai.com/gptbot)" 250 **0/250776**
45.3.36.122 - - [14/Mar/2026:05:21:03 -0700] "GET /wp-admin/plugins.php HTTP/2.0" 403 854 "-" "Mozilla/5.0 (Windows NT 10.0; Win64; x64) AppleWebKit/537.36 (KHTML, like Gecko) Chrome/124.0.6367.207 Safari/537.36" 244 **0/244477**
74.7.227.158 - - [14/Mar/2026:05:21:04 -0700] "GET /?p=220942 HTTP/2.0" 301 1 "https://indiabettingexchange.in/rocket-popiplay-prize-pond-twenty-three-000-eur-skyrocket-fresh-spins-honor-pond-5-000-eur/" "Mozilla/5.0 AppleWebKit/537.36 (KHTML, like Gecko; compatible; GPTBot/1.3; +https://openai.com/gptbot)" 195 **0/195209**
118.139.180.95 - - [14/Mar/2026:05:21:04 -0700] "HEAD /wp-content/uploads/font-awesome/v6.2.0/css/svg-with-js.css HTTP/1.1" 200 - "-" "WordPress/6.9.4; https://indiabettingexchange.in" 8 **0/8728**
45.3.36.122 - - [14/Mar/2026:05:21:04 -0700] "GET /wp-admin/plugins.php HTTP/2.0" 403 854 "-" "Mozilla/5.0 (Windows NT 10.0; Win64; x64) AppleWebKit/537.36 (KHTML, like Gecko) Chrome/124.0.6367.207 Safari/537.36" 205 **0/205906**
74.7.227.158 - - [14/Mar/2026:05:21:04 -0700] "GET /rocket-popiplay-prize-pond-twenty-three-000-eur-skyrocket-fresh-spins-honor-pond-5-000-eur/ HTTP/2.0" 200 15843 "https://indiabettingexchange.in/?p=220942" "Mozilla/5.0 AppleWebKit/537.36 (KHTML, like Gecko; compatible; GPTBot/1.3; +https://openai.com/gptbot)" 221 **0/221764**
118.139.180.95 - - [14/Mar/2026:05:21:05 -0700] "HEAD /wp-content/uploads/font-awesome/v6.2.0/css/svg-with-js.css HTTP/1.1" 200 - "-" "WordPress/6.9.4; https://indiabettingexchange.in" 9 **0/9597**
74.7.227.158 - - [14/Mar/2026:05:21:05 -0700] "GET /wp-json/oembed/1.0/embed?url=https%3A%2F%2Findiabettingexchange.in%2Fwe-have-a-whole-people-intent-on-investigations-and-you-may-evaluating-on-the-internet-casinos%2F HTTP/2.0" 200 1290 "https://indiabettingexchange.in/we-have-a-whole-people-intent-on-investigations-and-you-may-evaluating-on-the-internet-casinos/" "Mozilla/5.0 AppleWebKit/537.36 (KHTML, like Gecko; compatible; GPTBot/1.3; +https://openai.com/gptbot)" 170 **0/170835**
45.3.36.122 - - [14/Mar/2026:05:21:04 -0700] "GET /wp-admin/plugins.php HTTP/2.0" 403 854 "-" "Mozilla/5.0 (Windows NT 10.0; Win64; x64) AppleWebKit/537.36 (KHTML, like Gecko) Chrome/124.0.6367.207 Safari/537.36" 573 **0/573504**
118.139.180.95 - - [14/Mar/2026:05:21:05 -0700] "HEAD /wp-content/uploads/font-awesome/v6.2.0/css/svg-with-js.css HTTP/1.1" 200 - "-" "WordPress/6.9.4; https://indiabettingexchange.in" 8 **0/8602**
45.3.36.122 - - [14/Mar/2026:05:21:05 -0700] "GET /wp-admin/plugins.php HTTP/2.0" 403 854 "-" "Mozilla/5.0 (Windows NT 10.0; Win64; x64) AppleWebKit/537.36 (KHTML, like Gecko) Chrome/124.0.6367.207 Safari/537.36" 171 **0/171383**
74.7.227.158 - - [14/Mar/2026:05:21:05 -0700] "GET /wp-json/oembed/1.0/embed?url=https%3A%2F%2Findiabettingexchange.in%2Fthis-type-of-game-comprise-pokies-live-dealer-headings-and-you-can-dining-table-game%2F HTTP/2.0" 200 1323 "https://indiabettingexchange.in/this-type-of-game-comprise-pokies-live-dealer-headings-and-you-can-dining-table-game/" "Mozilla/5.0 AppleWebKit/537.36 (KHTML, like Gecko; compatible; GPTBot/1.3; +https://openai.com/gptbot)" 131 **0/131452**
118.139.180.95 - - [14/Mar/2026:05:21:06 -0700] "HEAD /wp-content/uploads/font-awesome/v6.2.0/css/svg-with-js.css HTTP/1.1" 200 - "-" "WordPress/6.9.4; https://indiabettingexchange.in" 8 **0/8198**
45.3.36.122 - - [14/Mar/2026:05:21:06 -0700] "GET /wp-admin/plugins.php HTTP/2.0" 403 854 "-" "Mozilla/5.0 (Windows NT 10.0; Win64; x64) AppleWebKit/537.36 (KHTML, like Gecko) Chrome/124.0.6367.207 Safari/537.36" 158 **0/158038**
118.139.180.95 - - [14/Mar/2026:05:21:06 -0700] "HEAD /wp-content/uploads/font-awesome/v6.2.0/css/svg-with-js.css HTTP/1.1" 200 - "-" "WordPress/6.9.4; https://indiabettingexchange.in" 10 **0/10053**
74.7.227.158 - - [14/Mar/2026:05:21:06 -0700] "GET /?p=220940 HTTP/2.0" 301 1 "https://indiabettingexchange.in/100-added-bonus-doing-1-000-aud-100-fs/" "Mozilla/5.0 AppleWebKit/537.36 (KHTML, like Gecko; compatible; GPTBot/1.3; +https://openai.com/gptbot)" 131 **0/131322**
45.3.36.122 - - [14/Mar/2026:05:21:06 -0700] "GET /wp-admin/plugins.php HTTP/2.0" 403 854 "-" "Mozilla/5.0 (Windows NT 10.0; Win64; x64) AppleWebKit/537.36 (KHTML, like Gecko) Chrome/124.0.6367.207 Safari/537.36" 149 **0/149332**
118.139.180.95 - - [14/Mar/2026:05:21:07 -0700] "HEAD /wp-content/uploads/font-awesome/v6.2.0/css/svg-with-js.css HTTP/1.1" 200 - "-" "WordPress/6.9.4; https://indiabettingexchange.in" 9 **0/9737**
45.3.36.122 - - [14/Mar/2026:05:21:07 -0700] "GET /wp-admin/plugins.php HTTP/2.0" 403 854 "-" "Mozilla/5.0 (Windows NT 10.0; Win64; x64) AppleWebKit/537.36 (KHTML, like Gecko) Chrome/124.0.6367.207 Safari/537.36" 165 **0/165854**
74.7.227.158 - - [14/Mar/2026:05:21:07 -0700] "GET /100-added-bonus-doing-1-000-aud-100-fs/ HTTP/2.0" 200 15465 "https://indiabettingexchange.in/?p=220940" "Mozilla/5.0 AppleWebKit/537.36 (KHTML, like Gecko; compatible; GPTBot/1.3; +https://openai.com/gptbot)" 205 **0/205761**
74.7.227.158 - - [14/Mar/2026:05:21:07 -0700] "GET /?p=221085 HTTP/2.0" 301 1 "https://indiabettingexchange.in/a-lot-gate777-lite-login-of-invited-extra/" "Mozilla/5.0 AppleWebKit/537.36 (KHTML, like Gecko; compatible; GPTBot/1.3; +https://openai.com/gptbot)" 133 **0/133562**
74.7.227.158 - - [14/Mar/2026:05:21:07 -0700] "GET /a-lot-gate777-lite-login-of-invited-extra/ HTTP/2.0" 200 18417 "https://indiabettingexchange.in/?p=221085" "Mozilla/5.0 AppleWebKit/537.36 (KHTML, like Gecko; compatible; GPTBot/1.3; +https://openai.com/gptbot)" 194 **0/194289**
104.207.55.202 - - [14/Mar/2026:05:21:08 -0700] "GET /wp-login.php HTTP/2.0" 200 2058 "-" "Mozilla/5.0 (Windows NT 10.0; Win64; x64) AppleWebKit/537.36 (KHTML, like Gecko) Chrome/124.0.6367.207 Safari/537.36" 152 **0/152230**
74.7.227.158 - - [14/Mar/2026:05:21:08 -0700] "GET /100-added-bonus-doing-1-000-aud-100-fs/feed/ HTTP/2.0" 200 389 "https://indiabettingexchange.in/100-added-bonus-doing-1-000-aud-100-fs/" "Mozilla/5.0 AppleWebKit/537.36 (KHTML, like Gecko; compatible; GPTBot/1.3; +https://openai.com/gptbot)" 133 **0/133578**
47.128.24.25 - - [14/Mar/2026:05:21:08 -0700] "GET /theres-not-an-individual-on-line-casino-all-over-you-to-wont-offer-position-game/ HTTP/2.0" 403 16098 "-" "Mozilla/5.0 (Linux; Android 5.0) AppleWebKit/537.36 (KHTML, like Gecko) Mobile Safari/537.36 (compatible; Bytespider; spider-feedback@bytedance.com)" 233 **0/233045**
74.7.227.158 - - [14/Mar/2026:05:21:08 -0700] "GET /wp-json/oembed/1.0/embed?url=https%3A%2F%2Findiabettingexchange.in%2Fvillento-on-line-casino-review-made-their-height-to-your-on-the-line-gambling-business-in-2012%2F HTTP/2.0" 200 1282 "https://indiabettingexchange.in/villento-on-line-casino-review-made-their-height-to-your-on-the-line-gambling-business-in-2012/" "Mozilla/5.0 AppleWebKit/537.36 (KHTML, like Gecko; compatible; GPTBot/1.3; +https://openai.com/gptbot)" 163 **0/163591**
74.7.227.158 - - [14/Mar/2026:05:21:09 -0700] "GET /wp-json/oembed/1.0/embed?url=https%3A%2F%2Findiabettingexchange.in%2Fhere-is-what-you-can-expect-in-the-necessary-casinos-we-mention-towards-our-very-own-web-site%2F HTTP/2.0" 200 1296 "https://indiabettingexchange.in/here-is-what-you-can-expect-in-the-necessary-casinos-we-mention-towards-our-very-own-web-site/" "Mozilla/5.0 AppleWebKit/537.36 (KHTML, like Gecko; compatible; GPTBot/1.3; +https://openai.com/gptbot)" 159 **0/159348**
104.207.55.202 - - [14/Mar/2026:05:21:09 -0700] "GET /wp-login.php?wp_lang=en_US HTTP/2.0" 200 2062 "-" "Mozilla/5.0 (Windows NT 10.0; Win64; x64) AppleWebKit/537.36 (KHTML, like Gecko) Chrome/124.0.6367.207 Safari/537.36" 209 **0/209740**
74.7.227.158 - - [14/Mar/2026:05:21:09 -0700] "GET /wp-json/oembed/1.0/embed?url=https%3A%2F%2Findiabettingexchange.in%2Fvillento-local-casino-earns-an-excellent-seven-ten-get-centered-on-my-investigations-and-you-may-maximus-our-autorank-systems-research%2F HTTP/2.0" 200 1399 "https://indiabettingexchange.in/villento-local-casino-earns-an-excellent-seven-ten-get-centered-on-my-investigations-and-you-may-maximus-our-autorank-systems-research/" "Mozilla/5.0 AppleWebKit/537.36 (KHTML, like Gecko; compatible; GPTBot/1.3; +https://openai.com/gptbot)" 173 **0/173316**
104.207.55.202 - - [14/Mar/2026:05:21:09 -0700] "POST /wp-login.php?wp_lang=en_US HTTP/2.0" 302 1 "https://indiabettingexchange.in/wp-login.php?wp_lang=en_US" "Mozilla/5.0 (Windows NT 10.0; Win64; x64) AppleWebKit/537.36 (KHTML, like Gecko) Chrome/124.0.6367.207 Safari/537.36" 285 **0/285804**
118.139.180.95 - - [14/Mar/2026:05:21:10 -0700] "HEAD /wp-content/uploads/font-awesome/v6.2.0/css/svg-with-js.css HTTP/1.1" 200 - "-" "WordPress/6.9.4; https://indiabettingexchange.in" 8 **0/8199**
74.7.227.158 - - [14/Mar/2026:05:21:10 -0700] "GET /wp-json/oembed/1.0/embed?url=https%3A%2F%2Findiabettingexchange.in%2Fthe-newest-allowed-package-are-nice-yet-the-requirement-on-game-play-will-still-be-needing-enhancement%2F HTTP/2.0" 200 1312 "https://indiabettingexchange.in/the-newest-allowed-package-are-nice-yet-the-requirement-on-game-play-will-still-be-needing-enhancement/" "Mozilla/5.0 AppleWebKit/537.36 (KHTML, like Gecko; compatible; GPTBot/1.3; +https://openai.com/gptbot)" 170 **0/170782**
104.207.55.202 - - [14/Mar/2026:05:21:10 -0700] "GET /wp-admin/ HTTP/2.0" 200 22926 "https://indiabettingexchange.in/wp-login.php?wp_lang=en_US" "Mozilla/5.0 (Windows NT 10.0; Win64; x64) AppleWebKit/537.36 (KHTML, like Gecko) Chrome/124.0.6367.207 Safari/537.36" 260 **0/260412**
74.7.227.158 - - [14/Mar/2026:05:21:11 -0700] "GET /wp-json/oembed/1.0/embed?url=https%3A%2F%2Findiabettingexchange.in%2Fbeing-aware-of-including-facts-is-the-reason-why-an-excellent-on-the-internet-gambling-feel-higher%2F HTTP/2.0" 200 1320 "https://indiabettingexchange.in/being-aware-of-including-facts-is-the-reason-why-an-excellent-on-the-internet-gambling-feel-higher/" "Mozilla/5.0 AppleWebKit/537.36 (KHTML, like Gecko; compatible; GPTBot/1.3; +https://openai.com/gptbot)" 154 **0/154378**
47.128.24.25 - - [14/Mar/2026:05:21:11 -0700] "GET /wp-content/themes/aurum/assets/js/nivo-lightbox/themes/default/default.css HTTP/2.0" 404 8214 "https://indiabettingexchange.in/theres-not-an-individual-on-line-casino-all-over-you-to-wont-offer-position-game/" "Mozilla/5.0 (Linux; Android 5.0) AppleWebKit/537.36 (KHTML, like Gecko) Mobile Safari/537.36 (compatible; Bytespider; spider-feedback@bytedance.com)" 199 **0/199609**
47.128.24.25 - - [14/Mar/2026:05:21:11 -0700] "GET /wp-content/themes/aurum/assets/js/nivo-lightbox/nivo-lightbox.css HTTP/2.0" 404 8215 "https://indiabettingexchange.in/theres-not-an-individual-on-line-casino-all-over-you-to-wont-offer-position-game/" "Mozilla/5.0 (Linux; Android 5.0) AppleWebKit/537.36 (KHTML, like Gecko) Mobile Safari/537.36 (compatible; Bytespider; spider-feedback@bytedance.com)" 277 **0/277921**
47.128.24.25 - - [14/Mar/2026:05:21:11 -0700] "GET /wp-content/uploads/font-awesome/v6.2.0/css/svg-with-js.css HTTP/2.0" 404 8214 "https://indiabettingexchange.in/theres-not-an-individual-on-line-casino-all-over-you-to-wont-offer-position-game/" "Mozilla/5.0 (Linux; Android 5.0) AppleWebKit/537.36 (KHTML, like Gecko) Mobile Safari/537.36 (compatible; Bytespider; spider-feedback@bytedance.com)" 278 **0/278660**
47.128.24.25 - - [14/Mar/2026:05:21:11 -0700] "GET /wp-includes/css/dist/block-library/style.min.css?ver=6.9.4 HTTP/2.0" 404 8214 "https://indiabettingexchange.in/theres-not-an-individual-on-line-casino-all-over-you-to-wont-offer-position-game/" "Mozilla/5.0 (Linux; Android 5.0) AppleWebKit/537.36 (KHTML, like Gecko) Mobile Safari/537.36 (compatible; Bytespider; spider-feedback@bytedance.com)" 200 **0/200418**
118.139.180.95 - - [14/Mar/2026:05:21:11 -0700] "HEAD /wp-content/uploads/font-awesome/v6.2.0/css/svg-with-js.css HTTP/1.1" 200 - "-" "WordPress/6.9.4; https://indiabettingexchange.in" 8 **0/8794**
104.207.55.202 - - [14/Mar/2026:05:21:11 -0700] "GET /wp-admin/plugins.php HTTP/2.0" 403 854 "-" "Mozilla/5.0 (Windows NT 10.0; Win64; x64) AppleWebKit/537.36 (KHTML, like Gecko) Chrome/124.0.6367.207 Safari/537.36" 190 **0/190775**
47.128.24.25 - - [14/Mar/2026:05:21:11 -0700] "GET /wp-content/plugins/the-post-grid/assets/css/thepostgrid.min.css?ver=7.8.9 HTTP/2.0" 404 8214 "https://indiabettingexchange.in/theres-not-an-individual-on-line-casino-all-over-you-to-wont-offer-position-game/" "Mozilla/5.0 (Linux; Android 5.0) AppleWebKit/537.36 (KHTML, like Gecko) Mobile Safari/537.36 (compatible; Bytespider; spider-feedback@bytedance.com)" 205 **0/205949**
74.7.227.158 - - [14/Mar/2026:05:21:11 -0700] "GET /wp-json/oembed/1.0/embed?url=https%3A%2F%2Findiabettingexchange.in%2Fparticipants-can-take-advantage-of-several-incentives-whenever-to-tackle-from-the-on-the-internet-casinos%2F HTTP/2.0" 200 1318 "https://indiabettingexchange.in/participants-can-take-advantage-of-several-incentives-whenever-to-tackle-from-the-on-the-internet-casinos/" "Mozilla/5.0 AppleWebKit/537.36 (KHTML, like Gecko; compatible; GPTBot/1.3; +https://openai.com/gptbot)" 180 **0/180817**
47.128.24.25 - - [14/Mar/2026:05:21:11 -0700] "GET /wp-content/plugins/the-post-grid/assets/vendor/font-awesome/css/font-awesome.min.css?ver=7.8.9 HTTP/2.0" 404 8213 "https://indiabettingexchange.in/theres-not-an-individual-on-line-casino-all-over-you-to-wont-offer-position-game/" "Mozilla/5.0 (Linux; Android 5.0) AppleWebKit/537.36 (KHTML, like Gecko) Mobile Safari/537.36 (compatible; Bytespider; spider-feedback@bytedance.com)" 224 **0/224580**
47.128.24.25 - - [14/Mar/2026:05:21:11 -0700] "GET /wp-content/themes/aurum/assets/css/fonts/aurum-icons/font-icons.css HTTP/2.0" 404 8214 "https://indiabettingexchange.in/theres-not-an-individual-on-line-casino-all-over-you-to-wont-offer-position-game/" "Mozilla/5.0 (Linux; Android 5.0) AppleWebKit/537.36 (KHTML, like Gecko) Mobile Safari/537.36 (compatible; Bytespider; spider-feedback@bytedance.com)" 271 **0/271948**
47.128.24.25 - - [14/Mar/2026:05:21:11 -0700] "GET /wp-content/themes/aurum/assets/css/fonts/font-awesome/css/font-awesome.min.css HTTP/2.0" 404 8213 "https://indiabettingexchange.in/theres-not-an-individual-on-line-casino-all-over-you-to-wont-offer-position-game/" "Mozilla/5.0 (Linux; Android 5.0) AppleWebKit/537.36 (KHTML, like Gecko) Mobile Safari/537.36 (compatible; Bytespider; spider-feedback@bytedance.com)" 294 **0/294064**
47.128.24.25 - - [14/Mar/2026:05:21:11 -0700] "GET /wp-content/themes/aurum/assets/css/bootstrap.css?ver=3.15 HTTP/2.0" 404 8214 "https://indiabettingexchange.in/theres-not-an-individual-on-line-casino-all-over-you-to-wont-offer-position-game/" "Mozilla/5.0 (Linux; Android 5.0) AppleWebKit/537.36 (KHTML, like Gecko) Mobile Safari/537.36 (compatible; Bytespider; spider-feedback@bytedance.com)" 305 **0/305383**
47.128.24.25 - - [14/Mar/2026:05:21:11 -0700] "GET /wp-content/themes/aurum/assets/css/aurum.css?ver=3.15 HTTP/2.0" 404 8215 "https://indiabettingexchange.in/theres-not-an-individual-on-line-casino-all-over-you-to-wont-offer-position-game/" "Mozilla/5.0 (Linux; Android 5.0) AppleWebKit/537.36 (KHTML, like Gecko) Mobile Safari/537.36 (compatible; Bytespider; spider-feedback@bytedance.com)" 198 **0/198555**
118.139.180.95 - - [14/Mar/2026:05:21:11 -0700] "HEAD /wp-content/uploads/font-awesome/v6.2.0/css/svg-with-js.css HTTP/1.1" 200 - "-" "WordPress/6.9.4; https://indiabettingexchange.in" 8 **0/8450**
104.207.55.202 - - [14/Mar/2026:05:21:11 -0700] "GET /wp-admin/plugins.php HTTP/2.0" 403 854 "-" "Mozilla/5.0 (Windows NT 10.0; Win64; x64) AppleWebKit/537.36 (KHTML, like Gecko) Chrome/124.0.6367.207 Safari/537.36" 176 **0/176256**
74.7.227.158 - - [14/Mar/2026:05:21:12 -0700] "GET /wp-json/oembed/1.0/embed?url=https%3A%2F%2Findiabettingexchange.in%2Fwelcome-to-onlinecasinocanada-the-official-domestic-for-what-you-linked-to-real-money-internet-casino-canada-other-sites%2F HTTP/2.0" 200 1304 "https://indiabettingexchange.in/welcome-to-onlinecasinocanada-the-official-domestic-for-what-you-linked-to-real-money-internet-casino-canada-other-sites/" "Mozilla/5.0 AppleWebKit/537.36 (KHTML, like Gecko; compatible; GPTBot/1.3; +https://openai.com/gptbot)" 142 **0/142119**
118.139.180.95 - - [14/Mar/2026:05:21:12 -0700] "HEAD /wp-content/uploads/font-awesome/v6.2.0/css/svg-with-js.css HTTP/1.1" 200 - "-" "WordPress/6.9.4; https://indiabettingexchange.in" 8 **0/8187**
104.207.55.202 - - [14/Mar/2026:05:21:12 -0700] "GET /wp-admin/plugins.php HTTP/2.0" 403 854 "-" "Mozilla/5.0 (Windows NT 10.0; Win64; x64) AppleWebKit/537.36 (KHTML, like Gecko) Chrome/124.0.6367.207 Safari/537.36" 154 **0/154128**
47.128.24.25 - - [14/Mar/2026:05:21:12 -0700] "GET /wp-content/themes/aurum-child/style.css?ver=6.9.4 HTTP/2.0" 404 8215 "https://indiabettingexchange.in/theres-not-an-individual-on-line-casino-all-over-you-to-wont-offer-position-game/" "Mozilla/5.0 (Linux; Android 5.0) AppleWebKit/537.36 (KHTML, like Gecko) Mobile Safari/537.36 (compatible; Bytespider; spider-feedback@bytedance.com)" 156 **0/156962**
47.128.24.25 - - [14/Mar/2026:05:21:12 -0700] "GET /wp-content/uploads/2022/11/1-e1668155022728.png HTTP/2.0" 404 35516 "https://indiabettingexchange.in/theres-not-an-individual-on-line-casino-all-over-you-to-wont-offer-position-game/" "Mozilla/5.0 (Linux; Android 5.0) AppleWebKit/537.36 (KHTML, like Gecko) Mobile Safari/537.36 (compatible; Bytespider; spider-feedback@bytedance.com)" 176 **0/176359**
47.128.24.25 - - [14/Mar/2026:05:21:12 -0700] "GET /wp-content/uploads/2023/01/2-1.png HTTP/2.0" 404 35516 "https://indiabettingexchange.in/theres-not-an-individual-on-line-casino-all-over-you-to-wont-offer-position-game/" "Mozilla/5.0 (Linux; Android 5.0) AppleWebKit/537.36 (KHTML, like Gecko) Mobile Safari/537.36 (compatible; Bytespider; spider-feedback@bytedance.com)" 175 **0/175118**
74.7.227.158 - - [14/Mar/2026:05:21:12 -0700] "GET /wp-json/oembed/1.0/embed?url=https%3A%2F%2Findiabettingexchange.in%2Fgetting-factors-is-simple-and-you-will-enjoyable-merely-gamble-your-chosen-game%2F HTTP/2.0" 200 1315 "https://indiabettingexchange.in/getting-factors-is-simple-and-you-will-enjoyable-merely-gamble-your-chosen-game/" "Mozilla/5.0 AppleWebKit/537.36 (KHTML, like Gecko; compatible; GPTBot/1.3; +https://openai.com/gptbot)" 141 **0/141843**
118.139.180.95 - - [14/Mar/2026:05:21:13 -0700] "HEAD /wp-content/uploads/font-awesome/v6.2.0/css/svg-with-js.css HTTP/1.1" 200 - "-" "WordPress/6.9.4; https://indiabettingexchange.in" 8 **0/8139**
104.207.55.202 - - [14/Mar/2026:05:21:13 -0700] "GET /wp-admin/plugins.php HTTP/2.0" 403 854 "-" "Mozilla/5.0 (Windows NT 10.0; Win64; x64) AppleWebKit/537.36 (KHTML, like Gecko) Chrome/124.0.6367.207 Safari/537.36" 181 **0/181216**
