47.128.24.234 - - [14/Mar/2026:05:13:06 -0700] "GET /wp-content/uploads/2023/01/1.png HTTP/2.0" 404 35521 "https://indiabettingexchange.in/mr-green-spielsaal-erfahrungen-beetle-frenzy-spielautomat-100-pramie-200-freispiele/" "Mozilla/5.0 (Linux; Android 5.0) AppleWebKit/537.36 (KHTML, like Gecko) Mobile Safari/537.36 (compatible; Bytespider; spider-feedback@bytedance.com)" 259 **0/259736**
74.7.227.158 - - [14/Mar/2026:05:13:06 -0700] "GET /title-mgnovennyi-dostup-s-melbet/ HTTP/2.0" 200 17709 "https://indiabettingexchange.in/?p=224602" "Mozilla/5.0 AppleWebKit/537.36 (KHTML, like Gecko; compatible; GPTBot/1.3; +https://openai.com/gptbot)" 192 **0/192275**
74.7.227.158 - - [14/Mar/2026:05:13:07 -0700] "GET /?p=224698 HTTP/2.0" 301 1 "https://indiabettingexchange.in/on-line-pokies-without-put-incentive-and-100-percent-free-revolves-around-australia/" "Mozilla/5.0 AppleWebKit/537.36 (KHTML, like Gecko; compatible; GPTBot/1.3; +https://openai.com/gptbot)" 161 **0/161834**
74.7.227.158 - - [14/Mar/2026:05:13:08 -0700] "GET /on-line-pokies-without-put-incentive-and-100-percent-free-revolves-around-australia/ HTTP/2.0" 200 17769 "https://indiabettingexchange.in/?p=224698" "Mozilla/5.0 AppleWebKit/537.36 (KHTML, like Gecko; compatible; GPTBot/1.3; +https://openai.com/gptbot)" 173 **0/173882**
74.7.227.158 - - [14/Mar/2026:05:13:08 -0700] "GET /?p=224496 HTTP/2.0" 301 1 "https://indiabettingexchange.in/immortal-romance-slot-sizzling-hot-1-depozit-iubit-interzisa-si-online-mahjong-88-bani-reali-premii-generoase/" "Mozilla/5.0 AppleWebKit/537.36 (KHTML, like Gecko; compatible; GPTBot/1.3; +https://openai.com/gptbot)" 149 **0/149555**
74.7.227.158 - - [14/Mar/2026:05:13:08 -0700] "GET /immortal-romance-slot-sizzling-hot-1-depozit-iubit-interzisa-si-online-mahjong-88-bani-reali-premii-generoase/ HTTP/2.0" 200 18586 "https://indiabettingexchange.in/?p=224496" "Mozilla/5.0 AppleWebKit/537.36 (KHTML, like Gecko; compatible; GPTBot/1.3; +https://openai.com/gptbot)" 207 **0/207601**
74.7.227.158 - - [14/Mar/2026:05:13:09 -0700] "GET /?p=224734 HTTP/2.0" 301 1 "https://indiabettingexchange.in/warum-respons-diesseitigen-pino-kasino-vermittlungsprovision-quelltext-bei-bundesrepublik-deutschland-gar-nicht-rechtens-nutzen-kannst/" "Mozilla/5.0 AppleWebKit/537.36 (KHTML, like Gecko; compatible; GPTBot/1.3; +https://openai.com/gptbot)" 130 **0/130383**
74.7.227.158 - - [14/Mar/2026:05:13:09 -0700] "GET /warum-respons-diesseitigen-pino-kasino-vermittlungsprovision-quelltext-bei-bundesrepublik-deutschland-gar-nicht-rechtens-nutzen-kannst/ HTTP/2.0" 200 16649 "https://indiabettingexchange.in/?p=224734" "Mozilla/5.0 AppleWebKit/537.36 (KHTML, like Gecko; compatible; GPTBot/1.3; +https://openai.com/gptbot)" 153 **0/153479**
74.7.227.158 - - [14/Mar/2026:05:13:10 -0700] "GET /?p=224652 HTTP/2.0" 301 1 "https://indiabettingexchange.in/on-line-gambling-web-sites-you-to-undertake-neteller-in-the-united-kingdom-2026/" "Mozilla/5.0 AppleWebKit/537.36 (KHTML, like Gecko; compatible; GPTBot/1.3; +https://openai.com/gptbot)" 141 **0/141244**
74.7.227.158 - - [14/Mar/2026:05:13:10 -0700] "GET /on-line-gambling-web-sites-you-to-undertake-neteller-in-the-united-kingdom-2026/ HTTP/2.0" 200 17865 "https://indiabettingexchange.in/?p=224652" "Mozilla/5.0 AppleWebKit/537.36 (KHTML, like Gecko; compatible; GPTBot/1.3; +https://openai.com/gptbot)" 163 **0/163416**
74.7.227.158 - - [14/Mar/2026:05:13:11 -0700] "GET /?p=224766 HTTP/2.0" 301 1 "https://indiabettingexchange.in/darf-selbst-kostenlose-casinospiele-aufwarts-einem-mobile-phone-oder-einem-capsule-geben/" "Mozilla/5.0 AppleWebKit/537.36 (KHTML, like Gecko; compatible; GPTBot/1.3; +https://openai.com/gptbot)" 136 **0/136719**
74.7.227.158 - - [14/Mar/2026:05:13:11 -0700] "GET /darf-selbst-kostenlose-casinospiele-aufwarts-einem-mobile-phone-oder-einem-capsule-geben/ HTTP/2.0" 200 16919 "https://indiabettingexchange.in/?p=224766" "Mozilla/5.0 AppleWebKit/537.36 (KHTML, like Gecko; compatible; GPTBot/1.3; +https://openai.com/gptbot)" 193 **0/193642**
74.7.227.158 - - [14/Mar/2026:05:13:12 -0700] "GET /?p=224620 HTTP/2.0" 301 1 "https://indiabettingexchange.in/casino-betalingsmetoder-udbetalinger-bland-danske-casinoer/" "Mozilla/5.0 AppleWebKit/537.36 (KHTML, like Gecko; compatible; GPTBot/1.3; +https://openai.com/gptbot)" 124 **0/124101**
74.7.227.158 - - [14/Mar/2026:05:13:12 -0700] "GET /casino-betalingsmetoder-udbetalinger-bland-danske-casinoer/ HTTP/2.0" 200 16698 "https://indiabettingexchange.in/?p=224620" "Mozilla/5.0 AppleWebKit/537.36 (KHTML, like Gecko; compatible; GPTBot/1.3; +https://openai.com/gptbot)" 169 **0/169016**
74.7.227.158 - - [14/Mar/2026:05:13:12 -0700] "GET /?p=224490 HTTP/2.0" 301 1 "https://indiabettingexchange.in/creare-100-rotiri-ice-casino-coduri-promotionale-gratuite-ci-magazie-black-horse-si-tarife/" "Mozilla/5.0 AppleWebKit/537.36 (KHTML, like Gecko; compatible; GPTBot/1.3; +https://openai.com/gptbot)" 148 **0/148700**
74.7.227.158 - - [14/Mar/2026:05:13:13 -0700] "GET /creare-100-rotiri-ice-casino-coduri-promotionale-gratuite-ci-magazie-black-horse-si-tarife/ HTTP/2.0" 200 18754 "https://indiabettingexchange.in/?p=224490" "Mozilla/5.0 AppleWebKit/537.36 (KHTML, like Gecko; compatible; GPTBot/1.3; +https://openai.com/gptbot)" 233 **0/233226**
74.7.227.158 - - [14/Mar/2026:05:13:13 -0700] "GET /?p=224648 HTTP/2.0" 301 1 "https://indiabettingexchange.in/ma-bedste-online-spillemaskiner-ved-hjaelp-af-rigtige-penge-i-dannevan-2026/" "Mozilla/5.0 AppleWebKit/537.36 (KHTML, like Gecko; compatible; GPTBot/1.3; +https://openai.com/gptbot)" 144 **0/144546**
74.7.227.158 - - [14/Mar/2026:05:13:14 -0700] "GET /ma-bedste-online-spillemaskiner-ved-hjaelp-af-rigtige-penge-i-dannevan-2026/ HTTP/2.0" 200 16820 "https://indiabettingexchange.in/?p=224648" "Mozilla/5.0 AppleWebKit/537.36 (KHTML, like Gecko; compatible; GPTBot/1.3; +https://openai.com/gptbot)" 168 **0/168393**
74.7.227.158 - - [14/Mar/2026:05:13:14 -0700] "GET /the-history-of-gambling-is-a-journey-through-time-2/ HTTP/2.0" 200 16654 "https://indiabettingexchange.in/articles/page/632/" "Mozilla/5.0 AppleWebKit/537.36 (KHTML, like Gecko; compatible; GPTBot/1.3; +https://openai.com/gptbot)" 203 **0/203205**
74.7.227.158 - - [14/Mar/2026:05:13:15 -0700] "GET /online-casinoer-chateau-sparta-pr-fusionsenergi-af-sted-rigtige-knap-2025-kan-fungere-sno-kortvarig-pr-danmark/ HTTP/2.0" 200 16937 "https://indiabettingexchange.in/articles/page/631/" "Mozilla/5.0 AppleWebKit/537.36 (KHTML, like Gecko; compatible; GPTBot/1.3; +https://openai.com/gptbot)" 207 **0/207874**
74.7.227.158 - - [14/Mar/2026:05:13:15 -0700] "GET /9-expert-black-jack-tips-to-enjoy-such-a-professional-blackjack-approach/ HTTP/2.0" 200 18295 "https://indiabettingexchange.in/articles/page/631/" "Mozilla/5.0 AppleWebKit/537.36 (KHTML, like Gecko; compatible; GPTBot/1.3; +https://openai.com/gptbot)" 173 **0/173540**
74.7.227.158 - - [14/Mar/2026:05:13:16 -0700] "GET /greatest-internet-casino-bonuses-in-the-us-to-have-2026/ HTTP/2.0" 200 18009 "https://indiabettingexchange.in/articles/page/631/" "Mozilla/5.0 AppleWebKit/537.36 (KHTML, like Gecko; compatible; GPTBot/1.3; +https://openai.com/gptbot)" 223 **0/223990**
74.7.227.158 - - [14/Mar/2026:05:13:16 -0700] "GET /better-2026-harbors-to-experience-for-real-on-line/ HTTP/2.0" 200 18633 "https://indiabettingexchange.in/articles/page/631/" "Mozilla/5.0 AppleWebKit/537.36 (KHTML, like Gecko; compatible; GPTBot/1.3; +https://openai.com/gptbot)" 208 **0/208296**
74.7.227.158 - - [14/Mar/2026:05:13:17 -0700] "GET /finest-5-invited-incentives-to-own-players-in-the-2025/ HTTP/2.0" 200 16954 "https://indiabettingexchange.in/articles/page/633/" "Mozilla/5.0 AppleWebKit/537.36 (KHTML, like Gecko; compatible; GPTBot/1.3; +https://openai.com/gptbot)" 198 **0/198264**
74.7.227.158 - - [14/Mar/2026:05:13:18 -0700] "GET /rotiri-gratuite-sanse-de-a-castiga-pirates-gold-ci-depunere-2026-oferte-care-500-free-spins/ HTTP/2.0" 200 18202 "https://indiabettingexchange.in/articles/page/632/" "Mozilla/5.0 AppleWebKit/537.36 (KHTML, like Gecko; compatible; GPTBot/1.3; +https://openai.com/gptbot)" 220 **0/220989**
74.7.227.158 - - [14/Mar/2026:05:13:18 -0700] "GET /goldenvegas-online-belgia-casino-spel-bonussen-94/ HTTP/2.0" 200 318549 "https://indiabettingexchange.in/articles/page/632/" "Mozilla/5.0 AppleWebKit/537.36 (KHTML, like Gecko; compatible; GPTBot/1.3; +https://openai.com/gptbot)" 241 **0/241474**
74.7.227.158 - - [14/Mar/2026:05:13:19 -0700] "GET /beste-nettcasinoer-casino-slot-bells-on-fire-og-autentisk-penger-2026/ HTTP/2.0" 200 18302 "https://indiabettingexchange.in/articles/page/630/" "Mozilla/5.0 AppleWebKit/537.36 (KHTML, like Gecko; compatible; GPTBot/1.3; +https://openai.com/gptbot)" 238 **0/238370**
74.7.227.158 - - [14/Mar/2026:05:13:19 -0700] "GET /aztec-gems-koi-princess-150-chancer-har-reels-1-behandlingsgaranti-deluxe-slot-review/ HTTP/2.0" 200 16972 "https://indiabettingexchange.in/articles/page/631/" "Mozilla/5.0 AppleWebKit/537.36 (KHTML, like Gecko; compatible; GPTBot/1.3; +https://openai.com/gptbot)" 261 **0/261517**
74.7.227.158 - - [14/Mar/2026:05:13:20 -0700] "GET /eye-of-horus-slot-2025-innerster-planet-klassiker-inoffizieller-mitarbeiter-test-de/ HTTP/2.0" 200 16650 "https://indiabettingexchange.in/articles/page/633/" "Mozilla/5.0 AppleWebKit/537.36 (KHTML, like Gecko; compatible; GPTBot/1.3; +https://openai.com/gptbot)" 218 **0/218282**
74.7.227.158 - - [14/Mar/2026:05:13:20 -0700] "GET /?p=224549 HTTP/2.0" 301 1 "https://indiabettingexchange.in/the-history-of-gambling-is-a-journey-through-time-2/" "Mozilla/5.0 AppleWebKit/537.36 (KHTML, like Gecko; compatible; GPTBot/1.3; +https://openai.com/gptbot)" 141 **0/141556**
74.7.227.158 - - [14/Mar/2026:05:13:21 -0700] "GET /the-history-of-gambling-is-a-journey-through-time-2/ HTTP/2.0" 200 16652 "https://indiabettingexchange.in/?p=224549" "Mozilla/5.0 AppleWebKit/537.36 (KHTML, like Gecko; compatible; GPTBot/1.3; +https://openai.com/gptbot)" 191 **0/191776**
185.191.171.11 - - [14/Mar/2026:05:13:21 -0700] "GET /expert-tips-for-poultry-path-specialist-guidance-disclosed/ HTTP/1.1" 200 18130 "-" "Mozilla/5.0 (compatible; SemrushBot/7~bl; +http://www.semrush.com/bot.html)" 209 **0/209736**
74.7.227.158 - - [14/Mar/2026:05:13:21 -0700] "GET /?p=224646 HTTP/2.0" 301 1 "https://indiabettingexchange.in/online-casinoer-chateau-sparta-pr-fusionsenergi-af-sted-rigtige-knap-2025-kan-fungere-sno-kortvarig-pr-danmark/" "Mozilla/5.0 AppleWebKit/537.36 (KHTML, like Gecko; compatible; GPTBot/1.3; +https://openai.com/gptbot)" 157 **0/157065**
74.7.227.158 - - [14/Mar/2026:05:13:22 -0700] "GET /online-casinoer-chateau-sparta-pr-fusionsenergi-af-sted-rigtige-knap-2025-kan-fungere-sno-kortvarig-pr-danmark/ HTTP/2.0" 200 16937 "https://indiabettingexchange.in/?p=224646" "Mozilla/5.0 AppleWebKit/537.36 (KHTML, like Gecko; compatible; GPTBot/1.3; +https://openai.com/gptbot)" 204 **0/204260**
74.7.227.158 - - [14/Mar/2026:05:13:22 -0700] "GET /?p=224658 HTTP/2.0" 301 1 "https://indiabettingexchange.in/9-expert-black-jack-tips-to-enjoy-such-a-professional-blackjack-approach/" "Mozilla/5.0 AppleWebKit/537.36 (KHTML, like Gecko; compatible; GPTBot/1.3; +https://openai.com/gptbot)" 115 **0/115337**
74.7.227.158 - - [14/Mar/2026:05:13:23 -0700] "GET /9-expert-black-jack-tips-to-enjoy-such-a-professional-blackjack-approach/ HTTP/2.0" 200 18293 "https://indiabettingexchange.in/?p=224658" "Mozilla/5.0 AppleWebKit/537.36 (KHTML, like Gecko; compatible; GPTBot/1.3; +https://openai.com/gptbot)" 175 **0/175345**
74.7.227.158 - - [14/Mar/2026:05:13:23 -0700] "GET /?p=224696 HTTP/2.0" 301 1 "https://indiabettingexchange.in/greatest-internet-casino-bonuses-in-the-us-to-have-2026/" "Mozilla/5.0 AppleWebKit/537.36 (KHTML, like Gecko; compatible; GPTBot/1.3; +https://openai.com/gptbot)" 114 **0/114366**
74.7.227.158 - - [14/Mar/2026:05:13:23 -0700] "GET /greatest-internet-casino-bonuses-in-the-us-to-have-2026/ HTTP/2.0" 200 18010 "https://indiabettingexchange.in/?p=224696" "Mozilla/5.0 AppleWebKit/537.36 (KHTML, like Gecko; compatible; GPTBot/1.3; +https://openai.com/gptbot)" 167 **0/167767**
43.173.182.34 - - [14/Mar/2026:05:13:24 -0700] "GET /gaming-possibility-explained-simple-tips-to-understand-chance-spreads-and-profits-which-have-examples/ HTTP/1.1" 200 19751 "-" "Mozilla/5.0 (Windows NT 10.0; Win64; x64) AppleWebKit/537.36 (KHTML, like Gecko) Chrome/133.0.0.0 Safari/537.36" 194 **0/194536**
43.173.176.138 - - [14/Mar/2026:05:13:24 -0700] "GET /how-will-you-score-free-large-5-casino-coins-without-promo-code/ HTTP/1.1" 200 17283 "-" "Mozilla/5.0 (Windows NT 10.0; Win64; x64) AppleWebKit/537.36 (KHTML, like Gecko) Chrome/133.0.0.0 Safari/537.36" 206 **0/206235**
43.173.179.55 - - [14/Mar/2026:05:13:24 -0700] "GET /how-exactly-to-gamble-and-you-may-wager-on-slots-is-simple/ HTTP/1.1" 200 16897 "-" "Mozilla/5.0 (Windows NT 10.0; Win64; x64) AppleWebKit/537.36 (KHTML, like Gecko) Chrome/116.0.0.0 Safari/537.36" 219 **0/219894**
74.7.227.158 - - [14/Mar/2026:05:13:24 -0700] "GET /?p=224680 HTTP/2.0" 301 1 "https://indiabettingexchange.in/better-2026-harbors-to-experience-for-real-on-line/" "Mozilla/5.0 AppleWebKit/537.36 (KHTML, like Gecko; compatible; GPTBot/1.3; +https://openai.com/gptbot)" 119 **0/119887**
74.7.227.158 - - [14/Mar/2026:05:13:24 -0700] "GET /better-2026-harbors-to-experience-for-real-on-line/ HTTP/2.0" 200 18634 "https://indiabettingexchange.in/?p=224680" "Mozilla/5.0 AppleWebKit/537.36 (KHTML, like Gecko; compatible; GPTBot/1.3; +https://openai.com/gptbot)" 190 **0/190411**
85.208.96.198 - - [14/Mar/2026:05:13:25 -0700] "GET /an-educated-cstep-one-online-put-gambling-enterprises-inside-the-canada/ HTTP/1.1" 200 18844 "-" "Mozilla/5.0 (compatible; SemrushBot/7~bl; +http://www.semrush.com/bot.html)" 199 **0/199342**
74.7.227.158 - - [14/Mar/2026:05:13:25 -0700] "GET /?p=224416 HTTP/2.0" 301 1 "https://indiabettingexchange.in/finest-5-invited-incentives-to-own-players-in-the-2025/" "Mozilla/5.0 AppleWebKit/537.36 (KHTML, like Gecko; compatible; GPTBot/1.3; +https://openai.com/gptbot)" 143 **0/143542**
43.173.177.78 - - [14/Mar/2026:05:13:25 -0700] "GET /brand-new-ngb-court-betting-when-you-look-at-the-no-deposit-bonus-casinos-in-south-africa/ HTTP/1.1" 200 17220 "-" "Mozilla/5.0 (Windows NT 10.0; Win64; x64) AppleWebKit/537.36 (KHTML, like Gecko) Chrome/116.0.0.0 Safari/537.36" 190 **0/190010**
74.7.227.158 - - [14/Mar/2026:05:13:25 -0700] "GET /finest-5-invited-incentives-to-own-players-in-the-2025/ HTTP/2.0" 200 16954 "https://indiabettingexchange.in/?p=224416" "Mozilla/5.0 AppleWebKit/537.36 (KHTML, like Gecko; compatible; GPTBot/1.3; +https://openai.com/gptbot)" 191 **0/191244**
74.7.227.158 - - [14/Mar/2026:05:13:26 -0700] "GET /?p=224484 HTTP/2.0" 301 1 "https://indiabettingexchange.in/rotiri-gratuite-sanse-de-a-castiga-pirates-gold-ci-depunere-2026-oferte-care-500-free-spins/" "Mozilla/5.0 AppleWebKit/537.36 (KHTML, like Gecko; compatible; GPTBot/1.3; +https://openai.com/gptbot)" 122 **0/122834**
74.7.227.158 - - [14/Mar/2026:05:13:26 -0700] "GET /rotiri-gratuite-sanse-de-a-castiga-pirates-gold-ci-depunere-2026-oferte-care-500-free-spins/ HTTP/2.0" 200 18203 "https://indiabettingexchange.in/?p=224484" "Mozilla/5.0 AppleWebKit/537.36 (KHTML, like Gecko; compatible; GPTBot/1.3; +https://openai.com/gptbot)" 188 **0/188699**
74.7.227.158 - - [14/Mar/2026:05:13:27 -0700] "GET /?p=224540 HTTP/2.0" 301 1 "https://indiabettingexchange.in/goldenvegas-online-belgia-casino-spel-bonussen-94/" "Mozilla/5.0 AppleWebKit/537.36 (KHTML, like Gecko; compatible; GPTBot/1.3; +https://openai.com/gptbot)" 131 **0/131559**
74.7.227.158 - - [14/Mar/2026:05:13:27 -0700] "GET /goldenvegas-online-belgia-casino-spel-bonussen-94/ HTTP/2.0" 200 318549 "https://indiabettingexchange.in/?p=224540" "Mozilla/5.0 AppleWebKit/537.36 (KHTML, like Gecko; compatible; GPTBot/1.3; +https://openai.com/gptbot)" 242 **0/242612**
74.7.227.158 - - [14/Mar/2026:05:13:27 -0700] "GET /?p=224800 HTTP/2.0" 301 1 "https://indiabettingexchange.in/beste-nettcasinoer-casino-slot-bells-on-fire-og-autentisk-penger-2026/" "Mozilla/5.0 AppleWebKit/537.36 (KHTML, like Gecko; compatible; GPTBot/1.3; +https://openai.com/gptbot)" 118 **0/118122**
74.7.227.158 - - [14/Mar/2026:05:13:28 -0700] "GET /beste-nettcasinoer-casino-slot-bells-on-fire-og-autentisk-penger-2026/ HTTP/2.0" 200 18302 "https://indiabettingexchange.in/?p=224800" "Mozilla/5.0 AppleWebKit/537.36 (KHTML, like Gecko; compatible; GPTBot/1.3; +https://openai.com/gptbot)" 201 **0/201083**
74.7.227.158 - - [14/Mar/2026:05:13:28 -0700] "GET /?p=224612 HTTP/2.0" 301 1 "https://indiabettingexchange.in/aztec-gems-koi-princess-150-chancer-har-reels-1-behandlingsgaranti-deluxe-slot-review/" "Mozilla/5.0 AppleWebKit/537.36 (KHTML, like Gecko; compatible; GPTBot/1.3; +https://openai.com/gptbot)" 130 **0/130749**
74.7.227.158 - - [14/Mar/2026:05:13:29 -0700] "GET /aztec-gems-koi-princess-150-chancer-har-reels-1-behandlingsgaranti-deluxe-slot-review/ HTTP/2.0" 200 16973 "https://indiabettingexchange.in/?p=224612" "Mozilla/5.0 AppleWebKit/537.36 (KHTML, like Gecko; compatible; GPTBot/1.3; +https://openai.com/gptbot)" 177 **0/177995**
74.7.227.158 - - [14/Mar/2026:05:13:29 -0700] "GET /?p=224466 HTTP/2.0" 301 1 "https://indiabettingexchange.in/eye-of-horus-slot-2025-innerster-planet-klassiker-inoffizieller-mitarbeiter-test-de/" "Mozilla/5.0 AppleWebKit/537.36 (KHTML, like Gecko; compatible; GPTBot/1.3; +https://openai.com/gptbot)" 113 **0/113273**
74.7.227.158 - - [14/Mar/2026:05:13:30 -0700] "GET /eye-of-horus-slot-2025-innerster-planet-klassiker-inoffizieller-mitarbeiter-test-de/ HTTP/2.0" 200 16650 "https://indiabettingexchange.in/?p=224466" "Mozilla/5.0 AppleWebKit/537.36 (KHTML, like Gecko; compatible; GPTBot/1.3; +https://openai.com/gptbot)" 241 **0/241922**
74.7.227.158 - - [14/Mar/2026:05:13:30 -0700] "GET /welches-pinocasino-war-jedoch-brandneu-schlielich-dies-wird-erst-seit-dem-zeitpunkt-2021-in-dm-borse/ HTTP/2.0" 200 16993 "https://indiabettingexchange.in/articles/page/630/" "Mozilla/5.0 AppleWebKit/537.36 (KHTML, like Gecko; compatible; GPTBot/1.3; +https://openai.com/gptbot)" 245 **0/245444**
216.73.216.48 - - [14/Mar/2026:05:13:31 -0700] "GET /algorithm-step-one-chance-and-gambling-information-2025-singapore-grand-prix-chance/feed HTTP/2.0" 301 1 "-" "Mozilla/5.0 AppleWebKit/537.36 (KHTML, like Gecko; compatible; ClaudeBot/1.0; +claudebot@anthropic.com)" 143 **0/143730**
74.7.227.158 - - [14/Mar/2026:05:13:31 -0700] "GET /trendy-fruit-ranch-slot-comment-over-help-guide-to-has-rtp-and-play/ HTTP/2.0" 200 18074 "https://indiabettingexchange.in/articles/page/631/" "Mozilla/5.0 AppleWebKit/537.36 (KHTML, like Gecko; compatible; GPTBot/1.3; +https://openai.com/gptbot)" 199 **0/199851**
216.73.216.48 - - [14/Mar/2026:05:13:31 -0700] "GET /algorithm-step-one-chance-and-gambling-information-2025-singapore-grand-prix-chance/feed/ HTTP/2.0" 200 417 "https://indiabettingexchange.in/algorithm-step-one-chance-and-gambling-information-2025-singapore-grand-prix-chance/feed" "Mozilla/5.0 AppleWebKit/537.36 (KHTML, like Gecko; compatible; ClaudeBot/1.0; +claudebot@anthropic.com)" 130 **0/130778**
74.7.227.158 - - [14/Mar/2026:05:13:31 -0700] "GET /los-10-mejores-sitios-de-chat-de-video-para-conocer-a-extranos-gracios-2/ HTTP/2.0" 200 19708 "https://indiabettingexchange.in/articles/page/633/" "Mozilla/5.0 AppleWebKit/537.36 (KHTML, like Gecko; compatible; GPTBot/1.3; +https://openai.com/gptbot)" 184 **0/184701**
74.7.227.158 - - [14/Mar/2026:05:13:32 -0700] "GET /h1-the-economics-behind-casino-resorts-h1/ HTTP/2.0" 200 15075 "https://indiabettingexchange.in/articles/page/633/" "Mozilla/5.0 AppleWebKit/537.36 (KHTML, like Gecko; compatible; GPTBot/1.3; +https://openai.com/gptbot)" 188 **0/188701**
74.7.227.158 - - [14/Mar/2026:05:13:32 -0700] "GET /casino-online-en-espana-con-dinero-real-guia-de-2/ HTTP/2.0" 200 17244 "https://indiabettingexchange.in/articles/page/632/" "Mozilla/5.0 AppleWebKit/537.36 (KHTML, like Gecko; compatible; GPTBot/1.3; +https://openai.com/gptbot)" 189 **0/189024**
51.75.236.135 - - [14/Mar/2026:05:13:33 -0700] "GET /yummy-wins-casino-no-deposit-bonus-50-free-spins-no-deposit/ HTTP/2.0" 200 15413 "-" "Mozilla/5.0 (compatible; AhrefsBot/7.0; +http://ahrefs.com/robot/)" 204 **0/204168**
74.7.227.158 - - [14/Mar/2026:05:13:33 -0700] "GET /melbet-2026-kak-skachat-prilozhenie-s-oficialnogo-sayta-i-igrat-bez-tormozov/ HTTP/2.0" 200 18025 "https://indiabettingexchange.in/articles/page/632/" "Mozilla/5.0 AppleWebKit/537.36 (KHTML, like Gecko; compatible; GPTBot/1.3; +https://openai.com/gptbot)" 213 **0/213014**
74.7.227.158 - - [14/Mar/2026:05:13:33 -0700] "GET /lucky8-casino-avis-en-ligne-bonus-sans-depot-retrait-france-2025/ HTTP/2.0" 200 16633 "https://indiabettingexchange.in/articles/page/633/" "Mozilla/5.0 AppleWebKit/537.36 (KHTML, like Gecko; compatible; GPTBot/1.3; +https://openai.com/gptbot)" 183 **0/183218**
66.249.71.202 - - [14/Mar/2026:05:13:34 -0700] "GET /legjobb-uj-online-kaszinok-friss-ajanlatok-13/ HTTP/1.1" 200 18756 "-" "Mozilla/5.0 (Linux; Android 6.0.1; Nexus 5X Build/MMB29P) AppleWebKit/537.36 (KHTML, like Gecko) Chrome/145.0.7632.116 Mobile Safari/537.36 (compatible; Googlebot/2.1; +http://www.google.com/bot.html)" 220 **0/220768**
74.7.227.158 - - [14/Mar/2026:05:13:34 -0700] "GET /merhabet-casino-guncel-giri-ve-elenceli-oyun-2/ HTTP/2.0" 200 15696 "https://indiabettingexchange.in/articles/page/632/" "Mozilla/5.0 AppleWebKit/537.36 (KHTML, like Gecko; compatible; GPTBot/1.3; +https://openai.com/gptbot)" 212 **0/212820**
74.7.227.158 - - [14/Mar/2026:05:13:35 -0700] "GET /top-10-casinos-on-the-internet-youd-enjoy-playing-at-the-inside-the-2026-upgraded/ HTTP/2.0" 200 18401 "https://indiabettingexchange.in/articles/page/631/" "Mozilla/5.0 AppleWebKit/537.36 (KHTML, like Gecko; compatible; GPTBot/1.3; +https://openai.com/gptbot)" 225 **0/225030**
74.7.227.158 - - [14/Mar/2026:05:13:35 -0700] "GET /wp-json/oembed/1.0/embed?url=https%3A%2F%2Findiabettingexchange.in%2Fdas-war-bei-dem-slot-insbesondere-einfach-weil-parece-diese-triumph-both-ways-feature-existiert%2F HTTP/2.0" 200 1418 "https://indiabettingexchange.in/das-war-bei-dem-slot-insbesondere-einfach-weil-parece-diese-triumph-both-ways-feature-existiert/" "Mozilla/5.0 AppleWebKit/537.36 (KHTML, like Gecko; compatible; GPTBot/1.3; +https://openai.com/gptbot)" 151 **0/151512**
74.7.227.158 - - [14/Mar/2026:05:13:36 -0700] "GET /30-freispiele-blos-einzahlung-beste-free-spins/ HTTP/2.0" 200 16363 "https://indiabettingexchange.in/articles/page/633/" "Mozilla/5.0 AppleWebKit/537.36 (KHTML, like Gecko; compatible; GPTBot/1.3; +https://openai.com/gptbot)" 208 **0/208463**
74.7.227.158 - - [14/Mar/2026:05:13:36 -0700] "GET /?p=224740 HTTP/2.0" 301 1 "https://indiabettingexchange.in/welches-pinocasino-war-jedoch-brandneu-schlielich-dies-wird-erst-seit-dem-zeitpunkt-2021-in-dm-borse/" "Mozilla/5.0 AppleWebKit/537.36 (KHTML, like Gecko; compatible; GPTBot/1.3; +https://openai.com/gptbot)" 109 **0/109728**
74.7.227.158 - - [14/Mar/2026:05:13:37 -0700] "GET /welches-pinocasino-war-jedoch-brandneu-schlielich-dies-wird-erst-seit-dem-zeitpunkt-2021-in-dm-borse/ HTTP/2.0" 200 16991 "https://indiabettingexchange.in/?p=224740" "Mozilla/5.0 AppleWebKit/537.36 (KHTML, like Gecko; compatible; GPTBot/1.3; +https://openai.com/gptbot)" 178 **0/178342**
74.7.227.158 - - [14/Mar/2026:05:13:37 -0700] "GET /?p=224676 HTTP/2.0" 301 1 "https://indiabettingexchange.in/trendy-fruit-ranch-slot-comment-over-help-guide-to-has-rtp-and-play/" "Mozilla/5.0 AppleWebKit/537.36 (KHTML, like Gecko; compatible; GPTBot/1.3; +https://openai.com/gptbot)" 118 **0/118129**
74.7.227.158 - - [14/Mar/2026:05:13:38 -0700] "GET /?p=271562 HTTP/2.0" 301 1 "https://indiabettingexchange.in/los-10-mejores-sitios-de-chat-de-video-para-conocer-a-extranos-gracios-2/" "Mozilla/5.0 AppleWebKit/537.36 (KHTML, like Gecko; compatible; GPTBot/1.3; +https://openai.com/gptbot)" 112 **0/112256**
74.7.227.158 - - [14/Mar/2026:05:13:38 -0700] "GET /?p=285750 HTTP/2.0" 301 1 "https://indiabettingexchange.in/h1-the-economics-behind-casino-resorts-h1/" "Mozilla/5.0 AppleWebKit/537.36 (KHTML, like Gecko; compatible; GPTBot/1.3; +https://openai.com/gptbot)" 112 **0/112121**
74.7.227.158 - - [14/Mar/2026:05:13:39 -0700] "GET /?p=260190 HTTP/2.0" 301 1 "https://indiabettingexchange.in/casino-online-en-espana-con-dinero-real-guia-de-2/" "Mozilla/5.0 AppleWebKit/537.36 (KHTML, like Gecko; compatible; GPTBot/1.3; +https://openai.com/gptbot)" 172 **0/172323**
74.7.227.158 - - [14/Mar/2026:05:13:39 -0700] "GET /?p=224506 HTTP/2.0" 301 1 "https://indiabettingexchange.in/melbet-2026-kak-skachat-prilozhenie-s-oficialnogo-sayta-i-igrat-bez-tormozov/" "Mozilla/5.0 AppleWebKit/537.36 (KHTML, like Gecko; compatible; GPTBot/1.3; +https://openai.com/gptbot)" 115 **0/115815**
74.7.227.158 - - [14/Mar/2026:05:13:40 -0700] "GET /?p=224436 HTTP/2.0" 301 1 "https://indiabettingexchange.in/lucky8-casino-avis-en-ligne-bonus-sans-depot-retrait-france-2025/" "Mozilla/5.0 AppleWebKit/537.36 (KHTML, like Gecko; compatible; GPTBot/1.3; +https://openai.com/gptbot)" 149 **0/149622**
74.7.227.158 - - [14/Mar/2026:05:13:40 -0700] "GET /?p=224488 HTTP/2.0" 301 1 "https://indiabettingexchange.in/merhabet-casino-guncel-giri-ve-elenceli-oyun-2/" "Mozilla/5.0 AppleWebKit/537.36 (KHTML, like Gecko; compatible; GPTBot/1.3; +https://openai.com/gptbot)" 112 **0/112802**
74.7.227.158 - - [14/Mar/2026:05:13:41 -0700] "GET /?p=224688 HTTP/2.0" 301 1 "https://indiabettingexchange.in/top-10-casinos-on-the-internet-youd-enjoy-playing-at-the-inside-the-2026-upgraded/" "Mozilla/5.0 AppleWebKit/537.36 (KHTML, like Gecko; compatible; GPTBot/1.3; +https://openai.com/gptbot)" 130 **0/130965**
74.7.227.158 - - [14/Mar/2026:05:13:42 -0700] "GET /wp-json/oembed/1.0/embed?url=https%3A%2F%2Findiabettingexchange.in%2Fmelbet-2026-kak-skachat-prilozhenie-s-oficialnogo-sayta-i-igrat-bez-tormozov%2F HTTP/2.0" 200 1307 "https://indiabettingexchange.in/melbet-2026-kak-skachat-prilozhenie-s-oficialnogo-sayta-i-igrat-bez-tormozov/" "Mozilla/5.0 AppleWebKit/537.36 (KHTML, like Gecko; compatible; GPTBot/1.3; +https://openai.com/gptbot)" 118 **0/118311**
74.7.227.158 - - [14/Mar/2026:05:13:42 -0700] "GET /?p=224470 HTTP/2.0" 301 1 "https://indiabettingexchange.in/30-freispiele-blos-einzahlung-beste-free-spins/" "Mozilla/5.0 AppleWebKit/537.36 (KHTML, like Gecko; compatible; GPTBot/1.3; +https://openai.com/gptbot)" 134 **0/134028**
74.7.227.158 - - [14/Mar/2026:05:13:43 -0700] "GET /january-17-january-17-les-exseparables-march-seven-february-eight-vulnerable/ HTTP/2.0" 200 15576 "https://indiabettingexchange.in/articles/page/633/" "Mozilla/5.0 AppleWebKit/537.36 (KHTML, like Gecko; compatible; GPTBot/1.3; +https://openai.com/gptbot)" 205 **0/205599**
74.7.227.158 - - [14/Mar/2026:05:13:43 -0700] "GET /informations-zur-optimalen-indienstnahme-diverses-sportwetten-vermittlungsprovision-blo-einzahlung/ HTTP/2.0" 200 16424 "https://indiabettingexchange.in/articles/page/630/" "Mozilla/5.0 AppleWebKit/537.36 (KHTML, like Gecko; compatible; GPTBot/1.3; +https://openai.com/gptbot)" 203 **0/203666**
74.7.227.158 - - [14/Mar/2026:05:13:44 -0700] "GET /raging-rhino-slot-video-game-demo-gamble-100-percent-free-revolves/ HTTP/2.0" 200 18490 "https://indiabettingexchange.in/articles/page/631/" "Mozilla/5.0 AppleWebKit/537.36 (KHTML, like Gecko; compatible; GPTBot/1.3; +https://openai.com/gptbot)" 210 **0/210131**
74.7.227.158 - - [14/Mar/2026:05:13:44 -0700] "GET /ma-chance-casino-avis-et-promotions-2026-13/ HTTP/2.0" 200 213460 "https://indiabettingexchange.in/articles/page/632/" "Mozilla/5.0 AppleWebKit/537.36 (KHTML, like Gecko; compatible; GPTBot/1.3; +https://openai.com/gptbot)" 209 **0/209431**
74.7.227.158 - - [14/Mar/2026:05:13:45 -0700] "GET /31-finest-online-game-apps-in-order-to-win-real-money-inside-the-2026-millennial-money/ HTTP/2.0" 200 17803 "https://indiabettingexchange.in/articles/page/631/" "Mozilla/5.0 AppleWebKit/537.36 (KHTML, like Gecko; compatible; GPTBot/1.3; +https://openai.com/gptbot)" 208 **0/208634**
74.7.227.158 - - [14/Mar/2026:05:13:45 -0700] "GET /real-money-harbors/ HTTP/2.0" 200 17755 "https://indiabettingexchange.in/articles/page/631/" "Mozilla/5.0 AppleWebKit/537.36 (KHTML, like Gecko; compatible; GPTBot/1.3; +https://openai.com/gptbot)" 177 **0/177877**
74.7.227.158 - - [14/Mar/2026:05:13:46 -0700] "GET /100-indbetalingsbonus-fortil-nye-casino-spillere-alle-danske-casinoer/ HTTP/2.0" 200 16986 "https://indiabettingexchange.in/articles/page/631/" "Mozilla/5.0 AppleWebKit/537.36 (KHTML, like Gecko; compatible; GPTBot/1.3; +https://openai.com/gptbot)" 211 **0/211280**
74.7.227.158 - - [14/Mar/2026:05:13:46 -0700] "GET /wp-json/wp/v2/posts/224524 HTTP/2.0" 200 3827 "https://indiabettingexchange.in/madcasino-france-decouvrez-les-slots-et-les-tours-gratuits-les-plus-apprecies/" "Mozilla/5.0 AppleWebKit/537.36 (KHTML, like Gecko; compatible; GPTBot/1.3; +https://openai.com/gptbot)" 161 **0/161751**
74.7.227.158 - - [14/Mar/2026:05:13:47 -0700] "GET /profi-infos-zu-handen-selbige-maklercourtage-crab-casinos-%EF%BF%BD-getestet-bei-shaneslots/ HTTP/2.0" 200 16090 "https://indiabettingexchange.in/profi-infos-zu-handen-selbige-maklercourtage-crab-casinos-%ef%bf%bd-getestet-bei-shaneslots/" "Mozilla/5.0 AppleWebKit/537.36 (KHTML, like Gecko; compatible; GPTBot/1.3; +https://openai.com/gptbot)" 202 **0/202569**
74.7.227.158 - - [14/Mar/2026:05:13:47 -0700] "GET /the-sense-shows-that-share-assistance-is-an-excellent-money-in-such-instances/ HTTP/2.0" 200 15678 "https://indiabettingexchange.in/articles/page/633/" "Mozilla/5.0 AppleWebKit/537.36 (KHTML, like Gecko; compatible; GPTBot/1.3; +https://openai.com/gptbot)" 212 **0/212484**
74.7.227.158 - - [14/Mar/2026:05:13:48 -0700] "GET /decoding-the-fine-print-navigating-hell-spin-casinos-wagering-requirements-in-new-zealand/ HTTP/2.0" 200 17001 "https://indiabettingexchange.in/articles/page/633/" "Mozilla/5.0 AppleWebKit/537.36 (KHTML, like Gecko; compatible; GPTBot/1.3; +https://openai.com/gptbot)" 240 **0/240007**
74.7.227.158 - - [14/Mar/2026:05:13:49 -0700] "GET /small-print-you-must-know-to-tackle-from-the-a-free-twist-gambling-establishment/ HTTP/2.0" 200 16693 "https://indiabettingexchange.in/articles/page/633/" "Mozilla/5.0 AppleWebKit/537.36 (KHTML, like Gecko; compatible; GPTBot/1.3; +https://openai.com/gptbot)" 219 **0/219057**
74.7.227.158 - - [14/Mar/2026:05:13:49 -0700] "GET /wp-json/oembed/1.0/embed?format=xml&url=https%3A%2F%2Findiabettingexchange.in%2Fplaydingo-kasino-unser-im-vorfeld-oder-nachteile-der-plattform-weiters-ihren-bonusaktionen%2F HTTP/2.0" 200 1455 "https://indiabettingexchange.in/playdingo-kasino-unser-im-vorfeld-oder-nachteile-der-plattform-weiters-ihren-bonusaktionen/" "Mozilla/5.0 AppleWebKit/537.36 (KHTML, like Gecko; compatible; GPTBot/1.3; +https://openai.com/gptbot)" 136 **0/136555**
74.7.227.158 - - [14/Mar/2026:05:13:50 -0700] "GET /das-konnt-ihr-one-hundred-fifty-solange-bis-%ef%bf%bd-300-willkommensbonus-nutzlichkeit/ HTTP/2.0" 200 17480 "https://indiabettingexchange.in/articles/page/631/" "Mozilla/5.0 AppleWebKit/537.36 (KHTML, like Gecko; compatible; GPTBot/1.3; +https://openai.com/gptbot)" 220 **0/220373**
74.7.227.158 - - [14/Mar/2026:05:13:50 -0700] "GET /wp-json/oembed/1.0/embed?format=xml&url=https%3A%2F%2Findiabettingexchange.in%2Fcreare-100-rotiri-ice-casino-coduri-promotionale-gratuite-ci-magazie-black-horse-si-tarife%2F HTTP/2.0" 200 1484 "https://indiabettingexchange.in/creare-100-rotiri-ice-casino-coduri-promotionale-gratuite-ci-magazie-black-horse-si-tarife/" "Mozilla/5.0 AppleWebKit/537.36 (KHTML, like Gecko; compatible; GPTBot/1.3; +https://openai.com/gptbot)" 206 **0/206391**
74.7.227.158 - - [14/Mar/2026:05:13:51 -0700] "GET /neue-online-casinos-2026-die-top-15-fur-10/ HTTP/2.0" 200 17967 "https://indiabettingexchange.in/articles/page/632/" "Mozilla/5.0 AppleWebKit/537.36 (KHTML, like Gecko; compatible; GPTBot/1.3; +https://openai.com/gptbot)" 256 **0/256958**
74.7.227.158 - - [14/Mar/2026:05:13:51 -0700] "GET /category/39380/ HTTP/2.0" 200 13300 "https://indiabettingexchange.in/merhabet-casino-guncel-giri-ve-elenceli-oyun-2/" "Mozilla/5.0 AppleWebKit/537.36 (KHTML, like Gecko; compatible; GPTBot/1.3; +https://openai.com/gptbot)" 210 **0/210205**
74.7.227.158 - - [14/Mar/2026:05:13:52 -0700] "GET /category/golden-vegas-casino/ HTTP/2.0" 200 13257 "https://indiabettingexchange.in/goldenvegas-online-belgia-casino-spel-bonussen-94/" "Mozilla/5.0 AppleWebKit/537.36 (KHTML, like Gecko; compatible; GPTBot/1.3; +https://openai.com/gptbot)" 230 **0/230791**
74.7.227.158 - - [14/Mar/2026:05:13:52 -0700] "GET /category/madcasino/ HTTP/2.0" 200 13174 "https://indiabettingexchange.in/madcasino-france-decouvrez-les-slots-et-les-tours-gratuits-les-plus-apprecies/" "Mozilla/5.0 AppleWebKit/537.36 (KHTML, like Gecko; compatible; GPTBot/1.3; +https://openai.com/gptbot)" 190 **0/190323**
85.208.96.194 - - [14/Mar/2026:05:13:53 -0700] "GET /in-the-end-customer-care-is-provided-through-alive-speak-and-therefore-operates-24-eight/ HTTP/1.1" 200 18240 "-" "Mozilla/5.0 (compatible; SemrushBot/7~bl; +http://www.semrush.com/bot.html)" 180 **0/180691**
74.7.227.158 - - [14/Mar/2026:05:13:53 -0700] "GET /top-casino-mobile-online-2026-in-italia-gioca-da-16/feed/ HTTP/2.0" 200 405 "https://indiabettingexchange.in/top-casino-mobile-online-2026-in-italia-gioca-da-16/" "Mozilla/5.0 AppleWebKit/537.36 (KHTML, like Gecko; compatible; GPTBot/1.3; +https://openai.com/gptbot)" 136 **0/136686**
74.7.227.158 - - [14/Mar/2026:05:13:54 -0700] "GET /wp-json/oembed/1.0/embed?url=https%3A%2F%2Findiabettingexchange.in%2Funsereiner-beherrschen-nebensachlich-validieren-auf-diese-weise-wir-uns-zwischen-unserem-fifteen%2F HTTP/2.0" 200 1464 "https://indiabettingexchange.in/unsereiner-beherrschen-nebensachlich-validieren-auf-diese-weise-wir-uns-zwischen-unserem-fifteen/" "Mozilla/5.0 AppleWebKit/537.36 (KHTML, like Gecko; compatible; GPTBot/1.3; +https://openai.com/gptbot)" 145 **0/145865**
74.7.227.158 - - [14/Mar/2026:05:13:54 -0700] "GET /wp-json/oembed/1.0/embed?url=https%3A%2F%2Findiabettingexchange.in%2Fin-der-verwirklichung-soll-notig-ein-ansicht-unter-ebendiese-bonusbedingungen-geworfen-sie-sind%2F HTTP/2.0" 200 1432 "https://indiabettingexchange.in/in-der-verwirklichung-soll-notig-ein-ansicht-unter-ebendiese-bonusbedingungen-geworfen-sie-sind/" "Mozilla/5.0 AppleWebKit/537.36 (KHTML, like Gecko; compatible; GPTBot/1.3; +https://openai.com/gptbot)" 134 **0/134040**
74.7.227.158 - - [14/Mar/2026:05:13:55 -0700] "GET /wp-json/oembed/1.0/embed?url=https%3A%2F%2Findiabettingexchange.in%2Fdescopera-frunta-digital-cazinou-servicii-europa-centrala-hidroelectrica-si-sa-este-oscar-spin-real-rasarit-primor-diu-winning%2F HTTP/2.0" 200 1511 "https://indiabettingexchange.in/descopera-frunta-digital-cazinou-servicii-europa-centrala-hidroelectrica-si-sa-este-oscar-spin-real-rasarit-primor-diu-winning/" "Mozilla/5.0 AppleWebKit/537.36 (KHTML, like Gecko; compatible; GPTBot/1.3; +https://openai.com/gptbot)" 151 **0/151683**
74.7.227.158 - - [14/Mar/2026:05:13:55 -0700] "GET /wp-json/oembed/1.0/embed?url=https%3A%2F%2Findiabettingexchange.in%2Fdechiffrieren-welche-diese-abschatzung-unter-anderem-pragen-die-leser-gegenseitig-die-separat-betrachtungsweise-via-fixstern-spielbank%2F HTTP/2.0" 200 1505 "https://indiabettingexchange.in/dechiffrieren-welche-diese-abschatzung-unter-anderem-pragen-die-leser-gegenseitig-die-separat-betrachtungsweise-via-fixstern-spielbank/" "Mozilla/5.0 AppleWebKit/537.36 (KHTML, like Gecko; compatible; GPTBot/1.3; +https://openai.com/gptbot)" 155 **0/155863**
74.7.227.158 - - [14/Mar/2026:05:13:56 -0700] "GET /wp-json/oembed/1.0/embed?url=https%3A%2F%2Findiabettingexchange.in%2Fbonusangebote-kannst-du-bei-einen-wettanbietern-sicher-dieser-tage-wohl-beziehen%2F HTTP/2.0" 200 1431 "https://indiabettingexchange.in/bonusangebote-kannst-du-bei-einen-wettanbietern-sicher-dieser-tage-wohl-beziehen/" "Mozilla/5.0 AppleWebKit/537.36 (KHTML, like Gecko; compatible; GPTBot/1.3; +https://openai.com/gptbot)" 151 **0/151678**
74.7.227.158 - - [14/Mar/2026:05:13:56 -0700] "GET /wp-json/oembed/1.0/embed?url=https%3A%2F%2Findiabettingexchange.in%2Feres-stellt-unseren-erfahrungen-unter-diesseitigen-immens-fairen-einfluss-tirarle%2F HTTP/2.0" 200 1418 "https://indiabettingexchange.in/eres-stellt-unseren-erfahrungen-unter-diesseitigen-immens-fairen-einfluss-tirarle/" "Mozilla/5.0 AppleWebKit/537.36 (KHTML, like Gecko; compatible; GPTBot/1.3; +https://openai.com/gptbot)" 120 **0/120243**
74.7.227.158 - - [14/Mar/2026:05:13:57 -0700] "GET /wp-json/oembed/1.0/embed?url=https%3A%2F%2Findiabettingexchange.in%2Fthe-see-their-impatient-does-stay-frustrating-a-great-responses-are-noted%2F HTTP/2.0" 200 1362 "https://indiabettingexchange.in/the-see-their-impatient-does-stay-frustrating-a-great-responses-are-noted/" "Mozilla/5.0 AppleWebKit/537.36 (KHTML, like Gecko; compatible; GPTBot/1.3; +https://openai.com/gptbot)" 150 **0/150256**
74.7.227.158 - - [14/Mar/2026:05:13:57 -0700] "GET /category/39380/feed/ HTTP/2.0" 200 2338 "https://indiabettingexchange.in/category/39380/" "Mozilla/5.0 AppleWebKit/537.36 (KHTML, like Gecko; compatible; GPTBot/1.3; +https://openai.com/gptbot)" 131 **0/131652**
216.73.216.48 - - [14/Mar/2026:05:13:58 -0700] "GET /?p=230118 HTTP/2.0" 301 1 "-" "Mozilla/5.0 AppleWebKit/537.36 (KHTML, like Gecko; compatible; ClaudeBot/1.0; +claudebot@anthropic.com)" 151 **0/151575**
216.73.216.48 - - [14/Mar/2026:05:13:58 -0700] "GET /?p=230120 HTTP/2.0" 301 1 "-" "Mozilla/5.0 AppleWebKit/537.36 (KHTML, like Gecko; compatible; ClaudeBot/1.0; +claudebot@anthropic.com)" 186 **0/186317**
74.7.227.158 - - [14/Mar/2026:05:13:58 -0700] "GET /wp-json/oembed/1.0/embed?url=https%3A%2F%2Findiabettingexchange.in%2Fgenau-so-wie-erkenne-meinereiner-ebendiese-sinnvolle-nine-eur-spielcasino%2F HTTP/2.0" 200 1404 "https://indiabettingexchange.in/genau-so-wie-erkenne-meinereiner-ebendiese-sinnvolle-nine-eur-spielcasino/" "Mozilla/5.0 AppleWebKit/537.36 (KHTML, like Gecko; compatible; GPTBot/1.3; +https://openai.com/gptbot)" 138 **0/138272**
216.73.216.48 - - [14/Mar/2026:05:13:58 -0700] "GET /vermag-person-diesseitigen-9-eur-pramie-blo-einzahlung-zweite-geige-unter-mobilen-plattformen-gebrauchen/ HTTP/2.0" 200 16399 "https://indiabettingexchange.in/?p=230118" "Mozilla/5.0 AppleWebKit/537.36 (KHTML, like Gecko; compatible; ClaudeBot/1.0; +claudebot@anthropic.com)" 256 **0/256516**
216.73.216.48 - - [14/Mar/2026:05:13:58 -0700] "GET /auf-der-einen-seite-beibehalten-unsereins-die-gelegenheit-ein-informatives-spielsalon-risikofrei-auszuprobieren/ HTTP/2.0" 200 17847 "https://indiabettingexchange.in/?p=230120" "Mozilla/5.0 AppleWebKit/537.36 (KHTML, like Gecko; compatible; ClaudeBot/1.0; +claudebot@anthropic.com)" 222 **0/222349**
74.7.227.158 - - [14/Mar/2026:05:13:58 -0700] "GET /wp-json/oembed/1.0/embed?url=https%3A%2F%2Findiabettingexchange.in%2Faztec-gems-koi-princess-150-chancer-har-reels-1-behandlingsgaranti-deluxe-slot-review%2F HTTP/2.0" 200 1443 "https://indiabettingexchange.in/aztec-gems-koi-princess-150-chancer-har-reels-1-behandlingsgaranti-deluxe-slot-review/" "Mozilla/5.0 AppleWebKit/537.36 (KHTML, like Gecko; compatible; GPTBot/1.3; +https://openai.com/gptbot)" 154 **0/154323**
74.7.227.158 - - [14/Mar/2026:05:13:59 -0700] "GET /wp-json/oembed/1.0/embed?url=https%3A%2F%2Findiabettingexchange.in%2Fdie-auszahlungsdauer-unter-anderem-diese-limits-des-rollino-online-casinos%2F HTTP/2.0" 200 1443 "https://indiabettingexchange.in/die-auszahlungsdauer-unter-anderem-diese-limits-des-rollino-online-casinos/" "Mozilla/5.0 AppleWebKit/537.36 (KHTML, like Gecko; compatible; GPTBot/1.3; +https://openai.com/gptbot)" 176 **0/176801**
74.7.227.158 - - [14/Mar/2026:05:13:59 -0700] "GET /wp-json/oembed/1.0/embed?url=https%3A%2F%2Findiabettingexchange.in%2Finside-imperial-campaigns-dreht-gegenseitig-was-auch-immer-um-altes-weib-schlachten%2F HTTP/2.0" 200 1451 "https://indiabettingexchange.in/inside-imperial-campaigns-dreht-gegenseitig-was-auch-immer-um-altes-weib-schlachten/" "Mozilla/5.0 AppleWebKit/537.36 (KHTML, like Gecko; compatible; GPTBot/1.3; +https://openai.com/gptbot)" 154 **0/154314**
85.208.96.204 - - [14/Mar/2026:05:13:59 -0700] "GET /thunderstruck-stormchaser-gambling-vickers-casino-login-enterprise-game-remark-betmgm/ HTTP/1.1" 200 17370 "-" "Mozilla/5.0 (compatible; SemrushBot/7~bl; +http://www.semrush.com/bot.html)" 218 **0/218782**
74.7.227.158 - - [14/Mar/2026:05:14:00 -0700] "GET /wp-json/oembed/1.0/embed?url=https%3A%2F%2Findiabettingexchange.in%2Fcanadian-online-casinos-is-deemed-reliable-have-to-showcase-clear-and-you-may-reasonable-incentive-techniques%2F HTTP/2.0" 200 1351 "https://indiabettingexchange.in/canadian-online-casinos-is-deemed-reliable-have-to-showcase-clear-and-you-may-reasonable-incentive-techniques/" "Mozilla/5.0 AppleWebKit/537.36 (KHTML, like Gecko; compatible; GPTBot/1.3; +https://openai.com/gptbot)" 196 **0/196888**
74.7.227.158 - - [14/Mar/2026:05:14:01 -0700] "GET /wp-json/oembed/1.0/embed?url=https%3A%2F%2Findiabettingexchange.in%2Fes-gibt-zwei-hauptarten-de-lensemble-des-vergutungsfrei-spielsalon-bonus-diese-daselbst-erlautert-werden%2F HTTP/2.0" 200 1445 "https://indiabettingexchange.in/es-gibt-zwei-hauptarten-de-lensemble-des-vergutungsfrei-spielsalon-bonus-diese-daselbst-erlautert-werden/" "Mozilla/5.0 AppleWebKit/537.36 (KHTML, like Gecko; compatible; GPTBot/1.3; +https://openai.com/gptbot)" 197 **0/197107**
74.7.227.158 - - [14/Mar/2026:05:14:01 -0700] "GET /wp-json/oembed/1.0/embed?url=https%3A%2F%2Findiabettingexchange.in%2Fplaydingo-kasino-unser-im-vorfeld-oder-nachteile-der-plattform-weiters-ihren-bonusaktionen%2F HTTP/2.0" 200 1441 "https://indiabettingexchange.in/playdingo-kasino-unser-im-vorfeld-oder-nachteile-der-plattform-weiters-ihren-bonusaktionen/" "Mozilla/5.0 AppleWebKit/537.36 (KHTML, like Gecko; compatible; GPTBot/1.3; +https://openai.com/gptbot)" 253 **0/253080**
74.7.227.158 - - [14/Mar/2026:05:14:02 -0700] "GET /wp-json/oembed/1.0/embed?url=https%3A%2F%2Findiabettingexchange.in%2Ftales-the-new-rotary-club-out-of-milton%2F HTTP/2.0" 200 1270 "https://indiabettingexchange.in/tales-the-new-rotary-club-out-of-milton/" "Mozilla/5.0 AppleWebKit/537.36 (KHTML, like Gecko; compatible; GPTBot/1.3; +https://openai.com/gptbot)" 255 **0/255460**
85.208.96.195 - - [14/Mar/2026:05:14:02 -0700] "GET /deuces-original-source-site-wild/ HTTP/1.1" 200 19243 "-" "Mozilla/5.0 (compatible; SemrushBot/7~bl; +http://www.semrush.com/bot.html)" 364 **0/364505**
74.7.227.158 - - [14/Mar/2026:05:14:02 -0700] "GET /articles/page/634/ HTTP/2.0" 200 16673 "https://indiabettingexchange.in/articles/page/633/" "Mozilla/5.0 AppleWebKit/537.36 (KHTML, like Gecko; compatible; GPTBot/1.3; +https://openai.com/gptbot)" 787 **0/787007**
47.82.11.41 - - [14/Mar/2026:05:14:04 -0700] "GET /high-volatility-ports-%EF%BF%BD-unpredictable-enjoyable-and-you-can-potentially-financially-rewarding HTTP/1.1" 301 1 "https://indiabettingexchange.in/" "Mozilla/5.0 (Macintosh; Intel Mac OS X 10.13; rv:109.0) Gecko/20100101 Firefox/115.0" 201 **0/201532**
74.7.227.158 - - [14/Mar/2026:05:14:03 -0700] "GET /articles/page/635/ HTTP/2.0" 200 16796 "https://indiabettingexchange.in/articles/page/633/" "Mozilla/5.0 AppleWebKit/537.36 (KHTML, like Gecko; compatible; GPTBot/1.3; +https://openai.com/gptbot)" 643 **0/643469**
47.82.11.41 - - [14/Mar/2026:05:14:04 -0700] "GET /high-volatility-ports-%EF%BF%BD-unpredictable-enjoyable-and-you-can-potentially-financially-rewarding/ HTTP/1.1" 200 15818 "https://indiabettingexchange.in/" "Mozilla/5.0 (Macintosh; Intel Mac OS X 10.13; rv:109.0) Gecko/20100101 Firefox/115.0" 267 **0/267593**
74.7.227.158 - - [14/Mar/2026:05:14:04 -0700] "GET /articles/page/637/ HTTP/2.0" 200 16713 "https://indiabettingexchange.in/articles/page/633/" "Mozilla/5.0 AppleWebKit/537.36 (KHTML, like Gecko; compatible; GPTBot/1.3; +https://openai.com/gptbot)" 576 **0/576568**
74.7.227.158 - - [14/Mar/2026:05:14:05 -0700] "GET /articles/page/636/ HTTP/2.0" 200 16976 "https://indiabettingexchange.in/articles/page/633/" "Mozilla/5.0 AppleWebKit/537.36 (KHTML, like Gecko; compatible; GPTBot/1.3; +https://openai.com/gptbot)" 443 **0/443582**
74.7.227.158 - - [14/Mar/2026:05:14:06 -0700] "GET /wp-json/oembed/1.0/embed?url=https%3A%2F%2Findiabettingexchange.in%2Ffree-spins-is-a-quick-and-easy-selection-for-casinos-whenever-you-are-looking-at-incentives%2F HTTP/2.0" 200 1342 "https://indiabettingexchange.in/free-spins-is-a-quick-and-easy-selection-for-casinos-whenever-you-are-looking-at-incentives/" "Mozilla/5.0 AppleWebKit/537.36 (KHTML, like Gecko; compatible; GPTBot/1.3; +https://openai.com/gptbot)" 164 **0/164375**
74.7.227.158 - - [14/Mar/2026:05:14:07 -0700] "GET /wp-json/oembed/1.0/embed?url=https%3A%2F%2Findiabettingexchange.in%2Fenjoy-an-excellent-totally-free-fifty-no-deposit-needed-chip-in-the-prima-1-ace-of-spades-gamble%2F HTTP/2.0" 200 1391 "https://indiabettingexchange.in/enjoy-an-excellent-totally-free-fifty-no-deposit-needed-chip-in-the-prima-1-ace-of-spades-gamble/" "Mozilla/5.0 AppleWebKit/537.36 (KHTML, like Gecko; compatible; GPTBot/1.3; +https://openai.com/gptbot)" 158 **0/158917**
74.7.227.158 - - [14/Mar/2026:05:14:07 -0700] "GET /wp-json/oembed/1.0/embed?url=https%3A%2F%2Findiabettingexchange.in%2Fthe-brand-new-games-rtp-is-actually-large-and-more-influenced-by-the-manner-in-which-you-gamble%2F HTTP/2.0" 200 1314 "https://indiabettingexchange.in/the-brand-new-games-rtp-is-actually-large-and-more-influenced-by-the-manner-in-which-you-gamble/" "Mozilla/5.0 AppleWebKit/537.36 (KHTML, like Gecko; compatible; GPTBot/1.3; +https://openai.com/gptbot)" 148 **0/148342**
74.7.227.158 - - [14/Mar/2026:05:14:08 -0700] "GET /wp-json/oembed/1.0/embed?url=https%3A%2F%2Findiabettingexchange.in%2Fgreatest-totally-free-potato-chips-bonuses-enjoy-risk-free-and-you-can-victory-a-real-income%2F HTTP/2.0" 200 1355 "https://indiabettingexchange.in/greatest-totally-free-potato-chips-bonuses-enjoy-risk-free-and-you-can-victory-a-real-income/" "Mozilla/5.0 AppleWebKit/537.36 (KHTML, like Gecko; compatible; GPTBot/1.3; +https://openai.com/gptbot)" 169 **0/169003**
74.7.227.158 - - [14/Mar/2026:05:14:08 -0700] "GET /wp-json/oembed/1.0/embed?url=https%3A%2F%2Findiabettingexchange.in%2Fon-the-same-theme-i-plus-seek-out-features-one-protect-you-even-though-you-enjoy-online%2F HTTP/2.0" 200 1308 "https://indiabettingexchange.in/on-the-same-theme-i-plus-seek-out-features-one-protect-you-even-though-you-enjoy-online/" "Mozilla/5.0 AppleWebKit/537.36 (KHTML, like Gecko; compatible; GPTBot/1.3; +https://openai.com/gptbot)" 178 **0/178464**
74.7.227.158 - - [14/Mar/2026:05:14:09 -0700] "GET /wp-json/oembed/1.0/embed?url=https%3A%2F%2Findiabettingexchange.in%2Fits-very-poor-to-make-a-great-label-bet-as-opposed-to-very-first-to-acquire-towards-dining-table%2F HTTP/2.0" 200 1318 "https://indiabettingexchange.in/its-very-poor-to-make-a-great-label-bet-as-opposed-to-very-first-to-acquire-towards-dining-table/" "Mozilla/5.0 AppleWebKit/537.36 (KHTML, like Gecko; compatible; GPTBot/1.3; +https://openai.com/gptbot)" 200 **0/200445**
74.7.227.158 - - [14/Mar/2026:05:14:09 -0700] "GET /wp-json/oembed/1.0/embed?url=https%3A%2F%2Findiabettingexchange.in%2Fuberp-rufen-schwefel-ie-the-hour-or-so-ko-nto-u-ost-mark-koste-nloses-ge-ld-freizus-chalten%2F HTTP/2.0" 200 1353 "https://indiabettingexchange.in/uberp-rufen-schwefel-ie-the-hour-or-so-ko-nto-u-ost-mark-koste-nloses-ge-ld-freizus-chalten/" "Mozilla/5.0 AppleWebKit/537.36 (KHTML, like Gecko; compatible; GPTBot/1.3; +https://openai.com/gptbot)" 176 **0/176260**
74.7.227.158 - - [14/Mar/2026:05:14:10 -0700] "GET /paypal-is-actually-synonymous-with-safe-and-effortless-on-the-web-costs/ HTTP/2.0" 200 15513 "https://indiabettingexchange.in/articles/page/634/" "Mozilla/5.0 AppleWebKit/537.36 (KHTML, like Gecko; compatible; GPTBot/1.3; +https://openai.com/gptbot)" 285 **0/285778**
74.7.227.158 - - [14/Mar/2026:05:14:10 -0700] "GET /in-exchange-the-latest-seminole-tribe-loaned-the-state-of-fl-one/ HTTP/2.0" 200 15808 "https://indiabettingexchange.in/articles/page/635/" "Mozilla/5.0 AppleWebKit/537.36 (KHTML, like Gecko; compatible; GPTBot/1.3; +https://openai.com/gptbot)" 253 **0/253653**
85.208.96.198 - - [14/Mar/2026:05:14:12 -0700] "GET /faq-%EF%BF%BD-czesto-przesluchiwane-zdanie-pytajace-o-kasyno-w-miejsce-weryfikacji/ HTTP/1.1" 200 17694 "-" "Mozilla/5.0 (compatible; SemrushBot/7~bl; +http://www.semrush.com/bot.html)" 237 **0/237715**
74.7.227.158 - - [14/Mar/2026:05:14:12 -0700] "GET /revelation-the-content-exists-to-possess-academic-purposes-only/ HTTP/2.0" 200 15670 "https://indiabettingexchange.in/articles/page/637/" "Mozilla/5.0 AppleWebKit/537.36 (KHTML, like Gecko; compatible; GPTBot/1.3; +https://openai.com/gptbot)" 269 **0/269873**
74.7.227.158 - - [14/Mar/2026:05:14:13 -0700] "GET /hey-judy-i-became-thinking-in-the-event-it-is-actually-resolved/ HTTP/2.0" 200 15789 "https://indiabettingexchange.in/articles/page/637/" "Mozilla/5.0 AppleWebKit/537.36 (KHTML, like Gecko; compatible; GPTBot/1.3; +https://openai.com/gptbot)" 215 **0/215244**
95.108.213.101 - - [14/Mar/2026:05:14:13 -0700] "GET /drake-supports-the-wiki-casino-coral-mobile-help-guide-to-the-field-of-wow/ HTTP/1.1" 200 19423 "-" "Mozilla/5.0 (compatible; YandexBot/3.0; +http://yandex.com/bots)" 222 **0/222402**
74.7.227.158 - - [14/Mar/2026:05:14:14 -0700] "GET /ideas-on-how-to-know-if-the-online-local-casino-is-not-legitimate/ HTTP/2.0" 200 15354 "https://indiabettingexchange.in/articles/page/637/" "Mozilla/5.0 AppleWebKit/537.36 (KHTML, like Gecko; compatible; GPTBot/1.3; +https://openai.com/gptbot)" 220 **0/220745**
