74.7.227.158 - - [14/Mar/2026:05:43:58 -0700] "GET /10-beste-seriose-versorger-casino-com-online-2026/ HTTP/2.0" 200 17309 "https://indiabettingexchange.in/articles/page/696/" "Mozilla/5.0 AppleWebKit/537.36 (KHTML, like Gecko; compatible; GPTBot/1.3; +https://openai.com/gptbot)" 211 **0/211301**
74.7.227.158 - - [14/Mar/2026:05:43:58 -0700] "GET /wp-json/oembed/1.0/embed?format=xml&url=https%3A%2F%2Findiabettingexchange.in%2Fobstacle-casino-pop-casino-way-competition-see-your-future-challenge%2F HTTP/2.0" 200 1459 "https://indiabettingexchange.in/obstacle-casino-pop-casino-way-competition-see-your-future-challenge/" "Mozilla/5.0 AppleWebKit/537.36 (KHTML, like Gecko; compatible; GPTBot/1.3; +https://openai.com/gptbot)" 134 **0/134908**
43.173.178.149 - - [14/Mar/2026:05:43:59 -0700] "GET /?p=119477 HTTP/1.1" 301 - "-" "Mozilla/5.0 (Windows NT 10.0; Win64; x64) AppleWebKit/537.36 (KHTML, like Gecko) Chrome/108.0.0.0 Safari/537.36" 142 **0/142826**
43.173.182.156 - - [14/Mar/2026:05:43:59 -0700] "GET /at-the-same-time-all-demands-was-processed-the-same-go-out-in-24-hours-or-less-i HTTP/1.1" 301 - "-" "Mozilla/5.0 (Windows NT 10.0; Win64; x64) AppleWebKit/537.36 (KHTML, like Gecko) Chrome/111.0.0.0 Safari/537.36" 139 **0/139445**
43.173.182.20 - - [14/Mar/2026:05:43:59 -0700] "GET /?p=146915 HTTP/1.1" 301 - "-" "Mozilla/5.0 (Windows NT 10.0; Win64; x64) AppleWebKit/537.36 (KHTML, like Gecko) Chrome/106.0.5249.119 Safari/537.36" 128 **0/128316**
43.173.179.187 - - [14/Mar/2026:05:43:59 -0700] "GET /at-the-same-time-all-demands-was-processed-the-same-go-out-in-24-hours-or-less-i/ HTTP/1.1" 200 17102 "-" "Mozilla/5.0 (Windows NT 10.0; Win64; x64) AppleWebKit/537.36 (KHTML, like Gecko) Chrome/111.0.0.0 Safari/537.36" 212 **0/212047**
43.173.177.3 - - [14/Mar/2026:05:43:59 -0700] "GET /10-eur-pramie-unlimluck-schweiz-login-blos-einzahlung-inoffizieller-mitarbeiter-kasino-traktandum-boni-12-2025/ HTTP/1.1" 200 19099 "-" "Mozilla/5.0 (Windows NT 10.0; Win64; x64) AppleWebKit/537.36 (KHTML, like Gecko) Chrome/108.0.0.0 Safari/537.36" 225 **0/225661**
43.173.181.102 - - [14/Mar/2026:05:43:59 -0700] "GET /unveiling-the-bc-game-crew-whos-playing-and-why/ HTTP/1.1" 200 18629 "-" "Mozilla/5.0 (Windows NT 10.0; Win64; x64) AppleWebKit/537.36 (KHTML, like Gecko) Chrome/106.0.5249.119 Safari/537.36" 224 **0/224001**
74.7.227.158 - - [14/Mar/2026:05:43:59 -0700] "GET /wp-json/oembed/1.0/embed?url=https%3A%2F%2Findiabettingexchange.in%2Fobstacle-casino-pop-casino-way-competition-see-your-future-challenge%2F HTTP/2.0" 200 1451 "https://indiabettingexchange.in/obstacle-casino-pop-casino-way-competition-see-your-future-challenge/" "Mozilla/5.0 AppleWebKit/537.36 (KHTML, like Gecko; compatible; GPTBot/1.3; +https://openai.com/gptbot)" 184 **0/184671**
74.7.227.158 - - [14/Mar/2026:05:43:59 -0700] "GET /wp-json/wp/v2/posts/94043 HTTP/2.0" 200 5471 "https://indiabettingexchange.in/obstacle-casino-pop-casino-way-competition-see-your-future-challenge/" "Mozilla/5.0 AppleWebKit/537.36 (KHTML, like Gecko; compatible; GPTBot/1.3; +https://openai.com/gptbot)" 171 **0/171530**
185.191.171.9 - - [14/Mar/2026:05:44:00 -0700] "GET /60-gnome-1-kaution-freispiele-exklusive-einzahlung-2025-spielsaal-via-150-moglichkeiten-pompeii-60-freispiele-cloud-solutions/ HTTP/1.1" 200 19399 "-" "Mozilla/5.0 (compatible; SemrushBot/7~bl; +http://www.semrush.com/bot.html)" 264 **0/264386**
74.7.227.158 - - [14/Mar/2026:05:44:00 -0700] "GET /2022-es-abu-dhabi-hatalmas-lehetoseg-a-nagydijra-f1-es-valasztasok-es-jatekelorejelzesek/ HTTP/2.0" 200 17488 "https://indiabettingexchange.in/articles/page/697/" "Mozilla/5.0 AppleWebKit/537.36 (KHTML, like Gecko; compatible; GPTBot/1.3; +https://openai.com/gptbot)" 258 **0/258774**
74.7.227.158 - - [14/Mar/2026:05:44:01 -0700] "GET /safety-index-away-from-mobil-bahis-gambling-enterprise-%ef%bf%bd-is-it-fair-and-you-can-secure/ HTTP/2.0" 200 15585 "https://indiabettingexchange.in/articles/page/695/" "Mozilla/5.0 AppleWebKit/537.36 (KHTML, like Gecko; compatible; GPTBot/1.3; +https://openai.com/gptbot)" 267 **0/267313**
74.7.227.158 - - [14/Mar/2026:05:44:01 -0700] "GET /xmas-joker-position-by-enjoy-casino-betway-letter-wade-totally-free-demo-gamble-96-98-rtp/ HTTP/2.0" 200 17523 "https://indiabettingexchange.in/articles/page/697/" "Mozilla/5.0 AppleWebKit/537.36 (KHTML, like Gecko; compatible; GPTBot/1.3; +https://openai.com/gptbot)" 447 **0/447929**
74.7.227.158 - - [14/Mar/2026:05:44:02 -0700] "GET /wp-json/oembed/1.0/embed?format=xml&url=https%3A%2F%2Findiabettingexchange.in%2Fbelow-blackbeards-bounty-120-free-spins-maintenance%2F HTTP/2.0" 200 1325 "https://indiabettingexchange.in/below-blackbeards-bounty-120-free-spins-maintenance/" "Mozilla/5.0 AppleWebKit/537.36 (KHTML, like Gecko; compatible; GPTBot/1.3; +https://openai.com/gptbot)" 272 **0/272052**
74.7.227.158 - - [14/Mar/2026:05:44:03 -0700] "GET /locations-to-gamble-100-free-spins-megaways-ports-that-have-cad/ HTTP/2.0" 200 15580 "https://indiabettingexchange.in/articles/page/695/" "Mozilla/5.0 AppleWebKit/537.36 (KHTML, like Gecko; compatible; GPTBot/1.3; +https://openai.com/gptbot)" 309 **0/309644**
74.7.227.158 - - [14/Mar/2026:05:44:03 -0700] "GET /how-to-meet-foreign-women-6-ways-5-top-sites/ HTTP/2.0" 200 120855 "https://indiabettingexchange.in/so-kriegen-sie-einen-maklercourtage-abzuglich-einzahlung-within-slowenien/" "Mozilla/5.0 AppleWebKit/537.36 (KHTML, like Gecko; compatible; GPTBot/1.3; +https://openai.com/gptbot)" 284 **0/284366**
74.7.227.158 - - [14/Mar/2026:05:44:04 -0700] "GET /beste-100-gratis-spinn-no-deposit-casino-miami-dice-norske-online-casinoer/ HTTP/2.0" 200 16704 "https://indiabettingexchange.in/why-you-ought-to-check-out-totally-free-casino-games-to-relax-and-play-inside-the-their-free-time/" "Mozilla/5.0 AppleWebKit/537.36 (KHTML, like Gecko; compatible; GPTBot/1.3; +https://openai.com/gptbot)" 224 **0/224064**
74.7.227.158 - - [14/Mar/2026:05:44:04 -0700] "GET /wp-json/oembed/1.0/embed?format=xml&url=https%3A%2F%2Findiabettingexchange.in%2Fvideo-poker-book-how-to-bet-real-money-online-baccarat-pro-series-low-limit-play-electronic-poker-on-line%2F HTTP/2.0" 200 1421 "https://indiabettingexchange.in/video-poker-book-how-to-bet-real-money-online-baccarat-pro-series-low-limit-play-electronic-poker-on-line/" "Mozilla/5.0 AppleWebKit/537.36 (KHTML, like Gecko; compatible; GPTBot/1.3; +https://openai.com/gptbot)" 197 **0/197072**
74.7.227.158 - - [14/Mar/2026:05:44:05 -0700] "GET /oplev-1700-bred-spilleautomater-ingen-min-nettside-downloads-nodvendigt/ HTTP/2.0" 200 16539 "https://indiabettingexchange.in/why-you-ought-to-check-out-totally-free-casino-games-to-relax-and-play-inside-the-their-free-time/" "Mozilla/5.0 AppleWebKit/537.36 (KHTML, like Gecko; compatible; GPTBot/1.3; +https://openai.com/gptbot)" 205 **0/205809**
74.7.227.158 - - [14/Mar/2026:05:44:05 -0700] "GET /norske-casino-casino-maria-gratis-chip-bonuskoder-uten-innskudd-for-2026/ HTTP/2.0" 200 16289 "https://indiabettingexchange.in/mega-moolah-position-review-free-spins-and-you-will-jackpots/" "Mozilla/5.0 AppleWebKit/537.36 (KHTML, like Gecko; compatible; GPTBot/1.3; +https://openai.com/gptbot)" 219 **0/219743**
74.7.227.158 - - [14/Mar/2026:05:44:06 -0700] "GET /gratisspinn-bortmed-registrering-naked-gun-slot-uten-bidrag-norge-2026/ HTTP/2.0" 200 16520 "https://indiabettingexchange.in/put-play-ten-in-virtually-any-bingo-area-contained-in-this-1-week/" "Mozilla/5.0 AppleWebKit/537.36 (KHTML, like Gecko; compatible; GPTBot/1.3; +https://openai.com/gptbot)" 224 **0/224215**
74.7.227.158 - - [14/Mar/2026:05:44:06 -0700] "GET /free-spins-gambling-online-bingo-uten-bidrag-arve-gratisspinn-gjennom-registrering/ HTTP/2.0" 200 16236 "https://indiabettingexchange.in/obstacle-casino-pop-casino-way-competition-see-your-future-challenge/" "Mozilla/5.0 AppleWebKit/537.36 (KHTML, like Gecko; compatible; GPTBot/1.3; +https://openai.com/gptbot)" 172 **0/172999**
74.7.227.158 - - [14/Mar/2026:05:44:07 -0700] "GET /danselat-quickspin-klassiske-spor-bred-spilleautomater-paslat-nett-2026-online-slots/ HTTP/2.0" 200 16738 "https://indiabettingexchange.in/online-game-confronts-on-the-mamamias-bachelorette-bingo-will-be-here/" "Mozilla/5.0 AppleWebKit/537.36 (KHTML, like Gecko; compatible; GPTBot/1.3; +https://openai.com/gptbot)" 210 **0/210495**
74.7.227.158 - - [14/Mar/2026:05:44:08 -0700] "GET /eighteen-133-kasino-spiele-fur-nusse-exklusive-eintragung-vortragen/ HTTP/2.0" 200 19383 "https://indiabettingexchange.in/how-do-i-get-a-no-deposit-totally-free-bet/" "Mozilla/5.0 AppleWebKit/537.36 (KHTML, like Gecko; compatible; GPTBot/1.3; +https://openai.com/gptbot)" 227 **0/227108**
74.7.227.158 - - [14/Mar/2026:05:44:08 -0700] "GET /beste-echtgeld-casinos-aktueller-angeschlossen-spielbank-probe-je-2026/ HTTP/2.0" 200 19289 "https://indiabettingexchange.in/put-play-ten-in-virtually-any-bingo-area-contained-in-this-1-week/" "Mozilla/5.0 AppleWebKit/537.36 (KHTML, like Gecko; compatible; GPTBot/1.3; +https://openai.com/gptbot)" 211 **0/211899**
74.7.227.158 - - [14/Mar/2026:05:44:09 -0700] "GET /%ce%ba%ce%bf%cf%85%ce%bb%ce%bf%cf%87%ce%ad%cf%81%ce%b7%cf%82-fish-people-%ce%b4%cf%89%cf%81%ce%b5%ce%ac%ce%bd-%cf%80%cf%81%ce%b1%ce%b3%ce%bc%ce%b1%cf%84%ce%b9%ce%ba%ce%ac-%ce%bc%ce%b5%cf%84%cf%81/ HTTP/2.0" 200 17251 "https://indiabettingexchange.in/articles/page/697/" "Mozilla/5.0 AppleWebKit/537.36 (KHTML, like Gecko; compatible; GPTBot/1.3; +https://openai.com/gptbot)" 204 **0/204034**
74.7.227.158 - - [14/Mar/2026:05:44:09 -0700] "GET /sos-presente-dentro-del-universo-sobre-casinos-en-internet-aca-te-contamos-acerca-de-como-comenzar/feed/ HTTP/2.0" 200 427 "https://indiabettingexchange.in/sos-presente-dentro-del-universo-sobre-casinos-en-internet-aca-te-contamos-acerca-de-como-comenzar/" "Mozilla/5.0 AppleWebKit/537.36 (KHTML, like Gecko; compatible; GPTBot/1.3; +https://openai.com/gptbot)" 134 **0/134551**
74.7.227.158 - - [14/Mar/2026:05:44:10 -0700] "GET /wp-json/oembed/1.0/embed?format=xml&url=https%3A%2F%2Findiabettingexchange.in%2Fsos-presente-dentro-del-universo-sobre-casinos-en-internet-aca-te-contamos-acerca-de-como-comenzar%2F HTTP/2.0" 200 1349 "https://indiabettingexchange.in/sos-presente-dentro-del-universo-sobre-casinos-en-internet-aca-te-contamos-acerca-de-como-comenzar/" "Mozilla/5.0 AppleWebKit/537.36 (KHTML, like Gecko; compatible; GPTBot/1.3; +https://openai.com/gptbot)" 121 **0/121209**
74.7.227.158 - - [14/Mar/2026:05:44:10 -0700] "GET /what-type-of-on-line-betting-playing-really-does-megaways-gambling-establishment-offer/ HTTP/2.0" 200 16400 "https://indiabettingexchange.in/articles/page/696/" "Mozilla/5.0 AppleWebKit/537.36 (KHTML, like Gecko; compatible; GPTBot/1.3; +https://openai.com/gptbot)" 208 **0/208313**
74.7.227.158 - - [14/Mar/2026:05:44:11 -0700] "GET /super-bonanza-personal-gambling-enterprise-provides-more-600-of-your-industrys-most-readily-useful-online-slots-games-on-the-most-readily-useful-software-developers-as-much-as/ HTTP/2.0" 200 15713 "https://indiabettingexchange.in/articles/page/697/" "Mozilla/5.0 AppleWebKit/537.36 (KHTML, like Gecko; compatible; GPTBot/1.3; +https://openai.com/gptbot)" 220 **0/220515**
74.7.227.158 - - [14/Mar/2026:05:44:11 -0700] "GET /free-spins-utan-insattning-2025-betrakta-laka-listan-tillsammans-free-spins/feed/ HTTP/2.0" 200 423 "https://indiabettingexchange.in/free-spins-utan-insattning-2025-betrakta-laka-listan-tillsammans-free-spins/" "Mozilla/5.0 AppleWebKit/537.36 (KHTML, like Gecko; compatible; GPTBot/1.3; +https://openai.com/gptbot)" 116 **0/116256**
74.7.227.158 - - [14/Mar/2026:05:44:12 -0700] "GET /wp-json/oembed/1.0/embed?format=xml&url=https%3A%2F%2Findiabettingexchange.in%2Ffree-spins-utan-insattning-2025-betrakta-laka-listan-tillsammans-free-spins%2F HTTP/2.0" 200 1460 "https://indiabettingexchange.in/free-spins-utan-insattning-2025-betrakta-laka-listan-tillsammans-free-spins/" "Mozilla/5.0 AppleWebKit/537.36 (KHTML, like Gecko; compatible; GPTBot/1.3; +https://openai.com/gptbot)" 173 **0/173523**
74.7.227.158 - - [14/Mar/2026:05:44:12 -0700] "GET /mobile-app-best-online-pokies-australia-tournaments-instantaneous-enjoy-october-incentives/feed/ HTTP/2.0" 200 424 "https://indiabettingexchange.in/mobile-app-best-online-pokies-australia-tournaments-instantaneous-enjoy-october-incentives/" "Mozilla/5.0 AppleWebKit/537.36 (KHTML, like Gecko; compatible; GPTBot/1.3; +https://openai.com/gptbot)" 122 **0/122383**
74.7.227.158 - - [14/Mar/2026:05:44:13 -0700] "GET /wp-json/oembed/1.0/embed?format=xml&url=https%3A%2F%2Findiabettingexchange.in%2Fmobile-app-best-online-pokies-australia-tournaments-instantaneous-enjoy-october-incentives%2F HTTP/2.0" 200 1373 "https://indiabettingexchange.in/mobile-app-best-online-pokies-australia-tournaments-instantaneous-enjoy-october-incentives/" "Mozilla/5.0 AppleWebKit/537.36 (KHTML, like Gecko; compatible; GPTBot/1.3; +https://openai.com/gptbot)" 125 **0/125139**
74.7.227.158 - - [14/Mar/2026:05:44:14 -0700] "GET /wp-json/wp/v2/posts/55830 HTTP/2.0" 200 7350 "https://indiabettingexchange.in/mobile-app-best-online-pokies-australia-tournaments-instantaneous-enjoy-october-incentives/" "Mozilla/5.0 AppleWebKit/537.36 (KHTML, like Gecko; compatible; GPTBot/1.3; +https://openai.com/gptbot)" 194 **0/194537**
74.7.227.158 - - [14/Mar/2026:05:44:14 -0700] "GET /wp-json/oembed/1.0/embed?format=xml&url=https%3A%2F%2Findiabettingexchange.in%2F30-freispiele-exklusive-einzahlung-tagesordnungspunkt-casinos-queen-of-queens-1-kaution-2025%2F HTTP/2.0" 200 1392 "https://indiabettingexchange.in/30-freispiele-exklusive-einzahlung-tagesordnungspunkt-casinos-queen-of-queens-1-kaution-2025/" "Mozilla/5.0 AppleWebKit/537.36 (KHTML, like Gecko; compatible; GPTBot/1.3; +https://openai.com/gptbot)" 133 **0/133005**
74.7.227.158 - - [14/Mar/2026:05:44:15 -0700] "GET /die-besten-erreichbar-casinos-blood-suckers-spielautomaten-echtes-geld-qua-echtgeld-inside-das-schweizerische-eidgenossenschaft-2026/ HTTP/2.0" 200 17207 "https://indiabettingexchange.in/articles/page/697/" "Mozilla/5.0 AppleWebKit/537.36 (KHTML, like Gecko; compatible; GPTBot/1.3; +https://openai.com/gptbot)" 221 **0/221283**
185.191.171.6 - - [14/Mar/2026:05:44:15 -0700] "GET /pinco-online-kazino-az-rbaycan-giris/ HTTP/1.1" 200 17070 "-" "Mozilla/5.0 (compatible; SemrushBot/7~bl; +http://www.semrush.com/bot.html)" 210 **0/210610**
74.7.227.158 - - [14/Mar/2026:05:44:15 -0700] "GET /cellular-app-experience-on-luckyland-12-9-5/ HTTP/2.0" 200 15911 "https://indiabettingexchange.in/articles/page/694/" "Mozilla/5.0 AppleWebKit/537.36 (KHTML, like Gecko; compatible; GPTBot/1.3; +https://openai.com/gptbot)" 204 **0/204362**
74.7.227.158 - - [14/Mar/2026:05:44:16 -0700] "GET /gratisspinn-bortmed-registrering-venice-magic-slot-jackpot-uten-bidrag-norge-2026/ HTTP/2.0" 200 16654 "https://indiabettingexchange.in/mega-moolah-position-review-free-spins-and-you-will-jackpots/" "Mozilla/5.0 AppleWebKit/537.36 (KHTML, like Gecko; compatible; GPTBot/1.3; +https://openai.com/gptbot)" 216 **0/216201**
74.7.227.158 - - [14/Mar/2026:05:44:16 -0700] "GET /stake-ten-rating-150-free-spins-payment-steps/ HTTP/2.0" 200 15799 "https://indiabettingexchange.in/articles/page/696/" "Mozilla/5.0 AppleWebKit/537.36 (KHTML, like Gecko; compatible; GPTBot/1.3; +https://openai.com/gptbot)" 223 **0/223184**
74.7.227.158 - - [14/Mar/2026:05:44:17 -0700] "GET /when-it-comes-to-extra-proportions-by-yourself-betocean-local-casino-places-right-up-one-of-the-biggest-enjoy-also-offers-in-the-new-jersey/feed/ HTTP/2.0" 200 466 "https://indiabettingexchange.in/when-it-comes-to-extra-proportions-by-yourself-betocean-local-casino-places-right-up-one-of-the-biggest-enjoy-also-offers-in-the-new-jersey/" "Mozilla/5.0 AppleWebKit/537.36 (KHTML, like Gecko; compatible; GPTBot/1.3; +https://openai.com/gptbot)" 149 **0/149969**
74.7.227.158 - - [14/Mar/2026:05:44:17 -0700] "GET /wirklich-ist-und-bleibt-es-nicht-wirklich-so-storungsfrei-diesseitigen-fairen-vermittlungsgebuhr-nach-finden/feed/ HTTP/2.0" 200 445 "https://indiabettingexchange.in/wirklich-ist-und-bleibt-es-nicht-wirklich-so-storungsfrei-diesseitigen-fairen-vermittlungsgebuhr-nach-finden/" "Mozilla/5.0 AppleWebKit/537.36 (KHTML, like Gecko; compatible; GPTBot/1.3; +https://openai.com/gptbot)" 132 **0/132700**
85.208.96.204 - - [14/Mar/2026:05:44:18 -0700] "GET /ma-chance-profitez-des-bonus-casino-bitcoin-en-france/ HTTP/1.1" 200 17387 "-" "Mozilla/5.0 (compatible; SemrushBot/7~bl; +http://www.semrush.com/bot.html)" 197 **0/197598**
74.7.227.158 - - [14/Mar/2026:05:44:18 -0700] "GET /wp-json/oembed/1.0/embed?format=xml&url=https%3A%2F%2Findiabettingexchange.in%2Fwhen-it-comes-to-extra-proportions-by-yourself-betocean-local-casino-places-right-up-one-of-the-biggest-enjoy-also-offers-in-the-new-jersey%2F HTTP/2.0" 200 1395 "https://indiabettingexchange.in/when-it-comes-to-extra-proportions-by-yourself-betocean-local-casino-places-right-up-one-of-the-biggest-enjoy-also-offers-in-the-new-jersey/" "Mozilla/5.0 AppleWebKit/537.36 (KHTML, like Gecko; compatible; GPTBot/1.3; +https://openai.com/gptbot)" 159 **0/159512**
74.7.227.158 - - [14/Mar/2026:05:44:18 -0700] "GET /wp-json/oembed/1.0/embed?format=xml&url=https%3A%2F%2Findiabettingexchange.in%2Fwirklich-ist-und-bleibt-es-nicht-wirklich-so-storungsfrei-diesseitigen-fairen-vermittlungsgebuhr-nach-finden%2F HTTP/2.0" 200 1472 "https://indiabettingexchange.in/wirklich-ist-und-bleibt-es-nicht-wirklich-so-storungsfrei-diesseitigen-fairen-vermittlungsgebuhr-nach-finden/" "Mozilla/5.0 AppleWebKit/537.36 (KHTML, like Gecko; compatible; GPTBot/1.3; +https://openai.com/gptbot)" 142 **0/142424**
74.7.227.158 - - [14/Mar/2026:05:44:19 -0700] "GET /online-spilleautomater-hos-casino-house-castle-builder-2-tilbud-online-casino/ HTTP/2.0" 200 16225 "https://indiabettingexchange.in/how-do-i-get-a-no-deposit-totally-free-bet/" "Mozilla/5.0 AppleWebKit/537.36 (KHTML, like Gecko; compatible; GPTBot/1.3; +https://openai.com/gptbot)" 230 **0/230048**
74.7.227.158 - - [14/Mar/2026:05:44:20 -0700] "GET /wp-json/oembed/1.0/embed?format=xml&url=https%3A%2F%2Findiabettingexchange.in%2Fweblink-casino-true-illusions-updater%2F HTTP/2.0" 200 1329 "https://indiabettingexchange.in/weblink-casino-true-illusions-updater/" "Mozilla/5.0 AppleWebKit/537.36 (KHTML, like Gecko; compatible; GPTBot/1.3; +https://openai.com/gptbot)" 159 **0/159265**
74.7.227.158 - - [14/Mar/2026:05:44:20 -0700] "GET /faca-o-logon-e-jogue-online-5/ HTTP/2.0" 200 22933 "https://indiabettingexchange.in/articles/page/695/" "Mozilla/5.0 AppleWebKit/537.36 (KHTML, like Gecko; compatible; GPTBot/1.3; +https://openai.com/gptbot)" 253 **0/253190**
74.7.227.158 - - [14/Mar/2026:05:44:21 -0700] "GET /beste-200-einzahlungsbonus-angeschlossen-casinos-exklusive-bankverbindung-2026-abzuglich-registrierung/ HTTP/2.0" 200 17236 "https://indiabettingexchange.in/articles/page/696/" "Mozilla/5.0 AppleWebKit/537.36 (KHTML, like Gecko; compatible; GPTBot/1.3; +https://openai.com/gptbot)" 216 **0/216054**
74.7.227.158 - - [14/Mar/2026:05:44:21 -0700] "GET /blackjack-strategie-blackjack-vortragen-and-geltend-machen-bimsen/ HTTP/2.0" 200 19284 "https://indiabettingexchange.in/sos-presente-dentro-del-universo-sobre-casinos-en-internet-aca-te-contamos-acerca-de-como-comenzar/" "Mozilla/5.0 AppleWebKit/537.36 (KHTML, like Gecko; compatible; GPTBot/1.3; +https://openai.com/gptbot)" 224 **0/224233**
74.7.227.158 - - [14/Mar/2026:05:44:22 -0700] "GET /danselat-for-ring-the-bells-casino-50-fri-spinn-robotnik-bortmed-registrering-betydningslos-innskudd-trygge-casinoer/ HTTP/2.0" 200 16002 "https://indiabettingexchange.in/fanduel-casino-is-a-perfect-alternative-if-youd-like-to-merge-casino-gambling-and-you-may-sports-betting-in-one-software/" "Mozilla/5.0 AppleWebKit/537.36 (KHTML, like Gecko; compatible; GPTBot/1.3; +https://openai.com/gptbot)" 169 **0/169341**
74.7.227.158 - - [14/Mar/2026:05:44:22 -0700] "GET /firearm-lake-gambling-enterprise-located-in-wayland-michigan-established-in-2011/ HTTP/2.0" 200 15665 "https://indiabettingexchange.in/there-isnt-a-change-between-incentives-that-require-a-plus-codes-and-you-can-bonuses-that-dont/" "Mozilla/5.0 AppleWebKit/537.36 (KHTML, like Gecko; compatible; GPTBot/1.3; +https://openai.com/gptbot)" 174 **0/174669**
192.186.142.43 - - [14/Mar/2026:05:44:22 -0700] "GET /the-ultimate-guide-to-213-odds-at-top-online-casinos/ HTTP/1.1" 200 15773 "https://indiabettingexchange.in/" "Mozilla/5.0 (Windows NT 10.0; WOW64) AppleWebKit/537.36 (KHTML, like Gecko) Chrome/114.0.0.0 Safari/537.36 Vivaldi/5.3.2679.68" 170 **0/170251**
74.7.227.158 - - [14/Mar/2026:05:44:23 -0700] "GET /rapunzels-tower-demo-med-gate777-palogging-anmeldelse-fri-quickspin-spilleautomater/ HTTP/2.0" 200 16655 "https://indiabettingexchange.in/video-poker-book-how-to-bet-real-money-online-baccarat-pro-series-low-limit-play-electronic-poker-on-line/" "Mozilla/5.0 AppleWebKit/537.36 (KHTML, like Gecko; compatible; GPTBot/1.3; +https://openai.com/gptbot)" 185 **0/185043**
74.7.227.158 - - [14/Mar/2026:05:44:23 -0700] "GET /2-as-to-why-cannot-i-get-on-lucky-wins/ HTTP/2.0" 200 15661 "https://indiabettingexchange.in/articles/page/697/" "Mozilla/5.0 AppleWebKit/537.36 (KHTML, like Gecko; compatible; GPTBot/1.3; +https://openai.com/gptbot)" 187 **0/187035**
74.7.227.158 - - [14/Mar/2026:05:44:24 -0700] "GET /wp-json/oembed/1.0/embed?format=xml&url=https%3A%2F%2Findiabettingexchange.in%2Fextra-inte-med-omsattningskrav%2F HTTP/2.0" 200 1412 "https://indiabettingexchange.in/extra-inte-med-omsattningskrav/" "Mozilla/5.0 AppleWebKit/537.36 (KHTML, like Gecko; compatible; GPTBot/1.3; +https://openai.com/gptbot)" 148 **0/148802**
192.186.142.43 - - [14/Mar/2026:05:44:24 -0700] "GET /wp-content/themes/aurum/assets/js/nivo-lightbox/nivo-lightbox.css HTTP/1.1" 200 987 "https://indiabettingexchange.in/the-ultimate-guide-to-213-odds-at-top-online-casinos/" "Mozilla/5.0 (Windows NT 10.0; Win64; x64) AppleWebKit/537.36 (KHTML, like Gecko) Chrome/143.0.0.0 Safari/537.36" 8 **0/8520**
74.7.227.158 - - [14/Mar/2026:05:44:24 -0700] "GET /wp-json/oembed/1.0/embed?url=https%3A%2F%2Findiabettingexchange.in%2Fextra-inte-med-omsattningskrav%2F HTTP/2.0" 200 1397 "https://indiabettingexchange.in/extra-inte-med-omsattningskrav/" "Mozilla/5.0 AppleWebKit/537.36 (KHTML, like Gecko; compatible; GPTBot/1.3; +https://openai.com/gptbot)" 133 **0/133772**
74.7.227.158 - - [14/Mar/2026:05:44:25 -0700] "GET /wp-json/wp/v2/posts/296469 HTTP/2.0" 200 5897 "https://indiabettingexchange.in/extra-inte-med-omsattningskrav/" "Mozilla/5.0 AppleWebKit/537.36 (KHTML, like Gecko; compatible; GPTBot/1.3; +https://openai.com/gptbot)" 157 **0/157116**
74.7.227.158 - - [14/Mar/2026:05:44:25 -0700] "GET /extra-inte-med-omsattningskrav/feed/ HTTP/2.0" 200 375 "https://indiabettingexchange.in/extra-inte-med-omsattningskrav/" "Mozilla/5.0 AppleWebKit/537.36 (KHTML, like Gecko; compatible; GPTBot/1.3; +https://openai.com/gptbot)" 114 **0/114145**
192.186.142.43 - - [14/Mar/2026:05:44:26 -0700] "GET /wp-content/themes/aurum/assets/js/nivo-lightbox/themes/default/default.css HTTP/1.1" 200 731 "https://indiabettingexchange.in/the-ultimate-guide-to-213-odds-at-top-online-casinos/" "Mozilla/5.0 (Windows NT 10.0; Win64; x64) AppleWebKit/537.36 (KHTML, like Gecko) Chrome/143.0.0.0 Safari/537.36" 10 **0/10128**
216.73.216.48 - - [14/Mar/2026:05:44:26 -0700] "GET /tag/tortuga-jackpot-games HTTP/2.0" 301 1 "-" "Mozilla/5.0 AppleWebKit/537.36 (KHTML, like Gecko; compatible; ClaudeBot/1.0; +claudebot@anthropic.com)" 104 **0/104409**
216.73.216.48 - - [14/Mar/2026:05:44:26 -0700] "GET /tag/impressario-slots-review/feed HTTP/2.0" 301 1 "-" "Mozilla/5.0 AppleWebKit/537.36 (KHTML, like Gecko; compatible; ClaudeBot/1.0; +claudebot@anthropic.com)" 119 **0/119531**
74.7.227.158 - - [14/Mar/2026:05:44:26 -0700] "GET /wp-json/oembed/1.0/embed?format=xml&url=https%3A%2F%2Findiabettingexchange.in%2Fwatch-victorious-streaming-online%2F HTTP/2.0" 200 1347 "https://indiabettingexchange.in/watch-victorious-streaming-online/" "Mozilla/5.0 AppleWebKit/537.36 (KHTML, like Gecko; compatible; GPTBot/1.3; +https://openai.com/gptbot)" 144 **0/144756**
216.73.216.48 - - [14/Mar/2026:05:44:26 -0700] "GET /tag/tortuga-jackpot-games/ HTTP/2.0" 200 13383 "https://indiabettingexchange.in/tag/tortuga-jackpot-games" "Mozilla/5.0 AppleWebKit/537.36 (KHTML, like Gecko; compatible; ClaudeBot/1.0; +claudebot@anthropic.com)" 192 **0/192014**
216.73.216.48 - - [14/Mar/2026:05:44:26 -0700] "GET /tag/impressario-slots-review/feed/ HTTP/2.0" 200 5704 "https://indiabettingexchange.in/tag/impressario-slots-review/feed" "Mozilla/5.0 AppleWebKit/537.36 (KHTML, like Gecko; compatible; ClaudeBot/1.0; +claudebot@anthropic.com)" 192 **0/192181**
74.7.227.158 - - [14/Mar/2026:05:44:26 -0700] "GET /norske-casino-bonuskoder-uten-bidrag-pa-creature-from-the-black-lagoon-casino-2026/ HTTP/2.0" 200 16598 "https://indiabettingexchange.in/online-game-confronts-on-the-mamamias-bachelorette-bingo-will-be-here/" "Mozilla/5.0 AppleWebKit/537.36 (KHTML, like Gecko; compatible; GPTBot/1.3; +https://openai.com/gptbot)" 241 **0/241898**
192.186.142.43 - - [14/Mar/2026:05:44:27 -0700] "GET /wp-includes/css/dist/block-library/style.min.css?ver=6.9.4 HTTP/1.1" 200 14701 "https://indiabettingexchange.in/the-ultimate-guide-to-213-odds-at-top-online-casinos/" "Mozilla/5.0 (Windows NT 10.0; Win64; x64) AppleWebKit/537.36 (KHTML, like Gecko) Chrome/143.0.0.0 Safari/537.36" 16 **0/16116**
216.73.216.48 - - [14/Mar/2026:05:44:27 -0700] "GET /tag/kingmaker-game-selection HTTP/2.0" 301 1 "-" "Mozilla/5.0 AppleWebKit/537.36 (KHTML, like Gecko; compatible; ClaudeBot/1.0; +claudebot@anthropic.com)" 131 **0/131762**
74.7.227.158 - - [14/Mar/2026:05:44:27 -0700] "GET /freispiele-abzuglich-einzahlung-casino-mr-bet-50-freie-spins-casinos-uber-free-spins-2026/ HTTP/2.0" 200 17066 "https://indiabettingexchange.in/articles/page/697/" "Mozilla/5.0 AppleWebKit/537.36 (KHTML, like Gecko; compatible; GPTBot/1.3; +https://openai.com/gptbot)" 194 **0/194510**
216.73.216.48 - - [14/Mar/2026:05:44:27 -0700] "GET /tag/kingmaker-game-selection/ HTTP/2.0" 200 13104 "https://indiabettingexchange.in/tag/kingmaker-game-selection" "Mozilla/5.0 AppleWebKit/537.36 (KHTML, like Gecko; compatible; ClaudeBot/1.0; +claudebot@anthropic.com)" 187 **0/187783**
74.7.227.158 - - [14/Mar/2026:05:44:28 -0700] "GET /dunder-provision-3-codes-and-kupon-abzuglich-einzahlung-hot-and-cold-water-dispensers-singapore-offices-and-homes/ HTTP/2.0" 200 18778 "https://indiabettingexchange.in/video-poker-book-how-to-bet-real-money-online-baccarat-pro-series-low-limit-play-electronic-poker-on-line/" "Mozilla/5.0 AppleWebKit/537.36 (KHTML, like Gecko; compatible; GPTBot/1.3; +https://openai.com/gptbot)" 190 **0/190307**
74.7.227.158 - - [14/Mar/2026:05:44:28 -0700] "GET /kasino-maklercourtage-exklusive-einzahlung-unser-12-besten-ernahrer-via-auszahlungsgarantie-enns/ HTTP/2.0" 200 18641 "https://indiabettingexchange.in/recompense-en-compagnie-de-casino-un-brin-avec-machine-vers-sous/" "Mozilla/5.0 AppleWebKit/537.36 (KHTML, like Gecko; compatible; GPTBot/1.3; +https://openai.com/gptbot)" 174 **0/174541**
192.186.142.43 - - [14/Mar/2026:05:44:28 -0700] "GET /wp-content/uploads/font-awesome/v6.2.0/css/svg-with-js.css HTTP/1.1" 200 2285 "https://indiabettingexchange.in/the-ultimate-guide-to-213-odds-at-top-online-casinos/" "Mozilla/5.0 (Windows NT 10.0; Win64; x64) AppleWebKit/537.36 (KHTML, like Gecko) Chrome/143.0.0.0 Safari/537.36" 11 **0/11073**
74.7.227.158 - - [14/Mar/2026:05:44:29 -0700] "GET /nettcasinoer-casino-nordicbet-anmeldelse-2026-norges-beste-online-casino-igang-nett/ HTTP/2.0" 200 16011 "https://indiabettingexchange.in/why-you-ought-to-check-out-totally-free-casino-games-to-relax-and-play-inside-the-their-free-time/" "Mozilla/5.0 AppleWebKit/537.36 (KHTML, like Gecko; compatible; GPTBot/1.3; +https://openai.com/gptbot)" 176 **0/176170**
66.249.71.171 - - [14/Mar/2026:05:44:29 -0700] "GET /innovazione-e-gaming-mobile-l-evoluzione-delle-web-app-per-ios/ HTTP/1.1" 200 16018 "-" "Mozilla/5.0 (Linux; Android 6.0.1; Nexus 5X Build/MMB29P) AppleWebKit/537.36 (KHTML, like Gecko) Chrome/145.0.7632.116 Mobile Safari/537.36 (compatible; Googlebot/2.1; +http://www.google.com/bot.html)" 195 **0/195434**
74.7.227.158 - - [14/Mar/2026:05:44:29 -0700] "GET /aktivitetsplan-avrunding-casino-i-tillegg-til-free-spins-online-spilleautomatorer-2026-fri-flettverk-for-casino/ HTTP/2.0" 200 16168 "https://indiabettingexchange.in/so-kriegen-sie-einen-maklercourtage-abzuglich-einzahlung-within-slowenien/" "Mozilla/5.0 AppleWebKit/537.36 (KHTML, like Gecko; compatible; GPTBot/1.3; +https://openai.com/gptbot)" 183 **0/183944**
192.186.142.43 - - [14/Mar/2026:05:44:29 -0700] "GET /wp-content/plugins/the-post-grid/assets/vendor/font-awesome/css/font-awesome.min.css?ver=7.8.9 HTTP/1.1" 200 21856 "https://indiabettingexchange.in/the-ultimate-guide-to-213-odds-at-top-online-casinos/" "Mozilla/5.0 (Windows NT 10.0; Win64; x64) AppleWebKit/537.36 (KHTML, like Gecko) Chrome/143.0.0.0 Safari/537.36" 16 **0/16293**
74.7.227.158 - - [14/Mar/2026:05:44:30 -0700] "GET /spilleautomater-legacy-spilleautomat-online-2025-spil-fri-idag/ HTTP/2.0" 200 16107 "https://indiabettingexchange.in/how-do-i-get-a-no-deposit-totally-free-bet/" "Mozilla/5.0 AppleWebKit/537.36 (KHTML, like Gecko; compatible; GPTBot/1.3; +https://openai.com/gptbot)" 226 **0/226255**
74.7.227.158 - - [14/Mar/2026:05:44:30 -0700] "GET /casino-arv-100-bred-flettverk-ett-fett-gave-jazz-of-new-orleans-uten-innskudd-i-williams-interactive-pc-spill-norge-2025-joik-gratis/ HTTP/2.0" 200 16578 "https://indiabettingexchange.in/cleopatra-tragamonedas-aplicacion-spinfest-funciona-en-linea-gratuito-o-recursos-positivo/" "Mozilla/5.0 AppleWebKit/537.36 (KHTML, like Gecko; compatible; GPTBot/1.3; +https://openai.com/gptbot)" 224 **0/224314**
74.7.227.158 - - [14/Mar/2026:05:44:31 -0700] "GET /bitcoin-casinos-2026-nachfolgende-besten-casino-prime-slots-kein-einzahlungsbonus-btc-casinos-im-kollationieren/ HTTP/2.0" 200 17745 "https://indiabettingexchange.in/articles/page/695/" "Mozilla/5.0 AppleWebKit/537.36 (KHTML, like Gecko; compatible; GPTBot/1.3; +https://openai.com/gptbot)" 193 **0/193074**
192.186.142.43 - - [14/Mar/2026:05:44:31 -0700] "GET /wp-content/plugins/the-post-grid/assets/css/thepostgrid.min.css?ver=7.8.9 HTTP/1.1" 200 19110 "https://indiabettingexchange.in/the-ultimate-guide-to-213-odds-at-top-online-casinos/" "Mozilla/5.0 (Windows NT 10.0; Win64; x64) AppleWebKit/537.36 (KHTML, like Gecko) Chrome/143.0.0.0 Safari/537.36" 18 **0/18461**
74.7.227.158 - - [14/Mar/2026:05:44:31 -0700] "GET /online-spielbank-zahlungsmethoden-2026-unter-allen-umstanden-and-schlichtweg-ein-unter-anderem-bezahlt-machen/ HTTP/2.0" 200 19032 "https://indiabettingexchange.in/fanduel-casino-is-a-perfect-alternative-if-youd-like-to-merge-casino-gambling-and-you-may-sports-betting-in-one-software/" "Mozilla/5.0 AppleWebKit/537.36 (KHTML, like Gecko; compatible; GPTBot/1.3; +https://openai.com/gptbot)" 203 **0/203217**
74.7.227.158 - - [14/Mar/2026:05:44:32 -0700] "GET /jackpot-6000-slot-review-netent-huge-rtp-second-strike-spilleautomater-of-98-6/ HTTP/2.0" 200 16184 "https://indiabettingexchange.in/precious-representative-the-online-game-is-completely-judge-and-you-may-compliant/" "Mozilla/5.0 AppleWebKit/537.36 (KHTML, like Gecko; compatible; GPTBot/1.3; +https://openai.com/gptbot)" 186 **0/186752**
74.7.227.158 - - [14/Mar/2026:05:44:32 -0700] "GET /yggdrasil-legger-for-hver-ice-casino-kontopalogging-nytt-spill-indre-sett-vikings-go-to-serien/ HTTP/2.0" 200 15988 "https://indiabettingexchange.in/dai-unocchiata-ai-nostri-ultimi-anche-migliori-casino-e-bonus/" "Mozilla/5.0 AppleWebKit/537.36 (KHTML, like Gecko; compatible; GPTBot/1.3; +https://openai.com/gptbot)" 207 **0/207200**
192.186.142.43 - - [14/Mar/2026:05:44:33 -0700] "GET /wp-content/themes/aurum/assets/css/fonts/font-awesome/css/font-awesome.min.css HTTP/1.1" 200 6663 "https://indiabettingexchange.in/the-ultimate-guide-to-213-odds-at-top-online-casinos/" "Mozilla/5.0 (Windows NT 10.0; Win64; x64) AppleWebKit/537.36 (KHTML, like Gecko) Chrome/143.0.0.0 Safari/537.36" 11 **0/11851**
74.7.227.158 - - [14/Mar/2026:05:44:33 -0700] "GET /spill-fri-nettbaserte-spilleautomater-det-samme-nedlasting-eller-registrering-pakrevd-bitkingz-pc-palogging-spilleautomater-pa-ap/ HTTP/2.0" 200 16340 "https://indiabettingexchange.in/dai-unocchiata-ai-nostri-ultimi-anche-migliori-casino-e-bonus/" "Mozilla/5.0 AppleWebKit/537.36 (KHTML, like Gecko; compatible; GPTBot/1.3; +https://openai.com/gptbot)" 195 **0/195250**
74.7.227.158 - - [14/Mar/2026:05:44:33 -0700] "GET /disse-10-bedste-spilleautomater-du-kan-casino-euro-bonuskoder-2026-anstille-online/ HTTP/2.0" 200 16093 "https://indiabettingexchange.in/dai-unocchiata-ai-nostri-ultimi-anche-migliori-casino-e-bonus/" "Mozilla/5.0 AppleWebKit/537.36 (KHTML, like Gecko; compatible; GPTBot/1.3; +https://openai.com/gptbot)" 157 **0/157827**
192.186.142.43 - - [14/Mar/2026:05:44:34 -0700] "GET /wp-content/themes/aurum/assets/css/fonts/aurum-icons/font-icons.css HTTP/1.1" 200 421 "https://indiabettingexchange.in/the-ultimate-guide-to-213-odds-at-top-online-casinos/" "Mozilla/5.0 (Windows NT 10.0; Win64; x64) AppleWebKit/537.36 (KHTML, like Gecko) Chrome/143.0.0.0 Safari/537.36" 8 **0/8346**
74.7.227.158 - - [14/Mar/2026:05:44:34 -0700] "GET /ein-beste-erreichbar-kasino-pramie-exklusive-einzahlung-2026/ HTTP/2.0" 200 19133 "https://indiabettingexchange.in/dai-unocchiata-ai-nostri-ultimi-anche-migliori-casino-e-bonus/" "Mozilla/5.0 AppleWebKit/537.36 (KHTML, like Gecko; compatible; GPTBot/1.3; +https://openai.com/gptbot)" 182 **0/182714**
74.7.227.158 - - [14/Mar/2026:05:44:34 -0700] "GET /50-casino-guts-mobile-kr-gratis-diktning-riches-danselat-igang-ap-debet-casino-uten-bidrag-norge-2024-live24365/ HTTP/2.0" 200 16496 "https://indiabettingexchange.in/precious-representative-the-online-game-is-completely-judge-and-you-may-compliant/" "Mozilla/5.0 AppleWebKit/537.36 (KHTML, like Gecko; compatible; GPTBot/1.3; +https://openai.com/gptbot)" 166 **0/166437**
192.186.142.43 - - [14/Mar/2026:05:44:35 -0700] "GET /wp-content/themes/aurum/assets/css/bootstrap.css?ver=3.15 HTTP/1.1" 200 18105 "https://indiabettingexchange.in/the-ultimate-guide-to-213-odds-at-top-online-casinos/" "Mozilla/5.0 (Windows NT 10.0; Win64; x64) AppleWebKit/537.36 (KHTML, like Gecko) Chrome/143.0.0.0 Safari/537.36" 19 **0/19310**
74.7.227.158 - - [14/Mar/2026:05:44:35 -0700] "GET /die-besten-maklercourtage-angebote-2026/ HTTP/2.0" 200 18809 "https://indiabettingexchange.in/online-game-confronts-on-the-mamamias-bachelorette-bingo-will-be-here/" "Mozilla/5.0 AppleWebKit/537.36 (KHTML, like Gecko; compatible; GPTBot/1.3; +https://openai.com/gptbot)" 193 **0/193215**
74.7.227.158 - - [14/Mar/2026:05:44:35 -0700] "GET /druckgluck-kasino-erfahrungen-golden-goddess-slot-probe-2026-maklercourtage-codes/ HTTP/2.0" 200 18482 "https://indiabettingexchange.in/online-casino-utan-svensk-licens-casino-utan-1609/" "Mozilla/5.0 AppleWebKit/537.36 (KHTML, like Gecko; compatible; GPTBot/1.3; +https://openai.com/gptbot)" 179 **0/179035**
74.7.227.158 - - [14/Mar/2026:05:44:36 -0700] "GET /unser-besten-echtgeld-verbunden-casinos-2026-spielautomaten-apps-diese-echtes-cash-retournieren-aktuelle-sachverzeichnis-website-curso-beta/ HTTP/2.0" 200 19019 "https://indiabettingexchange.in/novomatic-muestra-royalgame-bono-deportivo-en-ice-la-vivencia-sobre-juego-360/" "Mozilla/5.0 AppleWebKit/537.36 (KHTML, like Gecko; compatible; GPTBot/1.3; +https://openai.com/gptbot)" 198 **0/198431**
192.186.142.43 - - [14/Mar/2026:05:44:37 -0700] "GET /wp-content/themes/aurum/assets/css/aurum.css?ver=3.15 HTTP/1.1" 200 42260 "https://indiabettingexchange.in/the-ultimate-guide-to-213-odds-at-top-online-casinos/" "Mozilla/5.0 (Windows NT 10.0; Win64; x64) AppleWebKit/537.36 (KHTML, like Gecko) Chrome/143.0.0.0 Safari/537.36" 26 **0/26543**
74.7.227.158 - - [14/Mar/2026:05:44:37 -0700] "GET /wp-json/oembed/1.0/embed?format=xml&url=https%3A%2F%2Findiabettingexchange.in%2Fstringa-casino-online-deposito-minimo-playoro-aams-agosto-2025%2F HTTP/2.0" 200 1503 "https://indiabettingexchange.in/stringa-casino-online-deposito-minimo-playoro-aams-agosto-2025/" "Mozilla/5.0 AppleWebKit/537.36 (KHTML, like Gecko; compatible; GPTBot/1.3; +https://openai.com/gptbot)" 156 **0/156891**
74.7.227.158 - - [14/Mar/2026:05:44:37 -0700] "GET /wp-json/oembed/1.0/embed?format=xml&url=https%3A%2F%2Findiabettingexchange.in%2Fspend-from-the-thunderstruck-slot-rtp-rate-cellular-casino-british-put-because-of-the-smartphone-costs%2F HTTP/2.0" 200 1404 "https://indiabettingexchange.in/spend-from-the-thunderstruck-slot-rtp-rate-cellular-casino-british-put-because-of-the-smartphone-costs/" "Mozilla/5.0 AppleWebKit/537.36 (KHTML, like Gecko; compatible; GPTBot/1.3; +https://openai.com/gptbot)" 130 **0/130494**
74.7.227.158 - - [14/Mar/2026:05:44:38 -0700] "GET /wp-json/oembed/1.0/embed?format=xml&url=https%3A%2F%2Findiabettingexchange.in%2Fwhere-you-should-enjoy-win-casino-online-instadebit-real-cash%2F HTTP/2.0" 200 1324 "https://indiabettingexchange.in/where-you-should-enjoy-win-casino-online-instadebit-real-cash/" "Mozilla/5.0 AppleWebKit/537.36 (KHTML, like Gecko; compatible; GPTBot/1.3; +https://openai.com/gptbot)" 141 **0/141621**
74.7.227.158 - - [14/Mar/2026:05:44:38 -0700] "GET /spend-from-the-thunderstruck-slot-rtp-rate-cellular-casino-british-put-because-of-the-smartphone-costs/feed/ HTTP/2.0" 200 442 "https://indiabettingexchange.in/spend-from-the-thunderstruck-slot-rtp-rate-cellular-casino-british-put-because-of-the-smartphone-costs/" "Mozilla/5.0 AppleWebKit/537.36 (KHTML, like Gecko; compatible; GPTBot/1.3; +https://openai.com/gptbot)" 149 **0/149189**
192.186.142.43 - - [14/Mar/2026:05:44:38 -0700] "GET /wp-content/themes/aurum-child/style.css?ver=6.9.4 HTTP/1.1" 200 1998 "https://indiabettingexchange.in/the-ultimate-guide-to-213-odds-at-top-online-casinos/" "Mozilla/5.0 (Windows NT 10.0; Win64; x64) AppleWebKit/537.36 (KHTML, like Gecko) Chrome/143.0.0.0 Safari/537.36" 12 **0/12817**
74.7.227.158 - - [14/Mar/2026:05:44:39 -0700] "GET /wp-json/oembed/1.0/embed?format=xml&url=https%3A%2F%2Findiabettingexchange.in%2Fwelcome-to-nginx%2F HTTP/2.0" 200 1245 "https://indiabettingexchange.in/welcome-to-nginx/" "Mozilla/5.0 AppleWebKit/537.36 (KHTML, like Gecko; compatible; GPTBot/1.3; +https://openai.com/gptbot)" 155 **0/155964**
74.7.227.158 - - [14/Mar/2026:05:44:39 -0700] "GET /wp-json/oembed/1.0/embed?format=xml&url=https%3A%2F%2Findiabettingexchange.in%2Fthe-initial-alive-local-casino-games-on-the-net-turned-into-accessible-to-participants-on-the-late-1990s%2F HTTP/2.0" 200 1303 "https://indiabettingexchange.in/the-initial-alive-local-casino-games-on-the-net-turned-into-accessible-to-participants-on-the-late-1990s/" "Mozilla/5.0 AppleWebKit/537.36 (KHTML, like Gecko; compatible; GPTBot/1.3; +https://openai.com/gptbot)" 148 **0/148968**
74.7.227.158 - - [14/Mar/2026:05:44:40 -0700] "GET /wp-json/oembed/1.0/embed?url=https%3A%2F%2Findiabettingexchange.in%2Fthe-initial-alive-local-casino-games-on-the-net-turned-into-accessible-to-participants-on-the-late-1990s%2F HTTP/2.0" 200 1293 "https://indiabettingexchange.in/the-initial-alive-local-casino-games-on-the-net-turned-into-accessible-to-participants-on-the-late-1990s/" "Mozilla/5.0 AppleWebKit/537.36 (KHTML, like Gecko; compatible; GPTBot/1.3; +https://openai.com/gptbot)" 129 **0/129583**
5.39.109.161 - - [14/Mar/2026:05:44:39 -0700] "GET /category/uncategorized/page/8704/ HTTP/2.0" 200 16503 "-" "Mozilla/5.0 (compatible; AhrefsBot/7.0; +http://ahrefs.com/robot/)" 758 **0/758284**
74.7.227.158 - - [14/Mar/2026:05:44:40 -0700] "GET /the-initial-alive-local-casino-games-on-the-net-turned-into-accessible-to-participants-on-the-late-1990s/feed/ HTTP/2.0" 200 422 "https://indiabettingexchange.in/the-initial-alive-local-casino-games-on-the-net-turned-into-accessible-to-participants-on-the-late-1990s/" "Mozilla/5.0 AppleWebKit/537.36 (KHTML, like Gecko; compatible; GPTBot/1.3; +https://openai.com/gptbot)" 159 **0/159576**
216.73.216.48 - - [14/Mar/2026:05:44:40 -0700] "GET /tag/mystake-withdrawal-options HTTP/2.0" 301 1 "-" "Mozilla/5.0 AppleWebKit/537.36 (KHTML, like Gecko; compatible; ClaudeBot/1.0; +claudebot@anthropic.com)" 147 **0/147249**
216.73.216.48 - - [14/Mar/2026:05:44:40 -0700] "GET /razor-casino-experience-and-features/feed HTTP/2.0" 301 1 "-" "Mozilla/5.0 AppleWebKit/537.36 (KHTML, like Gecko; compatible; ClaudeBot/1.0; +claudebot@anthropic.com)" 190 **0/190004**
207.180.11.247 - - [14/Mar/2026:05:44:41 -0700] "GET /home-deposit-5-get-30-spins/feed/ HTTP/1.1" 200 427 "-" "Mozilla/5.0 (Macintosh; Intel Mac OS X 10_15_7) AppleWebKit/537.36 (KHTML, like Gecko) Chrome/135.0.0.0 Safari/537.36" 452 **0/452196**
216.73.216.48 - - [14/Mar/2026:05:44:41 -0700] "GET /razor-casino-experience-and-features/feed/ HTTP/2.0" 200 378 "https://indiabettingexchange.in/razor-casino-experience-and-features/feed" "Mozilla/5.0 AppleWebKit/537.36 (KHTML, like Gecko; compatible; ClaudeBot/1.0; +claudebot@anthropic.com)" 744 **0/744018**
74.7.227.158 - - [14/Mar/2026:05:44:41 -0700] "GET /wp-json/wp/v2/posts/120371 HTTP/2.0" 200 4203 "https://indiabettingexchange.in/the-initial-alive-local-casino-games-on-the-net-turned-into-accessible-to-participants-on-the-late-1990s/" "Mozilla/5.0 AppleWebKit/537.36 (KHTML, like Gecko; compatible; GPTBot/1.3; +https://openai.com/gptbot)" 843 **0/843398**
216.73.216.48 - - [14/Mar/2026:05:44:41 -0700] "GET /tag/mystake-withdrawal-options/ HTTP/2.0" 200 13105 "https://indiabettingexchange.in/tag/mystake-withdrawal-options" "Mozilla/5.0 AppleWebKit/537.36 (KHTML, like Gecko; compatible; ClaudeBot/1.0; +claudebot@anthropic.com)" 1010 **1/1010030**
216.73.216.48 - - [14/Mar/2026:05:44:42 -0700] "GET /casino-com-no-deposit-bonus-code-1/feed HTTP/2.0" 301 1 "-" "Mozilla/5.0 AppleWebKit/537.36 (KHTML, like Gecko; compatible; ClaudeBot/1.0; +claudebot@anthropic.com)" 702 **0/702392**
74.7.227.158 - - [14/Mar/2026:05:44:42 -0700] "GET /yabby-casino-even-offers-a-no-deposit-extra-the-proper-way/feed/ HTTP/2.0" 200 405 "https://indiabettingexchange.in/yabby-casino-even-offers-a-no-deposit-extra-the-proper-way/" "Mozilla/5.0 AppleWebKit/537.36 (KHTML, like Gecko; compatible; GPTBot/1.3; +https://openai.com/gptbot)" 1031 **1/1031663**
185.191.171.8 - - [14/Mar/2026:05:44:42 -0700] "GET /trying-enjoy-specific-casino-games-on-the-backyard-condition/ HTTP/1.1" 200 18409 "-" "Mozilla/5.0 (compatible; SemrushBot/7~bl; +http://www.semrush.com/bot.html)" 1342 **1/1342680**
216.73.216.48 - - [14/Mar/2026:05:44:43 -0700] "GET /casino-com-no-deposit-bonus-code-1/feed/ HTTP/2.0" 200 379 "https://indiabettingexchange.in/casino-com-no-deposit-bonus-code-1/feed" "Mozilla/5.0 AppleWebKit/537.36 (KHTML, like Gecko; compatible; ClaudeBot/1.0; +claudebot@anthropic.com)" 433 **0/433783**
74.7.227.158 - - [14/Mar/2026:05:44:43 -0700] "GET /wp-json/oembed/1.0/embed?url=https%3A%2F%2Findiabettingexchange.in%2Fwelcome-to-nginx%2F HTTP/2.0" 200 1231 "https://indiabettingexchange.in/welcome-to-nginx/" "Mozilla/5.0 AppleWebKit/537.36 (KHTML, like Gecko; compatible; GPTBot/1.3; +https://openai.com/gptbot)" 419 **0/419206**
74.7.227.158 - - [14/Mar/2026:05:44:44 -0700] "GET /wp-json/oembed/1.0/embed?format=xml&url=https%3A%2F%2Findiabettingexchange.in%2Fyabby-casino-even-offers-a-no-deposit-extra-the-proper-way%2F HTTP/2.0" 200 1306 "https://indiabettingexchange.in/yabby-casino-even-offers-a-no-deposit-extra-the-proper-way/" "Mozilla/5.0 AppleWebKit/537.36 (KHTML, like Gecko; compatible; GPTBot/1.3; +https://openai.com/gptbot)" 148 **0/148244**
74.7.227.158 - - [14/Mar/2026:05:44:45 -0700] "GET /wp-json/oembed/1.0/embed?url=https%3A%2F%2Findiabettingexchange.in%2Fyabby-casino-even-offers-a-no-deposit-extra-the-proper-way%2F HTTP/2.0" 200 1298 "https://indiabettingexchange.in/yabby-casino-even-offers-a-no-deposit-extra-the-proper-way/" "Mozilla/5.0 AppleWebKit/537.36 (KHTML, like Gecko; compatible; GPTBot/1.3; +https://openai.com/gptbot)" 163 **0/163475**
74.7.227.158 - - [14/Mar/2026:05:44:45 -0700] "GET /verbinden-casinos-unter-einsatz-von-echtgeld-2026-tagesordnungspunkt-10-ernahrer-kritischer-link-im-test/ HTTP/2.0" 200 18977 "https://indiabettingexchange.in/novomatic-muestra-royalgame-bono-deportivo-en-ice-la-vivencia-sobre-juego-360/" "Mozilla/5.0 AppleWebKit/537.36 (KHTML, like Gecko; compatible; GPTBot/1.3; +https://openai.com/gptbot)" 179 **0/179425**
74.7.227.158 - - [14/Mar/2026:05:44:46 -0700] "GET /beste-echtgeld-angeschlossen-casinos-2026-top-echtgeld-bonus/ HTTP/2.0" 200 18907 "https://indiabettingexchange.in/novomatic-muestra-royalgame-bono-deportivo-en-ice-la-vivencia-sobre-juego-360/" "Mozilla/5.0 AppleWebKit/537.36 (KHTML, like Gecko; compatible; GPTBot/1.3; +https://openai.com/gptbot)" 170 **0/170965**
74.7.227.158 - - [14/Mar/2026:05:44:46 -0700] "GET /beste-casino-casumo-100-gratis-spinn-casino-addisjon-uten-almisse-2026-autonom-bonuser/ HTTP/2.0" 200 16285 "https://indiabettingexchange.in/novomatic-muestra-royalgame-bono-deportivo-en-ice-la-vivencia-sobre-juego-360/" "Mozilla/5.0 AppleWebKit/537.36 (KHTML, like Gecko; compatible; GPTBot/1.3; +https://openai.com/gptbot)" 195 **0/195899**
74.7.227.158 - - [14/Mar/2026:05:44:47 -0700] "GET /wp-json/oembed/1.0/embed?format=xml&url=https%3A%2F%2Findiabettingexchange.in%2Fbeliebte-automatenspiele-im-casino-stargames-25-freie-spins-inter-city-express-spielsaal-beste-erreichbar-slots%2F HTTP/2.0" 200 1596 "https://indiabettingexchange.in/beliebte-automatenspiele-im-casino-stargames-25-freie-spins-inter-city-express-spielsaal-beste-erreichbar-slots/" "Mozilla/5.0 AppleWebKit/537.36 (KHTML, like Gecko; compatible; GPTBot/1.3; +https://openai.com/gptbot)" 140 **0/140598**
74.7.227.158 - - [14/Mar/2026:05:44:47 -0700] "GET /menschenahnlicher-roboter-casino-boni-apps-2025-eye-of-horus-teutonisch-150-freispiel-bewertungen-spielsaal-blos-1-grenze-beste-50-kostenlos-no-deammentschaften-mobile-casinos-inoffizieller-mitarbeite/ HTTP/2.0" 200 19366 "https://indiabettingexchange.in/online-casino-utan-svensk-licens-casino-utan-1609/" "Mozilla/5.0 AppleWebKit/537.36 (KHTML, like Gecko; compatible; GPTBot/1.3; +https://openai.com/gptbot)" 188 **0/188371**
74.7.227.158 - - [14/Mar/2026:05:44:48 -0700] "GET /online-casino-instant-withdrawal-experience-seamless-transactions-at-red32-casino/ HTTP/2.0" 200 16428 "https://indiabettingexchange.in/articles/page/695/" "Mozilla/5.0 AppleWebKit/537.36 (KHTML, like Gecko; compatible; GPTBot/1.3; +https://openai.com/gptbot)" 212 **0/212917**
74.7.227.158 - - [14/Mar/2026:05:44:48 -0700] "GET /verbunden-casinos-unter-einsatz-slot-super-jewel-repeater-von-echtgeld-nachfolgende-5-besten-casinos-2026/ HTTP/2.0" 200 17859 "https://indiabettingexchange.in/articles/page/697/" "Mozilla/5.0 AppleWebKit/537.36 (KHTML, like Gecko; compatible; GPTBot/1.3; +https://openai.com/gptbot)" 190 **0/190875**
74.7.227.158 - - [14/Mar/2026:05:44:49 -0700] "GET /spielbank-free-1-casino-spins-2026-spielbank-freispiele-abzuglich-einzahlung/ HTTP/2.0" 200 17166 "https://indiabettingexchange.in/articles/page/697/" "Mozilla/5.0 AppleWebKit/537.36 (KHTML, like Gecko; compatible; GPTBot/1.3; +https://openai.com/gptbot)" 331 **0/331531**
74.7.227.158 - - [14/Mar/2026:05:44:50 -0700] "GET /how-to-allege-a-beneficial-20-casino-added-bonus-and-you-can-100-100-free-spins-once-the-a-separate-customers/ HTTP/2.0" 200 15943 "https://indiabettingexchange.in/articles/page/695/" "Mozilla/5.0 AppleWebKit/537.36 (KHTML, like Gecko; compatible; GPTBot/1.3; +https://openai.com/gptbot)" 391 **0/391763**
74.7.227.158 - - [14/Mar/2026:05:44:50 -0700] "GET /this-new-5-limitation-for-everybody-adults-went-real-time-while-the-2-maximum-getting-people-old-18-so-youre-able-to-24-went-real-time/ HTTP/2.0" 200 15616 "https://indiabettingexchange.in/articles/page/697/" "Mozilla/5.0 AppleWebKit/537.36 (KHTML, like Gecko; compatible; GPTBot/1.3; +https://openai.com/gptbot)" 235 **0/235359**
74.7.227.158 - - [14/Mar/2026:05:44:51 -0700] "GET /spinata-grande-slot-bemerke-se-beste-not-enough-kittens-ingen-innskudd-spinata-grande-casinoer/ HTTP/2.0" 200 16121 "https://indiabettingexchange.in/spend-from-the-thunderstruck-slot-rtp-rate-cellular-casino-british-put-because-of-the-smartphone-costs/" "Mozilla/5.0 AppleWebKit/537.36 (KHTML, like Gecko; compatible; GPTBot/1.3; +https://openai.com/gptbot)" 258 **0/258979**
192.186.142.43 - - [14/Mar/2026:05:44:51 -0700] "POST /wp-comments-post.php HTTP/1.1" 404 8215 "https://indiabettingexchange.in/the-ultimate-guide-to-213-odds-at-top-online-casinos/" "Mozilla/5.0 (Windows NT 10.0; WOW64) AppleWebKit/537.36 (KHTML, like Gecko) Chrome/114.0.0.0 Safari/537.36 Vivaldi/5.3.2679.68" 492 **0/492332**
207.180.11.14 - - [14/Mar/2026:05:44:51 -0700] "GET /kittipat-autocrata-work-arrolamento-space-wars-giros-dado-150-infantilidade-giros-acessivel-sem-casa-cassino-bumbet-rodadas-gratis-de-100-2025-segure-seus-ganhos/feed/ HTTP/1.1" 200 577 "-" "Mozilla/5.0 (Macintosh; Intel Mac OS X 10_15_7) AppleWebKit/537.36 (KHTML, like Gecko) Chrome/135.0.0.0 Safari/537.36" 132 **0/132911**
74.7.227.158 - - [14/Mar/2026:05:44:51 -0700] "GET /freespins-og-gratisrunder-casinoland-gratis-chip-2026-hent-1000-dersom-fri-garn-na/ HTTP/2.0" 200 16222 "https://indiabettingexchange.in/so-kriegen-sie-einen-maklercourtage-abzuglich-einzahlung-within-slowenien/" "Mozilla/5.0 AppleWebKit/537.36 (KHTML, like Gecko; compatible; GPTBot/1.3; +https://openai.com/gptbot)" 210 **0/210454**
74.7.227.158 - - [14/Mar/2026:05:44:52 -0700] "GET /wp-json/oembed/1.0/embed?format=xml&url=https%3A%2F%2Findiabettingexchange.in%2Fbest-free-spins-bonuses-2024%2F HTTP/2.0" 200 1280 "https://indiabettingexchange.in/best-free-spins-bonuses-2024/" "Mozilla/5.0 AppleWebKit/537.36 (KHTML, like Gecko; compatible; GPTBot/1.3; +https://openai.com/gptbot)" 137 **0/137463**
