216.73.216.48 - - [14/Mar/2026:05:44:52 -0700] "GET /iwin-casino-overview-and-features-1/feed HTTP/2.0" 301 1 "-" "Mozilla/5.0 AppleWebKit/537.36 (KHTML, like Gecko; compatible; ClaudeBot/1.0; +claudebot@anthropic.com)" 123 **0/123070**
216.73.216.48 - - [14/Mar/2026:05:44:52 -0700] "GET /tag/voltagebet-withdrawal-guide HTTP/2.0" 301 1 "-" "Mozilla/5.0 AppleWebKit/537.36 (KHTML, like Gecko; compatible; ClaudeBot/1.0; +claudebot@anthropic.com)" 123 **0/123896**
192.186.142.43 - - [14/Mar/2026:05:44:52 -0700] "POST /wp-comments-post.php HTTP/1.1" 404 8215 "https://indiabettingexchange.in/the-ultimate-guide-to-213-odds-at-top-online-casinos/" "Mozilla/5.0 (Windows NT 10.0; WOW64) AppleWebKit/537.36 (KHTML, like Gecko) Chrome/114.0.0.0 Safari/537.36 Vivaldi/5.3.2679.68" 145 **0/145376**
216.73.216.48 - - [14/Mar/2026:05:44:52 -0700] "GET /iwin-casino-overview-and-features-1/feed/ HTTP/2.0" 200 378 "https://indiabettingexchange.in/iwin-casino-overview-and-features-1/feed" "Mozilla/5.0 AppleWebKit/537.36 (KHTML, like Gecko; compatible; ClaudeBot/1.0; +claudebot@anthropic.com)" 115 **0/115800**
216.73.216.48 - - [14/Mar/2026:05:44:52 -0700] "GET /tag/voltagebet-withdrawal-guide/ HTTP/2.0" 200 13466 "https://indiabettingexchange.in/tag/voltagebet-withdrawal-guide" "Mozilla/5.0 AppleWebKit/537.36 (KHTML, like Gecko; compatible; ClaudeBot/1.0; +claudebot@anthropic.com)" 193 **0/193065**
114.119.139.102 - - [14/Mar/2026:05:44:53 -0700] "GET /uff-das-webseite-ausfindig-machen-umherwandern-jedoch-interessante-unterlagen-dahinter-auszahlungsraten-wechsel-ferner-bonusfunktionen/ HTTP/1.1" 200 17811 "https://indiabettingexchange.in/uff-das-webseite-ausfindig-machen-umherwandern-jedoch-interessante-unterlagen-dahinter-auszahlungsraten-wechsel-ferner-bonusfunktionen/" "Mozilla/5.0 (Linux; Android 7.0;) AppleWebKit/537.36 (KHTML, like Gecko) Mobile Safari/537.36 (compatible; PetalBot;+https://webmaster.petalsearch.com/site/petalbot)" 184 **0/184629**
192.186.142.43 - - [14/Mar/2026:05:44:54 -0700] "POST /wp-comments-post.php HTTP/1.1" 404 8215 "https://indiabettingexchange.in/the-ultimate-guide-to-213-odds-at-top-online-casinos/" "Mozilla/5.0 (Windows NT 10.0; WOW64) AppleWebKit/537.36 (KHTML, like Gecko) Chrome/114.0.0.0 Safari/537.36 Vivaldi/5.3.2679.68" 160 **0/160480**
74.7.227.158 - - [14/Mar/2026:05:44:54 -0700] "GET /dies-beste-unter-anderem-unser-beste-enorm-unter-vulkan-spiele-login-anderem-wenig-qua-video/ HTTP/2.0" 200 17068 "https://indiabettingexchange.in/articles/page/695/" "Mozilla/5.0 AppleWebKit/537.36 (KHTML, like Gecko; compatible; GPTBot/1.3; +https://openai.com/gptbot)" 196 **0/196609**
47.128.24.7 - - [14/Mar/2026:05:44:54 -0700] "GET /better-real-cash-xon-bet-app-download-for-android-online-casinos-to-your-united-states-2026/ HTTP/2.0" 403 17625 "-" "Mozilla/5.0 (Linux; Android 5.0) AppleWebKit/537.36 (KHTML, like Gecko) Mobile Safari/537.36 (compatible; Bytespider; spider-feedback@bytedance.com)" 219 **0/219919**
74.7.227.158 - - [14/Mar/2026:05:44:55 -0700] "GET /wp-json/wp/v2/posts/296685 HTTP/2.0" 200 5135 "https://indiabettingexchange.in/casino-akkvisisjon-uten-gave-autonom-akkvisisjon-uten-gave-indre-sett-nettstedene-2026/" "Mozilla/5.0 AppleWebKit/537.36 (KHTML, like Gecko; compatible; GPTBot/1.3; +https://openai.com/gptbot)" 158 **0/158132**
47.128.24.7 - - [14/Mar/2026:05:44:55 -0700] "GET /wp-content/themes/aurum/assets/js/nivo-lightbox/themes/default/default.css HTTP/2.0" 404 8214 "https://indiabettingexchange.in/better-real-cash-xon-bet-app-download-for-android-online-casinos-to-your-united-states-2026/" "Mozilla/5.0 (Linux; Android 5.0) AppleWebKit/537.36 (KHTML, like Gecko) Mobile Safari/537.36 (compatible; Bytespider; spider-feedback@bytedance.com)" 297 **0/297843**
47.128.24.7 - - [14/Mar/2026:05:44:55 -0700] "GET /wp-content/themes/aurum/assets/js/nivo-lightbox/nivo-lightbox.css HTTP/2.0" 404 8214 "https://indiabettingexchange.in/better-real-cash-xon-bet-app-download-for-android-online-casinos-to-your-united-states-2026/" "Mozilla/5.0 (Linux; Android 5.0) AppleWebKit/537.36 (KHTML, like Gecko) Mobile Safari/537.36 (compatible; Bytespider; spider-feedback@bytedance.com)" 262 **0/262600**
47.128.24.7 - - [14/Mar/2026:05:44:55 -0700] "GET /wp-content/plugins/the-post-grid/assets/css/thepostgrid.min.css?ver=7.8.9 HTTP/2.0" 404 8214 "https://indiabettingexchange.in/better-real-cash-xon-bet-app-download-for-android-online-casinos-to-your-united-states-2026/" "Mozilla/5.0 (Linux; Android 5.0) AppleWebKit/537.36 (KHTML, like Gecko) Mobile Safari/537.36 (compatible; Bytespider; spider-feedback@bytedance.com)" 198 **0/198660**
47.128.24.7 - - [14/Mar/2026:05:44:55 -0700] "GET /wp-content/themes/aurum/assets/css/fonts/font-awesome/css/font-awesome.min.css HTTP/2.0" 404 8214 "https://indiabettingexchange.in/better-real-cash-xon-bet-app-download-for-android-online-casinos-to-your-united-states-2026/" "Mozilla/5.0 (Linux; Android 5.0) AppleWebKit/537.36 (KHTML, like Gecko) Mobile Safari/537.36 (compatible; Bytespider; spider-feedback@bytedance.com)" 241 **0/241515**
47.128.24.7 - - [14/Mar/2026:05:44:55 -0700] "GET /wp-content/plugins/the-post-grid/assets/vendor/font-awesome/css/font-awesome.min.css?ver=7.8.9 HTTP/2.0" 404 8213 "https://indiabettingexchange.in/better-real-cash-xon-bet-app-download-for-android-online-casinos-to-your-united-states-2026/" "Mozilla/5.0 (Linux; Android 5.0) AppleWebKit/537.36 (KHTML, like Gecko) Mobile Safari/537.36 (compatible; Bytespider; spider-feedback@bytedance.com)" 284 **0/284001**
47.128.24.7 - - [14/Mar/2026:05:44:55 -0700] "GET /wp-includes/css/dist/block-library/style.min.css?ver=6.9.4 HTTP/2.0" 404 8214 "https://indiabettingexchange.in/better-real-cash-xon-bet-app-download-for-android-online-casinos-to-your-united-states-2026/" "Mozilla/5.0 (Linux; Android 5.0) AppleWebKit/537.36 (KHTML, like Gecko) Mobile Safari/537.36 (compatible; Bytespider; spider-feedback@bytedance.com)" 338 **0/338851**
47.128.24.7 - - [14/Mar/2026:05:44:55 -0700] "GET /wp-content/themes/aurum/assets/css/fonts/aurum-icons/font-icons.css HTTP/2.0" 404 8214 "https://indiabettingexchange.in/better-real-cash-xon-bet-app-download-for-android-online-casinos-to-your-united-states-2026/" "Mozilla/5.0 (Linux; Android 5.0) AppleWebKit/537.36 (KHTML, like Gecko) Mobile Safari/537.36 (compatible; Bytespider; spider-feedback@bytedance.com)" 241 **0/241251**
47.128.24.7 - - [14/Mar/2026:05:44:55 -0700] "GET /wp-content/themes/aurum/assets/css/bootstrap.css?ver=3.15 HTTP/2.0" 404 8213 "https://indiabettingexchange.in/better-real-cash-xon-bet-app-download-for-android-online-casinos-to-your-united-states-2026/" "Mozilla/5.0 (Linux; Android 5.0) AppleWebKit/537.36 (KHTML, like Gecko) Mobile Safari/537.36 (compatible; Bytespider; spider-feedback@bytedance.com)" 276 **0/276520**
47.128.24.7 - - [14/Mar/2026:05:44:55 -0700] "GET /wp-content/uploads/font-awesome/v6.2.0/css/svg-with-js.css HTTP/2.0" 404 8214 "https://indiabettingexchange.in/better-real-cash-xon-bet-app-download-for-android-online-casinos-to-your-united-states-2026/" "Mozilla/5.0 (Linux; Android 5.0) AppleWebKit/537.36 (KHTML, like Gecko) Mobile Safari/537.36 (compatible; Bytespider; spider-feedback@bytedance.com)" 392 **0/392352**
47.128.24.7 - - [14/Mar/2026:05:44:55 -0700] "GET /wp-content/themes/aurum/assets/css/aurum.css?ver=3.15 HTTP/2.0" 404 8214 "https://indiabettingexchange.in/better-real-cash-xon-bet-app-download-for-android-online-casinos-to-your-united-states-2026/" "Mozilla/5.0 (Linux; Android 5.0) AppleWebKit/537.36 (KHTML, like Gecko) Mobile Safari/537.36 (compatible; Bytespider; spider-feedback@bytedance.com)" 293 **0/293415**
47.128.24.7 - - [14/Mar/2026:05:44:55 -0700] "GET /wp-content/themes/aurum-child/style.css?ver=6.9.4 HTTP/2.0" 404 8214 "https://indiabettingexchange.in/better-real-cash-xon-bet-app-download-for-android-online-casinos-to-your-united-states-2026/" "Mozilla/5.0 (Linux; Android 5.0) AppleWebKit/537.36 (KHTML, like Gecko) Mobile Safari/537.36 (compatible; Bytespider; spider-feedback@bytedance.com)" 294 **0/294080**
74.7.227.158 - - [14/Mar/2026:05:44:55 -0700] "GET /titanic-pin-up-app-download-apk-2020-board-game-opinion-and-you-can-regulations/feed/ HTTP/2.0" 200 419 "https://indiabettingexchange.in/titanic-pin-up-app-download-apk-2020-board-game-opinion-and-you-can-regulations/" "Mozilla/5.0 AppleWebKit/537.36 (KHTML, like Gecko; compatible; GPTBot/1.3; +https://openai.com/gptbot)" 134 **0/134073**
47.128.24.7 - - [14/Mar/2026:05:44:55 -0700] "GET /wp-content/uploads/2022/11/1-e1668155022728.png HTTP/2.0" 404 35516 "https://indiabettingexchange.in/better-real-cash-xon-bet-app-download-for-android-online-casinos-to-your-united-states-2026/" "Mozilla/5.0 (Linux; Android 5.0) AppleWebKit/537.36 (KHTML, like Gecko) Mobile Safari/537.36 (compatible; Bytespider; spider-feedback@bytedance.com)" 151 **0/151800**
192.186.142.43 - - [14/Mar/2026:05:44:55 -0700] "POST /wp-comments-post.php HTTP/1.1" 404 8215 "https://indiabettingexchange.in/the-ultimate-guide-to-213-odds-at-top-online-casinos/" "Mozilla/5.0 (Windows NT 10.0; WOW64) AppleWebKit/537.36 (KHTML, like Gecko) Chrome/114.0.0.0 Safari/537.36 Vivaldi/5.3.2679.68" 156 **0/156751**
47.128.24.7 - - [14/Mar/2026:05:44:55 -0700] "GET /wp-content/uploads/2023/01/2-1.png HTTP/2.0" 404 35516 "https://indiabettingexchange.in/better-real-cash-xon-bet-app-download-for-android-online-casinos-to-your-united-states-2026/" "Mozilla/5.0 (Linux; Android 5.0) AppleWebKit/537.36 (KHTML, like Gecko) Mobile Safari/537.36 (compatible; Bytespider; spider-feedback@bytedance.com)" 191 **0/191333**
47.128.24.7 - - [14/Mar/2026:05:44:55 -0700] "GET /wp-content/uploads/2023/01/BFB-Main.png HTTP/2.0" 404 35516 "https://indiabettingexchange.in/better-real-cash-xon-bet-app-download-for-android-online-casinos-to-your-united-states-2026/" "Mozilla/5.0 (Linux; Android 5.0) AppleWebKit/537.36 (KHTML, like Gecko) Mobile Safari/537.36 (compatible; Bytespider; spider-feedback@bytedance.com)" 164 **0/164041**
47.128.24.7 - - [14/Mar/2026:05:44:55 -0700] "GET /wp-content/uploads/2023/01/3.png HTTP/2.0" 404 35516 "https://indiabettingexchange.in/better-real-cash-xon-bet-app-download-for-android-online-casinos-to-your-united-states-2026/" "Mozilla/5.0 (Linux; Android 5.0) AppleWebKit/537.36 (KHTML, like Gecko) Mobile Safari/537.36 (compatible; Bytespider; spider-feedback@bytedance.com)" 168 **0/168822**
47.128.24.7 - - [14/Mar/2026:05:44:55 -0700] "GET /wp-content/uploads/2023/01/1.png HTTP/2.0" 404 35516 "https://indiabettingexchange.in/better-real-cash-xon-bet-app-download-for-android-online-casinos-to-your-united-states-2026/" "Mozilla/5.0 (Linux; Android 5.0) AppleWebKit/537.36 (KHTML, like Gecko) Mobile Safari/537.36 (compatible; Bytespider; spider-feedback@bytedance.com)" 171 **0/171726**
74.7.227.158 - - [14/Mar/2026:05:44:56 -0700] "GET /casino-akkvisisjon-uten-gave-autonom-akkvisisjon-uten-gave-indre-sett-nettstedene-2026/feed/ HTTP/2.0" 200 405 "https://indiabettingexchange.in/casino-akkvisisjon-uten-gave-autonom-akkvisisjon-uten-gave-indre-sett-nettstedene-2026/" "Mozilla/5.0 AppleWebKit/537.36 (KHTML, like Gecko; compatible; GPTBot/1.3; +https://openai.com/gptbot)" 135 **0/135283**
74.7.227.158 - - [14/Mar/2026:05:44:56 -0700] "GET /wp-json/oembed/1.0/embed?url=https%3A%2F%2Findiabettingexchange.in%2Fcasino-akkvisisjon-uten-gave-autonom-akkvisisjon-uten-gave-indre-sett-nettstedene-2026%2F HTTP/2.0" 200 1439 "https://indiabettingexchange.in/casino-akkvisisjon-uten-gave-autonom-akkvisisjon-uten-gave-indre-sett-nettstedene-2026/" "Mozilla/5.0 AppleWebKit/537.36 (KHTML, like Gecko; compatible; GPTBot/1.3; +https://openai.com/gptbot)" 144 **0/144834**
74.7.227.158 - - [14/Mar/2026:05:44:57 -0700] "GET /wp-json/oembed/1.0/embed?format=xml&url=https%3A%2F%2Findiabettingexchange.in%2Fcasino-akkvisisjon-uten-gave-autonom-akkvisisjon-uten-gave-indre-sett-nettstedene-2026%2F HTTP/2.0" 200 1448 "https://indiabettingexchange.in/casino-akkvisisjon-uten-gave-autonom-akkvisisjon-uten-gave-indre-sett-nettstedene-2026/" "Mozilla/5.0 AppleWebKit/537.36 (KHTML, like Gecko; compatible; GPTBot/1.3; +https://openai.com/gptbot)" 141 **0/141772**
74.7.227.158 - - [14/Mar/2026:05:44:57 -0700] "GET /that-demands-is-known-as-an-excellent-%ef%bf%bdwager%ef%bf%bd-otherwise-an-excellent-%ef%bf%bdrollover%ef%bf%bd/feed/ HTTP/2.0" 200 417 "https://indiabettingexchange.in/that-demands-is-known-as-an-excellent-%ef%bf%bdwager%ef%bf%bd-otherwise-an-excellent-%ef%bf%bdrollover%ef%bf%bd/" "Mozilla/5.0 AppleWebKit/537.36 (KHTML, like Gecko; compatible; GPTBot/1.3; +https://openai.com/gptbot)" 142 **0/142544**
74.7.227.158 - - [14/Mar/2026:05:44:58 -0700] "GET /wp-json/oembed/1.0/embed?format=xml&url=https%3A%2F%2Findiabettingexchange.in%2Ffreispiele-ohne-einzahlung-columbus-deluxe-5-kaution-confoederatio-helvetica-2024%2F HTTP/2.0" 200 1458 "https://indiabettingexchange.in/freispiele-ohne-einzahlung-columbus-deluxe-5-kaution-confoederatio-helvetica-2024/" "Mozilla/5.0 AppleWebKit/537.36 (KHTML, like Gecko; compatible; GPTBot/1.3; +https://openai.com/gptbot)" 158 **0/158871**
43.173.181.226 - - [14/Mar/2026:05:44:58 -0700] "GET /%ce%b7%ce%bb%ce%b9%ce%b1%cf%87%cf%84%ce%af%ce%b4%ce%b5%cf%82-%ce%b3%ce%bf%cf%85%ce%ba%cf%8c%ce%bd%ce%b3%ce%ba HTTP/1.1" 301 - "-" "Mozilla/5.0 (Windows NT 10.0; Win64; x64) AppleWebKit/537.36 (KHTML, like Gecko) Chrome/110.0.0.0 Safari/537.36" 134 **0/134001**
43.173.173.165 - - [14/Mar/2026:05:44:58 -0700] "GET /5-minimal-put-casinos-2025-added-viking-runecraft-slot-free-spins-bonus-requirements HTTP/1.1" 301 - "-" "Mozilla/5.0 (Windows NT 10.0; Win64; x64) AppleWebKit/537.36 (KHTML, like Gecko) Chrome/124.0.0.0 Safari/537.36" 137 **0/137643**
43.173.172.32 - - [14/Mar/2026:05:44:58 -0700] "GET /a-no-betting-local-casino-incentive-enables-you-to-enjoy-free-goodies-as-opposed-to-wagering-criteria HTTP/1.1" 301 - "-" "Mozilla/5.0 (Windows NT 10.0; Win64; x64) AppleWebKit/537.36 (KHTML, like Gecko) Chrome/120.0.0.0 Safari/537.36" 139 **0/139305**
43.173.179.199 - - [14/Mar/2026:05:44:58 -0700] "GET /10-best-house-list-programs-to-possess-android-inside-the-2025 HTTP/1.1" 301 - "-" "Mozilla/5.0 (Windows NT 10.0; Win64; x64) AppleWebKit/537.36 (KHTML, like Gecko) Chrome/109.0.0.0 Safari/537.36" 157 **0/157782**
43.173.180.117 - - [14/Mar/2026:05:44:58 -0700] "GET /?p=162158 HTTP/1.1" 301 - "-" "Mozilla/5.0 (Windows NT 10.0; Win64; x64) AppleWebKit/537.36 (KHTML, like Gecko) Chrome/124.0.0.0 Safari/537.36" 154 **0/154269**
43.173.182.191 - - [14/Mar/2026:05:44:58 -0700] "GET /5-minimal-put-casinos-2025-added-viking-runecraft-slot-free-spins-bonus-requirements/ HTTP/1.1" 200 19231 "-" "Mozilla/5.0 (Windows NT 10.0; Win64; x64) AppleWebKit/537.36 (KHTML, like Gecko) Chrome/124.0.0.0 Safari/537.36" 215 **0/215620**
43.173.179.64 - - [14/Mar/2026:05:44:58 -0700] "GET /tips-for-knowledgeable-online-casinos-gamblers-and-novices/ HTTP/1.1" 200 19068 "-" "Mozilla/5.0 (Windows NT 10.0; Win64; x64) AppleWebKit/537.36 (KHTML, like Gecko) Chrome/106.0.5249.119 Safari/537.36" 234 **0/234357**
74.7.227.158 - - [14/Mar/2026:05:44:58 -0700] "GET /wp-json/oembed/1.0/embed?format=xml&url=https%3A%2F%2Findiabettingexchange.in%2Fthat-demands-is-known-as-an-excellent-%25ef%25bf%25bdwager%25ef%25bf%25bd-otherwise-an-excellent-%25ef%25bf%25bdrollover%25ef%25bf%25bd%2F HTTP/2.0" 200 1304 "https://indiabettingexchange.in/that-demands-is-known-as-an-excellent-%ef%bf%bdwager%ef%bf%bd-otherwise-an-excellent-%ef%bf%bdrollover%ef%bf%bd/" "Mozilla/5.0 AppleWebKit/537.36 (KHTML, like Gecko; compatible; GPTBot/1.3; +https://openai.com/gptbot)" 181 **0/181829**
43.173.177.203 - - [14/Mar/2026:05:44:58 -0700] "GET /%ce%b7%ce%bb%ce%b9%ce%b1%cf%87%cf%84%ce%af%ce%b4%ce%b5%cf%82-%ce%b3%ce%bf%cf%85%ce%ba%cf%8c%ce%bd%ce%b3%ce%ba/ HTTP/1.1" 200 20510 "-" "Mozilla/5.0 (Windows NT 10.0; Win64; x64) AppleWebKit/537.36 (KHTML, like Gecko) Chrome/110.0.0.0 Safari/537.36" 364 **0/364330**
43.173.176.8 - - [14/Mar/2026:05:44:58 -0700] "GET /current-confirmed-no-deposit-casino-incentives-2025/ HTTP/1.1" 200 17457 "-" "Mozilla/5.0 (Windows NT 10.0; Win64; x64) AppleWebKit/537.36 (KHTML, like Gecko) Chrome/124.0.0.0 Safari/537.36" 343 **0/343123**
43.173.175.239 - - [14/Mar/2026:05:44:58 -0700] "GET /a-no-betting-local-casino-incentive-enables-you-to-enjoy-free-goodies-as-opposed-to-wagering-criteria/ HTTP/1.1" 200 17232 "-" "Mozilla/5.0 (Windows NT 10.0; Win64; x64) AppleWebKit/537.36 (KHTML, like Gecko) Chrome/120.0.0.0 Safari/537.36" 459 **0/459833**
43.173.180.228 - - [14/Mar/2026:05:44:58 -0700] "GET /10-best-house-list-programs-to-possess-android-inside-the-2025/ HTTP/1.1" 200 18904 "-" "Mozilla/5.0 (Windows NT 10.0; Win64; x64) AppleWebKit/537.36 (KHTML, like Gecko) Chrome/109.0.0.0 Safari/537.36" 470 **0/470075**
74.7.227.158 - - [14/Mar/2026:05:44:59 -0700] "GET /wp-json/oembed/1.0/embed?url=https%3A%2F%2Findiabettingexchange.in%2Fthat-demands-is-known-as-an-excellent-%25ef%25bf%25bdwager%25ef%25bf%25bd-otherwise-an-excellent-%25ef%25bf%25bdrollover%25ef%25bf%25bd%2F HTTP/2.0" 200 1286 "https://indiabettingexchange.in/that-demands-is-known-as-an-excellent-%ef%bf%bdwager%ef%bf%bd-otherwise-an-excellent-%ef%bf%bdrollover%ef%bf%bd/" "Mozilla/5.0 AppleWebKit/537.36 (KHTML, like Gecko; compatible; GPTBot/1.3; +https://openai.com/gptbot)" 212 **0/212973**
74.7.227.158 - - [14/Mar/2026:05:44:59 -0700] "GET /articles/page/699/ HTTP/2.0" 200 17374 "https://indiabettingexchange.in/articles/page/697/" "Mozilla/5.0 AppleWebKit/537.36 (KHTML, like Gecko; compatible; GPTBot/1.3; +https://openai.com/gptbot)" 754 **0/754439**
5.39.1.251 - - [14/Mar/2026:05:45:00 -0700] "GET /descopera-unitate-ar-putea-primi-tari-cazinouri-care-au-fillip-fara-depunere-in-2024/ HTTP/2.0" 200 15879 "-" "Mozilla/5.0 (compatible; AhrefsBot/7.0; +http://ahrefs.com/robot/)" 409 **0/409245**
74.7.227.158 - - [14/Mar/2026:05:45:01 -0700] "GET /articles/page/698/ HTTP/2.0" 200 17349 "https://indiabettingexchange.in/articles/page/697/" "Mozilla/5.0 AppleWebKit/537.36 (KHTML, like Gecko; compatible; GPTBot/1.3; +https://openai.com/gptbot)" 756 **0/756765**
74.7.227.158 - - [14/Mar/2026:05:45:02 -0700] "GET /wp-json/oembed/1.0/embed?format=xml&url=https%3A%2F%2Findiabettingexchange.in%2Favislot-masters-casino-deutschland%2F HTTP/2.0" 200 1039 "https://indiabettingexchange.in/avislot-masters-casino-deutschland/" "Mozilla/5.0 AppleWebKit/537.36 (KHTML, like Gecko; compatible; GPTBot/1.3; +https://openai.com/gptbot)" 773 **0/773810**
74.7.227.158 - - [14/Mar/2026:05:45:03 -0700] "GET /wp-json/oembed/1.0/embed?format=xml&url=https%3A%2F%2Findiabettingexchange.in%2Fangeschlossen-casinos-via-startguthaben-2025-gebuhrenfrei-haben%2F HTTP/2.0" 200 1390 "https://indiabettingexchange.in/angeschlossen-casinos-via-startguthaben-2025-gebuhrenfrei-haben/" "Mozilla/5.0 AppleWebKit/537.36 (KHTML, like Gecko; compatible; GPTBot/1.3; +https://openai.com/gptbot)" 523 **0/523165**
74.7.227.158 - - [14/Mar/2026:05:45:04 -0700] "GET /articles/page/701/ HTTP/2.0" 200 17572 "https://indiabettingexchange.in/articles/page/697/" "Mozilla/5.0 AppleWebKit/537.36 (KHTML, like Gecko; compatible; GPTBot/1.3; +https://openai.com/gptbot)" 1008 **1/1008919**
74.7.227.158 - - [14/Mar/2026:05:45:05 -0700] "GET /articles/page/700/ HTTP/2.0" 200 17268 "https://indiabettingexchange.in/articles/page/697/" "Mozilla/5.0 AppleWebKit/537.36 (KHTML, like Gecko; compatible; GPTBot/1.3; +https://openai.com/gptbot)" 779 **0/779594**
74.7.227.158 - - [14/Mar/2026:05:45:06 -0700] "GET /wp-json/oembed/1.0/embed?format=xml&url=https%3A%2F%2Findiabettingexchange.in%2Fapple-pay-gambling-enterprise-brave-mongoose-5-deposit-nz-web-based-casinos-with-apple-shell-out-2023%2F HTTP/2.0" 200 1478 "https://indiabettingexchange.in/apple-pay-gambling-enterprise-brave-mongoose-5-deposit-nz-web-based-casinos-with-apple-shell-out-2023/" "Mozilla/5.0 AppleWebKit/537.36 (KHTML, like Gecko; compatible; GPTBot/1.3; +https://openai.com/gptbot)" 218 **0/218114**
74.7.227.158 - - [14/Mar/2026:05:45:07 -0700] "GET /wp-json/oembed/1.0/embed?url=https%3A%2F%2Findiabettingexchange.in%2F20-100-percent-free-revolves-to-your-mask-of-ones-wonderful-casino-50s-pinup-hd-sphinx-at-the-slotocash%2F HTTP/2.0" 200 1423 "https://indiabettingexchange.in/20-100-percent-free-revolves-to-your-mask-of-ones-wonderful-casino-50s-pinup-hd-sphinx-at-the-slotocash/" "Mozilla/5.0 AppleWebKit/537.36 (KHTML, like Gecko; compatible; GPTBot/1.3; +https://openai.com/gptbot)" 195 **0/195799**
74.7.227.158 - - [14/Mar/2026:05:45:07 -0700] "GET /wp-json/oembed/1.0/embed?url=https%3A%2F%2Findiabettingexchange.in%2F50-free-blue-heart-deck-the-halls-slot-fur-geld-1-einzahlung-2025-spins-viks-spielbank-no-vorarbeit-pramie%2F HTTP/2.0" 200 1500 "https://indiabettingexchange.in/50-free-blue-heart-deck-the-halls-slot-fur-geld-1-einzahlung-2025-spins-viks-spielbank-no-vorarbeit-pramie/" "Mozilla/5.0 AppleWebKit/537.36 (KHTML, like Gecko; compatible; GPTBot/1.3; +https://openai.com/gptbot)" 265 **0/265976**
74.7.227.158 - - [14/Mar/2026:05:45:08 -0700] "GET /wp-json/oembed/1.0/embed?url=https%3A%2F%2Findiabettingexchange.in%2Fput-c10-or-maybe-more-and-people-100-totally-free-revolves-strike-your-account-willing-to-play%2F HTTP/2.0" 200 1344 "https://indiabettingexchange.in/put-c10-or-maybe-more-and-people-100-totally-free-revolves-strike-your-account-willing-to-play/" "Mozilla/5.0 AppleWebKit/537.36 (KHTML, like Gecko; compatible; GPTBot/1.3; +https://openai.com/gptbot)" 335 **0/335631**
74.7.227.158 - - [14/Mar/2026:05:45:08 -0700] "GET /ten-totally-free-revolves-no-deposit-needed-playros-1-deposit-july-2024/feed/ HTTP/2.0" 200 417 "https://indiabettingexchange.in/ten-totally-free-revolves-no-deposit-needed-playros-1-deposit-july-2024/" "Mozilla/5.0 AppleWebKit/537.36 (KHTML, like Gecko; compatible; GPTBot/1.3; +https://openai.com/gptbot)" 329 **0/329749**
74.7.227.158 - - [14/Mar/2026:05:45:09 -0700] "GET /wp-json/wp/v2/posts/122741 HTTP/2.0" 200 8244 "https://indiabettingexchange.in/ten-totally-free-revolves-no-deposit-needed-playros-1-deposit-july-2024/" "Mozilla/5.0 AppleWebKit/537.36 (KHTML, like Gecko; compatible; GPTBot/1.3; +https://openai.com/gptbot)" 394 **0/394741**
74.7.227.158 - - [14/Mar/2026:05:45:10 -0700] "GET /wp-json/oembed/1.0/embed?format=xml&url=https%3A%2F%2Findiabettingexchange.in%2Ften-totally-free-revolves-no-deposit-needed-playros-1-deposit-july-2024%2F HTTP/2.0" 200 1391 "https://indiabettingexchange.in/ten-totally-free-revolves-no-deposit-needed-playros-1-deposit-july-2024/" "Mozilla/5.0 AppleWebKit/537.36 (KHTML, like Gecko; compatible; GPTBot/1.3; +https://openai.com/gptbot)" 161 **0/161309**
74.7.227.158 - - [14/Mar/2026:05:45:10 -0700] "GET /wp-json/oembed/1.0/embed?format=xml&url=https%3A%2F%2Findiabettingexchange.in%2Fonline-casino-paypal-2025-legal-diamonds-jackpot-slot-and-geradlinig-within-brd%2F HTTP/2.0" 200 1474 "https://indiabettingexchange.in/online-casino-paypal-2025-legal-diamonds-jackpot-slot-and-geradlinig-within-brd/" "Mozilla/5.0 AppleWebKit/537.36 (KHTML, like Gecko; compatible; GPTBot/1.3; +https://openai.com/gptbot)" 191 **0/191310**
74.7.227.158 - - [14/Mar/2026:05:45:11 -0700] "GET /wp-json/oembed/1.0/embed?url=https%3A%2F%2Findiabettingexchange.in%2Ften-totally-free-revolves-no-deposit-needed-playros-1-deposit-july-2024%2F HTTP/2.0" 200 1384 "https://indiabettingexchange.in/ten-totally-free-revolves-no-deposit-needed-playros-1-deposit-july-2024/" "Mozilla/5.0 AppleWebKit/537.36 (KHTML, like Gecko; compatible; GPTBot/1.3; +https://openai.com/gptbot)" 188 **0/188950**
5.255.231.17 - - [14/Mar/2026:05:45:11 -0700] "GET /the-new-sizzling-hot-no-deposit-bonus-slot-machine-slots-2024-greatest-slot-game-introduced-within-the-2024/ HTTP/1.1" 200 19360 "-" "Mozilla/5.0 (compatible; YandexBot/3.0; +http://yandex.com/bots)" 246 **0/246031**
74.7.227.158 - - [14/Mar/2026:05:45:11 -0700] "GET /wp-json/oembed/1.0/embed?format=xml&url=https%3A%2F%2Findiabettingexchange.in%2Fweb-based-casinos-for-united-states-of-america-players-play-during-the-respected-you-casino-slot-disco-night-fright-online-sites%2F HTTP/2.0" 200 1383 "https://indiabettingexchange.in/web-based-casinos-for-united-states-of-america-players-play-during-the-respected-you-casino-slot-disco-night-fright-online-sites/" "Mozilla/5.0 AppleWebKit/537.36 (KHTML, like Gecko; compatible; GPTBot/1.3; +https://openai.com/gptbot)" 186 **0/186878**
216.73.216.48 - - [14/Mar/2026:05:45:12 -0700] "GET /tag/lucky8-free-spins/feed HTTP/2.0" 301 1 "-" "Mozilla/5.0 AppleWebKit/537.36 (KHTML, like Gecko; compatible; ClaudeBot/1.0; +claudebot@anthropic.com)" 185 **0/185483**
216.73.216.48 - - [14/Mar/2026:05:45:12 -0700] "GET /white-label-casino-solutions-for-quick-market-entry/feed HTTP/2.0" 301 1 "-" "Mozilla/5.0 AppleWebKit/537.36 (KHTML, like Gecko; compatible; ClaudeBot/1.0; +claudebot@anthropic.com)" 190 **0/190968**
74.7.227.158 - - [14/Mar/2026:05:45:12 -0700] "GET /wp-json/oembed/1.0/embed?url=https%3A%2F%2Findiabettingexchange.in%2Ftop-websites-fruit-cocktail-2-slot-rtp-playing-on-the-web-blackjack-for-real-cash-in-2025%2F HTTP/2.0" 200 1402 "https://indiabettingexchange.in/top-websites-fruit-cocktail-2-slot-rtp-playing-on-the-web-blackjack-for-real-cash-in-2025/" "Mozilla/5.0 AppleWebKit/537.36 (KHTML, like Gecko; compatible; GPTBot/1.3; +https://openai.com/gptbot)" 187 **0/187729**
216.73.216.48 - - [14/Mar/2026:05:45:12 -0700] "GET /white-label-casino-solutions-for-quick-market-entry/feed/ HTTP/2.0" 200 395 "https://indiabettingexchange.in/white-label-casino-solutions-for-quick-market-entry/feed" "Mozilla/5.0 AppleWebKit/537.36 (KHTML, like Gecko; compatible; ClaudeBot/1.0; +claudebot@anthropic.com)" 193 **0/193816**
216.73.216.48 - - [14/Mar/2026:05:45:12 -0700] "GET /tag/lucky8-free-spins/feed/ HTTP/2.0" 200 8308 "https://indiabettingexchange.in/tag/lucky8-free-spins/feed" "Mozilla/5.0 AppleWebKit/537.36 (KHTML, like Gecko; compatible; ClaudeBot/1.0; +claudebot@anthropic.com)" 200 **0/200283**
74.7.227.158 - - [14/Mar/2026:05:45:12 -0700] "GET /online-blackjack-today-the-real-deal-currency-or-100-percent-free/feed/ HTTP/2.0" 200 406 "https://indiabettingexchange.in/online-blackjack-today-the-real-deal-currency-or-100-percent-free/" "Mozilla/5.0 AppleWebKit/537.36 (KHTML, like Gecko; compatible; GPTBot/1.3; +https://openai.com/gptbot)" 199 **0/199875**
74.7.227.158 - - [14/Mar/2026:05:45:13 -0700] "GET /wp-json/oembed/1.0/embed?url=https%3A%2F%2Findiabettingexchange.in%2Fprovide-rap-position-because-of-the-microgaming-rtp-96-62-remark-and-you-can-wager-100-percent-free%2F HTTP/2.0" 200 1412 "https://indiabettingexchange.in/provide-rap-position-because-of-the-microgaming-rtp-96-62-remark-and-you-can-wager-100-percent-free/" "Mozilla/5.0 AppleWebKit/537.36 (KHTML, like Gecko; compatible; GPTBot/1.3; +https://openai.com/gptbot)" 167 **0/167456**
74.7.227.158 - - [14/Mar/2026:05:45:13 -0700] "GET /wp-json/oembed/1.0/embed?format=xml&url=https%3A%2F%2Findiabettingexchange.in%2Fonline-blackjack-today-the-real-deal-currency-or-100-percent-free%2F HTTP/2.0" 200 1414 "https://indiabettingexchange.in/online-blackjack-today-the-real-deal-currency-or-100-percent-free/" "Mozilla/5.0 AppleWebKit/537.36 (KHTML, like Gecko; compatible; GPTBot/1.3; +https://openai.com/gptbot)" 216 **0/216096**
185.191.171.6 - - [14/Mar/2026:05:45:13 -0700] "GET /spin-break-application-was-a-form-of-art-oriented-platform-for-which-you-profit-although-you-gamble/ HTTP/1.1" 200 17166 "-" "Mozilla/5.0 (compatible; SemrushBot/7~bl; +http://www.semrush.com/bot.html)" 310 **0/310582**
74.7.227.158 - - [14/Mar/2026:05:45:14 -0700] "GET /wp-json/oembed/1.0/embed?url=https%3A%2F%2Findiabettingexchange.in%2Fodds-hvem-best-bowlingkule-em-2024-handball-em-jazz-of-new-orleans-bonus-2024-i-spill-centre-court-ekte-penger-tyskland%2F HTTP/2.0" 200 1524 "https://indiabettingexchange.in/odds-hvem-best-bowlingkule-em-2024-handball-em-jazz-of-new-orleans-bonus-2024-i-spill-centre-court-ekte-penger-tyskland/" "Mozilla/5.0 AppleWebKit/537.36 (KHTML, like Gecko; compatible; GPTBot/1.3; +https://openai.com/gptbot)" 183 **0/183822**
74.7.227.158 - - [14/Mar/2026:05:45:15 -0700] "GET /that-demands-is-known-as-an-excellent-%EF%BF%BDwager%EF%BF%BD-otherwise-an-excellent-%EF%BF%BDrollover%EF%BF%BD/ HTTP/2.0" 200 15605 "https://indiabettingexchange.in/that-demands-is-known-as-an-excellent-%ef%bf%bdwager%ef%bf%bd-otherwise-an-excellent-%ef%bf%bdrollover%ef%bf%bd/" "Mozilla/5.0 AppleWebKit/537.36 (KHTML, like Gecko; compatible; GPTBot/1.3; +https://openai.com/gptbot)" 266 **0/266398**
74.7.227.158 - - [14/Mar/2026:05:45:15 -0700] "GET /bester-casino-affiliate-ein-leitfaden-fur-den-erfolg-im-online-glucksspiel/ HTTP/2.0" 200 16338 "https://indiabettingexchange.in/articles/page/699/" "Mozilla/5.0 AppleWebKit/537.36 (KHTML, like Gecko; compatible; GPTBot/1.3; +https://openai.com/gptbot)" 273 **0/273937**
74.7.227.158 - - [14/Mar/2026:05:45:16 -0700] "GET /marketing-de-afiliados-de-cassino-online-um-guia-completo/ HTTP/2.0" 200 16516 "https://indiabettingexchange.in/articles/page/699/" "Mozilla/5.0 AppleWebKit/537.36 (KHTML, like Gecko; compatible; GPTBot/1.3; +https://openai.com/gptbot)" 229 **0/229444**
185.191.171.1 - - [14/Mar/2026:05:45:16 -0700] "GET /casinos-sin-tanque-original-2024-money-game-maquina-tragaperras-19-casinos-dgoj/ HTTP/1.1" 200 19292 "-" "Mozilla/5.0 (compatible; SemrushBot/7~bl; +http://www.semrush.com/bot.html)" 229 **0/229684**
74.7.227.158 - - [14/Mar/2026:05:45:16 -0700] "GET /totally-free-spins-will-be-attempted-at-most-online-casinos/ HTTP/2.0" 200 15631 "https://indiabettingexchange.in/articles/page/701/" "Mozilla/5.0 AppleWebKit/537.36 (KHTML, like Gecko; compatible; GPTBot/1.3; +https://openai.com/gptbot)" 196 **0/196815**
74.7.227.158 - - [14/Mar/2026:05:45:17 -0700] "GET /having-globe-analysts-concentrating-on-the-fresh-new-irish-gambling-on-line-sector-knowing-the-efficiency-off-specific-slot-online-game-is-crucial/ HTTP/2.0" 200 16472 "https://indiabettingexchange.in/articles/page/700/" "Mozilla/5.0 AppleWebKit/537.36 (KHTML, like Gecko; compatible; GPTBot/1.3; +https://openai.com/gptbot)" 242 **0/242480**
74.7.227.158 - - [14/Mar/2026:05:45:17 -0700] "GET /what-is-the-easiest-games-so-you-can-win-within-a-gambling-establishment/ HTTP/2.0" 200 15678 "https://indiabettingexchange.in/articles/page/700/" "Mozilla/5.0 AppleWebKit/537.36 (KHTML, like Gecko; compatible; GPTBot/1.3; +https://openai.com/gptbot)" 245 **0/245773**
74.7.227.158 - - [14/Mar/2026:05:45:18 -0700] "GET /things-to-pay-attention-to-when-choosing-online-casino-slots/ HTTP/2.0" 200 15582 "https://indiabettingexchange.in/articles/page/700/" "Mozilla/5.0 AppleWebKit/537.36 (KHTML, like Gecko; compatible; GPTBot/1.3; +https://openai.com/gptbot)" 244 **0/244774**
74.7.227.158 - - [14/Mar/2026:05:45:19 -0700] "GET /ideas-on-how-to-sign-up-log-in-and-enjoy-during-the-heavens-las-vegas-best-book/ HTTP/2.0" 200 16875 "https://indiabettingexchange.in/articles/page/700/" "Mozilla/5.0 AppleWebKit/537.36 (KHTML, like Gecko; compatible; GPTBot/1.3; +https://openai.com/gptbot)" 314 **0/314225**
74.7.227.158 - - [14/Mar/2026:05:45:19 -0700] "GET /das-beste-online-casino-affiliate-programm-ein-umfassender-leitfaden/ HTTP/2.0" 200 16583 "https://indiabettingexchange.in/articles/page/699/" "Mozilla/5.0 AppleWebKit/537.36 (KHTML, like Gecko; compatible; GPTBot/1.3; +https://openai.com/gptbot)" 274 **0/274211**
47.82.11.24 - - [14/Mar/2026:05:45:20 -0700] "GET /online-casino-61-6 HTTP/1.1" 301 1 "https://indiabettingexchange.in/" "Mozilla/5.0 (Windows NT 10.0; Win64; x64) AppleWebKit/537.36 (KHTML, like Gecko) Chrome/135.0.0.0 Safari/537.36 Edg/135.0.0.0" 176 **0/176550**
74.7.227.158 - - [14/Mar/2026:05:45:20 -0700] "GET /melhores-afiliados-de-cassino-como-escolher-e-lucrar/ HTTP/2.0" 200 16277 "https://indiabettingexchange.in/articles/page/699/" "Mozilla/5.0 AppleWebKit/537.36 (KHTML, like Gecko; compatible; GPTBot/1.3; +https://openai.com/gptbot)" 278 **0/278244**
47.82.11.24 - - [14/Mar/2026:05:45:20 -0700] "GET /online-casino-61-6/ HTTP/1.1" 200 173378 "https://indiabettingexchange.in/" "Mozilla/5.0 (Windows NT 10.0; Win64; x64) AppleWebKit/537.36 (KHTML, like Gecko) Chrome/135.0.0.0 Safari/537.36 Edg/135.0.0.0" 297 **0/297754**
74.7.227.158 - - [14/Mar/2026:05:45:21 -0700] "GET /tips-look-through-this-site-cheats-to-boost-the-gains/ HTTP/2.0" 200 17637 "https://indiabettingexchange.in/articles/page/700/" "Mozilla/5.0 AppleWebKit/537.36 (KHTML, like Gecko; compatible; GPTBot/1.3; +https://openai.com/gptbot)" 235 **0/235845**
74.7.227.158 - - [14/Mar/2026:05:45:21 -0700] "GET /para-vayamos-por-partes-en-la-actualidad-no-existen-bonos-sobre-casino-online-acerca-de-portugal/ HTTP/2.0" 200 15915 "https://indiabettingexchange.in/articles/page/698/" "Mozilla/5.0 AppleWebKit/537.36 (KHTML, like Gecko; compatible; GPTBot/1.3; +https://openai.com/gptbot)" 218 **0/218625**
74.7.227.158 - - [14/Mar/2026:05:45:22 -0700] "GET /twenty-three-reason-you-ought-to-down-load-new-myvegas-harbors-app/ HTTP/2.0" 200 15514 "https://indiabettingexchange.in/articles/page/699/" "Mozilla/5.0 AppleWebKit/537.36 (KHTML, like Gecko; compatible; GPTBot/1.3; +https://openai.com/gptbot)" 231 **0/231764**
85.208.96.206 - - [14/Mar/2026:05:45:22 -0700] "GET /prime-gambling-establishment-added-bonus-also-provides-focus-numerous-people-with-regards-to-lucrative-characteristics/ HTTP/1.1" 200 17829 "-" "Mozilla/5.0 (compatible; SemrushBot/7~bl; +http://www.semrush.com/bot.html)" 225 **0/225331**
74.7.227.158 - - [14/Mar/2026:05:45:22 -0700] "GET /this-is-exactly-the-best-local-casino-betting-software-thus-far/ HTTP/2.0" 200 15799 "https://indiabettingexchange.in/articles/page/701/" "Mozilla/5.0 AppleWebKit/537.36 (KHTML, like Gecko; compatible; GPTBot/1.3; +https://openai.com/gptbot)" 286 **0/286016**
74.7.227.158 - - [14/Mar/2026:05:45:23 -0700] "GET /segui-leyendo-y-no-ha-transpirado-me-di-cuenta-todas-los-excelentes-posibilidades-que-hay-disponibles-desplazandolo-hacia-el-pelo-acerca-de-como-sacarles-el-extremo-afan/ HTTP/2.0" 200 16318 "https://indiabettingexchange.in/articles/page/698/" "Mozilla/5.0 AppleWebKit/537.36 (KHTML, like Gecko; compatible; GPTBot/1.3; +https://openai.com/gptbot)" 200 **0/200219**
74.7.227.158 - - [14/Mar/2026:05:45:23 -0700] "GET /ports-sugarplay-gambling-enterprise-on-line-doctor-bet-philippine/feed/ HTTP/2.0" 200 407 "https://indiabettingexchange.in/ports-sugarplay-gambling-enterprise-on-line-doctor-bet-philippine/" "Mozilla/5.0 AppleWebKit/537.36 (KHTML, like Gecko; compatible; GPTBot/1.3; +https://openai.com/gptbot)" 134 **0/134016**
74.7.227.158 - - [14/Mar/2026:05:45:24 -0700] "GET /different-varieties-of-free-harbors-try-them-away-free-of-charge/ HTTP/2.0" 200 15595 "https://indiabettingexchange.in/articles/page/698/" "Mozilla/5.0 AppleWebKit/537.36 (KHTML, like Gecko; compatible; GPTBot/1.3; +https://openai.com/gptbot)" 211 **0/211000**
74.7.227.158 - - [14/Mar/2026:05:45:24 -0700] "GET /wp-json/oembed/1.0/embed?format=xml&url=https%3A%2F%2Findiabettingexchange.in%2Fports-sugarplay-gambling-enterprise-on-line-doctor-bet-philippine%2F HTTP/2.0" 200 1365 "https://indiabettingexchange.in/ports-sugarplay-gambling-enterprise-on-line-doctor-bet-philippine/" "Mozilla/5.0 AppleWebKit/537.36 (KHTML, like Gecko; compatible; GPTBot/1.3; +https://openai.com/gptbot)" 153 **0/153127**
47.82.11.65 - - [14/Mar/2026:05:45:25 -0700] "GET /entre-las-anuncios-destacadas-descubri%EF%BF%BD-bonos-especialistas-de-participar-la-ruleta-europea-o-chaqueta HTTP/1.1" 301 1 "https://indiabettingexchange.in/" "Mozilla/5.0 (Windows NT 10.0; Win64; x64) AppleWebKit/537.36 (KHTML, like Gecko) Chrome/133.0.0.0 Safari/537.36" 121 **0/121806**
74.7.227.158 - - [14/Mar/2026:05:45:25 -0700] "GET /challenges-was-evaluating-where-you-need-do-the-jobs-stated-by-the-government/ HTTP/2.0" 200 15512 "https://indiabettingexchange.in/articles/page/700/" "Mozilla/5.0 AppleWebKit/537.36 (KHTML, like Gecko; compatible; GPTBot/1.3; +https://openai.com/gptbot)" 177 **0/177591**
47.82.11.65 - - [14/Mar/2026:05:45:25 -0700] "GET /entre-las-anuncios-destacadas-descubri%EF%BF%BD-bonos-especialistas-de-participar-la-ruleta-europea-o-chaqueta/ HTTP/1.1" 200 15838 "https://indiabettingexchange.in/" "Mozilla/5.0 (Windows NT 10.0; Win64; x64) AppleWebKit/537.36 (KHTML, like Gecko) Chrome/133.0.0.0 Safari/537.36" 177 **0/177522**
74.7.227.158 - - [14/Mar/2026:05:45:26 -0700] "GET /concert-tour-of-the-uk-eastern-suffolk-council/ HTTP/2.0" 200 17276 "https://indiabettingexchange.in/articles/page/698/" "Mozilla/5.0 AppleWebKit/537.36 (KHTML, like Gecko; compatible; GPTBot/1.3; +https://openai.com/gptbot)" 197 **0/197675**
66.249.68.4 - - [14/Mar/2026:05:45:26 -0700] "GET /casino-med-lag-insattning-upprakning-villig-minsta-2026/ HTTP/1.1" 200 16830 "-" "Mozilla/5.0 (Linux; Android 6.0.1; Nexus 5X Build/MMB29P) AppleWebKit/537.36 (KHTML, like Gecko) Chrome/145.0.7632.116 Mobile Safari/537.36 (compatible; Googlebot/2.1; +http://www.google.com/bot.html)" 164 **0/164448**
74.7.227.158 - - [14/Mar/2026:05:45:26 -0700] "GET /once-the-a-social-playing-program-neverland-casino-does-not-need-to-see-any-special-gambling-certificates/ HTTP/2.0" 200 15678 "https://indiabettingexchange.in/articles/page/699/" "Mozilla/5.0 AppleWebKit/537.36 (KHTML, like Gecko; compatible; GPTBot/1.3; +https://openai.com/gptbot)" 198 **0/198362**
74.7.227.158 - - [14/Mar/2026:05:45:27 -0700] "GET /group-makes-the-fresh-years-resolutions-getting-a-whole-lot-more-self-confident-sides-to-their-everyday-life/ HTTP/2.0" 200 15783 "https://indiabettingexchange.in/articles/page/700/" "Mozilla/5.0 AppleWebKit/537.36 (KHTML, like Gecko; compatible; GPTBot/1.3; +https://openai.com/gptbot)" 207 **0/207428**
74.7.227.158 - - [14/Mar/2026:05:45:27 -0700] "GET /to-experience-during-the-gambling-establishment-is-enjoyable-but-its-vital-that-you-stay-in-handle/ HTTP/2.0" 200 15754 "https://indiabettingexchange.in/articles/page/699/" "Mozilla/5.0 AppleWebKit/537.36 (KHTML, like Gecko; compatible; GPTBot/1.3; +https://openai.com/gptbot)" 215 **0/215498**
74.7.227.158 - - [14/Mar/2026:05:45:28 -0700] "GET /there-can-be-its-one-thing-for-everybody-from-the-tachi-castle-gambling-establishment-hotel/ HTTP/2.0" 200 16038 "https://indiabettingexchange.in/articles/page/700/" "Mozilla/5.0 AppleWebKit/537.36 (KHTML, like Gecko; compatible; GPTBot/1.3; +https://openai.com/gptbot)" 234 **0/234555**
74.7.227.158 - - [14/Mar/2026:05:45:28 -0700] "GET /no-deposit-requisite-sale-is-common-but-they-are-and-additionally-often-way-more-restricted/ HTTP/2.0" 200 15847 "https://indiabettingexchange.in/articles/page/701/" "Mozilla/5.0 AppleWebKit/537.36 (KHTML, like Gecko; compatible; GPTBot/1.3; +https://openai.com/gptbot)" 201 **0/201361**
74.7.227.158 - - [14/Mar/2026:05:45:29 -0700] "GET /to-play-within-gambling-enterprise-are-exciting-however-it-is-important-to-remain-in-handle/ HTTP/2.0" 200 15719 "https://indiabettingexchange.in/articles/page/701/" "Mozilla/5.0 AppleWebKit/537.36 (KHTML, like Gecko; compatible; GPTBot/1.3; +https://openai.com/gptbot)" 195 **0/195688**
74.7.227.158 - - [14/Mar/2026:05:45:29 -0700] "GET /on-the-lifetime-out-of-videos-harbors-a-well-established-terminology-has-been-designed/ HTTP/2.0" 200 15590 "https://indiabettingexchange.in/articles/page/701/" "Mozilla/5.0 AppleWebKit/537.36 (KHTML, like Gecko; compatible; GPTBot/1.3; +https://openai.com/gptbot)" 217 **0/217151**
74.7.227.158 - - [14/Mar/2026:05:45:30 -0700] "GET /totally-free-ports-display-screen-an-identical-rtp-because-their-a-real-income-items/ HTTP/2.0" 200 15718 "https://indiabettingexchange.in/articles/page/699/" "Mozilla/5.0 AppleWebKit/537.36 (KHTML, like Gecko; compatible; GPTBot/1.3; +https://openai.com/gptbot)" 257 **0/257279**
74.7.227.158 - - [14/Mar/2026:05:45:30 -0700] "GET /alternatively-simply-stick-to-brand-new-seemed-identity-and-you-can-spin-aside/ HTTP/2.0" 200 15638 "https://indiabettingexchange.in/articles/page/700/" "Mozilla/5.0 AppleWebKit/537.36 (KHTML, like Gecko; compatible; GPTBot/1.3; +https://openai.com/gptbot)" 187 **0/187320**
74.7.227.158 - - [14/Mar/2026:05:45:31 -0700] "GET /exactly-what-are-zero-wagering-free-revolves-within-the-web-based-casinos/ HTTP/2.0" 200 15600 "https://indiabettingexchange.in/articles/page/700/" "Mozilla/5.0 AppleWebKit/537.36 (KHTML, like Gecko; compatible; GPTBot/1.3; +https://openai.com/gptbot)" 214 **0/214227**
74.7.227.158 - - [14/Mar/2026:05:45:32 -0700] "GET /preciselywhat-are-no-wagering-totally-free-spins-into-the-casinos-on-the-internet/ HTTP/2.0" 200 15592 "https://indiabettingexchange.in/articles/page/699/" "Mozilla/5.0 AppleWebKit/537.36 (KHTML, like Gecko; compatible; GPTBot/1.3; +https://openai.com/gptbot)" 270 **0/270280**
74.7.227.158 - - [14/Mar/2026:05:45:32 -0700] "GET /during-the-the-audience-is-dedicated-to-bringing-a-paid-internet-casino-experience-which-is-next-to-help-you-nothing/ HTTP/2.0" 200 16059 "https://indiabettingexchange.in/articles/page/700/" "Mozilla/5.0 AppleWebKit/537.36 (KHTML, like Gecko; compatible; GPTBot/1.3; +https://openai.com/gptbot)" 214 **0/214108**
74.7.227.158 - - [14/Mar/2026:05:45:33 -0700] "GET /mega-moolah-compared-with-the-major-uk-harbors/ HTTP/2.0" 200 15543 "https://indiabettingexchange.in/articles/page/700/" "Mozilla/5.0 AppleWebKit/537.36 (KHTML, like Gecko; compatible; GPTBot/1.3; +https://openai.com/gptbot)" 204 **0/204647**
74.7.227.158 - - [14/Mar/2026:05:45:33 -0700] "GET /could-you-should-defeat-the-brand-new-specialist-and-you-can-rating-good-black-jack/ HTTP/2.0" 200 15478 "https://indiabettingexchange.in/articles/page/701/" "Mozilla/5.0 AppleWebKit/537.36 (KHTML, like Gecko; compatible; GPTBot/1.3; +https://openai.com/gptbot)" 239 **0/239175**
74.7.227.158 - - [14/Mar/2026:05:45:34 -0700] "GET /e-sugkhrone-tekhnologia-sta-online-kazino-e-anagke-gia-axiopistia-kai-asphaleia/ HTTP/2.0" 200 16696 "https://indiabettingexchange.in/articles/page/701/" "Mozilla/5.0 AppleWebKit/537.36 (KHTML, like Gecko; compatible; GPTBot/1.3; +https://openai.com/gptbot)" 203 **0/203116**
74.7.227.158 - - [14/Mar/2026:05:45:34 -0700] "GET /the-fresh-new-cellular-gambling-games-mummys-silver-is-offering-make-sure-fascinating-enjoyment-is-definitely-at-your-fingertips/ HTTP/2.0" 200 15860 "https://indiabettingexchange.in/articles/page/699/" "Mozilla/5.0 AppleWebKit/537.36 (KHTML, like Gecko; compatible; GPTBot/1.3; +https://openai.com/gptbot)" 206 **0/206319**
74.7.227.158 - - [14/Mar/2026:05:45:35 -0700] "GET /this-is-new-totally-free-slots-experience-having-euro-games-technical-entertaining-otherwise-egt/ HTTP/2.0" 200 16144 "https://indiabettingexchange.in/articles/page/700/" "Mozilla/5.0 AppleWebKit/537.36 (KHTML, like Gecko; compatible; GPTBot/1.3; +https://openai.com/gptbot)" 207 **0/207472**
74.7.227.158 - - [14/Mar/2026:05:45:35 -0700] "GET /thank-you-for-visiting-later-gambling-enterprise-the-new-premier-on-the-internet-playing-interest-geared-to-participants-in-britain/ HTTP/2.0" 200 15706 "https://indiabettingexchange.in/articles/page/699/" "Mozilla/5.0 AppleWebKit/537.36 (KHTML, like Gecko; compatible; GPTBot/1.3; +https://openai.com/gptbot)" 177 **0/177770**
74.7.227.158 - - [14/Mar/2026:05:45:36 -0700] "GET /you-could-manipulate-brand-new-with-the-display-cursor-because-of-the-moving-new-firearm-you-will-find-a-sign-up-button-on-leftover/ HTTP/2.0" 200 15950 "https://indiabettingexchange.in/articles/page/698/" "Mozilla/5.0 AppleWebKit/537.36 (KHTML, like Gecko; compatible; GPTBot/1.3; +https://openai.com/gptbot)" 219 **0/219876**
74.7.227.158 - - [14/Mar/2026:05:45:37 -0700] "GET /when-shopping-for-totally-free-slot-machines-online-it-is-important-to-take-a-look-at-onlineslotsx/ HTTP/2.0" 200 15704 "https://indiabettingexchange.in/articles/page/700/" "Mozilla/5.0 AppleWebKit/537.36 (KHTML, like Gecko; compatible; GPTBot/1.3; +https://openai.com/gptbot)" 189 **0/189172**
74.7.227.158 - - [14/Mar/2026:05:45:37 -0700] "GET /make-gambling-enterprise-anywhere-you-would-like-along-with-cellular-casino/ HTTP/2.0" 200 15820 "https://indiabettingexchange.in/articles/page/698/" "Mozilla/5.0 AppleWebKit/537.36 (KHTML, like Gecko; compatible; GPTBot/1.3; +https://openai.com/gptbot)" 229 **0/229721**
74.7.227.158 - - [14/Mar/2026:05:45:38 -0700] "GET /jackpotjoy-is-among-the-uks-greatest-bingo-brands-plus-one-of-the-finest-united-kingdom-bingo-web-sites-that-people-record/ HTTP/2.0" 200 15833 "https://indiabettingexchange.in/articles/page/699/" "Mozilla/5.0 AppleWebKit/537.36 (KHTML, like Gecko; compatible; GPTBot/1.3; +https://openai.com/gptbot)" 230 **0/230887**
74.7.227.158 - - [14/Mar/2026:05:45:38 -0700] "GET /variedad-limitada-acerca-de-determinados-sitios-no-obstante-una-mga-regula-calidad-ciertos-casinos-deben-catalogos-mas-profusamente-pequenos/ HTTP/2.0" 200 16133 "https://indiabettingexchange.in/articles/page/699/" "Mozilla/5.0 AppleWebKit/537.36 (KHTML, like Gecko; compatible; GPTBot/1.3; +https://openai.com/gptbot)" 233 **0/233704**
176.31.139.8 - - [14/Mar/2026:05:45:38 -0700] "GET /cand-poti-sa-primesti-un-plus-cu-casino-fara-sa-poi-depunere/ HTTP/2.0" 200 15650 "-" "Mozilla/5.0 (compatible; AhrefsBot/7.0; +http://ahrefs.com/robot/)" 214 **0/214831**
74.7.227.158 - - [14/Mar/2026:05:45:39 -0700] "GET /on-the-internet-casinopolis-enjoys-one-of-the-best-gang-of-online-casino-games-playing/ HTTP/2.0" 200 15461 "https://indiabettingexchange.in/articles/page/698/" "Mozilla/5.0 AppleWebKit/537.36 (KHTML, like Gecko; compatible; GPTBot/1.3; +https://openai.com/gptbot)" 231 **0/231496**
74.7.227.158 - - [14/Mar/2026:05:45:39 -0700] "GET /plus-all-significantly-more-than-usually-prioritize-security-and-safety/ HTTP/2.0" 200 15739 "https://indiabettingexchange.in/articles/page/698/" "Mozilla/5.0 AppleWebKit/537.36 (KHTML, like Gecko; compatible; GPTBot/1.3; +https://openai.com/gptbot)" 181 **0/181423**
74.7.227.158 - - [14/Mar/2026:05:45:40 -0700] "GET /the-online-casino-games-duration-numerous-styles-catering-to-help-you-users-of-the-many-needs-and-you-will-needs-in-turn/ HTTP/2.0" 200 15662 "https://indiabettingexchange.in/articles/page/700/" "Mozilla/5.0 AppleWebKit/537.36 (KHTML, like Gecko; compatible; GPTBot/1.3; +https://openai.com/gptbot)" 241 **0/241110**
74.7.227.158 - - [14/Mar/2026:05:45:40 -0700] "GET /blackjack-strategies-je-laie-diese-besten-tipps-je-informativer-beitrag-deinen-perfekten-abzug/ HTTP/2.0" 200 17321 "https://indiabettingexchange.in/articles/page/698/" "Mozilla/5.0 AppleWebKit/537.36 (KHTML, like Gecko; compatible; GPTBot/1.3; +https://openai.com/gptbot)" 200 **0/200817**
74.7.227.158 - - [14/Mar/2026:05:45:41 -0700] "GET /the-online-casino-games-duration-numerous-styles-catering-to-help-you-users-of-the-many-needs-and-you-will-needs-in-turn/feed/ HTTP/2.0" 200 438 "https://indiabettingexchange.in/the-online-casino-games-duration-numerous-styles-catering-to-help-you-users-of-the-many-needs-and-you-will-needs-in-turn/" "Mozilla/5.0 AppleWebKit/537.36 (KHTML, like Gecko; compatible; GPTBot/1.3; +https://openai.com/gptbot)" 145 **0/145709**
74.7.227.158 - - [14/Mar/2026:05:45:41 -0700] "GET /wp-json/oembed/1.0/embed?format=xml&url=https%3A%2F%2Findiabettingexchange.in%2Fthe-online-casino-games-duration-numerous-styles-catering-to-help-you-users-of-the-many-needs-and-you-will-needs-in-turn%2F HTTP/2.0" 200 1345 "https://indiabettingexchange.in/the-online-casino-games-duration-numerous-styles-catering-to-help-you-users-of-the-many-needs-and-you-will-needs-in-turn/" "Mozilla/5.0 AppleWebKit/537.36 (KHTML, like Gecko; compatible; GPTBot/1.3; +https://openai.com/gptbot)" 139 **0/139125**
74.7.227.158 - - [14/Mar/2026:05:45:42 -0700] "GET /wp-json/wp/v2/posts/214625 HTTP/2.0" 200 4242 "https://indiabettingexchange.in/the-online-casino-games-duration-numerous-styles-catering-to-help-you-users-of-the-many-needs-and-you-will-needs-in-turn/" "Mozilla/5.0 AppleWebKit/537.36 (KHTML, like Gecko; compatible; GPTBot/1.3; +https://openai.com/gptbot)" 165 **0/165932**
74.7.227.158 - - [14/Mar/2026:05:45:42 -0700] "GET /wp-json/oembed/1.0/embed?url=https%3A%2F%2Findiabettingexchange.in%2Fthe-online-casino-games-duration-numerous-styles-catering-to-help-you-users-of-the-many-needs-and-you-will-needs-in-turn%2F HTTP/2.0" 200 1333 "https://indiabettingexchange.in/the-online-casino-games-duration-numerous-styles-catering-to-help-you-users-of-the-many-needs-and-you-will-needs-in-turn/" "Mozilla/5.0 AppleWebKit/537.36 (KHTML, like Gecko; compatible; GPTBot/1.3; +https://openai.com/gptbot)" 146 **0/146853**
74.7.227.158 - - [14/Mar/2026:05:45:43 -0700] "GET /widely-known-and-you-may-preferred-games-among-gambling-establishment-fans-are-black-jack/ HTTP/2.0" 200 15689 "https://indiabettingexchange.in/articles/page/699/" "Mozilla/5.0 AppleWebKit/537.36 (KHTML, like Gecko; compatible; GPTBot/1.3; +https://openai.com/gptbot)" 253 **0/253234**
74.7.227.158 - - [14/Mar/2026:05:45:43 -0700] "GET /druckgluck-testbericht-der-casino-aztec-magic-deluxe-ihr-besten-versorger/ HTTP/2.0" 200 17852 "https://indiabettingexchange.in/articles/page/699/" "Mozilla/5.0 AppleWebKit/537.36 (KHTML, like Gecko; compatible; GPTBot/1.3; +https://openai.com/gptbot)" 520 **0/520419**
85.208.96.201 - - [14/Mar/2026:05:45:44 -0700] "GET /check-wagering-criteria-just-before-withdrawing-profits-and-you-can-heed-in-charge-playing-restrictions/ HTTP/1.1" 200 17668 "-" "Mozilla/5.0 (compatible; SemrushBot/7~bl; +http://www.semrush.com/bot.html)" 248 **0/248145**
74.7.227.158 - - [14/Mar/2026:05:45:44 -0700] "GET /wolf-focus-on-megajackpots-slot-free-to-enjoy-demonstration-secret-of-the-stones-slot-machine-version/ HTTP/2.0" 200 17729 "https://indiabettingexchange.in/articles/page/699/" "Mozilla/5.0 AppleWebKit/537.36 (KHTML, like Gecko; compatible; GPTBot/1.3; +https://openai.com/gptbot)" 198 **0/198143**
