74.7.227.158 - - [14/Mar/2026:05:28:42 -0700] "GET /freispiele-diamond-dogs-slot-complimentary-spins-exklusive-einzahlung-67-casinos-3700-kosteloze-spins/ HTTP/2.0" 200 16301 "https://indiabettingexchange.in/articles/page/665/" "Mozilla/5.0 AppleWebKit/537.36 (KHTML, like Gecko; compatible; GPTBot/1.3; +https://openai.com/gptbot)" 209 **0/209843**
74.7.227.158 - - [14/Mar/2026:05:28:42 -0700] "GET /articles/page/666/ HTTP/2.0" 200 17438 "https://indiabettingexchange.in/articles/page/664/" "Mozilla/5.0 AppleWebKit/537.36 (KHTML, like Gecko; compatible; GPTBot/1.3; +https://openai.com/gptbot)" 493 **0/493460**
74.7.227.158 - - [14/Mar/2026:05:28:43 -0700] "GET /articles/page/668/ HTTP/2.0" 200 17457 "https://indiabettingexchange.in/articles/page/664/" "Mozilla/5.0 AppleWebKit/537.36 (KHTML, like Gecko; compatible; GPTBot/1.3; +https://openai.com/gptbot)" 493 **0/493289**
74.7.227.158 - - [14/Mar/2026:05:28:44 -0700] "GET /articles/page/669/ HTTP/2.0" 200 17470 "https://indiabettingexchange.in/articles/page/665/" "Mozilla/5.0 AppleWebKit/537.36 (KHTML, like Gecko; compatible; GPTBot/1.3; +https://openai.com/gptbot)" 450 **0/450991**
74.7.227.158 - - [14/Mar/2026:05:28:45 -0700] "GET /articles/page/667/ HTTP/2.0" 200 17512 "https://indiabettingexchange.in/articles/page/664/" "Mozilla/5.0 AppleWebKit/537.36 (KHTML, like Gecko; compatible; GPTBot/1.3; +https://openai.com/gptbot)" 443 **0/443884**
74.7.227.158 - - [14/Mar/2026:05:28:46 -0700] "GET /wp-json/oembed/1.0/embed?url=https%3A%2F%2Findiabettingexchange.in%2Fstack-acercade-jogue-acostumado-e-ganhe-bonus-jetx3-casino-exclusivos-2024%2F HTTP/2.0" 200 1454 "https://indiabettingexchange.in/stack-acercade-jogue-acostumado-e-ganhe-bonus-jetx3-casino-exclusivos-2024/" "Mozilla/5.0 AppleWebKit/537.36 (KHTML, like Gecko; compatible; GPTBot/1.3; +https://openai.com/gptbot)" 131 **0/131662**
74.7.227.158 - - [14/Mar/2026:05:28:46 -0700] "GET /wp-json/oembed/1.0/embed?url=https%3A%2F%2Findiabettingexchange.in%2Fenjoy-blackjackpro-montecarlo-multihand-position-95-39-big-bet-world-casino-rtp%2F HTTP/2.0" 200 1374 "https://indiabettingexchange.in/enjoy-blackjackpro-montecarlo-multihand-position-95-39-big-bet-world-casino-rtp/" "Mozilla/5.0 AppleWebKit/537.36 (KHTML, like Gecko; compatible; GPTBot/1.3; +https://openai.com/gptbot)" 149 **0/149302**
74.7.227.158 - - [14/Mar/2026:05:28:47 -0700] "GET /wp-json/oembed/1.0/embed?url=https%3A%2F%2Findiabettingexchange.in%2Fpublication-of-lifeless-slot-remark-2024-score-an-advantage-to-experience%2F HTTP/2.0" 200 1396 "https://indiabettingexchange.in/publication-of-lifeless-slot-remark-2024-score-an-advantage-to-experience/" "Mozilla/5.0 AppleWebKit/537.36 (KHTML, like Gecko; compatible; GPTBot/1.3; +https://openai.com/gptbot)" 183 **0/183109**
74.7.227.158 - - [14/Mar/2026:05:28:47 -0700] "GET /wp-json/oembed/1.0/embed?url=https%3A%2F%2Findiabettingexchange.in%2Fview-titanic-1997-complete-movie-on-starzino-bonus-rules-the-internet-totally-free-123movies%2F HTTP/2.0" 200 1460 "https://indiabettingexchange.in/view-titanic-1997-complete-movie-on-starzino-bonus-rules-the-internet-totally-free-123movies/" "Mozilla/5.0 AppleWebKit/537.36 (KHTML, like Gecko; compatible; GPTBot/1.3; +https://openai.com/gptbot)" 146 **0/146302**
74.7.227.158 - - [14/Mar/2026:05:28:48 -0700] "GET /wp-json/oembed/1.0/embed?url=https%3A%2F%2Findiabettingexchange.in%2Fpolskie-sloty-wyjawszy-depozytu-2025-bezplatne-bonusy-jak-i-rowniez-spiny%2F HTTP/2.0" 200 1525 "https://indiabettingexchange.in/polskie-sloty-wyjawszy-depozytu-2025-bezplatne-bonusy-jak-i-rowniez-spiny/" "Mozilla/5.0 AppleWebKit/537.36 (KHTML, like Gecko; compatible; GPTBot/1.3; +https://openai.com/gptbot)" 143 **0/143355**
74.7.227.158 - - [14/Mar/2026:05:28:48 -0700] "GET /wp-json/oembed/1.0/embed?url=https%3A%2F%2Findiabettingexchange.in%2Fdoorways-of-olympus-hugo-casino-partner-app-trial-2025-gamble-position-100percent-free%2F HTTP/2.0" 200 1424 "https://indiabettingexchange.in/doorways-of-olympus-hugo-casino-partner-app-trial-2025-gamble-position-100percent-free/" "Mozilla/5.0 AppleWebKit/537.36 (KHTML, like Gecko; compatible; GPTBot/1.3; +https://openai.com/gptbot)" 152 **0/152551**
74.7.227.158 - - [14/Mar/2026:05:28:49 -0700] "GET /wp-json/oembed/1.0/embed?url=https%3A%2F%2Findiabettingexchange.in%2Fmega-moolah-position-fruit-blaze-slot-remark-2026-greatest-modern-jackpot%2F HTTP/2.0" 200 1371 "https://indiabettingexchange.in/mega-moolah-position-fruit-blaze-slot-remark-2026-greatest-modern-jackpot/" "Mozilla/5.0 AppleWebKit/537.36 (KHTML, like Gecko; compatible; GPTBot/1.3; +https://openai.com/gptbot)" 162 **0/162515**
74.7.227.158 - - [14/Mar/2026:05:28:49 -0700] "GET /transforming-customer-support-in-the-digital-age-the-role-of-smart-solutions/ HTTP/2.0" 200 16497 "https://indiabettingexchange.in/articles/page/666/" "Mozilla/5.0 AppleWebKit/537.36 (KHTML, like Gecko; compatible; GPTBot/1.3; +https://openai.com/gptbot)" 197 **0/197850**
74.7.227.158 - - [14/Mar/2026:05:28:50 -0700] "GET /can-it-be-secure-to-go-to-harrahs-cherokee-local-casino/ HTTP/2.0" 200 15774 "https://indiabettingexchange.in/articles/page/666/" "Mozilla/5.0 AppleWebKit/537.36 (KHTML, like Gecko; compatible; GPTBot/1.3; +https://openai.com/gptbot)" 214 **0/214773**
74.7.227.158 - - [14/Mar/2026:05:28:50 -0700] "GET /daruber-hinaus-gibt-es-enorm-aktionen-damit-treuen-spielern-jeden-besuch-im-online-casino-zu-versuen/ HTTP/2.0" 200 16392 "https://indiabettingexchange.in/articles/page/669/" "Mozilla/5.0 AppleWebKit/537.36 (KHTML, like Gecko; compatible; GPTBot/1.3; +https://openai.com/gptbot)" 218 **0/218693**
74.7.227.158 - - [14/Mar/2026:05:28:51 -0700] "GET /fuhrendes-angeschlossen-spielbank-haupttreffer-capital-ernennt-agent-im-forum-unter-einsatz-von-ihr-zielvorstellung/ HTTP/2.0" 200 16422 "https://indiabettingexchange.in/articles/page/667/" "Mozilla/5.0 AppleWebKit/537.36 (KHTML, like Gecko; compatible; GPTBot/1.3; +https://openai.com/gptbot)" 235 **0/235845**
85.208.96.200 - - [14/Mar/2026:05:28:51 -0700] "GET /robots.txt HTTP/1.1" 200 99 "-" "Mozilla/5.0 (compatible; SemrushBot/7~bl; +http://www.semrush.com/bot.html)" 9 **0/9379**
74.7.227.158 - - [14/Mar/2026:05:28:52 -0700] "GET /terminology-connect-with-the-new-also-offers-noted-on-this-site/ HTTP/2.0" 200 15695 "https://indiabettingexchange.in/articles/page/667/" "Mozilla/5.0 AppleWebKit/537.36 (KHTML, like Gecko; compatible; GPTBot/1.3; +https://openai.com/gptbot)" 206 **0/206241**
74.7.227.158 - - [14/Mar/2026:05:28:52 -0700] "GET /three-days-to-resolve-anytime-what-is-actually-your-trouble-golden-tiger/ HTTP/2.0" 200 15562 "https://indiabettingexchange.in/articles/page/667/" "Mozilla/5.0 AppleWebKit/537.36 (KHTML, like Gecko; compatible; GPTBot/1.3; +https://openai.com/gptbot)" 222 **0/222234**
85.208.96.207 - - [14/Mar/2026:05:28:52 -0700] "GET /category/uncategorized/page/7385/ HTTP/1.1" 200 17341 "-" "Mozilla/5.0 (compatible; SemrushBot/7~bl; +http://www.semrush.com/bot.html)" 795 **0/795665**
74.7.227.158 - - [14/Mar/2026:05:28:53 -0700] "GET /rizz-kasino-sei-wie-ein-name-schon-sagt-ein-verbunden-spielbank/ HTTP/2.0" 200 16294 "https://indiabettingexchange.in/articles/page/669/" "Mozilla/5.0 AppleWebKit/537.36 (KHTML, like Gecko; compatible; GPTBot/1.3; +https://openai.com/gptbot)" 236 **0/236840**
66.249.68.5 - - [14/Mar/2026:05:28:53 -0700] "GET /wp-content/uploads/2026/03/experience-thrilling-gaming-with-the-casinojoy-app_2.jpg HTTP/1.1" 200 13529 "-" "Googlebot-Image/1.0" 10 **0/10285**
74.7.227.158 - - [14/Mar/2026:05:28:53 -0700] "GET /our-very-own-top-tips-to-remain-secure-and-safe-playing-on-the-web/ HTTP/2.0" 200 15580 "https://indiabettingexchange.in/articles/page/667/" "Mozilla/5.0 AppleWebKit/537.36 (KHTML, like Gecko; compatible; GPTBot/1.3; +https://openai.com/gptbot)" 215 **0/215859**
74.7.227.158 - - [14/Mar/2026:05:28:54 -0700] "GET /since-the-identity-indicates-you-dont-need-to-so-you-can-put-any-number-for-this-prize/ HTTP/2.0" 200 15791 "https://indiabettingexchange.in/articles/page/667/" "Mozilla/5.0 AppleWebKit/537.36 (KHTML, like Gecko; compatible; GPTBot/1.3; +https://openai.com/gptbot)" 194 **0/194402**
74.7.227.158 - - [14/Mar/2026:05:28:54 -0700] "GET /die-freispiele-vermogen-welche-inoffizieller-mitarbeiter-playn-go-slot-book-to-decreased-verspielen/ HTTP/2.0" 200 16676 "https://indiabettingexchange.in/articles/page/667/" "Mozilla/5.0 AppleWebKit/537.36 (KHTML, like Gecko; compatible; GPTBot/1.3; +https://openai.com/gptbot)" 238 **0/238140**
74.7.227.158 - - [14/Mar/2026:05:28:55 -0700] "GET /so-lange-diese-unser-moglichkeit-besitzen-zeit-lassen-die-leser-auf-keinen-fall-sera-sofortig-dahinter-tun/ HTTP/2.0" 200 16366 "https://indiabettingexchange.in/articles/page/669/" "Mozilla/5.0 AppleWebKit/537.36 (KHTML, like Gecko; compatible; GPTBot/1.3; +https://openai.com/gptbot)" 200 **0/200642**
185.191.171.16 - - [14/Mar/2026:05:28:55 -0700] "GET /die-bedeutung-des-sicheren-kontoregistrierungsprozesses-im-online-glucksspiel/ HTTP/1.1" 200 17749 "-" "Mozilla/5.0 (compatible; SemrushBot/7~bl; +http://www.semrush.com/bot.html)" 193 **0/193399**
74.7.227.158 - - [14/Mar/2026:05:28:55 -0700] "GET /dann-vergesst-nicht-je-hoher-eure-einzahlung-ist-und-bleibt-umso-viel-mehr-bonusgeld-konnt-ein-erbeuten/ HTTP/2.0" 200 16272 "https://indiabettingexchange.in/articles/page/666/" "Mozilla/5.0 AppleWebKit/537.36 (KHTML, like Gecko; compatible; GPTBot/1.3; +https://openai.com/gptbot)" 185 **0/185193**
74.7.227.158 - - [14/Mar/2026:05:28:56 -0700] "GET /this-is-the-lead-processes-i-implemented-when-making-hence-zodiac-regional-casino-remark/ HTTP/2.0" 200 17059 "https://indiabettingexchange.in/articles/page/667/" "Mozilla/5.0 AppleWebKit/537.36 (KHTML, like Gecko; compatible; GPTBot/1.3; +https://openai.com/gptbot)" 205 **0/205506**
74.7.227.158 - - [14/Mar/2026:05:28:56 -0700] "GET /the-audience-is-dedicated-to-taking-a-clear-and-you-will-trustworthy-gambling-environment/ HTTP/2.0" 200 15762 "https://indiabettingexchange.in/articles/page/667/" "Mozilla/5.0 AppleWebKit/537.36 (KHTML, like Gecko; compatible; GPTBot/1.3; +https://openai.com/gptbot)" 191 **0/191940**
74.7.227.158 - - [14/Mar/2026:05:28:57 -0700] "GET /auf-diese-weise-sie-sind-z-b-die-zwei-kreditkarten-sanction-ferner-mastercard-anerkannt/ HTTP/2.0" 200 16297 "https://indiabettingexchange.in/articles/page/667/" "Mozilla/5.0 AppleWebKit/537.36 (KHTML, like Gecko; compatible; GPTBot/1.3; +https://openai.com/gptbot)" 545 **0/545464**
74.7.227.158 - - [14/Mar/2026:05:28:58 -0700] "GET /pelican-spielsalon-offnet-seine-river-eingang-je-gamer-leer-land-der-dichter-und-denker/ HTTP/2.0" 200 16627 "https://indiabettingexchange.in/articles/page/669/" "Mozilla/5.0 AppleWebKit/537.36 (KHTML, like Gecko; compatible; GPTBot/1.3; +https://openai.com/gptbot)" 221 **0/221183**
74.7.227.158 - - [14/Mar/2026:05:28:58 -0700] "GET /comprehend-the-outline-associated-with-the-incentive-more-than-to-learn-more/ HTTP/2.0" 200 15337 "https://indiabettingexchange.in/articles/page/667/" "Mozilla/5.0 AppleWebKit/537.36 (KHTML, like Gecko; compatible; GPTBot/1.3; +https://openai.com/gptbot)" 196 **0/196944**
74.7.227.158 - - [14/Mar/2026:05:28:59 -0700] "GET /dass-kannst-du-moglich-casinos-via-klarna-finden-und-direktemang-mit-einem-runde-den-arsch-hochkriegen/ HTTP/2.0" 200 16264 "https://indiabettingexchange.in/articles/page/666/" "Mozilla/5.0 AppleWebKit/537.36 (KHTML, like Gecko; compatible; GPTBot/1.3; +https://openai.com/gptbot)" 226 **0/226423**
74.7.227.158 - - [14/Mar/2026:05:28:59 -0700] "GET /hier-mess-guy-dieser-tage-irgendetwas-vorsicht-walten-lassen-mindestens-ended-up-being-die-navigation-angeht/ HTTP/2.0" 200 16536 "https://indiabettingexchange.in/articles/page/669/" "Mozilla/5.0 AppleWebKit/537.36 (KHTML, like Gecko; compatible; GPTBot/1.3; +https://openai.com/gptbot)" 225 **0/225821**
74.7.227.158 - - [14/Mar/2026:05:29:00 -0700] "GET /diese-seite-operiert-qua-einer-curacao-lizenz-was-pro-ein-breites-internationales-vorschlag-spricht/ HTTP/2.0" 200 16906 "https://indiabettingexchange.in/articles/page/669/" "Mozilla/5.0 AppleWebKit/537.36 (KHTML, like Gecko; compatible; GPTBot/1.3; +https://openai.com/gptbot)" 254 **0/254320**
74.7.227.158 - - [14/Mar/2026:05:29:00 -0700] "GET /kriegt-man-barauszahlung-as-part-of-sportwetten-sowie-male-via-ein-kundenkarte-erreichbar-spielt/ HTTP/2.0" 200 17093 "https://indiabettingexchange.in/articles/page/668/" "Mozilla/5.0 AppleWebKit/537.36 (KHTML, like Gecko; compatible; GPTBot/1.3; +https://openai.com/gptbot)" 229 **0/229252**
74.7.227.158 - - [14/Mar/2026:05:29:01 -0700] "GET /level-ahead-kasino-star-programm-wie-gleichfalls-vermag-adult-male-anschlieen/ HTTP/2.0" 200 17092 "https://indiabettingexchange.in/articles/page/666/" "Mozilla/5.0 AppleWebKit/537.36 (KHTML, like Gecko; compatible; GPTBot/1.3; +https://openai.com/gptbot)" 422 **0/422298**
74.7.227.158 - - [14/Mar/2026:05:29:02 -0700] "GET /diese-besten-paypal-casinos-land-der-dichter-und-denker-schaffen-gambling-nochmals-fesselnd/ HTTP/2.0" 200 17029 "https://indiabettingexchange.in/articles/page/666/" "Mozilla/5.0 AppleWebKit/537.36 (KHTML, like Gecko; compatible; GPTBot/1.3; +https://openai.com/gptbot)" 480 **0/480188**
74.7.227.158 - - [14/Mar/2026:05:29:03 -0700] "GET /hierbei-soll-male-heute-irgendetwas-acht-geben-zumindest-is-unser-consultation-angeht/ HTTP/2.0" 200 16514 "https://indiabettingexchange.in/articles/page/669/" "Mozilla/5.0 AppleWebKit/537.36 (KHTML, like Gecko; compatible; GPTBot/1.3; +https://openai.com/gptbot)" 379 **0/379795**
185.191.171.15 - - [14/Mar/2026:05:29:03 -0700] "GET /overview-of-thunderstruck-position/ HTTP/1.1" 200 19442 "-" "Mozilla/5.0 (compatible; SemrushBot/7~bl; +http://www.semrush.com/bot.html)" 375 **0/375878**
74.7.227.158 - - [14/Mar/2026:05:29:03 -0700] "GET /idiotischerweise-sei-das-bisweilen-verfehlen-ferner-dann-kann-ihr-gutschein-gar-nicht-gewahrt-seien/ HTTP/2.0" 200 16085 "https://indiabettingexchange.in/articles/page/668/" "Mozilla/5.0 AppleWebKit/537.36 (KHTML, like Gecko; compatible; GPTBot/1.3; +https://openai.com/gptbot)" 305 **0/305564**
40.77.167.4 - - [14/Mar/2026:05:29:04 -0700] "GET /category/brucebet-at/ HTTP/2.0" 200 13217 "-" "Mozilla/5.0 AppleWebKit/537.36 (KHTML, like Gecko; compatible; bingbot/2.0; +http://www.bing.com/bingbot.htm) Chrome/116.0.1938.76 Safari/537.36" 258 **0/258505**
74.7.227.158 - - [14/Mar/2026:05:29:04 -0700] "GET /rizz-spielsalon-sei-wie-gleichfalls-ein-bezeichner-irgendwas-sagt-der-online-kasino/ HTTP/2.0" 200 16394 "https://indiabettingexchange.in/articles/page/668/" "Mozilla/5.0 AppleWebKit/537.36 (KHTML, like Gecko; compatible; GPTBot/1.3; +https://openai.com/gptbot)" 307 **0/307807**
74.7.227.158 - - [14/Mar/2026:05:29:05 -0700] "GET /zunachst-einmal-starke-unser-slotimo-spielcasino-die-gesamtheit-bis-uber-beide-ohren/ HTTP/2.0" 200 16691 "https://indiabettingexchange.in/articles/page/669/" "Mozilla/5.0 AppleWebKit/537.36 (KHTML, like Gecko; compatible; GPTBot/1.3; +https://openai.com/gptbot)" 269 **0/269107**
74.7.227.158 - - [14/Mar/2026:05:29:05 -0700] "GET /unseren-erfahrungen-in-konnte-welches-royrichie-kasino-mit-haut-und-haaren-weich-klopfen/ HTTP/2.0" 200 16461 "https://indiabettingexchange.in/articles/page/667/" "Mozilla/5.0 AppleWebKit/537.36 (KHTML, like Gecko; compatible; GPTBot/1.3; +https://openai.com/gptbot)" 257 **0/257768**
74.7.227.158 - - [14/Mar/2026:05:29:06 -0700] "GET /ended-up-being-ist-ihr-spielcasino-unter-zuhilfenahme-von-two-euroletten-einzahlung/ HTTP/2.0" 200 16249 "https://indiabettingexchange.in/articles/page/666/" "Mozilla/5.0 AppleWebKit/537.36 (KHTML, like Gecko; compatible; GPTBot/1.3; +https://openai.com/gptbot)" 252 **0/252087**
74.7.227.158 - - [14/Mar/2026:05:29:06 -0700] "GET /von-der-eroffnung-bis-anhin-%ef%bf%bd-viperwin-kasino-hinein-zahlen/ HTTP/2.0" 200 17571 "https://indiabettingexchange.in/articles/page/669/" "Mozilla/5.0 AppleWebKit/537.36 (KHTML, like Gecko; compatible; GPTBot/1.3; +https://openai.com/gptbot)" 206 **0/206552**
74.7.227.158 - - [14/Mar/2026:05:29:07 -0700] "GET /in-der-beruhmten-legende-von-arthur-kennt-jeder-den-trickkunstler-zwergfalke/ HTTP/2.0" 200 16273 "https://indiabettingexchange.in/articles/page/667/" "Mozilla/5.0 AppleWebKit/537.36 (KHTML, like Gecko; compatible; GPTBot/1.3; +https://openai.com/gptbot)" 209 **0/209054**
74.7.227.158 - - [14/Mar/2026:05:29:07 -0700] "GET /nachfolgende-seite-operiert-via-welcher-curacao-lizenz-ended-up-being-je-der-breites-internationales-offerte-spricht/ HTTP/2.0" 200 16841 "https://indiabettingexchange.in/articles/page/667/" "Mozilla/5.0 AppleWebKit/537.36 (KHTML, like Gecko; compatible; GPTBot/1.3; +https://openai.com/gptbot)" 205 **0/205142**
74.7.227.158 - - [14/Mar/2026:05:29:08 -0700] "GET /selbige-bedingungen-fur-jedes-einen-provision-blo-einzahlung-sind-alles-in-allem-fahne-unter-anderem-muhelos-hinter-nachvollziehen/ HTTP/2.0" 200 16459 "https://indiabettingexchange.in/articles/page/667/" "Mozilla/5.0 AppleWebKit/537.36 (KHTML, like Gecko; compatible; GPTBot/1.3; +https://openai.com/gptbot)" 237 **0/237402**
74.7.227.158 - - [14/Mar/2026:05:29:08 -0700] "GET /hinsichtlich-lange-zeit-dauert-die-eine-einzahlung-unter-zuhilfenahme-von-approve-im-mobil-spielsalon/ HTTP/2.0" 200 16828 "https://indiabettingexchange.in/articles/page/668/" "Mozilla/5.0 AppleWebKit/537.36 (KHTML, like Gecko; compatible; GPTBot/1.3; +https://openai.com/gptbot)" 279 **0/279112**
66.249.68.4 - - [14/Mar/2026:05:29:09 -0700] "GET /roi-bets-casino-je-bestemming-voor-verstandige/ HTTP/1.1" 200 17008 "-" "Mozilla/5.0 (Linux; Android 6.0.1; Nexus 5X Build/MMB29P) AppleWebKit/537.36 (KHTML, like Gecko) Chrome/145.0.7632.116 Mobile Safari/537.36 (compatible; Googlebot/2.1; +http://www.google.com/bot.html)" 258 **0/258933**
74.7.227.158 - - [14/Mar/2026:05:29:09 -0700] "GET /so-sehr-fahig-sein-die-leser-muhelos-und-schnell-bei-unterwegs-und-allseits-unter-zuhilfenahme-von-diesseitigen-browser-auffuhren/ HTTP/2.0" 200 16604 "https://indiabettingexchange.in/articles/page/669/" "Mozilla/5.0 AppleWebKit/537.36 (KHTML, like Gecko; compatible; GPTBot/1.3; +https://openai.com/gptbot)" 207 **0/207309**
74.7.227.158 - - [14/Mar/2026:05:29:10 -0700] "GET /checkliste-dass-findest-du-dein-perfektes-merkur-moglich-spielsalon-qua-echtgeld/ HTTP/2.0" 200 16249 "https://indiabettingexchange.in/articles/page/666/" "Mozilla/5.0 AppleWebKit/537.36 (KHTML, like Gecko; compatible; GPTBot/1.3; +https://openai.com/gptbot)" 252 **0/252690**
74.7.227.158 - - [14/Mar/2026:05:29:10 -0700] "GET /in-wie-weit-du-ein-novize-und-der-erfahrener-zocker-bist-%ef%bf%bd-slotoro-head-wear-irgendwas-fur-jedes-jeden/ HTTP/2.0" 200 18595 "https://indiabettingexchange.in/articles/page/668/" "Mozilla/5.0 AppleWebKit/537.36 (KHTML, like Gecko; compatible; GPTBot/1.3; +https://openai.com/gptbot)" 231 **0/231600**
74.7.227.158 - - [14/Mar/2026:05:29:11 -0700] "GET /inwieweit-respons-ein-novize-oder-der-erfahrener-gamer-bist-%ef%bf%bd-slotoro-loath-einen-tick-z-hd-jedweden/ HTTP/2.0" 200 18653 "https://indiabettingexchange.in/articles/page/668/" "Mozilla/5.0 AppleWebKit/537.36 (KHTML, like Gecko; compatible; GPTBot/1.3; +https://openai.com/gptbot)" 234 **0/234312**
74.7.227.158 - - [14/Mar/2026:05:29:11 -0700] "GET /ungeachtet-zeichnet-gegenseitig-bereits-letter-erst-als-dies-tauglichkeit-in-der-jungen-perron-steckt/ HTTP/2.0" 200 16395 "https://indiabettingexchange.in/articles/page/666/" "Mozilla/5.0 AppleWebKit/537.36 (KHTML, like Gecko; compatible; GPTBot/1.3; +https://openai.com/gptbot)" 217 **0/217340**
74.7.227.158 - - [14/Mar/2026:05:29:12 -0700] "GET /jedweder-spieler-darf-der-passendes-alive-casino-arbeitsgang-fundig-werden/ HTTP/2.0" 200 16481 "https://indiabettingexchange.in/articles/page/666/" "Mozilla/5.0 AppleWebKit/537.36 (KHTML, like Gecko; compatible; GPTBot/1.3; +https://openai.com/gptbot)" 230 **0/230354**
74.7.227.158 - - [14/Mar/2026:05:29:12 -0700] "GET /in-diesem-fall-findest-diese-erfolgreichsten-gangbar-casinos-mit-top-pramie-paketen/ HTTP/2.0" 200 16272 "https://indiabettingexchange.in/articles/page/666/" "Mozilla/5.0 AppleWebKit/537.36 (KHTML, like Gecko; compatible; GPTBot/1.3; +https://openai.com/gptbot)" 206 **0/206383**
74.7.227.158 - - [14/Mar/2026:05:29:13 -0700] "GET /zusatzlich-zum-einzahlungsbonus-beziehen-die-kunden-zweite-geige-two-hundred-fifity-freispiele-die-eltern-eingeschaltet-spielautomaten-applizieren-im-stande-sein/ HTTP/2.0" 200 16341 "https://indiabettingexchange.in/articles/page/667/" "Mozilla/5.0 AppleWebKit/537.36 (KHTML, like Gecko; compatible; GPTBot/1.3; +https://openai.com/gptbot)" 212 **0/212541**
74.7.227.158 - - [14/Mar/2026:05:29:13 -0700] "GET /andere-glucksspieler-werden-im-rollino-kasino-unter-zuhilfenahme-von-dieser-furstlichen-bonusaktion-je-ebendiese-ersten-vier-einzahlungen-belohnt/ HTTP/2.0" 200 16243 "https://indiabettingexchange.in/articles/page/668/" "Mozilla/5.0 AppleWebKit/537.36 (KHTML, like Gecko; compatible; GPTBot/1.3; +https://openai.com/gptbot)" 222 **0/222772**
74.7.227.158 - - [14/Mar/2026:05:29:14 -0700] "GET /sic-versuchen-unsere-experten-operatoren-%ef%bf%bd-unterlagen-kriterien/ HTTP/2.0" 200 16307 "https://indiabettingexchange.in/articles/page/666/" "Mozilla/5.0 AppleWebKit/537.36 (KHTML, like Gecko; compatible; GPTBot/1.3; +https://openai.com/gptbot)" 199 **0/199742**
74.7.227.158 - - [14/Mar/2026:05:29:15 -0700] "GET /u-a-ermi%ef%bf%bdglichen-sich-arg-aktionen-um-treuen-spielern-jedweden-besuch-im-online-kasino-hinter-adoucieren/ HTTP/2.0" 200 16367 "https://indiabettingexchange.in/articles/page/669/" "Mozilla/5.0 AppleWebKit/537.36 (KHTML, like Gecko; compatible; GPTBot/1.3; +https://openai.com/gptbot)" 190 **0/190714**
74.7.227.158 - - [14/Mar/2026:05:29:15 -0700] "GET /erst-als-zu-welcher-zeit-vermag-ich-unsere-gewinne-wa-stargames-pramie-ferner-diesseitigen-vermittlungsprovision-selbst-lohnen/ HTTP/2.0" 200 16060 "https://indiabettingexchange.in/articles/page/668/" "Mozilla/5.0 AppleWebKit/537.36 (KHTML, like Gecko; compatible; GPTBot/1.3; +https://openai.com/gptbot)" 224 **0/224424**
74.7.227.158 - - [14/Mar/2026:05:29:16 -0700] "GET /haftungsausschluss-stake-kasino-ist-heutzutage-fur-jedes-spieler-via-wohnsitz-within-teutonia-auf-keinen-fall-verfugbar/ HTTP/2.0" 200 16485 "https://indiabettingexchange.in/articles/page/669/" "Mozilla/5.0 AppleWebKit/537.36 (KHTML, like Gecko; compatible; GPTBot/1.3; +https://openai.com/gptbot)" 187 **0/187885**
74.7.227.158 - - [14/Mar/2026:05:29:16 -0700] "GET /wie-gleichfalls-lange-dauert-die-einzahlung-qua-th-thc-inoffizieller-mitarbeiter-variabel-casino/ HTTP/2.0" 200 16713 "https://indiabettingexchange.in/articles/page/668/" "Mozilla/5.0 AppleWebKit/537.36 (KHTML, like Gecko; compatible; GPTBot/1.3; +https://openai.com/gptbot)" 184 **0/184371**
74.7.227.158 - - [14/Mar/2026:05:29:17 -0700] "GET /das-eignen-nachfolgende-umsatzbedingungen-fur-unser-lxx-freispiele-ohne-einzahlung/ HTTP/2.0" 200 16739 "https://indiabettingexchange.in/articles/page/668/" "Mozilla/5.0 AppleWebKit/537.36 (KHTML, like Gecko; compatible; GPTBot/1.3; +https://openai.com/gptbot)" 262 **0/262663**
74.7.227.158 - - [14/Mar/2026:05:29:17 -0700] "GET /arten-bei-boni-nachfolgende-bei-spinbounty-maklercourtage-casino-angeboten-werden/ HTTP/2.0" 200 16268 "https://indiabettingexchange.in/articles/page/668/" "Mozilla/5.0 AppleWebKit/537.36 (KHTML, like Gecko; compatible; GPTBot/1.3; +https://openai.com/gptbot)" 202 **0/202972**
74.7.227.158 - - [14/Mar/2026:05:29:18 -0700] "GET /slotimo-spielsaal-war-inoffizieller-mitarbeiter-guthaben-weiters-betrieben-bei-bellona-n/ HTTP/2.0" 200 16386 "https://indiabettingexchange.in/articles/page/669/" "Mozilla/5.0 AppleWebKit/537.36 (KHTML, like Gecko; compatible; GPTBot/1.3; +https://openai.com/gptbot)" 188 **0/188144**
74.7.227.158 - - [14/Mar/2026:05:29:18 -0700] "GET /selbst-dachte-die-kunden-hatten-angewandten-jede-menge-wichtigen-prestige-aber-selbst-mess-mich-arg-tauschen/ HTTP/2.0" 200 16703 "https://indiabettingexchange.in/articles/page/668/" "Mozilla/5.0 AppleWebKit/537.36 (KHTML, like Gecko; compatible; GPTBot/1.3; +https://openai.com/gptbot)" 219 **0/219054**
74.7.227.158 - - [14/Mar/2026:05:29:19 -0700] "GET /auf-diese-weise-man-sagt-sie-seien-etwa-diese-beiden-kreditkarten-approve-unter-anderem-mastercard-anerkannt/ HTTP/2.0" 200 16378 "https://indiabettingexchange.in/articles/page/668/" "Mozilla/5.0 AppleWebKit/537.36 (KHTML, like Gecko; compatible; GPTBot/1.3; +https://openai.com/gptbot)" 192 **0/192855**
74.7.227.158 - - [14/Mar/2026:05:29:19 -0700] "GET /jedoch-zeichnet-umherwandern-schon-etwas-conical-buoy-ab-das-tauglichkeit-bei-der-jungen-perron-steckt/ HTTP/2.0" 200 16400 "https://indiabettingexchange.in/articles/page/666/" "Mozilla/5.0 AppleWebKit/537.36 (KHTML, like Gecko; compatible; GPTBot/1.3; +https://openai.com/gptbot)" 222 **0/222342**
74.7.227.158 - - [14/Mar/2026:05:29:20 -0700] "GET /sorgfaltige-auswahl-ein-angebote-nichtens-ganz-aktionscode-rechnet-einander/ HTTP/2.0" 200 16633 "https://indiabettingexchange.in/articles/page/666/" "Mozilla/5.0 AppleWebKit/537.36 (KHTML, like Gecko; compatible; GPTBot/1.3; +https://openai.com/gptbot)" 268 **0/268184**
74.7.227.158 - - [14/Mar/2026:05:29:21 -0700] "GET /if-device-wishes-their-trend-glamorous-and-you-will-achievable-lifetime-promising-effortless-economic-and-public-rewards/ HTTP/2.0" 200 15929 "https://indiabettingexchange.in/articles/page/667/" "Mozilla/5.0 AppleWebKit/537.36 (KHTML, like Gecko; compatible; GPTBot/1.3; +https://openai.com/gptbot)" 217 **0/217832**
74.7.227.158 - - [14/Mar/2026:05:29:21 -0700] "GET /sitio-movil-gransino-casinos-falto-permiso-sobre-espana-como-evitar-algun-casino-ilicito/ HTTP/2.0" 200 17848 "https://indiabettingexchange.in/articles/page/668/" "Mozilla/5.0 AppleWebKit/537.36 (KHTML, like Gecko; compatible; GPTBot/1.3; +https://openai.com/gptbot)" 233 **0/233289**
74.7.227.158 - - [14/Mar/2026:05:29:22 -0700] "GET /playamo-ist-und-bleibt-eines-ihr-europaischen-casinos-dies-diesseitigen-grozugigen-willkommensbonus-vereint/ HTTP/2.0" 200 17245 "https://indiabettingexchange.in/articles/page/668/" "Mozilla/5.0 AppleWebKit/537.36 (KHTML, like Gecko; compatible; GPTBot/1.3; +https://openai.com/gptbot)" 193 **0/193302**
74.7.227.158 - - [14/Mar/2026:05:29:22 -0700] "GET /kostenlose-casinospiele-auf-den-fuen-stehen-ungeachtet-spielern-leer-bestimmten-landern-zur-verfugung/ HTTP/2.0" 200 16320 "https://indiabettingexchange.in/articles/page/669/" "Mozilla/5.0 AppleWebKit/537.36 (KHTML, like Gecko; compatible; GPTBot/1.3; +https://openai.com/gptbot)" 193 **0/193798**
185.191.171.16 - - [14/Mar/2026:05:29:22 -0700] "GET /book-of-dead-gebuhrenfrei-abzuglich-eintragung-book-of-dead-crystal-ball-1-kaution-demonstration/ HTTP/1.1" 200 19983 "-" "Mozilla/5.0 (compatible; SemrushBot/7~bl; +http://www.semrush.com/bot.html)" 207 **0/207656**
74.7.227.158 - - [14/Mar/2026:05:29:23 -0700] "GET /effizienz-die-kunden-unsere-beobachtungen-um-informierte-entscheidungen-zu-treffen-oder-die-gewinnchancen-hinter-maximieren/ HTTP/2.0" 200 17673 "https://indiabettingexchange.in/articles/page/669/" "Mozilla/5.0 AppleWebKit/537.36 (KHTML, like Gecko; compatible; GPTBot/1.3; +https://openai.com/gptbot)" 202 **0/202561**
74.7.227.158 - - [14/Mar/2026:05:29:23 -0700] "GET /unsere-redaktion-head-wear-umherwandern-reichhaltig-mit-ihr-themenstellung-befasst-um-dir-angewandten-ausfuhrlichen-handbuch-dahinter-zeigen/ HTTP/2.0" 200 16038 "https://indiabettingexchange.in/articles/page/666/" "Mozilla/5.0 AppleWebKit/537.36 (KHTML, like Gecko; compatible; GPTBot/1.3; +https://openai.com/gptbot)" 213 **0/213263**
74.7.227.158 - - [14/Mar/2026:05:29:24 -0700] "GET /gleichwohl-zeichnet-umherwandern-bereits-conical-buoy-nicht-fruher-als-dies-anlage-bei-der-jungen-plattform-steckt/ HTTP/2.0" 200 16419 "https://indiabettingexchange.in/articles/page/666/" "Mozilla/5.0 AppleWebKit/537.36 (KHTML, like Gecko; compatible; GPTBot/1.3; +https://openai.com/gptbot)" 210 **0/210418**
74.7.227.158 - - [14/Mar/2026:05:29:24 -0700] "GET /zodiac-gambling-enterprise-ontario-is-one-of-the-eldest-gambling-on-line-services-business-designed-for-canadians/ HTTP/2.0" 200 15615 "https://indiabettingexchange.in/articles/page/667/" "Mozilla/5.0 AppleWebKit/537.36 (KHTML, like Gecko; compatible; GPTBot/1.3; +https://openai.com/gptbot)" 212 **0/212128**
74.7.227.158 - - [14/Mar/2026:05:29:25 -0700] "GET /zweite-geige-an-dieser-stelle-vermogen-unsereiner-ansprechen-dass-kaum-anderen-gebuhren-fur-diese-transaktionen-angreifen/ HTTP/2.0" 200 16689 "https://indiabettingexchange.in/articles/page/668/" "Mozilla/5.0 AppleWebKit/537.36 (KHTML, like Gecko; compatible; GPTBot/1.3; +https://openai.com/gptbot)" 214 **0/214325**
74.7.227.158 - - [14/Mar/2026:05:29:25 -0700] "GET /die-spielauswahl-inoffizieller-mitarbeiter-playamo-spielsalon-%ef%bf%bd-slots-tischspiele-ferner-selber-bitcoin-flugzeugungluck-game-titles/ HTTP/2.0" 200 16618 "https://indiabettingexchange.in/articles/page/669/" "Mozilla/5.0 AppleWebKit/537.36 (KHTML, like Gecko; compatible; GPTBot/1.3; +https://openai.com/gptbot)" 205 **0/205650**
85.208.96.199 - - [14/Mar/2026:05:29:26 -0700] "GET /ancient-egypt-queen-ramses-ii-the-nice-1292-1186-bce/ HTTP/1.1" 200 18746 "-" "Mozilla/5.0 (compatible; SemrushBot/7~bl; +http://www.semrush.com/bot.html)" 209 **0/209269**
74.7.227.158 - - [14/Mar/2026:05:29:26 -0700] "GET /live-dealer-spielcasino-maklercourtage-abzuglich-einzahlung-die-gesamtheit-was-du-kennen-musst/ HTTP/2.0" 200 18036 "https://indiabettingexchange.in/articles/page/669/" "Mozilla/5.0 AppleWebKit/537.36 (KHTML, like Gecko; compatible; GPTBot/1.3; +https://openai.com/gptbot)" 169 **0/169308**
52.167.144.201 - - [14/Mar/2026:05:29:26 -0700] "GET /ibutamoren-como-tomar-para-optimizar-tu-entrenamiento/ HTTP/2.0" 200 14778 "-" "Mozilla/5.0 AppleWebKit/537.36 (KHTML, like Gecko; compatible; bingbot/2.0; +http://www.bing.com/bingbot.htm) Chrome/116.0.1938.76 Safari/537.36" 192 **0/192773**
74.7.227.158 - - [14/Mar/2026:05:29:26 -0700] "GET /daneben-ihr-softgamings-plattform-gibt-spin-bounty-spielsalon-beilaufig-die-reihenfolge-durch-musizieren-anderer-versorger/ HTTP/2.0" 200 16123 "https://indiabettingexchange.in/articles/page/669/" "Mozilla/5.0 AppleWebKit/537.36 (KHTML, like Gecko; compatible; GPTBot/1.3; +https://openai.com/gptbot)" 213 **0/213200**
74.7.227.158 - - [14/Mar/2026:05:29:27 -0700] "GET /die-autoren-mochten-noch-auf-etwas-wert-legen-so-die-autoren-unser-bankverbindung-vos-spielers-hinsichtlich-der-fragestellung-im-endeffekt-verschlieen/ HTTP/2.0" 200 16253 "https://indiabettingexchange.in/articles/page/669/" "Mozilla/5.0 AppleWebKit/537.36 (KHTML, like Gecko; compatible; GPTBot/1.3; +https://openai.com/gptbot)" 207 **0/207191**
74.7.227.158 - - [14/Mar/2026:05:29:28 -0700] "GET /innovative-ansatze-in-der-online-spielbranche-wie-anbieter-mit-boni-und-technologischer-innovation-uberzeugen/ HTTP/2.0" 200 16253 "https://indiabettingexchange.in/articles/page/666/" "Mozilla/5.0 AppleWebKit/537.36 (KHTML, like Gecko; compatible; GPTBot/1.3; +https://openai.com/gptbot)" 220 **0/220164**
74.7.227.158 - - [14/Mar/2026:05:29:28 -0700] "GET /unsre-live-wetten-in-play-seien-das-zentrum-unseres-sportwetten-angebotes-unter-anderem-umsorgen-concrite-abenteuer/ HTTP/2.0" 200 16401 "https://indiabettingexchange.in/articles/page/669/" "Mozilla/5.0 AppleWebKit/537.36 (KHTML, like Gecko; compatible; GPTBot/1.3; +https://openai.com/gptbot)" 221 **0/221160**
74.7.227.158 - - [14/Mar/2026:05:29:29 -0700] "GET /unter-anderem-darf-guy-fur-jedes-ausgewahlte-wetten-beilaufig-selbige-cash-veraltet-funktion-pluspunkt/ HTTP/2.0" 200 16291 "https://indiabettingexchange.in/articles/page/669/" "Mozilla/5.0 AppleWebKit/537.36 (KHTML, like Gecko; compatible; GPTBot/1.3; +https://openai.com/gptbot)" 232 **0/232479**
74.7.227.158 - - [14/Mar/2026:05:29:29 -0700] "GET /infolgedessen-wird-sera-ausnahmslos-essentiell-online-casinos-via-schnalzen-transaktionen-hinten-bestimmen/ HTTP/2.0" 200 16528 "https://indiabettingexchange.in/articles/page/666/" "Mozilla/5.0 AppleWebKit/537.36 (KHTML, like Gecko; compatible; GPTBot/1.3; +https://openai.com/gptbot)" 243 **0/243944**
74.7.227.158 - - [14/Mar/2026:05:29:30 -0700] "GET /entsprechend-die-autoren-neue-gangbar-casinos-ohne-einzahlungsboni-kategorisieren-oder-bewerten/ HTTP/2.0" 200 17788 "https://indiabettingexchange.in/articles/page/669/" "Mozilla/5.0 AppleWebKit/537.36 (KHTML, like Gecko; compatible; GPTBot/1.3; +https://openai.com/gptbot)" 273 **0/273838**
74.7.227.158 - - [14/Mar/2026:05:29:30 -0700] "GET /dezimalzahlen-zeigen-den-wettgewinn-diesseitigen-marge-eingeschaltet-einen-respons-fur-jedes-jeden-euroletten-erwirken-kannst/ HTTP/2.0" 200 16163 "https://indiabettingexchange.in/articles/page/669/" "Mozilla/5.0 AppleWebKit/537.36 (KHTML, like Gecko; compatible; GPTBot/1.3; +https://openai.com/gptbot)" 256 **0/256573**
74.7.227.158 - - [14/Mar/2026:05:29:31 -0700] "GET /grunschnabel-abzuglich-praxis-aufstobern-gegenseitig-ebenso-einfach-wie-erfahrene-slotfans-zurecht/ HTTP/2.0" 200 16292 "https://indiabettingexchange.in/articles/page/669/" "Mozilla/5.0 AppleWebKit/537.36 (KHTML, like Gecko; compatible; GPTBot/1.3; +https://openai.com/gptbot)" 200 **0/200745**
74.7.227.158 - - [14/Mar/2026:05:29:31 -0700] "GET /genau-so-wie-lautet-das-contemporaine-stargames-erreichbar-spielhallen-vermittlungsgebuhr-quelltext/ HTTP/2.0" 200 17316 "https://indiabettingexchange.in/articles/page/668/" "Mozilla/5.0 AppleWebKit/537.36 (KHTML, like Gecko; compatible; GPTBot/1.3; +https://openai.com/gptbot)" 209 **0/209302**
74.7.227.158 - - [14/Mar/2026:05:29:32 -0700] "GET /genau-so-wie-lautet-ihr-contemporain-stargames-erreichbar-spielhallen-vermittlungsgebuhr-code/ HTTP/2.0" 200 17250 "https://indiabettingexchange.in/articles/page/667/" "Mozilla/5.0 AppleWebKit/537.36 (KHTML, like Gecko; compatible; GPTBot/1.3; +https://openai.com/gptbot)" 229 **0/229662**
74.7.227.158 - - [14/Mar/2026:05:29:33 -0700] "GET /ein-kundendienst-geschult-within-ausfragen-zur-zuversichtlichkeit-oder-zur-erlaubniskarte/ HTTP/2.0" 200 16640 "https://indiabettingexchange.in/articles/page/666/" "Mozilla/5.0 AppleWebKit/537.36 (KHTML, like Gecko; compatible; GPTBot/1.3; +https://openai.com/gptbot)" 213 **0/213881**
74.7.227.158 - - [14/Mar/2026:05:29:33 -0700] "GET /somit-verfugt-das-spielsalon-gunstgewerblerin-billigung-diese-global-rechtskraftig-ist/ HTTP/2.0" 200 16372 "https://indiabettingexchange.in/articles/page/667/" "Mozilla/5.0 AppleWebKit/537.36 (KHTML, like Gecko; compatible; GPTBot/1.3; +https://openai.com/gptbot)" 210 **0/210670**
185.191.171.12 - - [14/Mar/2026:05:29:34 -0700] "GET /jackpot-community-are-a-superb-gambling-on-line-webpages-that-gives-the-newest-fastest-and-easiest-registration-processes/ HTTP/1.1" 200 17216 "-" "Mozilla/5.0 (compatible; SemrushBot/7~bl; +http://www.semrush.com/bot.html)" 216 **0/216654**
74.7.227.158 - - [14/Mar/2026:05:29:34 -0700] "GET /unsere-ubung-mit-mark-kundendienst-inoffizieller-mitarbeiter-fortuitous-circus-spielcasino/ HTTP/2.0" 200 16408 "https://indiabettingexchange.in/articles/page/666/" "Mozilla/5.0 AppleWebKit/537.36 (KHTML, like Gecko; compatible; GPTBot/1.3; +https://openai.com/gptbot)" 205 **0/205845**
74.7.227.158 - - [14/Mar/2026:05:29:34 -0700] "GET /stake-kasino-ist-und-bleibt-ein-serioses-vertrauenswurdiges-angeschlossen-kasino-das-seither-etlichen-jahren-in-dem-borse-sei/ HTTP/2.0" 200 16475 "https://indiabettingexchange.in/articles/page/669/" "Mozilla/5.0 AppleWebKit/537.36 (KHTML, like Gecko; compatible; GPTBot/1.3; +https://openai.com/gptbot)" 191 **0/191556**
74.7.227.158 - - [14/Mar/2026:05:29:35 -0700] "GET /darauf-solltest-respons-hinein-spielothek-freispielen-blank-einzahlung-denken/ HTTP/2.0" 200 16183 "https://indiabettingexchange.in/articles/page/668/" "Mozilla/5.0 AppleWebKit/537.36 (KHTML, like Gecko; compatible; GPTBot/1.3; +https://openai.com/gptbot)" 190 **0/190541**
74.7.227.158 - - [14/Mar/2026:05:29:35 -0700] "GET /lohnt-parece-einander-inoffizieller-mitarbeiter-happy-circus-spielsalon-dahinter-vortragen/ HTTP/2.0" 200 16388 "https://indiabettingexchange.in/articles/page/666/" "Mozilla/5.0 AppleWebKit/537.36 (KHTML, like Gecko; compatible; GPTBot/1.3; +https://openai.com/gptbot)" 211 **0/211637**
114.119.159.61 - - [14/Mar/2026:05:29:36 -0700] "GET /unfortuitously-the-fresh-alive-broker-point-is-not-an-integral-part-of-so-it-gambling-library/ HTTP/1.1" 200 17307 "https://indiabettingexchange.in/unfortuitously-the-fresh-alive-broker-point-is-not-an-integral-part-of-so-it-gambling-library/" "Mozilla/5.0 (Linux; Android 7.0;) AppleWebKit/537.36 (KHTML, like Gecko) Mobile Safari/537.36 (compatible; PetalBot;+https://webmaster.petalsearch.com/site/petalbot)" 197 **0/197524**
74.7.227.158 - - [14/Mar/2026:05:29:36 -0700] "GET /arten-bei-boni-nachfolgende-von-spinbounty-vermittlungsgebuhr-kasino-angeboten-werden/ HTTP/2.0" 200 16312 "https://indiabettingexchange.in/articles/page/669/" "Mozilla/5.0 AppleWebKit/537.36 (KHTML, like Gecko; compatible; GPTBot/1.3; +https://openai.com/gptbot)" 203 **0/203128**
74.7.227.158 - - [14/Mar/2026:05:29:36 -0700] "GET /erfolgreichsten-casinos-uber-with-no-pranumeration-pramie-detailliert/ HTTP/2.0" 200 16333 "https://indiabettingexchange.in/articles/page/669/" "Mozilla/5.0 AppleWebKit/537.36 (KHTML, like Gecko; compatible; GPTBot/1.3; +https://openai.com/gptbot)" 206 **0/206405**
74.7.227.158 - - [14/Mar/2026:05:29:37 -0700] "GET /existieren-neoterisch-den-leovegas-bonus-programmcode-ohne-einzahlung/ HTTP/2.0" 200 16676 "https://indiabettingexchange.in/articles/page/666/" "Mozilla/5.0 AppleWebKit/537.36 (KHTML, like Gecko; compatible; GPTBot/1.3; +https://openai.com/gptbot)" 201 **0/201665**
74.7.227.158 - - [14/Mar/2026:05:29:37 -0700] "GET /auskosten-eltern-das-aufregendes-spielerlebnis-mit-dm-groartigen-lowen-performance-online-spielsalon-anmeldebonus/ HTTP/2.0" 200 16000 "https://indiabettingexchange.in/articles/page/666/" "Mozilla/5.0 AppleWebKit/537.36 (KHTML, like Gecko; compatible; GPTBot/1.3; +https://openai.com/gptbot)" 208 **0/208203**
74.7.227.158 - - [14/Mar/2026:05:29:38 -0700] "GET /hinsichtlich-lange-zeit-dauert-eine-einzahlung-uber-visa-ma%ef%bf%bd-im-unter-dampf-stehen-spielcasino/ HTTP/2.0" 200 16775 "https://indiabettingexchange.in/articles/page/668/" "Mozilla/5.0 AppleWebKit/537.36 (KHTML, like Gecko; compatible; GPTBot/1.3; +https://openai.com/gptbot)" 212 **0/212045**
74.7.227.158 - - [14/Mar/2026:05:29:38 -0700] "GET /diese-vermogen-einmal-die-woche-bis-zu-three-hundred-%ef%bf%bd-an-verlusten-zuruckbekommen-also-nine-des-gesamtbetrags/ HTTP/2.0" 200 16557 "https://indiabettingexchange.in/articles/page/666/" "Mozilla/5.0 AppleWebKit/537.36 (KHTML, like Gecko; compatible; GPTBot/1.3; +https://openai.com/gptbot)" 174 **0/174007**
43.173.175.133 - - [14/Mar/2026:05:29:39 -0700] "GET /?p=135350 HTTP/1.1" 301 - "-" "Mozilla/5.0 (Windows NT 10.0; Win64; x64) AppleWebKit/537.36 (KHTML, like Gecko) Chrome/107.0.0.0 Safari/537.36" 140 **0/140113**
74.7.227.158 - - [14/Mar/2026:05:29:39 -0700] "GET /nachtraglich-zum-einzahlungsbonus-kriegen-diese-untergeordnet-two-hundred-fifity-freispiele-ebendiese-eltern-an-spielautomaten-zum-eins-z-bringen-fahig-sein/ HTTP/2.0" 200 16320 "https://indiabettingexchange.in/articles/page/669/" "Mozilla/5.0 AppleWebKit/537.36 (KHTML, like Gecko; compatible; GPTBot/1.3; +https://openai.com/gptbot)" 236 **0/236367**
43.173.179.130 - - [14/Mar/2026:05:29:39 -0700] "GET /that-it-incentive-is-caused-by-getting-around-three-or-more-scatters/ HTTP/1.1" 200 17187 "-" "Mozilla/5.0 (Windows NT 10.0; Win64; x64) AppleWebKit/537.36 (KHTML, like Gecko) Chrome/107.0.0.0 Safari/537.36" 192 **0/192383**
74.7.227.158 - - [14/Mar/2026:05:29:40 -0700] "GET /lesen-welche-diese-bewertung-unter-anderem-ausbilden-eltern-einander-deren-eigene-sichtweise-unter-zuhilfenahme-von-zentralgestirn-spielcasino/ HTTP/2.0" 200 17330 "https://indiabettingexchange.in/articles/page/668/" "Mozilla/5.0 AppleWebKit/537.36 (KHTML, like Gecko; compatible; GPTBot/1.3; +https://openai.com/gptbot)" 204 **0/204570**
74.7.227.158 - - [14/Mar/2026:05:29:40 -0700] "GET /nachfolgende-limits-z-hd-diese-mindest-hochsteinzahlung-schwanken-je-nach-ausgewahlter-zahlungsart/ HTTP/2.0" 200 16478 "https://indiabettingexchange.in/articles/page/669/" "Mozilla/5.0 AppleWebKit/537.36 (KHTML, like Gecko; compatible; GPTBot/1.3; +https://openai.com/gptbot)" 202 **0/202107**
74.7.227.158 - - [14/Mar/2026:05:29:41 -0700] "GET /genau-so-wie-guy-den-nueve%ef%bf%bd-casino-bonus-blo-einzahlung-beansprucht/ HTTP/2.0" 200 16278 "https://indiabettingexchange.in/articles/page/666/" "Mozilla/5.0 AppleWebKit/537.36 (KHTML, like Gecko; compatible; GPTBot/1.3; +https://openai.com/gptbot)" 198 **0/198001**
74.7.227.158 - - [14/Mar/2026:05:29:41 -0700] "GET /perish-zahlungsmethoden-pro-ein-unter-anderem-auszahlungen-akzeptiert-lex-spielsalon/ HTTP/2.0" 200 16481 "https://indiabettingexchange.in/articles/page/666/" "Mozilla/5.0 AppleWebKit/537.36 (KHTML, like Gecko; compatible; GPTBot/1.3; +https://openai.com/gptbot)" 218 **0/218718**
74.7.227.158 - - [14/Mar/2026:05:29:42 -0700] "GET /to-your-mobile-pause-big-history-downloads-therefore-alive-streams-and-you-will-chances-revitalize-stand-smooth/ HTTP/2.0" 200 16131 "https://indiabettingexchange.in/articles/page/667/" "Mozilla/5.0 AppleWebKit/537.36 (KHTML, like Gecko; compatible; GPTBot/1.3; +https://openai.com/gptbot)" 193 **0/193460**
74.7.227.158 - - [14/Mar/2026:05:29:42 -0700] "GET /nachdem-respons-eine-paysafecard-erworben-hektik-erhaltst-respons-den-angesprochenen-a-dozen-stelligen-pin-kode/ HTTP/2.0" 200 16345 "https://indiabettingexchange.in/articles/page/667/" "Mozilla/5.0 AppleWebKit/537.36 (KHTML, like Gecko; compatible; GPTBot/1.3; +https://openai.com/gptbot)" 206 **0/206304**
74.7.227.158 - - [14/Mar/2026:05:29:43 -0700] "GET /spinbounty-spielsaal-partie-%ef%bf%bd-pass-away-spiele-im-stande-sein-in-spinbounty-casino-zum-vorschein-gekommen-eignen/ HTTP/2.0" 200 16553 "https://indiabettingexchange.in/articles/page/667/" "Mozilla/5.0 AppleWebKit/537.36 (KHTML, like Gecko; compatible; GPTBot/1.3; +https://openai.com/gptbot)" 212 **0/212762**
74.7.227.158 - - [14/Mar/2026:05:29:43 -0700] "GET /talismania-%ef%bf%bd-erstklassiger-newcomer-untern-casinos-unter-zuhilfenahme-von-mifinity/ HTTP/2.0" 200 16324 "https://indiabettingexchange.in/articles/page/666/" "Mozilla/5.0 AppleWebKit/537.36 (KHTML, like Gecko; compatible; GPTBot/1.3; +https://openai.com/gptbot)" 195 **0/195151**
74.7.227.158 - - [14/Mar/2026:05:29:44 -0700] "GET /finest-movies-harbors-on-line-2026-greatest-step-3-gambling-enterprises-that-have-slot-machine-games/ HTTP/2.0" 200 16310 "https://indiabettingexchange.in/articles/page/668/" "Mozilla/5.0 AppleWebKit/537.36 (KHTML, like Gecko; compatible; GPTBot/1.3; +https://openai.com/gptbot)" 258 **0/258171**
74.7.227.158 - - [14/Mar/2026:05:29:44 -0700] "GET /das-pinocasino-ist-und-bleibt-zudem-brandneu-bekanntlich-dies-sei-erst-seit-2021-aufwarts-unserem-markt/ HTTP/2.0" 200 17039 "https://indiabettingexchange.in/articles/page/667/" "Mozilla/5.0 AppleWebKit/537.36 (KHTML, like Gecko; compatible; GPTBot/1.3; +https://openai.com/gptbot)" 225 **0/225053**
74.7.227.158 - - [14/Mar/2026:05:29:45 -0700] "GET /leovegas-casino-test-schluss-%ef%bf%bd-serioser-spielsalon-versorger-mit-zuverlassiger-softwareanwendungen-many-years-towards-privateers-spielsaal/ HTTP/2.0" 200 17167 "https://indiabettingexchange.in/articles/page/667/" "Mozilla/5.0 AppleWebKit/537.36 (KHTML, like Gecko; compatible; GPTBot/1.3; +https://openai.com/gptbot)" 202 **0/202550**
74.7.227.158 - - [14/Mar/2026:05:29:45 -0700] "GET /tips-allege-zodiac-gambling-enterprise-80-free-revolves-super-moolah-no-deposit-bonus/ HTTP/2.0" 200 15440 "https://indiabettingexchange.in/articles/page/667/" "Mozilla/5.0 AppleWebKit/537.36 (KHTML, like Gecko; compatible; GPTBot/1.3; +https://openai.com/gptbot)" 205 **0/205309**
74.7.227.158 - - [14/Mar/2026:05:29:46 -0700] "GET /nachfolgende-just-one-x-2-wette-war-vermutlich-die-beliebteste-sportwette-diese-es-existireren/ HTTP/2.0" 200 16313 "https://indiabettingexchange.in/articles/page/668/" "Mozilla/5.0 AppleWebKit/537.36 (KHTML, like Gecko; compatible; GPTBot/1.3; +https://openai.com/gptbot)" 202 **0/202946**
74.7.227.158 - - [14/Mar/2026:05:29:47 -0700] "GET /anderweitig-nachdem-einen-klassischen-freispielen-kannst-du-nebensachlich-freispiele-ohne-einzahlung-erhalten/ HTTP/2.0" 200 16381 "https://indiabettingexchange.in/articles/page/669/" "Mozilla/5.0 AppleWebKit/537.36 (KHTML, like Gecko; compatible; GPTBot/1.3; +https://openai.com/gptbot)" 226 **0/226942**
143.14.6.95 - - [14/Mar/2026:05:29:47 -0700] "GET /casino-estrella-tomb-raider-maquina-tragamonedas-en-linea-resena-sobre-tecnicos-asi-como-jugadores-2025/feed/ HTTP/1.1" 200 527 "-" "Mozilla/5.0 (Macintosh; Intel Mac OS X 10_15_7) AppleWebKit/537.36 (KHTML, like Gecko) Chrome/135.0.0.0 Safari/537.36" 179 **0/179605**
74.7.227.158 - - [14/Mar/2026:05:29:47 -0700] "GET /slotmagie-provision-z-hd-bestandskunden-%ef%bf%bd-beruhmte-personlichkeit-club-ferner-treueprogramm/ HTTP/2.0" 200 16457 "https://indiabettingexchange.in/articles/page/667/" "Mozilla/5.0 AppleWebKit/537.36 (KHTML, like Gecko; compatible; GPTBot/1.3; +https://openai.com/gptbot)" 248 **0/248813**
74.7.227.158 - - [14/Mar/2026:05:29:48 -0700] "GET /unsre-experten-abwagen-casinos-auf-alle-moglichen-kriterien-boni-spielauswahl-zuversichtlichkeit-zahlungsmoglichkeiten-kundensupport-unter-anderem-etliches-etliche/ HTTP/2.0" 200 16765 "https://indiabettingexchange.in/articles/page/667/" "Mozilla/5.0 AppleWebKit/537.36 (KHTML, like Gecko; compatible; GPTBot/1.3; +https://openai.com/gptbot)" 217 **0/217827**
74.7.227.158 - - [14/Mar/2026:05:29:48 -0700] "GET /kostenlose-casinospiele-aufrecht-stehen-nur-spielern-aus-bestimmten-landern-zur-order/ HTTP/2.0" 200 16299 "https://indiabettingexchange.in/articles/page/668/" "Mozilla/5.0 AppleWebKit/537.36 (KHTML, like Gecko; compatible; GPTBot/1.3; +https://openai.com/gptbot)" 190 **0/190597**
74.7.227.158 - - [14/Mar/2026:05:29:49 -0700] "GET /treueprogramm-fragen-ein-groenverhaltnis-das-alles-in-allem-bewerteten-casinos-aufwarts-einen-partitur-one-3/ HTTP/2.0" 200 16351 "https://indiabettingexchange.in/articles/page/669/" "Mozilla/5.0 AppleWebKit/537.36 (KHTML, like Gecko; compatible; GPTBot/1.3; +https://openai.com/gptbot)" 223 **0/223174**
74.7.227.158 - - [14/Mar/2026:05:29:49 -0700] "GET /believe-finding-20-totally-free-spins-and-receiving-most-happy-together/ HTTP/2.0" 200 15529 "https://indiabettingexchange.in/articles/page/667/" "Mozilla/5.0 AppleWebKit/537.36 (KHTML, like Gecko; compatible; GPTBot/1.3; +https://openai.com/gptbot)" 196 **0/196545**
74.7.227.158 - - [14/Mar/2026:05:29:50 -0700] "GET /mobile-kasino-software-package-uber-0-three-hundred-spiele-sind-fur-auf-achse-zuganglich/ HTTP/2.0" 200 16417 "https://indiabettingexchange.in/articles/page/667/" "Mozilla/5.0 AppleWebKit/537.36 (KHTML, like Gecko; compatible; GPTBot/1.3; +https://openai.com/gptbot)" 192 **0/192515**
74.7.227.158 - - [14/Mar/2026:05:29:51 -0700] "GET /unser-offerte-gilt-je-welches-durchgang-berry-machine-x25-mascot/ HTTP/2.0" 200 16312 "https://indiabettingexchange.in/articles/page/668/" "Mozilla/5.0 AppleWebKit/537.36 (KHTML, like Gecko; compatible; GPTBot/1.3; +https://openai.com/gptbot)" 200 **0/200558**
74.7.227.158 - - [14/Mar/2026:05:29:51 -0700] "GET /google-android-spielsalon-software-package-via-two-500-spiele-werden-pro-unterwegs-zuganglich/ HTTP/2.0" 200 16383 "https://indiabettingexchange.in/articles/page/669/" "Mozilla/5.0 AppleWebKit/537.36 (KHTML, like Gecko; compatible; GPTBot/1.3; +https://openai.com/gptbot)" 220 **0/220534**
74.7.227.158 - - [14/Mar/2026:05:29:52 -0700] "GET /jeglicher-overforingen-vorteil-256-bit-ssl-kryptierung-dabei-ein-kundensupport-ringsherum-damit-die-chronometer-unter-deutsch-verfugbar-ist-und-bleibt/ HTTP/2.0" 200 16956 "https://indiabettingexchange.in/articles/page/666/" "Mozilla/5.0 AppleWebKit/537.36 (KHTML, like Gecko; compatible; GPTBot/1.3; +https://openai.com/gptbot)" 172 **0/172490**
74.7.227.158 - - [14/Mar/2026:05:29:52 -0700] "GET /daha-iyi-odeme-oranlarina-sahip-online-casinolar-2026-daha-yuksek-rtp-oranina-sahip-sitelerde-kumar-oynayin-funbet-spor-bahisleri/ HTTP/2.0" 200 16592 "https://indiabettingexchange.in/articles/page/668/" "Mozilla/5.0 AppleWebKit/537.36 (KHTML, like Gecko; compatible; GPTBot/1.3; +https://openai.com/gptbot)" 196 **0/196900**
74.7.227.158 - - [14/Mar/2026:05:29:53 -0700] "GET /die-autoren-besitzen-koniglich-superstar-spielsalon-entscheidend-uberpruft-oder-ihm-diesseitigen-uberdurchschnittlichen-sicherheitsindex-verliehen/ HTTP/2.0" 200 16289 "https://indiabettingexchange.in/articles/page/668/" "Mozilla/5.0 AppleWebKit/537.36 (KHTML, like Gecko; compatible; GPTBot/1.3; +https://openai.com/gptbot)" 202 **0/202004**
74.7.227.158 - - [14/Mar/2026:05:29:53 -0700] "GET /welches-ist-und-bleibt-ein-kostenloser-9-1-maklercourtage-blank-einzahlung-spielcasino-wintingo-kostenloser-die/ HTTP/2.0" 200 17242 "https://indiabettingexchange.in/articles/page/667/" "Mozilla/5.0 AppleWebKit/537.36 (KHTML, like Gecko; compatible; GPTBot/1.3; +https://openai.com/gptbot)" 183 **0/183473**
74.7.227.158 - - [14/Mar/2026:05:29:54 -0700] "GET /spelanalyse-loco-casino-terminator-2-roulette/ HTTP/2.0" 200 16915 "https://indiabettingexchange.in/articles/page/667/" "Mozilla/5.0 AppleWebKit/537.36 (KHTML, like Gecko; compatible; GPTBot/1.3; +https://openai.com/gptbot)" 197 **0/197149**
74.7.227.158 - - [14/Mar/2026:05:29:54 -0700] "GET /ihr-slotsmillion-maklercourtage-programmcode-inoffizieller-mitarbeiter-abmachung-unter-zuhilfenahme-von-diesseitigen-erfolgreichsten-casinos/ HTTP/2.0" 200 16267 "https://indiabettingexchange.in/articles/page/667/" "Mozilla/5.0 AppleWebKit/537.36 (KHTML, like Gecko; compatible; GPTBot/1.3; +https://openai.com/gptbot)" 218 **0/218582**
