74.7.227.158 - - [14/Mar/2026:05:26:21 -0700] "GET /?p=220322 HTTP/2.0" 301 1 "https://indiabettingexchange.in/eye-of-horus-slot-bei-rtg-blueprint-gaming-horus-wilds-nach-mangeln-2-4-extendieren-symbole-as-part-of-12-freispielen-upgraden-9631-rtp-10-000x-max-riesenerfolg/" "Mozilla/5.0 AppleWebKit/537.36 (KHTML, like Gecko; compatible; GPTBot/1.3; +https://openai.com/gptbot)" 150 **0/150106**
74.7.227.158 - - [14/Mar/2026:05:26:22 -0700] "GET /eye-of-horus-slot-bei-rtg-blueprint-gaming-horus-wilds-nach-mangeln-2-4-extendieren-symbole-as-part-of-12-freispielen-upgraden-9631-rtp-10-000x-max-riesenerfolg/ HTTP/2.0" 200 17704 "https://indiabettingexchange.in/?p=220322" "Mozilla/5.0 AppleWebKit/537.36 (KHTML, like Gecko; compatible; GPTBot/1.3; +https://openai.com/gptbot)" 223 **0/223530**
74.7.227.158 - - [14/Mar/2026:05:26:22 -0700] "GET /?p=220540 HTTP/2.0" 301 1 "https://indiabettingexchange.in/play-royalgame-app-download-for-android-for-100-percent-free-instead-registration/" "Mozilla/5.0 AppleWebKit/537.36 (KHTML, like Gecko; compatible; GPTBot/1.3; +https://openai.com/gptbot)" 154 **0/154461**
74.7.227.158 - - [14/Mar/2026:05:26:23 -0700] "GET /play-royalgame-app-download-for-android-for-100-percent-free-instead-registration/ HTTP/2.0" 200 16627 "https://indiabettingexchange.in/?p=220540" "Mozilla/5.0 AppleWebKit/537.36 (KHTML, like Gecko; compatible; GPTBot/1.3; +https://openai.com/gptbot)" 203 **0/203991**
40.77.167.4 - - [14/Mar/2026:05:26:23 -0700] "GET /neue-online-casino-boni-ferner-spiele/ HTTP/2.0" 200 17596 "-" "Mozilla/5.0 AppleWebKit/537.36 (KHTML, like Gecko; compatible; bingbot/2.0; +http://www.bing.com/bingbot.htm) Chrome/116.0.1938.76 Safari/537.36" 208 **0/208584**
74.7.227.158 - - [14/Mar/2026:05:26:23 -0700] "GET /?p=220258 HTTP/2.0" 301 1 "https://indiabettingexchange.in/migliori-casa-bruce-bet-login-italia-da-gioco-online-italiani-aams-lista-completa-nel-2025/" "Mozilla/5.0 AppleWebKit/537.36 (KHTML, like Gecko; compatible; GPTBot/1.3; +https://openai.com/gptbot)" 139 **0/139688**
74.7.227.158 - - [14/Mar/2026:05:26:24 -0700] "GET /migliori-casa-bruce-bet-login-italia-da-gioco-online-italiani-aams-lista-completa-nel-2025/ HTTP/2.0" 200 17021 "https://indiabettingexchange.in/?p=220258" "Mozilla/5.0 AppleWebKit/537.36 (KHTML, like Gecko; compatible; GPTBot/1.3; +https://openai.com/gptbot)" 201 **0/201919**
74.7.227.158 - - [14/Mar/2026:05:26:24 -0700] "GET /eye-of-horus-slot-bei-rtg-blueprint-gaming-horus-wilds-nach-mangeln-2-4-extendieren-symbole-as-part-of-12-freispielen-upgraden-9631-rtp-10-000x-max-riesenerfolg/feed/ HTTP/2.0" 200 532 "https://indiabettingexchange.in/eye-of-horus-slot-bei-rtg-blueprint-gaming-horus-wilds-nach-mangeln-2-4-extendieren-symbole-as-part-of-12-freispielen-upgraden-9631-rtp-10-000x-max-riesenerfolg/" "Mozilla/5.0 AppleWebKit/537.36 (KHTML, like Gecko; compatible; GPTBot/1.3; +https://openai.com/gptbot)" 170 **0/170945**
74.7.227.158 - - [14/Mar/2026:05:26:25 -0700] "GET /category/kursk-school33-ru-10/ HTTP/2.0" 200 13458 "https://indiabettingexchange.in/obzor-partnerskoj-programmy-1xslots-partners/" "Mozilla/5.0 AppleWebKit/537.36 (KHTML, like Gecko; compatible; GPTBot/1.3; +https://openai.com/gptbot)" 226 **0/226185**
74.7.227.158 - - [14/Mar/2026:05:26:25 -0700] "GET /category/onsmile-cl/ HTTP/2.0" 200 13183 "https://indiabettingexchange.in/brackets-autoligado-compra-al-mejor-precio-en/" "Mozilla/5.0 AppleWebKit/537.36 (KHTML, like Gecko; compatible; GPTBot/1.3; +https://openai.com/gptbot)" 215 **0/215038**
74.7.227.158 - - [14/Mar/2026:05:26:26 -0700] "GET /category/hash-bcgame-com/ HTTP/2.0" 200 13118 "https://indiabettingexchange.in/exploring-the-exciting-world-of-hash-game-bonuses-6/" "Mozilla/5.0 AppleWebKit/537.36 (KHTML, like Gecko; compatible; GPTBot/1.3; +https://openai.com/gptbot)" 233 **0/233344**
74.7.227.158 - - [14/Mar/2026:05:26:26 -0700] "GET /category/tombola-casino/ HTTP/2.0" 200 13204 "https://indiabettingexchange.in/tombola-bingo-med-svensk-spellicens-las-vr-15/" "Mozilla/5.0 AppleWebKit/537.36 (KHTML, like Gecko; compatible; GPTBot/1.3; +https://openai.com/gptbot)" 252 **0/252228**
74.7.227.158 - - [14/Mar/2026:05:26:27 -0700] "GET /wp-json/oembed/1.0/embed?url=https%3A%2F%2Findiabettingexchange.in%2Frso-migliori-casa-da-gioco-online-durante-italia-scopri-qualora-agire-sopra-decisione-e-divertirti%2F HTTP/2.0" 200 1407 "https://indiabettingexchange.in/rso-migliori-casa-da-gioco-online-durante-italia-scopri-qualora-agire-sopra-decisione-e-divertirti/" "Mozilla/5.0 AppleWebKit/537.36 (KHTML, like Gecko; compatible; GPTBot/1.3; +https://openai.com/gptbot)" 154 **0/154715**
109.81.18.3 - - [14/Mar/2026:05:26:27 -0700] "GET /explore-non-blocked-casino-sites-your-ultimate/ HTTP/1.1" 200 16643 "https://indiabettingexchange.in/" "Mozilla/5.0 (Macintosh; Intel Mac OS X 12.5; rv:114.0) Gecko/20100101 Firefox/114.0" 207 **0/207119**
74.7.227.158 - - [14/Mar/2026:05:26:28 -0700] "GET /category/winstler-casino/ HTTP/2.0" 200 13253 "https://indiabettingexchange.in/djupgende-analys-av-winstler-casino-en-guide-for-40/" "Mozilla/5.0 AppleWebKit/537.36 (KHTML, like Gecko; compatible; GPTBot/1.3; +https://openai.com/gptbot)" 207 **0/207974**
74.7.227.158 - - [14/Mar/2026:05:26:28 -0700] "GET /wp-json/oembed/1.0/embed?url=https%3A%2F%2Findiabettingexchange.in%2Fqualsivoglia-rso-depositi-vengono-di-solito-elaborati-minuto-consentendo-indivisible-ingresso-diretto-ai-giochi%2F HTTP/2.0" 200 1439 "https://indiabettingexchange.in/qualsivoglia-rso-depositi-vengono-di-solito-elaborati-minuto-consentendo-indivisible-ingresso-diretto-ai-giochi/" "Mozilla/5.0 AppleWebKit/537.36 (KHTML, like Gecko; compatible; GPTBot/1.3; +https://openai.com/gptbot)" 143 **0/143984**
74.7.227.158 - - [14/Mar/2026:05:26:29 -0700] "GET /wp-json/oembed/1.0/embed?url=https%3A%2F%2Findiabettingexchange.in%2Fchiudi-nota-annotazione-da-simone-cola-ultima-modifica-di-arianna-venegoni-aggiornato-il%2F HTTP/2.0" 200 1402 "https://indiabettingexchange.in/chiudi-nota-annotazione-da-simone-cola-ultima-modifica-di-arianna-venegoni-aggiornato-il/" "Mozilla/5.0 AppleWebKit/537.36 (KHTML, like Gecko; compatible; GPTBot/1.3; +https://openai.com/gptbot)" 174 **0/174173**
74.7.227.158 - - [14/Mar/2026:05:26:29 -0700] "GET /wp-json/oembed/1.0/embed?url=https%3A%2F%2Findiabettingexchange.in%2Fciascuno-rso-depositi-vengono-generalmente-elaborati-immediatamente-consentendo-insecable-guadagno-pronto-ai-giochi%2F HTTP/2.0" 200 1408 "https://indiabettingexchange.in/ciascuno-rso-depositi-vengono-generalmente-elaborati-immediatamente-consentendo-insecable-guadagno-pronto-ai-giochi/" "Mozilla/5.0 AppleWebKit/537.36 (KHTML, like Gecko; compatible; GPTBot/1.3; +https://openai.com/gptbot)" 130 **0/130691**
74.7.227.158 - - [14/Mar/2026:05:26:31 -0700] "GET /wp-json/oembed/1.0/embed?url=https%3A%2F%2Findiabettingexchange.in%2Falleggerire-lapp-trambusto-snai-porta-mediante-lui-prossimo-vantaggi-tipici-delloperatore%2F HTTP/2.0" 200 1359 "https://indiabettingexchange.in/alleggerire-lapp-trambusto-snai-porta-mediante-lui-prossimo-vantaggi-tipici-delloperatore/" "Mozilla/5.0 AppleWebKit/537.36 (KHTML, like Gecko; compatible; GPTBot/1.3; +https://openai.com/gptbot)" 182 **0/182194**
114.119.159.61 - - [14/Mar/2026:05:26:31 -0700] "GET /unser-4-besten-seiten-online-slots-spielen-echtes-geld-fur-seriose-informationen-dahinter-angeschlossen-casinos-qua-paypal/ HTTP/1.1" 200 20411 "https://indiabettingexchange.in/unser-4-besten-seiten-online-slots-spielen-echtes-geld-fur-seriose-informationen-dahinter-angeschlossen-casinos-qua-paypal/" "Mozilla/5.0 (Linux; Android 7.0;) AppleWebKit/537.36 (KHTML, like Gecko) Mobile Safari/537.36 (compatible; PetalBot;+https://webmaster.petalsearch.com/site/petalbot)" 218 **0/218456**
74.7.227.158 - - [14/Mar/2026:05:26:31 -0700] "GET /wp-json/oembed/1.0/embed?url=https%3A%2F%2Findiabettingexchange.in%2Fnel-seguito-esploreremo-volte-vari-aspetti-della-disposizione-delle-transazioni-mediante-paypal%2F HTTP/2.0" 200 1392 "https://indiabettingexchange.in/nel-seguito-esploreremo-volte-vari-aspetti-della-disposizione-delle-transazioni-mediante-paypal/" "Mozilla/5.0 AppleWebKit/537.36 (KHTML, like Gecko; compatible; GPTBot/1.3; +https://openai.com/gptbot)" 157 **0/157043**
74.7.227.158 - - [14/Mar/2026:05:26:32 -0700] "GET /wp-json/oembed/1.0/embed?url=https%3A%2F%2Findiabettingexchange.in%2Fche-tipo-di-atto-dovresti-notare-dato-che-sei-indivis-nuovo-sportivo-di-slot-machine-online%2F HTTP/2.0" 200 1318 "https://indiabettingexchange.in/che-tipo-di-atto-dovresti-notare-dato-che-sei-indivis-nuovo-sportivo-di-slot-machine-online/" "Mozilla/5.0 AppleWebKit/537.36 (KHTML, like Gecko; compatible; GPTBot/1.3; +https://openai.com/gptbot)" 153 **0/153295**
109.81.18.3 - - [14/Mar/2026:05:26:32 -0700] "GET /explore-non-blocked-casino-sites-your-ultimate/ HTTP/1.1" 200 16645 "https://indiabettingexchange.in/explore-non-blocked-casino-sites-your-ultimate/" "Mozilla/5.0 (Windows NT 6.3; Win64; x64) AppleWebKit/537.36 (KHTML, like Gecko) Chrome/103.0.0.0 Safari/537.36" 169 **0/169009**
74.7.227.158 - - [14/Mar/2026:05:26:32 -0700] "GET /wp-json/oembed/1.0/embed?url=https%3A%2F%2Findiabettingexchange.in%2Fsiti-scompiglio-live-italia-migliori-giochi-con-dealer-accedi-unlimluck-italia-dal-acuto%2F HTTP/2.0" 200 1426 "https://indiabettingexchange.in/siti-scompiglio-live-italia-migliori-giochi-con-dealer-accedi-unlimluck-italia-dal-acuto/" "Mozilla/5.0 AppleWebKit/537.36 (KHTML, like Gecko; compatible; GPTBot/1.3; +https://openai.com/gptbot)" 159 **0/159125**
85.208.96.206 - - [14/Mar/2026:05:26:32 -0700] "GET /uvitaci-bonus-zadarmo-hazardne-hry-bez-vkladu-archiv-spolocenskych-technologii-2025/ HTTP/1.1" 200 18515 "-" "Mozilla/5.0 (compatible; SemrushBot/7~bl; +http://www.semrush.com/bot.html)" 208 **0/208089**
74.7.227.158 - - [14/Mar/2026:05:26:33 -0700] "GET /wp-json/oembed/1.0/embed?url=https%3A%2F%2Findiabettingexchange.in%2Fscoprite-la-nota-di-casino-americani-ed-registrarsi-in-fondo-il-messo-scelto%2F HTTP/2.0" 200 1391 "https://indiabettingexchange.in/scoprite-la-nota-di-casino-americani-ed-registrarsi-in-fondo-il-messo-scelto/" "Mozilla/5.0 AppleWebKit/537.36 (KHTML, like Gecko; compatible; GPTBot/1.3; +https://openai.com/gptbot)" 165 **0/165146**
74.7.227.158 - - [14/Mar/2026:05:26:33 -0700] "GET /category/kursk-school33-ru-10/feed/ HTTP/2.0" 200 2929 "https://indiabettingexchange.in/category/kursk-school33-ru-10/" "Mozilla/5.0 AppleWebKit/537.36 (KHTML, like Gecko; compatible; GPTBot/1.3; +https://openai.com/gptbot)" 142 **0/142816**
74.7.227.158 - - [14/Mar/2026:05:26:34 -0700] "GET /wp-json/oembed/1.0/embed?url=https%3A%2F%2Findiabettingexchange.in%2Fin-questa-manuale-troverai-qualsivoglia-volte-migliori-allibratore-non-aams-disponibili-sopra-italia%2F HTTP/2.0" 200 1364 "https://indiabettingexchange.in/in-questa-manuale-troverai-qualsivoglia-volte-migliori-allibratore-non-aams-disponibili-sopra-italia/" "Mozilla/5.0 AppleWebKit/537.36 (KHTML, like Gecko; compatible; GPTBot/1.3; +https://openai.com/gptbot)" 142 **0/142146**
109.81.18.3 - - [14/Mar/2026:05:26:34 -0700] "POST /wp-comments-post.php HTTP/1.1" 404 8215 "https://indiabettingexchange.in/explore-non-blocked-casino-sites-your-ultimate/" "Mozilla/5.0 (Windows NT 6.3; Win64; x64) AppleWebKit/537.36 (KHTML, like Gecko) Chrome/103.0.0.0 Safari/537.36" 499 **0/499704**
74.7.227.158 - - [14/Mar/2026:05:26:34 -0700] "GET /wp-json/oembed/1.0/embed?url=https%3A%2F%2Findiabettingexchange.in%2Funapp-confusione-di-qualita-deve-concedere-certain-lista-disinteressato-ancora-distinto%2F HTTP/2.0" 200 1378 "https://indiabettingexchange.in/unapp-confusione-di-qualita-deve-concedere-certain-lista-disinteressato-ancora-distinto/" "Mozilla/5.0 AppleWebKit/537.36 (KHTML, like Gecko; compatible; GPTBot/1.3; +https://openai.com/gptbot)" 124 **0/124835**
74.7.227.158 - - [14/Mar/2026:05:26:35 -0700] "GET /wp-json/oembed/1.0/embed?url=https%3A%2F%2Findiabettingexchange.in%2Fslot-online-divertenti-verso-agire-sui-tuoi-dispositivi-arredamento-android%2F HTTP/2.0" 200 1357 "https://indiabettingexchange.in/slot-online-divertenti-verso-agire-sui-tuoi-dispositivi-arredamento-android/" "Mozilla/5.0 AppleWebKit/537.36 (KHTML, like Gecko; compatible; GPTBot/1.3; +https://openai.com/gptbot)" 171 **0/171642**
109.81.18.3 - - [14/Mar/2026:05:26:35 -0700] "POST /wp-comments-post.php HTTP/1.1" 404 8215 "https://indiabettingexchange.in/explore-non-blocked-casino-sites-your-ultimate/" "Mozilla/5.0 (Windows NT 6.3; Win64; x64) AppleWebKit/537.36 (KHTML, like Gecko) Chrome/103.0.0.0 Safari/537.36" 147 **0/147005**
74.7.227.158 - - [14/Mar/2026:05:26:35 -0700] "GET /wp-json/oembed/1.0/embed?url=https%3A%2F%2Findiabettingexchange.in%2Fi-siti-slot-online-offrono-informazioni-trasparenti-sui-tassi-di-payout-dei-lei-giochi%2F HTTP/2.0" 200 1331 "https://indiabettingexchange.in/i-siti-slot-online-offrono-informazioni-trasparenti-sui-tassi-di-payout-dei-lei-giochi/" "Mozilla/5.0 AppleWebKit/537.36 (KHTML, like Gecko; compatible; GPTBot/1.3; +https://openai.com/gptbot)" 139 **0/139860**
74.7.227.158 - - [14/Mar/2026:05:26:36 -0700] "GET /wp-json/oembed/1.0/embed?url=https%3A%2F%2Findiabettingexchange.in%2Fregolazione-ed-istruzioni-dettagliate-verso-che-razza-di-deporre-denaro-ed-fondare-a-giocare%2F HTTP/2.0" 200 1392 "https://indiabettingexchange.in/regolazione-ed-istruzioni-dettagliate-verso-che-razza-di-deporre-denaro-ed-fondare-a-giocare/" "Mozilla/5.0 AppleWebKit/537.36 (KHTML, like Gecko; compatible; GPTBot/1.3; +https://openai.com/gptbot)" 149 **0/149916**
74.7.227.158 - - [14/Mar/2026:05:26:36 -0700] "GET /wp-json/oembed/1.0/embed?url=https%3A%2F%2Findiabettingexchange.in%2Fi-migliori-giochi-da-casa-da-gioco-durante-bitcoin-di-nuovo-altre-criptovalute-secondo-casinostrider%2F HTTP/2.0" 200 1376 "https://indiabettingexchange.in/i-migliori-giochi-da-casa-da-gioco-durante-bitcoin-di-nuovo-altre-criptovalute-secondo-casinostrider/" "Mozilla/5.0 AppleWebKit/537.36 (KHTML, like Gecko; compatible; GPTBot/1.3; +https://openai.com/gptbot)" 153 **0/153095**
109.81.18.3 - - [14/Mar/2026:05:26:37 -0700] "POST /wp-comments-post.php HTTP/1.1" 404 8214 "https://indiabettingexchange.in/explore-non-blocked-casino-sites-your-ultimate/" "Mozilla/5.0 (Windows NT 6.3; Win64; x64) AppleWebKit/537.36 (KHTML, like Gecko) Chrome/103.0.0.0 Safari/537.36" 152 **0/152337**
74.7.227.158 - - [14/Mar/2026:05:26:37 -0700] "GET /wp-json/oembed/1.0/embed?url=https%3A%2F%2Findiabettingexchange.in%2Fsportium-e-taluno-dei-migliori-bookmaker-mediante-moto-a-campione-di-manoscritto%2F HTTP/2.0" 200 1394 "https://indiabettingexchange.in/sportium-e-taluno-dei-migliori-bookmaker-mediante-moto-a-campione-di-manoscritto/" "Mozilla/5.0 AppleWebKit/537.36 (KHTML, like Gecko; compatible; GPTBot/1.3; +https://openai.com/gptbot)" 146 **0/146720**
74.7.227.158 - - [14/Mar/2026:05:26:37 -0700] "GET /wp-json/oembed/1.0/embed?url=https%3A%2F%2Findiabettingexchange.in%2Fvideo-game-you-might-fool-around-with-our-100-free-local-casino-even-offers%2F HTTP/2.0" 200 1278 "https://indiabettingexchange.in/video-game-you-might-fool-around-with-our-100-free-local-casino-even-offers/" "Mozilla/5.0 AppleWebKit/537.36 (KHTML, like Gecko; compatible; GPTBot/1.3; +https://openai.com/gptbot)" 140 **0/140507**
74.7.227.158 - - [14/Mar/2026:05:26:38 -0700] "GET /wp-json/oembed/1.0/embed?url=https%3A%2F%2Findiabettingexchange.in%2F5-techniques-for-improving-your-payouts-at-the-best-expenses-on-the-web-gambling-enterprise%2F HTTP/2.0" 200 1311 "https://indiabettingexchange.in/5-techniques-for-improving-your-payouts-at-the-best-expenses-on-the-web-gambling-enterprise/" "Mozilla/5.0 AppleWebKit/537.36 (KHTML, like Gecko; compatible; GPTBot/1.3; +https://openai.com/gptbot)" 154 **0/154723**
109.81.18.3 - - [14/Mar/2026:05:26:38 -0700] "POST /wp-comments-post.php HTTP/1.1" 404 8214 "https://indiabettingexchange.in/explore-non-blocked-casino-sites-your-ultimate/" "Mozilla/5.0 (Windows NT 6.3; Win64; x64) AppleWebKit/537.36 (KHTML, like Gecko) Chrome/103.0.0.0 Safari/537.36" 180 **0/180794**
74.7.227.158 - - [14/Mar/2026:05:26:39 -0700] "GET /wp-json/oembed/1.0/embed?url=https%3A%2F%2Findiabettingexchange.in%2Fi-migliori-mucchio-online-aams-gratowincasino-com-manuale-completa-ai-siti-adm-sicuri-in-italia%2F HTTP/2.0" 200 1395 "https://indiabettingexchange.in/i-migliori-mucchio-online-aams-gratowincasino-com-manuale-completa-ai-siti-adm-sicuri-in-italia/" "Mozilla/5.0 AppleWebKit/537.36 (KHTML, like Gecko; compatible; GPTBot/1.3; +https://openai.com/gptbot)" 139 **0/139065**
74.7.227.158 - - [14/Mar/2026:05:26:39 -0700] "GET /wp-json/oembed/1.0/embed?url=https%3A%2F%2Findiabettingexchange.in%2Fqual-e-la-diversita-fra-mucchio-live-di-nuovo-casa-da-gioco-tradizionali-online%2F HTTP/2.0" 200 1366 "https://indiabettingexchange.in/qual-e-la-diversita-fra-mucchio-live-di-nuovo-casa-da-gioco-tradizionali-online/" "Mozilla/5.0 AppleWebKit/537.36 (KHTML, like Gecko; compatible; GPTBot/1.3; +https://openai.com/gptbot)" 140 **0/140214**
109.81.18.3 - - [14/Mar/2026:05:26:39 -0700] "GET /explore-non-blocked-casino-sites-your-ultimate/ HTTP/1.1" 200 16644 "-" "Mozilla/5.0 (compatible; Googlebot/2.1; +http://www.google.com/bot.html)" 179 **0/179189**
74.7.227.158 - - [14/Mar/2026:05:26:40 -0700] "GET /wp-json/oembed/1.0/embed?url=https%3A%2F%2Findiabettingexchange.in%2Fmigliori-scompiglio-online-winnita-casino-aams-2025-addirittura-siti-casino-sicuri-in-italia%2F HTTP/2.0" 200 1426 "https://indiabettingexchange.in/migliori-scompiglio-online-winnita-casino-aams-2025-addirittura-siti-casino-sicuri-in-italia/" "Mozilla/5.0 AppleWebKit/537.36 (KHTML, like Gecko; compatible; GPTBot/1.3; +https://openai.com/gptbot)" 206 **0/206634**
74.7.227.158 - - [14/Mar/2026:05:26:40 -0700] "GET /wp-json/oembed/1.0/embed?url=https%3A%2F%2Findiabettingexchange.in%2Fche-effettuare-un-estrazione-sui-siti-scommesse-in-paysafecard%2F HTTP/2.0" 200 1320 "https://indiabettingexchange.in/che-effettuare-un-estrazione-sui-siti-scommesse-in-paysafecard/" "Mozilla/5.0 AppleWebKit/537.36 (KHTML, like Gecko; compatible; GPTBot/1.3; +https://openai.com/gptbot)" 133 **0/133839**
74.7.227.158 - - [14/Mar/2026:05:26:41 -0700] "GET /wp-json/oembed/1.0/embed?url=https%3A%2F%2Findiabettingexchange.in%2Fopinie-graczy-poswieconego-lemon-casino-jesli-czy-nie-warto-zrelaksowac-sie-i-grac%2F HTTP/2.0" 200 1421 "https://indiabettingexchange.in/opinie-graczy-poswieconego-lemon-casino-jesli-czy-nie-warto-zrelaksowac-sie-i-grac/" "Mozilla/5.0 AppleWebKit/537.36 (KHTML, like Gecko; compatible; GPTBot/1.3; +https://openai.com/gptbot)" 141 **0/141284**
74.7.227.158 - - [14/Mar/2026:05:26:41 -0700] "GET /wp-json/oembed/1.0/embed?url=https%3A%2F%2Findiabettingexchange.in%2Fin-cui-posso-interpellare-volte-migliori-siti-online-di-scommesse-sportive%2F HTTP/2.0" 200 1331 "https://indiabettingexchange.in/in-cui-posso-interpellare-volte-migliori-siti-online-di-scommesse-sportive/" "Mozilla/5.0 AppleWebKit/537.36 (KHTML, like Gecko; compatible; GPTBot/1.3; +https://openai.com/gptbot)" 150 **0/150127**
74.7.227.158 - - [14/Mar/2026:05:26:42 -0700] "GET /wp-json/oembed/1.0/embed?url=https%3A%2F%2Findiabettingexchange.in%2Fpoker-snai-offre-certain-realizzato-premio-alliscrizione-del-300-astuto-per-1%2F HTTP/2.0" 200 1377 "https://indiabettingexchange.in/poker-snai-offre-certain-realizzato-premio-alliscrizione-del-300-astuto-per-1/" "Mozilla/5.0 AppleWebKit/537.36 (KHTML, like Gecko; compatible; GPTBot/1.3; +https://openai.com/gptbot)" 127 **0/127459**
74.7.227.158 - - [14/Mar/2026:05:26:42 -0700] "GET /articles/page/661/ HTTP/2.0" 200 17146 "https://indiabettingexchange.in/articles/page/657/" "Mozilla/5.0 AppleWebKit/537.36 (KHTML, like Gecko; compatible; GPTBot/1.3; +https://openai.com/gptbot)" 501 **0/501707**
74.7.227.158 - - [14/Mar/2026:05:26:43 -0700] "GET /articles/page/659/ HTTP/2.0" 200 17782 "https://indiabettingexchange.in/articles/page/655/" "Mozilla/5.0 AppleWebKit/537.36 (KHTML, like Gecko; compatible; GPTBot/1.3; +https://openai.com/gptbot)" 459 **0/459800**
43.173.180.80 - - [14/Mar/2026:05:26:43 -0700] "GET /casino-brango-provides-transformed-the-way-in-which-people-supply-private-incentives-by-way-of-its-total-promotion-code-system/ HTTP/1.1" 200 18260 "-" "Mozilla/5.0 (Windows NT 10.0; Win64; x64) AppleWebKit/537.36 (KHTML, like Gecko) Chrome/120.0.0.0 Safari/537.36" 229 **0/229465**
74.7.227.158 - - [14/Mar/2026:05:26:44 -0700] "GET /articles/page/658/ HTTP/2.0" 200 16722 "https://indiabettingexchange.in/articles/page/655/" "Mozilla/5.0 AppleWebKit/537.36 (KHTML, like Gecko; compatible; GPTBot/1.3; +https://openai.com/gptbot)" 543 **0/543412**
74.7.227.158 - - [14/Mar/2026:05:26:45 -0700] "GET /articles/page/660/ HTTP/2.0" 200 17342 "https://indiabettingexchange.in/articles/page/657/" "Mozilla/5.0 AppleWebKit/537.36 (KHTML, like Gecko; compatible; GPTBot/1.3; +https://openai.com/gptbot)" 483 **0/483345**
74.7.227.158 - - [14/Mar/2026:05:26:46 -0700] "GET /wp-json/oembed/1.0/embed?url=https%3A%2F%2Findiabettingexchange.in%2Fi-siti-cercheranno-di-avere-luogo-innovativi-nuovo-quale-oltre-a-generosi-rispetto-appata-rivalita%2F HTTP/2.0" 200 1397 "https://indiabettingexchange.in/i-siti-cercheranno-di-avere-luogo-innovativi-nuovo-quale-oltre-a-generosi-rispetto-appata-rivalita/" "Mozilla/5.0 AppleWebKit/537.36 (KHTML, like Gecko; compatible; GPTBot/1.3; +https://openai.com/gptbot)" 151 **0/151694**
74.7.227.158 - - [14/Mar/2026:05:26:46 -0700] "GET /wp-json/oembed/1.0/embed?url=https%3A%2F%2Findiabettingexchange.in%2Fscopri-rso-migliori-casino-online-a-battere-al-blackjack-per-dealer-2025%2F HTTP/2.0" 200 1363 "https://indiabettingexchange.in/scopri-rso-migliori-casino-online-a-battere-al-blackjack-per-dealer-2025/" "Mozilla/5.0 AppleWebKit/537.36 (KHTML, like Gecko; compatible; GPTBot/1.3; +https://openai.com/gptbot)" 160 **0/160729**
74.7.227.158 - - [14/Mar/2026:05:26:47 -0700] "GET /wp-json/oembed/1.0/embed?url=https%3A%2F%2Findiabettingexchange.in%2Fcasa-da-gioco-live-del-2025-%25ef%25b8%258f-apk-di-accesso-spinfest-i-migliori-offerte-del-team-gamblizard%2F HTTP/2.0" 200 1465 "https://indiabettingexchange.in/casa-da-gioco-live-del-2025-%ef%b8%8f-apk-di-accesso-spinfest-i-migliori-offerte-del-team-gamblizard/" "Mozilla/5.0 AppleWebKit/537.36 (KHTML, like Gecko; compatible; GPTBot/1.3; +https://openai.com/gptbot)" 171 **0/171577**
74.7.227.158 - - [14/Mar/2026:05:26:47 -0700] "GET /wp-json/oembed/1.0/embed?url=https%3A%2F%2Findiabettingexchange.in%2Fcasino-jurassic-park-kostenlose-spins-150-provision-blos-einzahlung-elfter-monat-des-jahres-2025-beste-freispiele%2F HTTP/2.0" 200 1492 "https://indiabettingexchange.in/casino-jurassic-park-kostenlose-spins-150-provision-blos-einzahlung-elfter-monat-des-jahres-2025-beste-freispiele/" "Mozilla/5.0 AppleWebKit/537.36 (KHTML, like Gecko; compatible; GPTBot/1.3; +https://openai.com/gptbot)" 190 **0/190375**
74.7.227.158 - - [14/Mar/2026:05:26:48 -0700] "GET /tag/world-cup/ HTTP/2.0" 200 13407 "https://indiabettingexchange.in/after-india-lost-cricket-world-cup-gautam-gambhir-lashed-out-at-rohit-sharma/" "Mozilla/5.0 AppleWebKit/537.36 (KHTML, like Gecko; compatible; GPTBot/1.3; +https://openai.com/gptbot)" 237 **0/237734**
74.7.227.158 - - [14/Mar/2026:05:26:48 -0700] "GET /h1-the-advantages-of-multi-game-slots-h1/feed/ HTTP/2.0" 200 379 "https://indiabettingexchange.in/h1-the-advantages-of-multi-game-slots-h1/" "Mozilla/5.0 AppleWebKit/537.36 (KHTML, like Gecko; compatible; GPTBot/1.3; +https://openai.com/gptbot)" 141 **0/141432**
74.7.227.158 - - [14/Mar/2026:05:26:49 -0700] "GET /h1-the-science-of-casino-game-design-h1/feed/ HTTP/2.0" 200 378 "https://indiabettingexchange.in/h1-the-science-of-casino-game-design-h1/" "Mozilla/5.0 AppleWebKit/537.36 (KHTML, like Gecko; compatible; GPTBot/1.3; +https://openai.com/gptbot)" 176 **0/176862**
74.7.227.158 - - [14/Mar/2026:05:26:49 -0700] "GET /so-it-offer-is-only-valid-throughout-your-very-first-put/ HTTP/2.0" 200 15659 "https://indiabettingexchange.in/articles/page/661/" "Mozilla/5.0 AppleWebKit/537.36 (KHTML, like Gecko; compatible; GPTBot/1.3; +https://openai.com/gptbot)" 240 **0/240150**
74.7.227.158 - - [14/Mar/2026:05:26:50 -0700] "GET /however-sufficient-talk-it-is-time-to-begin-this-new-journey/ HTTP/2.0" 200 16817 "https://indiabettingexchange.in/articles/page/661/" "Mozilla/5.0 AppleWebKit/537.36 (KHTML, like Gecko; compatible; GPTBot/1.3; +https://openai.com/gptbot)" 226 **0/226612**
74.7.227.158 - - [14/Mar/2026:05:26:51 -0700] "GET /selbstv-ertrauen-respons-rch-ub-ung-agile-nd-ged-uld-aufb-auen/ HTTP/2.0" 200 15536 "https://indiabettingexchange.in/articles/page/659/" "Mozilla/5.0 AppleWebKit/537.36 (KHTML, like Gecko; compatible; GPTBot/1.3; +https://openai.com/gptbot)" 186 **0/186766**
74.7.227.158 - - [14/Mar/2026:05:26:51 -0700] "GET /selbige-auslese-aktiv-absturz-game-titles-war-jedoch-uberschaubar-aber-eres-existiert-ohne-wenn-und-aber-angewandten-konjunkturanstieg/ HTTP/2.0" 200 16384 "https://indiabettingexchange.in/articles/page/660/" "Mozilla/5.0 AppleWebKit/537.36 (KHTML, like Gecko; compatible; GPTBot/1.3; +https://openai.com/gptbot)" 211 **0/211608**
185.191.171.4 - - [14/Mar/2026:05:26:51 -0700] "GET /category/uncategorized/page/6690/ HTTP/1.1" 200 17106 "-" "Mozilla/5.0 (compatible; SemrushBot/7~bl; +http://www.semrush.com/bot.html)" 765 **0/765152**
74.7.227.158 - - [14/Mar/2026:05:26:52 -0700] "GET /simple-tips-to-enjoy-online-slots-real-cash-during-the-black-lotus-casino/ HTTP/2.0" 200 16437 "https://indiabettingexchange.in/articles/page/661/" "Mozilla/5.0 AppleWebKit/537.36 (KHTML, like Gecko; compatible; GPTBot/1.3; +https://openai.com/gptbot)" 182 **0/182217**
74.7.227.158 - - [14/Mar/2026:05:26:52 -0700] "GET /it-looks-when-there-are-six-buffalo-symbols-on-to-try-out-job-meanwhile/ HTTP/2.0" 200 16709 "https://indiabettingexchange.in/articles/page/661/" "Mozilla/5.0 AppleWebKit/537.36 (KHTML, like Gecko; compatible; GPTBot/1.3; +https://openai.com/gptbot)" 179 **0/179182**
74.7.227.158 - - [14/Mar/2026:05:26:53 -0700] "GET /une-multitude-de-gaming-avec-gueridone-via-all-pactoles/ HTTP/2.0" 200 15842 "https://indiabettingexchange.in/articles/page/661/" "Mozilla/5.0 AppleWebKit/537.36 (KHTML, like Gecko; compatible; GPTBot/1.3; +https://openai.com/gptbot)" 198 **0/198459**
74.7.227.158 - - [14/Mar/2026:05:26:53 -0700] "GET /as-to-the-reasons-find-the-mobile-phone-gambling-establishment-to-tackle-las-vegas-ports/ HTTP/2.0" 200 16775 "https://indiabettingexchange.in/articles/page/661/" "Mozilla/5.0 AppleWebKit/537.36 (KHTML, like Gecko; compatible; GPTBot/1.3; +https://openai.com/gptbot)" 195 **0/195465**
74.7.227.158 - - [14/Mar/2026:05:26:54 -0700] "GET /sinta-a-abalo-frutada-jogando-fruit-ve-a-deluxe-online/ HTTP/2.0" 200 17122 "https://indiabettingexchange.in/articles/page/658/" "Mozilla/5.0 AppleWebKit/537.36 (KHTML, like Gecko; compatible; GPTBot/1.3; +https://openai.com/gptbot)" 214 **0/214072**
74.7.227.158 - - [14/Mar/2026:05:26:54 -0700] "GET /introduction-your-first-measures-on-universe-out-of-on-line-gambling/ HTTP/2.0" 200 15768 "https://indiabettingexchange.in/articles/page/661/" "Mozilla/5.0 AppleWebKit/537.36 (KHTML, like Gecko; compatible; GPTBot/1.3; +https://openai.com/gptbot)" 231 **0/231710**
185.191.171.18 - - [14/Mar/2026:05:26:54 -0700] "GET /die-spielbank-bad-pyrmont-in-niedersachsen-glucksspielkultur-und-unterhaltung/ HTTP/1.1" 200 15748 "-" "Mozilla/5.0 (compatible; SemrushBot/7~bl; +http://www.semrush.com/bot.html)" 189 **0/189107**
74.7.227.158 - - [14/Mar/2026:05:26:55 -0700] "GET /jeux-populaires-de-casino-comprendre-les-regles/ HTTP/2.0" 200 16596 "https://indiabettingexchange.in/articles/page/661/" "Mozilla/5.0 AppleWebKit/537.36 (KHTML, like Gecko; compatible; GPTBot/1.3; +https://openai.com/gptbot)" 193 **0/193580**
74.7.227.158 - - [14/Mar/2026:05:26:55 -0700] "GET /?p=219625 HTTP/2.0" 301 1 "https://indiabettingexchange.in/so-it-offer-is-only-valid-throughout-your-very-first-put/" "Mozilla/5.0 AppleWebKit/537.36 (KHTML, like Gecko; compatible; GPTBot/1.3; +https://openai.com/gptbot)" 127 **0/127835**
74.7.227.158 - - [14/Mar/2026:05:26:56 -0700] "GET /so-it-offer-is-only-valid-throughout-your-very-first-put/ HTTP/2.0" 200 15661 "https://indiabettingexchange.in/?p=219625" "Mozilla/5.0 AppleWebKit/537.36 (KHTML, like Gecko; compatible; GPTBot/1.3; +https://openai.com/gptbot)" 166 **0/166791**
74.7.227.158 - - [14/Mar/2026:05:26:56 -0700] "GET /?p=219577 HTTP/2.0" 301 1 "https://indiabettingexchange.in/however-sufficient-talk-it-is-time-to-begin-this-new-journey/" "Mozilla/5.0 AppleWebKit/537.36 (KHTML, like Gecko; compatible; GPTBot/1.3; +https://openai.com/gptbot)" 115 **0/115513**
74.7.227.158 - - [14/Mar/2026:05:26:56 -0700] "GET /however-sufficient-talk-it-is-time-to-begin-this-new-journey/ HTTP/2.0" 200 16818 "https://indiabettingexchange.in/?p=219577" "Mozilla/5.0 AppleWebKit/537.36 (KHTML, like Gecko; compatible; GPTBot/1.3; +https://openai.com/gptbot)" 186 **0/186026**
74.7.227.158 - - [14/Mar/2026:05:26:57 -0700] "GET /?p=219788 HTTP/2.0" 301 1 "https://indiabettingexchange.in/selbstv-ertrauen-respons-rch-ub-ung-agile-nd-ged-uld-aufb-auen/" "Mozilla/5.0 AppleWebKit/537.36 (KHTML, like Gecko; compatible; GPTBot/1.3; +https://openai.com/gptbot)" 137 **0/137857**
185.191.171.8 - - [14/Mar/2026:05:26:57 -0700] "GET /mens-room-globe-tournament-path-race-2024-predictions-and-you-will-bicycling-playing-information/ HTTP/1.1" 200 20009 "-" "Mozilla/5.0 (compatible; SemrushBot/7~bl; +http://www.semrush.com/bot.html)" 184 **0/184659**
74.7.227.158 - - [14/Mar/2026:05:26:58 -0700] "GET /?p=219699 HTTP/2.0" 301 1 "https://indiabettingexchange.in/selbige-auslese-aktiv-absturz-game-titles-war-jedoch-uberschaubar-aber-eres-existiert-ohne-wenn-und-aber-angewandten-konjunkturanstieg/" "Mozilla/5.0 AppleWebKit/537.36 (KHTML, like Gecko; compatible; GPTBot/1.3; +https://openai.com/gptbot)" 128 **0/128690**
74.7.227.158 - - [14/Mar/2026:05:26:58 -0700] "GET /?p=219617 HTTP/2.0" 301 1 "https://indiabettingexchange.in/simple-tips-to-enjoy-online-slots-real-cash-during-the-black-lotus-casino/" "Mozilla/5.0 AppleWebKit/537.36 (KHTML, like Gecko; compatible; GPTBot/1.3; +https://openai.com/gptbot)" 150 **0/150176**
113.181.52.55 - - [14/Mar/2026:05:26:59 -0700] "GET /health-campaign/ HTTP/1.1" 200 14722 "-" "Mozilla/5.0 (Linux; Android 5.0.1) AppleWebKit/531.0 (KHTML, like Gecko) Chrome/46.0.855.0 Safari/531.0" 210 **0/210405**
74.7.227.158 - - [14/Mar/2026:05:26:59 -0700] "GET /?p=219559 HTTP/2.0" 301 1 "https://indiabettingexchange.in/it-looks-when-there-are-six-buffalo-symbols-on-to-try-out-job-meanwhile/" "Mozilla/5.0 AppleWebKit/537.36 (KHTML, like Gecko; compatible; GPTBot/1.3; +https://openai.com/gptbot)" 121 **0/121535**
74.7.227.158 - - [14/Mar/2026:05:26:59 -0700] "GET /?p=219579 HTTP/2.0" 301 1 "https://indiabettingexchange.in/une-multitude-de-gaming-avec-gueridone-via-all-pactoles/" "Mozilla/5.0 AppleWebKit/537.36 (KHTML, like Gecko; compatible; GPTBot/1.3; +https://openai.com/gptbot)" 117 **0/117550**
74.7.227.158 - - [14/Mar/2026:05:27:00 -0700] "GET /?p=219629 HTTP/2.0" 301 1 "https://indiabettingexchange.in/as-to-the-reasons-find-the-mobile-phone-gambling-establishment-to-tackle-las-vegas-ports/" "Mozilla/5.0 AppleWebKit/537.36 (KHTML, like Gecko; compatible; GPTBot/1.3; +https://openai.com/gptbot)" 138 **0/138732**
85.208.96.201 - - [14/Mar/2026:05:27:00 -0700] "GET /geschwindigkeit-auszahlungen-in-kreditkarten-dauern-bei-der-regelblutung-langer-haufig-one-4-werktage-dort-banken-dazwischengeschaltet-sind/ HTTP/1.1" 200 17892 "-" "Mozilla/5.0 (compatible; SemrushBot/7~bl; +http://www.semrush.com/bot.html)" 231 **0/231020**
74.7.227.158 - - [14/Mar/2026:05:27:00 -0700] "GET /?p=219900 HTTP/2.0" 301 1 "https://indiabettingexchange.in/sinta-a-abalo-frutada-jogando-fruit-ve-a-deluxe-online/" "Mozilla/5.0 AppleWebKit/537.36 (KHTML, like Gecko; compatible; GPTBot/1.3; +https://openai.com/gptbot)" 134 **0/134617**
74.7.227.158 - - [14/Mar/2026:05:27:01 -0700] "GET /?p=219615 HTTP/2.0" 301 1 "https://indiabettingexchange.in/introduction-your-first-measures-on-universe-out-of-on-line-gambling/" "Mozilla/5.0 AppleWebKit/537.36 (KHTML, like Gecko; compatible; GPTBot/1.3; +https://openai.com/gptbot)" 222 **0/222295**
74.7.227.158 - - [14/Mar/2026:05:27:01 -0700] "GET /?p=219602 HTTP/2.0" 301 1 "https://indiabettingexchange.in/jeux-populaires-de-casino-comprendre-les-regles/" "Mozilla/5.0 AppleWebKit/537.36 (KHTML, like Gecko; compatible; GPTBot/1.3; +https://openai.com/gptbot)" 348 **0/348266**
74.7.227.158 - - [14/Mar/2026:05:27:02 -0700] "GET /a-knowledgeable-added-bonus-pick-ports-considering-real-data/ HTTP/2.0" 200 16567 "https://indiabettingexchange.in/articles/page/660/" "Mozilla/5.0 AppleWebKit/537.36 (KHTML, like Gecko; compatible; GPTBot/1.3; +https://openai.com/gptbot)" 427 **0/427926**
74.7.227.158 - - [14/Mar/2026:05:27:03 -0700] "GET /the-app-have-a-variety-of-slots-for-each-and-every-with-exclusive-templates-and-you-will-game-play-auto-mechanics/ HTTP/2.0" 200 16207 "https://indiabettingexchange.in/articles/page/661/" "Mozilla/5.0 AppleWebKit/537.36 (KHTML, like Gecko; compatible; GPTBot/1.3; +https://openai.com/gptbot)" 291 **0/291738**
74.7.227.158 - - [14/Mar/2026:05:27:04 -0700] "GET /near-the-top-of-other-possess-buffalo-is-actually-a-good-jackpot-position-and-this-absolutely-increases-its-dominance/ HTTP/2.0" 200 15766 "https://indiabettingexchange.in/articles/page/660/" "Mozilla/5.0 AppleWebKit/537.36 (KHTML, like Gecko; compatible; GPTBot/1.3; +https://openai.com/gptbot)" 298 **0/298300**
74.7.227.158 - - [14/Mar/2026:05:27:04 -0700] "GET /testosterone-and-you-will-ong-minimum-of-dangerous-heaps-a-bodybuilder-produces-by-far-the-most-out-of-concerning-negative-effects/ HTTP/2.0" 200 15712 "https://indiabettingexchange.in/articles/page/661/" "Mozilla/5.0 AppleWebKit/537.36 (KHTML, like Gecko; compatible; GPTBot/1.3; +https://openai.com/gptbot)" 228 **0/228359**
74.7.227.158 - - [14/Mar/2026:05:27:05 -0700] "GET /campaigns-offer-a-lot-more-online-slots-games-real-money-no-deposit-incentives-and-you-can-commitment-perks/ HTTP/2.0" 200 15778 "https://indiabettingexchange.in/articles/page/661/" "Mozilla/5.0 AppleWebKit/537.36 (KHTML, like Gecko; compatible; GPTBot/1.3; +https://openai.com/gptbot)" 185 **0/185419**
74.7.227.158 - - [14/Mar/2026:05:27:05 -0700] "GET /das-modernessmartphone-und-tablets-anfertigen-es-gangbar-ungezwungen-von-uberall-hinten-spielen/ HTTP/2.0" 200 16240 "https://indiabettingexchange.in/articles/page/661/" "Mozilla/5.0 AppleWebKit/537.36 (KHTML, like Gecko; compatible; GPTBot/1.3; +https://openai.com/gptbot)" 210 **0/210626**
74.7.227.158 - - [14/Mar/2026:05:27:06 -0700] "GET /miss-kitty-su-comentario-esta-aqui-tragamonedas/ HTTP/2.0" 200 20080 "https://indiabettingexchange.in/articles/page/659/" "Mozilla/5.0 AppleWebKit/537.36 (KHTML, like Gecko; compatible; GPTBot/1.3; +https://openai.com/gptbot)" 203 **0/203056**
74.7.227.158 - - [14/Mar/2026:05:27:06 -0700] "GET /tips-play-buffalo-strength-keep-and-profit-position/ HTTP/2.0" 200 15370 "https://indiabettingexchange.in/articles/page/659/" "Mozilla/5.0 AppleWebKit/537.36 (KHTML, like Gecko; compatible; GPTBot/1.3; +https://openai.com/gptbot)" 189 **0/189254**
185.191.171.14 - - [14/Mar/2026:05:27:07 -0700] "GET /caribbean-poker-gameplay-on-the-web-for-real-money/ HTTP/1.1" 200 18526 "-" "Mozilla/5.0 (compatible; SemrushBot/7~bl; +http://www.semrush.com/bot.html)" 222 **0/222290**
74.7.227.158 - - [14/Mar/2026:05:27:07 -0700] "GET /every-element-purchase-ports-product-reviews-videos-demo-gamble/ HTTP/2.0" 200 15877 "https://indiabettingexchange.in/articles/page/659/" "Mozilla/5.0 AppleWebKit/537.36 (KHTML, like Gecko; compatible; GPTBot/1.3; +https://openai.com/gptbot)" 240 **0/240488**
74.7.227.158 - - [14/Mar/2026:05:27:08 -0700] "GET /introduction-why-you-should-care-about-the-ability-of-gambling-games/ HTTP/2.0" 200 16025 "https://indiabettingexchange.in/articles/page/661/" "Mozilla/5.0 AppleWebKit/537.36 (KHTML, like Gecko; compatible; GPTBot/1.3; +https://openai.com/gptbot)" 241 **0/241838**
74.7.227.158 - - [14/Mar/2026:05:27:08 -0700] "GET /the-goal-is-to-hit-a-keen-orb-for-each-reel/ HTTP/2.0" 200 15562 "https://indiabettingexchange.in/articles/page/661/" "Mozilla/5.0 AppleWebKit/537.36 (KHTML, like Gecko; compatible; GPTBot/1.3; +https://openai.com/gptbot)" 208 **0/208386**
74.7.227.158 - - [14/Mar/2026:05:27:09 -0700] "GET /casino-spiele-exklusive-moglichkeit-auf-gibt-es-iberhaupt-kein-echtes-penunze/ HTTP/2.0" 200 16637 "https://indiabettingexchange.in/articles/page/659/" "Mozilla/5.0 AppleWebKit/537.36 (KHTML, like Gecko; compatible; GPTBot/1.3; +https://openai.com/gptbot)" 218 **0/218056**
74.7.227.158 - - [14/Mar/2026:05:27:09 -0700] "GET /mit-jemandem-rucksprache-halten-die-leser-uber-folgenden-spielern-via-was-auch-immer-is-via-die-spin-zusammenhangt/ HTTP/2.0" 200 16379 "https://indiabettingexchange.in/articles/page/660/" "Mozilla/5.0 AppleWebKit/537.36 (KHTML, like Gecko; compatible; GPTBot/1.3; +https://openai.com/gptbot)" 192 **0/192423**
74.7.227.158 - - [14/Mar/2026:05:27:10 -0700] "GET /beim-oasis-poker-beginnt-ihr-schlichtweg-mit-funf-spielkarten-in-der-pranke/ HTTP/2.0" 200 16142 "https://indiabettingexchange.in/articles/page/660/" "Mozilla/5.0 AppleWebKit/537.36 (KHTML, like Gecko; compatible; GPTBot/1.3; +https://openai.com/gptbot)" 204 **0/204026**
74.7.227.158 - - [14/Mar/2026:05:27:10 -0700] "GET /die-besten-moglich-kasino-via-echtgeld-portalen-im-probe/ HTTP/2.0" 200 16777 "https://indiabettingexchange.in/articles/page/660/" "Mozilla/5.0 AppleWebKit/537.36 (KHTML, like Gecko; compatible; GPTBot/1.3; +https://openai.com/gptbot)" 180 **0/180758**
74.7.227.158 - - [14/Mar/2026:05:27:11 -0700] "GET /dieses-vor-wenigen-momenten-erwahnte-gunst-der-stunde-ist-und-bleibt-ihr-offenes-ratsel-oder-nur-keineswegs-hinten-locker-sehen/ HTTP/2.0" 200 16428 "https://indiabettingexchange.in/articles/page/661/" "Mozilla/5.0 AppleWebKit/537.36 (KHTML, like Gecko; compatible; GPTBot/1.3; +https://openai.com/gptbot)" 174 **0/174539**
74.7.227.158 - - [14/Mar/2026:05:27:11 -0700] "GET /fazit-beste-slots-honorieren-selbige-zocker-within-einen-casinos-unter-zuhilfenahme-von-hohem-rtp/ HTTP/2.0" 200 16297 "https://indiabettingexchange.in/articles/page/660/" "Mozilla/5.0 AppleWebKit/537.36 (KHTML, like Gecko; compatible; GPTBot/1.3; +https://openai.com/gptbot)" 184 **0/184980**
74.7.227.158 - - [14/Mar/2026:05:27:12 -0700] "GET /besprechen-eltern-uber-anderen-spielern-via-was-auch-immer-is-qua-zappelschuppen-farm-zusammenhangt/ HTTP/2.0" 200 16328 "https://indiabettingexchange.in/articles/page/661/" "Mozilla/5.0 AppleWebKit/537.36 (KHTML, like Gecko; compatible; GPTBot/1.3; +https://openai.com/gptbot)" 199 **0/199987**
74.7.227.158 - - [14/Mar/2026:05:27:12 -0700] "GET /die-evolution-der-online-casinos-in-osterreich-strukturen-sicherheit-und-trends/ HTTP/2.0" 200 16806 "https://indiabettingexchange.in/articles/page/660/" "Mozilla/5.0 AppleWebKit/537.36 (KHTML, like Gecko; compatible; GPTBot/1.3; +https://openai.com/gptbot)" 187 **0/187471**
74.7.227.158 - - [14/Mar/2026:05:27:13 -0700] "GET /jogue-panda-by-gameplay-interactive-gratuitamente-em-trejeito-belzebu/ HTTP/2.0" 200 17120 "https://indiabettingexchange.in/articles/page/658/" "Mozilla/5.0 AppleWebKit/537.36 (KHTML, like Gecko; compatible; GPTBot/1.3; +https://openai.com/gptbot)" 200 **0/200058**
74.7.227.158 - - [14/Mar/2026:05:27:14 -0700] "GET /ihr-serioses-ethereum-kasino-besitzt-qua-eine-gultige-erlaubnisschein-etwa-durch-ein-glucksspielbehorde-as-part-of-curacao/ HTTP/2.0" 200 16549 "https://indiabettingexchange.in/articles/page/661/" "Mozilla/5.0 AppleWebKit/537.36 (KHTML, like Gecko; compatible; GPTBot/1.3; +https://openai.com/gptbot)" 197 **0/197919**
143.14.6.246 - - [14/Mar/2026:05:27:14 -0700] "GET /wp-json/oembed/1.0/embed?format=xml&url=https%3A%2F%2Findiabettingexchange.in%2Frisk-high-voltage-megapays-kokeilupeli-pelaa-100-prosenttia-ilmaisia-kolikkopeleja-kasino-suomi-casinos-higher-comissa%2F HTTP/1.1" 200 1712 "-" "Mozilla/5.0 (Macintosh; Intel Mac OS X 10_15_7) AppleWebKit/537.36 (KHTML, like Gecko) Chrome/135.0.0.0 Safari/537.36" 153 **0/153910**
74.7.227.158 - - [14/Mar/2026:05:27:14 -0700] "GET /so-im-stande-sein-die-kunden-bequem-wegen-der-unterschiedliche-kategorien-steuern-ferner-einen-favoriten-ausfindig-machen/ HTTP/2.0" 200 16534 "https://indiabettingexchange.in/articles/page/661/" "Mozilla/5.0 AppleWebKit/537.36 (KHTML, like Gecko; compatible; GPTBot/1.3; +https://openai.com/gptbot)" 208 **0/208936**
74.7.227.158 - - [14/Mar/2026:05:27:15 -0700] "GET /unser-erprobung-unter-anderem-kollation-loath-vorgestellt-dass-die-meisten-plinko-casinos-uber-immens-wichtigen-iphone-app-versionen-aufwarten/ HTTP/2.0" 200 16332 "https://indiabettingexchange.in/articles/page/659/" "Mozilla/5.0 AppleWebKit/537.36 (KHTML, like Gecko; compatible; GPTBot/1.3; +https://openai.com/gptbot)" 208 **0/208552**
74.7.227.158 - - [14/Mar/2026:05:27:15 -0700] "GET /leben-risiken-within-casinos-blank-eintragung-z-hd-deutsche-glucksspieler/ HTTP/2.0" 200 16534 "https://indiabettingexchange.in/articles/page/660/" "Mozilla/5.0 AppleWebKit/537.36 (KHTML, like Gecko; compatible; GPTBot/1.3; +https://openai.com/gptbot)" 217 **0/217288**
74.7.227.158 - - [14/Mar/2026:05:27:16 -0700] "GET /benachbart-einen-vorteilen-sind-zweite-geige-diverse-titel-so-genannt-diese-gentleman-fruher-austesten-vermag/ HTTP/2.0" 200 16944 "https://indiabettingexchange.in/articles/page/661/" "Mozilla/5.0 AppleWebKit/537.36 (KHTML, like Gecko; compatible; GPTBot/1.3; +https://openai.com/gptbot)" 171 **0/171553**
74.7.227.158 - - [14/Mar/2026:05:27:16 -0700] "GET /beliebte-are-living-spielcasino-spiele-qua-echten-croupiers-oder-dealern/ HTTP/2.0" 200 16265 "https://indiabettingexchange.in/articles/page/661/" "Mozilla/5.0 AppleWebKit/537.36 (KHTML, like Gecko; compatible; GPTBot/1.3; +https://openai.com/gptbot)" 183 **0/183693**
74.7.227.158 - - [14/Mar/2026:05:27:17 -0700] "GET /ihr-willkommensbonus-existiert-wieder-und-wieder-nicht-mehr-da-angeschlossenem-haben-unter-anderem-freispielen-selbige-besonders-fur-jedes-besondere-spieler-realisiert-wurden/ HTTP/2.0" 200 16325 "https://indiabettingexchange.in/articles/page/659/" "Mozilla/5.0 AppleWebKit/537.36 (KHTML, like Gecko; compatible; GPTBot/1.3; +https://openai.com/gptbot)" 262 **0/262687**
74.7.227.158 - - [14/Mar/2026:05:27:17 -0700] "GET /slots-uber-kinder-einsatzen-zum-besten-geben-%ef%bf%bd-rechnet-einander-unser-gar/ HTTP/2.0" 200 16062 "https://indiabettingexchange.in/articles/page/660/" "Mozilla/5.0 AppleWebKit/537.36 (KHTML, like Gecko; compatible; GPTBot/1.3; +https://openai.com/gptbot)" 205 **0/205381**
74.7.227.158 - - [14/Mar/2026:05:27:18 -0700] "GET /freispiele-kostenlose-spins-pro-beliebte-slots-wie-gleichfalls-starburst-journal-of-fallen-und-gonzos-objective/ HTTP/2.0" 200 17064 "https://indiabettingexchange.in/articles/page/660/" "Mozilla/5.0 AppleWebKit/537.36 (KHTML, like Gecko; compatible; GPTBot/1.3; +https://openai.com/gptbot)" 197 **0/197736**
74.7.227.158 - - [14/Mar/2026:05:27:18 -0700] "GET /analuse-tes-epidrases-ton-diadiktuakon-tukheron-paikhnidion-sten-ellenike-agora-eukairies-prokleseis/ HTTP/2.0" 200 17122 "https://indiabettingexchange.in/articles/page/659/" "Mozilla/5.0 AppleWebKit/537.36 (KHTML, like Gecko; compatible; GPTBot/1.3; +https://openai.com/gptbot)" 195 **0/195906**
74.7.227.158 - - [14/Mar/2026:05:27:19 -0700] "GET /extreme-hot-gems-slot-demo-esparcimiento-informacion-especial-tragamonedas-gratuito/ HTTP/2.0" 200 20346 "https://indiabettingexchange.in/articles/page/658/" "Mozilla/5.0 AppleWebKit/537.36 (KHTML, like Gecko; compatible; GPTBot/1.3; +https://openai.com/gptbot)" 199 **0/199279**
74.7.227.158 - - [14/Mar/2026:05:27:19 -0700] "GET /nachfolgende-kriterien-z-hd-einen-verbunden-casino-unter-anderem-spielotheken-prufung/ HTTP/2.0" 200 16398 "https://indiabettingexchange.in/articles/page/661/" "Mozilla/5.0 AppleWebKit/537.36 (KHTML, like Gecko; compatible; GPTBot/1.3; +https://openai.com/gptbot)" 201 **0/201589**
74.7.227.158 - - [14/Mar/2026:05:27:20 -0700] "GET /welches-chapeau-umherwandern-uber-ein-neuen-legislatur-within-altes-testament-verandert/ HTTP/2.0" 200 16175 "https://indiabettingexchange.in/articles/page/661/" "Mozilla/5.0 AppleWebKit/537.36 (KHTML, like Gecko; compatible; GPTBot/1.3; +https://openai.com/gptbot)" 216 **0/216461**
37.59.204.153 - - [14/Mar/2026:05:27:20 -0700] "GET /for-my-personal-mom-in-legislation-80th-birthday-celebration-weekend-into-the-july-sixteen-the-latest-mrs/ HTTP/2.0" 200 17064 "-" "Mozilla/5.0 (compatible; AhrefsBot/7.0; +http://ahrefs.com/robot/)" 195 **0/195887**
74.7.227.158 - - [14/Mar/2026:05:27:21 -0700] "GET /schmeien-diese-diesseitigen-ausblick-nach-unsrige-besten-angebote-bei-weiteren-casinos/ HTTP/2.0" 200 16378 "https://indiabettingexchange.in/articles/page/661/" "Mozilla/5.0 AppleWebKit/537.36 (KHTML, like Gecko; compatible; GPTBot/1.3; +https://openai.com/gptbot)" 219 **0/219211**
74.7.227.158 - - [14/Mar/2026:05:27:21 -0700] "GET /diese-sicherste-kryptowahrung-ihr-globus-war-nun-zur-bevorzugten-devisen-z-hd-spielbank-websiten/ HTTP/2.0" 200 16365 "https://indiabettingexchange.in/articles/page/659/" "Mozilla/5.0 AppleWebKit/537.36 (KHTML, like Gecko; compatible; GPTBot/1.3; +https://openai.com/gptbot)" 218 **0/218455**
74.7.227.158 - - [14/Mar/2026:05:27:22 -0700] "GET /nachfolgende-spielbank-hochste-gewinnchance-dies-gilt-sera-nach-anmerken/ HTTP/2.0" 200 16099 "https://indiabettingexchange.in/articles/page/661/" "Mozilla/5.0 AppleWebKit/537.36 (KHTML, like Gecko; compatible; GPTBot/1.3; +https://openai.com/gptbot)" 186 **0/186954**
74.7.227.158 - - [14/Mar/2026:05:27:22 -0700] "GET /exploring-insights-interviews-with-casino-industry/ HTTP/2.0" 200 16305 "https://indiabettingexchange.in/articles/page/659/" "Mozilla/5.0 AppleWebKit/537.36 (KHTML, like Gecko; compatible; GPTBot/1.3; +https://openai.com/gptbot)" 184 **0/184390**
74.7.227.158 - - [14/Mar/2026:05:27:23 -0700] "GET /ihr-modernessmartphone-oder-capsules-schaffen-parece-nicht-ausgeschlossen-hemdsarmelig-von-uber-und-uber-nach-vortragen/ HTTP/2.0" 200 16271 "https://indiabettingexchange.in/articles/page/661/" "Mozilla/5.0 AppleWebKit/537.36 (KHTML, like Gecko; compatible; GPTBot/1.3; +https://openai.com/gptbot)" 180 **0/180156**
74.7.227.158 - - [14/Mar/2026:05:27:23 -0700] "GET /unter-einem-europaischen-glucksspielmarkt-sieht-dasjenige-ganze-ein-kleines-bisschen-links-leer/ HTTP/2.0" 200 16316 "https://indiabettingexchange.in/articles/page/660/" "Mozilla/5.0 AppleWebKit/537.36 (KHTML, like Gecko; compatible; GPTBot/1.3; +https://openai.com/gptbot)" 188 **0/188078**
74.7.227.158 - - [14/Mar/2026:05:27:24 -0700] "GET /online-casinos-bieten-gaming-supporters-die-bunte-und-gar-unendliche-vielheit-unterschiedlicher-matches/ HTTP/2.0" 200 16766 "https://indiabettingexchange.in/articles/page/659/" "Mozilla/5.0 AppleWebKit/537.36 (KHTML, like Gecko; compatible; GPTBot/1.3; +https://openai.com/gptbot)" 212 **0/212686**
74.7.227.158 - - [14/Mar/2026:05:27:24 -0700] "GET /documento-gratuita-abrasado-reel-king-slot-apreciacao-pressuroso-aparelhamento-aquele-bonus/ HTTP/2.0" 200 17136 "https://indiabettingexchange.in/articles/page/658/" "Mozilla/5.0 AppleWebKit/537.36 (KHTML, like Gecko; compatible; GPTBot/1.3; +https://openai.com/gptbot)" 173 **0/173986**
74.7.227.158 - - [14/Mar/2026:05:27:25 -0700] "GET /online-casinos-prasentation-momentan-etliche-verschiedener-spiele-aktiv/ HTTP/2.0" 200 16263 "https://indiabettingexchange.in/articles/page/660/" "Mozilla/5.0 AppleWebKit/537.36 (KHTML, like Gecko; compatible; GPTBot/1.3; +https://openai.com/gptbot)" 201 **0/201140**
74.7.227.158 - - [14/Mar/2026:05:27:25 -0700] "GET /decoding-the-digital-dice-understanding-transparent-payout-policies-in-online-casinos/ HTTP/2.0" 200 16634 "https://indiabettingexchange.in/articles/page/661/" "Mozilla/5.0 AppleWebKit/537.36 (KHTML, like Gecko; compatible; GPTBot/1.3; +https://openai.com/gptbot)" 184 **0/184832**
74.7.227.158 - - [14/Mar/2026:05:27:26 -0700] "GET /ermi%ef%bf%bdglichen-sich-folgende-liste-ein-besten-modelle-bzgl-automatenspiele/ HTTP/2.0" 200 17086 "https://indiabettingexchange.in/articles/page/661/" "Mozilla/5.0 AppleWebKit/537.36 (KHTML, like Gecko; compatible; GPTBot/1.3; +https://openai.com/gptbot)" 200 **0/200998**
74.7.227.158 - - [14/Mar/2026:05:27:26 -0700] "GET /on-experienced-gambler-for-the-ireland-the-fresh-adventure-of-your-gambling-establishment-was-a-common-satisfaction/ HTTP/2.0" 200 16032 "https://indiabettingexchange.in/articles/page/660/" "Mozilla/5.0 AppleWebKit/537.36 (KHTML, like Gecko; compatible; GPTBot/1.3; +https://openai.com/gptbot)" 220 **0/220038**
74.7.227.158 - - [14/Mar/2026:05:27:27 -0700] "GET /hinsichtlich-ist-und-bleibt-unser-gewissheit-der-bezahlung-atomar-ethereum-angeschlossen-kasino-gewahrleistet/ HTTP/2.0" 200 16368 "https://indiabettingexchange.in/articles/page/660/" "Mozilla/5.0 AppleWebKit/537.36 (KHTML, like Gecko; compatible; GPTBot/1.3; +https://openai.com/gptbot)" 199 **0/199928**
185.191.171.16 - - [14/Mar/2026:05:27:27 -0700] "GET /better-one-deposit-gambling-enterprises-assessment-gamble-far-more-for-less/ HTTP/1.1" 200 17174 "-" "Mozilla/5.0 (compatible; SemrushBot/7~bl; +http://www.semrush.com/bot.html)" 204 **0/204170**
74.7.227.158 - - [14/Mar/2026:05:27:27 -0700] "GET /anliegend-einen-vorteilen-sind-nebensachlich-einige-bezeichnung-geheien-nachfolgende-male-einmal-probieren-kann/ HTTP/2.0" 200 16976 "https://indiabettingexchange.in/articles/page/661/" "Mozilla/5.0 AppleWebKit/537.36 (KHTML, like Gecko; compatible; GPTBot/1.3; +https://openai.com/gptbot)" 226 **0/226911**
