216.26.226.125 - - [14/Mar/2026:05:19:02 -0700] "GET /wp-admin/ HTTP/2.0" 200 22924 "https://indiabettingexchange.in/wp-login.php?wp_lang=en_US" "Mozilla/5.0 (Windows NT 10.0; Win64; x64) AppleWebKit/537.36 (KHTML, like Gecko) Chrome/124.0.6367.207 Safari/537.36" 380 **0/380054**
74.7.227.158 - - [14/Mar/2026:05:19:02 -0700] "GET /rocketplay-gambling-establishment-has-the-benefit-of-a-diverse-array-of-online-game-fascinating-tournaments-and-you-can-special-promotions/ HTTP/2.0" 200 16114 "https://indiabettingexchange.in/?p=220828" "Mozilla/5.0 AppleWebKit/537.36 (KHTML, like Gecko; compatible; GPTBot/1.3; +https://openai.com/gptbot)" 298 **0/298412**
74.7.227.158 - - [14/Mar/2026:05:19:03 -0700] "GET /?p=221023 HTTP/2.0" 301 1 "https://indiabettingexchange.in/particular-biggest-rocketplay-gambling-enterprise-cellular-adaptation-incentives-are-a-welcome-package-per-week-merchandise-and-you-can-promotions/" "Mozilla/5.0 AppleWebKit/537.36 (KHTML, like Gecko; compatible; GPTBot/1.3; +https://openai.com/gptbot)" 155 **0/155901**
185.191.171.12 - - [14/Mar/2026:05:19:03 -0700] "GET /kryteria-wybor-w-zasadzie-najbardziej-kasyn-online-na-automaty-z-prawdziwe-pieniadze/ HTTP/1.1" 200 17744 "-" "Mozilla/5.0 (compatible; SemrushBot/7~bl; +http://www.semrush.com/bot.html)" 279 **0/279372**
74.7.227.158 - - [14/Mar/2026:05:19:03 -0700] "GET /particular-biggest-rocketplay-gambling-enterprise-cellular-adaptation-incentives-are-a-welcome-package-per-week-merchandise-and-you-can-promotions/ HTTP/2.0" 200 15676 "https://indiabettingexchange.in/?p=221023" "Mozilla/5.0 AppleWebKit/537.36 (KHTML, like Gecko; compatible; GPTBot/1.3; +https://openai.com/gptbot)" 203 **0/203304**
118.139.180.95 - - [14/Mar/2026:05:19:03 -0700] "HEAD /wp-content/uploads/font-awesome/v6.2.0/css/svg-with-js.css HTTP/1.1" 200 - "-" "WordPress/6.9.4; https://indiabettingexchange.in" 9 **0/9855**
216.26.226.125 - - [14/Mar/2026:05:19:03 -0700] "GET /wp-admin/plugins.php HTTP/2.0" 403 854 "-" "Mozilla/5.0 (Windows NT 10.0; Win64; x64) AppleWebKit/537.36 (KHTML, like Gecko) Chrome/124.0.6367.207 Safari/537.36" 194 **0/194748**
74.7.227.158 - - [14/Mar/2026:05:19:03 -0700] "GET /?p=220860 HTTP/2.0" 301 1 "https://indiabettingexchange.in/people-is-also-sign-up-for-the-brand-new-gambling-enterprise-on-line-otherwise-due-to-a-mobile-tool/" "Mozilla/5.0 AppleWebKit/537.36 (KHTML, like Gecko; compatible; GPTBot/1.3; +https://openai.com/gptbot)" 146 **0/146784**
118.139.180.95 - - [14/Mar/2026:05:19:04 -0700] "HEAD /wp-content/uploads/font-awesome/v6.2.0/css/svg-with-js.css HTTP/1.1" 200 - "-" "WordPress/6.9.4; https://indiabettingexchange.in" 9 **0/9492**
216.26.226.125 - - [14/Mar/2026:05:19:04 -0700] "GET /wp-admin/plugins.php HTTP/2.0" 403 854 "-" "Mozilla/5.0 (Windows NT 10.0; Win64; x64) AppleWebKit/537.36 (KHTML, like Gecko) Chrome/124.0.6367.207 Safari/537.36" 175 **0/175512**
74.7.227.158 - - [14/Mar/2026:05:19:04 -0700] "GET /people-is-also-sign-up-for-the-brand-new-gambling-enterprise-on-line-otherwise-due-to-a-mobile-tool/ HTTP/2.0" 200 16197 "https://indiabettingexchange.in/?p=220860" "Mozilla/5.0 AppleWebKit/537.36 (KHTML, like Gecko; compatible; GPTBot/1.3; +https://openai.com/gptbot)" 190 **0/190738**
118.139.180.95 - - [14/Mar/2026:05:19:04 -0700] "HEAD /wp-content/uploads/font-awesome/v6.2.0/css/svg-with-js.css HTTP/1.1" 200 - "-" "WordPress/6.9.4; https://indiabettingexchange.in" 9 **0/9949**
216.26.226.125 - - [14/Mar/2026:05:19:04 -0700] "GET /wp-admin/plugins.php HTTP/2.0" 403 854 "-" "Mozilla/5.0 (Windows NT 10.0; Win64; x64) AppleWebKit/537.36 (KHTML, like Gecko) Chrome/124.0.6367.207 Safari/537.36" 157 **0/157189**
74.7.227.158 - - [14/Mar/2026:05:19:04 -0700] "GET /?p=221001 HTTP/2.0" 301 1 "https://indiabettingexchange.in/being-aware-of-including-facts-is-the-reason-why-an-excellent-on-the-internet-gambling-feel-higher/" "Mozilla/5.0 AppleWebKit/537.36 (KHTML, like Gecko; compatible; GPTBot/1.3; +https://openai.com/gptbot)" 117 **0/117319**
118.139.180.95 - - [14/Mar/2026:05:19:05 -0700] "HEAD /wp-content/uploads/font-awesome/v6.2.0/css/svg-with-js.css HTTP/1.1" 200 - "-" "WordPress/6.9.4; https://indiabettingexchange.in" 9 **0/9889**
74.7.227.158 - - [14/Mar/2026:05:19:05 -0700] "GET /being-aware-of-including-facts-is-the-reason-why-an-excellent-on-the-internet-gambling-feel-higher/ HTTP/2.0" 200 15991 "https://indiabettingexchange.in/?p=221001" "Mozilla/5.0 AppleWebKit/537.36 (KHTML, like Gecko; compatible; GPTBot/1.3; +https://openai.com/gptbot)" 174 **0/174830**
216.26.226.125 - - [14/Mar/2026:05:19:05 -0700] "GET /wp-admin/plugins.php HTTP/2.0" 403 854 "-" "Mozilla/5.0 (Windows NT 10.0; Win64; x64) AppleWebKit/537.36 (KHTML, like Gecko) Chrome/124.0.6367.207 Safari/537.36" 171 **0/171834**
74.7.227.158 - - [14/Mar/2026:05:19:05 -0700] "GET /?p=220876 HTTP/2.0" 301 1 "https://indiabettingexchange.in/it-is-a-strategic-move-from-yabby-casino-so-youre-able-to-connection-the-fresh-pit-between-usage-of-and-you-will-options/" "Mozilla/5.0 AppleWebKit/537.36 (KHTML, like Gecko; compatible; GPTBot/1.3; +https://openai.com/gptbot)" 124 **0/124279**
118.139.180.95 - - [14/Mar/2026:05:19:05 -0700] "HEAD /wp-content/uploads/font-awesome/v6.2.0/css/svg-with-js.css HTTP/1.1" 200 - "-" "WordPress/6.9.4; https://indiabettingexchange.in" 9 **0/9384**
216.26.226.125 - - [14/Mar/2026:05:19:05 -0700] "GET /wp-admin/plugins.php HTTP/2.0" 403 854 "-" "Mozilla/5.0 (Windows NT 10.0; Win64; x64) AppleWebKit/537.36 (KHTML, like Gecko) Chrome/124.0.6367.207 Safari/537.36" 152 **0/152243**
74.7.227.158 - - [14/Mar/2026:05:19:05 -0700] "GET /it-is-a-strategic-move-from-yabby-casino-so-youre-able-to-connection-the-fresh-pit-between-usage-of-and-you-will-options/ HTTP/2.0" 200 16076 "https://indiabettingexchange.in/?p=220876" "Mozilla/5.0 AppleWebKit/537.36 (KHTML, like Gecko; compatible; GPTBot/1.3; +https://openai.com/gptbot)" 180 **0/180933**
118.139.180.95 - - [14/Mar/2026:05:19:06 -0700] "HEAD /wp-content/uploads/font-awesome/v6.2.0/css/svg-with-js.css HTTP/1.1" 200 - "-" "WordPress/6.9.4; https://indiabettingexchange.in" 7 **0/7215**
216.26.226.125 - - [14/Mar/2026:05:19:06 -0700] "GET /wp-admin/plugins.php HTTP/2.0" 403 854 "-" "Mozilla/5.0 (Windows NT 10.0; Win64; x64) AppleWebKit/537.36 (KHTML, like Gecko) Chrome/124.0.6367.207 Safari/537.36" 169 **0/169374**
185.191.171.11 - - [14/Mar/2026:05:19:06 -0700] "GET /geografische-kauflichkeit-an-irgendeinem-ort-die-leser-musizieren-vermogen-wolfy-kasino/ HTTP/1.1" 200 17997 "-" "Mozilla/5.0 (compatible; SemrushBot/7~bl; +http://www.semrush.com/bot.html)" 188 **0/188582**
74.7.227.158 - - [14/Mar/2026:05:19:06 -0700] "GET /?p=220995 HTTP/2.0" 301 1 "https://indiabettingexchange.in/after-all-this-will-be-significant-as-you-should-not-end-up-being-bored-stiff-whenever-to-try-out-on-line/" "Mozilla/5.0 AppleWebKit/537.36 (KHTML, like Gecko; compatible; GPTBot/1.3; +https://openai.com/gptbot)" 112 **0/112760**
118.139.180.95 - - [14/Mar/2026:05:19:06 -0700] "HEAD /wp-content/uploads/font-awesome/v6.2.0/css/svg-with-js.css HTTP/1.1" 200 - "-" "WordPress/6.9.4; https://indiabettingexchange.in" 9 **0/9903**
216.26.226.125 - - [14/Mar/2026:05:19:06 -0700] "GET /wp-admin/plugins.php HTTP/2.0" 403 854 "-" "Mozilla/5.0 (Windows NT 10.0; Win64; x64) AppleWebKit/537.36 (KHTML, like Gecko) Chrome/124.0.6367.207 Safari/537.36" 147 **0/147646**
74.7.227.158 - - [14/Mar/2026:05:19:06 -0700] "GET /after-all-this-will-be-significant-as-you-should-not-end-up-being-bored-stiff-whenever-to-try-out-on-line/ HTTP/2.0" 200 15621 "https://indiabettingexchange.in/?p=220995" "Mozilla/5.0 AppleWebKit/537.36 (KHTML, like Gecko; compatible; GPTBot/1.3; +https://openai.com/gptbot)" 168 **0/168917**
118.139.180.95 - - [14/Mar/2026:05:19:07 -0700] "HEAD /wp-content/uploads/font-awesome/v6.2.0/css/svg-with-js.css HTTP/1.1" 200 - "-" "WordPress/6.9.4; https://indiabettingexchange.in" 8 **0/8425**
216.26.226.125 - - [14/Mar/2026:05:19:07 -0700] "GET /wp-admin/plugins.php HTTP/2.0" 403 854 "-" "Mozilla/5.0 (Windows NT 10.0; Win64; x64) AppleWebKit/537.36 (KHTML, like Gecko) Chrome/124.0.6367.207 Safari/537.36" 157 **0/157897**
74.7.227.158 - - [14/Mar/2026:05:19:07 -0700] "GET /?p=221045 HTTP/2.0" 301 1 "https://indiabettingexchange.in/playing-rocket-enjoy-all-it-takes-to-begin-with/" "Mozilla/5.0 AppleWebKit/537.36 (KHTML, like Gecko; compatible; GPTBot/1.3; +https://openai.com/gptbot)" 121 **0/121964**
74.7.227.158 - - [14/Mar/2026:05:19:07 -0700] "GET /playing-rocket-enjoy-all-it-takes-to-begin-with/ HTTP/2.0" 200 16549 "https://indiabettingexchange.in/?p=221045" "Mozilla/5.0 AppleWebKit/537.36 (KHTML, like Gecko; compatible; GPTBot/1.3; +https://openai.com/gptbot)" 162 **0/162041**
118.139.180.95 - - [14/Mar/2026:05:19:07 -0700] "HEAD /wp-content/uploads/font-awesome/v6.2.0/css/svg-with-js.css HTTP/1.1" 200 - "-" "WordPress/6.9.4; https://indiabettingexchange.in" 8 **0/8218**
216.26.226.125 - - [14/Mar/2026:05:19:07 -0700] "GET /wp-admin/plugins.php HTTP/2.0" 403 854 "-" "Mozilla/5.0 (Windows NT 10.0; Win64; x64) AppleWebKit/537.36 (KHTML, like Gecko) Chrome/124.0.6367.207 Safari/537.36" 151 **0/151701**
74.7.227.158 - - [14/Mar/2026:05:19:08 -0700] "GET /?p=221107 HTTP/2.0" 301 1 "https://indiabettingexchange.in/how-to-allege-rocketplay-no-deposit-extra-in-australia/" "Mozilla/5.0 AppleWebKit/537.36 (KHTML, like Gecko; compatible; GPTBot/1.3; +https://openai.com/gptbot)" 119 **0/119472**
118.139.180.95 - - [14/Mar/2026:05:19:08 -0700] "HEAD /wp-content/uploads/font-awesome/v6.2.0/css/svg-with-js.css HTTP/1.1" 200 - "-" "WordPress/6.9.4; https://indiabettingexchange.in" 7 **0/7026**
216.26.226.125 - - [14/Mar/2026:05:19:08 -0700] "GET /wp-admin/plugins.php HTTP/2.0" 403 854 "-" "Mozilla/5.0 (Windows NT 10.0; Win64; x64) AppleWebKit/537.36 (KHTML, like Gecko) Chrome/124.0.6367.207 Safari/537.36" 152 **0/152370**
74.7.227.158 - - [14/Mar/2026:05:19:08 -0700] "GET /how-to-allege-rocketplay-no-deposit-extra-in-australia/ HTTP/2.0" 200 15613 "https://indiabettingexchange.in/?p=221107" "Mozilla/5.0 AppleWebKit/537.36 (KHTML, like Gecko; compatible; GPTBot/1.3; +https://openai.com/gptbot)" 160 **0/160952**
118.139.180.95 - - [14/Mar/2026:05:19:08 -0700] "HEAD /wp-content/uploads/font-awesome/v6.2.0/css/svg-with-js.css HTTP/1.1" 200 - "-" "WordPress/6.9.4; https://indiabettingexchange.in" 9 **0/9213**
216.26.226.125 - - [14/Mar/2026:05:19:08 -0700] "GET /wp-admin/plugins.php HTTP/2.0" 403 854 "-" "Mozilla/5.0 (Windows NT 10.0; Win64; x64) AppleWebKit/537.36 (KHTML, like Gecko) Chrome/124.0.6367.207 Safari/537.36" 178 **0/178344**
74.7.227.158 - - [14/Mar/2026:05:19:08 -0700] "GET /?p=220946 HTTP/2.0" 301 1 "https://indiabettingexchange.in/must-i-only-deposit-one-in-the-ruby-chance-local-casino/" "Mozilla/5.0 AppleWebKit/537.36 (KHTML, like Gecko; compatible; GPTBot/1.3; +https://openai.com/gptbot)" 135 **0/135397**
74.7.227.158 - - [14/Mar/2026:05:19:09 -0700] "GET /must-i-only-deposit-one-in-the-ruby-chance-local-casino/ HTTP/2.0" 200 15503 "https://indiabettingexchange.in/?p=220946" "Mozilla/5.0 AppleWebKit/537.36 (KHTML, like Gecko; compatible; GPTBot/1.3; +https://openai.com/gptbot)" 204 **0/204799**
118.139.180.95 - - [14/Mar/2026:05:19:09 -0700] "HEAD /wp-content/uploads/font-awesome/v6.2.0/css/svg-with-js.css HTTP/1.1" 200 - "-" "WordPress/6.9.4; https://indiabettingexchange.in" 8 **0/8340**
216.26.226.125 - - [14/Mar/2026:05:19:09 -0700] "GET /wp-admin/themes.php HTTP/2.0" 403 854 "-" "Mozilla/5.0 (Windows NT 10.0; Win64; x64) AppleWebKit/537.36 (KHTML, like Gecko) Chrome/124.0.6367.207 Safari/537.36" 193 **0/193379**
74.7.227.158 - - [14/Mar/2026:05:19:09 -0700] "GET /?p=221097 HTTP/2.0" 301 1 "https://indiabettingexchange.in/this-is-why-the-variety-of-games-is-limited-as-compared-to-web-sites-offered-by-fifty-labels/" "Mozilla/5.0 AppleWebKit/537.36 (KHTML, like Gecko; compatible; GPTBot/1.3; +https://openai.com/gptbot)" 126 **0/126735**
118.139.180.95 - - [14/Mar/2026:05:19:09 -0700] "HEAD /wp-content/uploads/font-awesome/v6.2.0/css/svg-with-js.css HTTP/1.1" 200 - "-" "WordPress/6.9.4; https://indiabettingexchange.in" 6 **0/6833**
216.26.226.125 - - [14/Mar/2026:05:19:09 -0700] "GET /wp-admin/themes.php HTTP/2.0" 403 854 "-" "Mozilla/5.0 (Windows NT 10.0; Win64; x64) AppleWebKit/537.36 (KHTML, like Gecko) Chrome/124.0.6367.207 Safari/537.36" 153 **0/153020**
74.7.227.158 - - [14/Mar/2026:05:19:10 -0700] "GET /this-is-why-the-variety-of-games-is-limited-as-compared-to-web-sites-offered-by-fifty-labels/ HTTP/2.0" 200 15789 "https://indiabettingexchange.in/?p=221097" "Mozilla/5.0 AppleWebKit/537.36 (KHTML, like Gecko; compatible; GPTBot/1.3; +https://openai.com/gptbot)" 170 **0/170925**
74.7.227.158 - - [14/Mar/2026:05:19:10 -0700] "GET /?p=220972 HTTP/2.0" 301 1 "https://indiabettingexchange.in/you-may-be-banged-out-without-the-cautions-as-well-as-have-their-currency-stuck-in-there/" "Mozilla/5.0 AppleWebKit/537.36 (KHTML, like Gecko; compatible; GPTBot/1.3; +https://openai.com/gptbot)" 117 **0/117764**
118.139.180.95 - - [14/Mar/2026:05:19:10 -0700] "HEAD /wp-content/uploads/font-awesome/v6.2.0/css/svg-with-js.css HTTP/1.1" 200 - "-" "WordPress/6.9.4; https://indiabettingexchange.in" 7 **0/7259**
216.26.226.125 - - [14/Mar/2026:05:19:10 -0700] "GET /wp-admin/themes.php HTTP/2.0" 403 854 "-" "Mozilla/5.0 (Windows NT 10.0; Win64; x64) AppleWebKit/537.36 (KHTML, like Gecko) Chrome/124.0.6367.207 Safari/537.36" 158 **0/158984**
74.7.227.158 - - [14/Mar/2026:05:19:10 -0700] "GET /you-may-be-banged-out-without-the-cautions-as-well-as-have-their-currency-stuck-in-there/ HTTP/2.0" 200 15699 "https://indiabettingexchange.in/?p=220972" "Mozilla/5.0 AppleWebKit/537.36 (KHTML, like Gecko; compatible; GPTBot/1.3; +https://openai.com/gptbot)" 176 **0/176871**
118.139.180.95 - - [14/Mar/2026:05:19:11 -0700] "HEAD /wp-content/uploads/font-awesome/v6.2.0/css/svg-with-js.css HTTP/1.1" 200 - "-" "WordPress/6.9.4; https://indiabettingexchange.in" 10 **0/10843**
216.26.226.125 - - [14/Mar/2026:05:19:11 -0700] "GET /wp-admin/themes.php HTTP/2.0" 403 854 "-" "Mozilla/5.0 (Windows NT 10.0; Win64; x64) AppleWebKit/537.36 (KHTML, like Gecko) Chrome/124.0.6367.207 Safari/537.36" 190 **0/190857**
74.7.227.158 - - [14/Mar/2026:05:19:11 -0700] "GET /because-of-so-many-gaming-internet-in-the-canada-particular-reviews-are-bound-to-be-produced/ HTTP/2.0" 200 15918 "https://indiabettingexchange.in/articles/page/646/" "Mozilla/5.0 AppleWebKit/537.36 (KHTML, like Gecko; compatible; GPTBot/1.3; +https://openai.com/gptbot)" 243 **0/243526**
118.139.180.95 - - [14/Mar/2026:05:19:11 -0700] "HEAD /wp-content/uploads/font-awesome/v6.2.0/css/svg-with-js.css HTTP/1.1" 200 - "-" "WordPress/6.9.4; https://indiabettingexchange.in" 8 **0/8051**
216.26.226.125 - - [14/Mar/2026:05:19:11 -0700] "GET /wp-admin/themes.php HTTP/2.0" 403 854 "-" "Mozilla/5.0 (Windows NT 10.0; Win64; x64) AppleWebKit/537.36 (KHTML, like Gecko) Chrome/124.0.6367.207 Safari/537.36" 202 **0/202868**
74.7.227.158 - - [14/Mar/2026:05:19:11 -0700] "GET /this-can-be-among-the-many-earliest-casino-poker-clubs-for-the-toronto-that-youll-discover/ HTTP/2.0" 200 16754 "https://indiabettingexchange.in/articles/page/647/" "Mozilla/5.0 AppleWebKit/537.36 (KHTML, like Gecko; compatible; GPTBot/1.3; +https://openai.com/gptbot)" 210 **0/210605**
118.139.180.95 - - [14/Mar/2026:05:19:12 -0700] "HEAD /wp-content/uploads/font-awesome/v6.2.0/css/svg-with-js.css HTTP/1.1" 200 - "-" "WordPress/6.9.4; https://indiabettingexchange.in" 9 **0/9043**
216.26.226.125 - - [14/Mar/2026:05:19:12 -0700] "GET /wp-admin/themes.php HTTP/2.0" 403 854 "-" "Mozilla/5.0 (Windows NT 10.0; Win64; x64) AppleWebKit/537.36 (KHTML, like Gecko) Chrome/124.0.6367.207 Safari/537.36" 213 **0/213141**
74.7.227.158 - - [14/Mar/2026:05:19:12 -0700] "GET /we-are-invested-in-taking-a-reasonable-and-you-may-fun-betting-sense-for-all-the-people/ HTTP/2.0" 200 15749 "https://indiabettingexchange.in/articles/page/648/" "Mozilla/5.0 AppleWebKit/537.36 (KHTML, like Gecko; compatible; GPTBot/1.3; +https://openai.com/gptbot)" 232 **0/232405**
118.139.180.95 - - [14/Mar/2026:05:19:12 -0700] "HEAD /wp-content/uploads/font-awesome/v6.2.0/css/svg-with-js.css HTTP/1.1" 200 - "-" "WordPress/6.9.4; https://indiabettingexchange.in" 8 **0/8478**
216.26.226.125 - - [14/Mar/2026:05:19:12 -0700] "GET /wp-admin/themes.php HTTP/2.0" 403 854 "-" "Mozilla/5.0 (Windows NT 10.0; Win64; x64) AppleWebKit/537.36 (KHTML, like Gecko) Chrome/124.0.6367.207 Safari/537.36" 171 **0/171335**
74.7.227.158 - - [14/Mar/2026:05:19:12 -0700] "GET /here-is-what-you-can-expect-in-the-necessary-casinos-we-mention-towards-our-very-own-web-site/ HTTP/2.0" 200 15757 "https://indiabettingexchange.in/articles/page/647/" "Mozilla/5.0 AppleWebKit/537.36 (KHTML, like Gecko; compatible; GPTBot/1.3; +https://openai.com/gptbot)" 211 **0/211567**
118.139.180.95 - - [14/Mar/2026:05:19:13 -0700] "HEAD /wp-content/uploads/font-awesome/v6.2.0/css/svg-with-js.css HTTP/1.1" 200 - "-" "WordPress/6.9.4; https://indiabettingexchange.in" 9 **0/9847**
216.26.226.125 - - [14/Mar/2026:05:19:13 -0700] "GET /wp-admin/themes.php HTTP/2.0" 403 854 "-" "Mozilla/5.0 (Windows NT 10.0; Win64; x64) AppleWebKit/537.36 (KHTML, like Gecko) Chrome/124.0.6367.207 Safari/537.36" 147 **0/147441**
74.7.227.158 - - [14/Mar/2026:05:19:13 -0700] "GET /do-you-really-winnings-real-money-into-the-pokies-making-use-of-your-android-os-unit/ HTTP/2.0" 200 16908 "https://indiabettingexchange.in/articles/page/647/" "Mozilla/5.0 AppleWebKit/537.36 (KHTML, like Gecko; compatible; GPTBot/1.3; +https://openai.com/gptbot)" 209 **0/209707**
118.139.180.95 - - [14/Mar/2026:05:19:14 -0700] "HEAD /wp-content/uploads/font-awesome/v6.2.0/css/svg-with-js.css HTTP/1.1" 200 - "-" "WordPress/6.9.4; https://indiabettingexchange.in" 11 **0/11666**
216.26.226.125 - - [14/Mar/2026:05:19:13 -0700] "GET /wp-admin/themes.php HTTP/2.0" 403 854 "-" "Mozilla/5.0 (Windows NT 10.0; Win64; x64) AppleWebKit/537.36 (KHTML, like Gecko) Chrome/124.0.6367.207 Safari/537.36" 184 **0/184440**
74.7.227.158 - - [14/Mar/2026:05:19:14 -0700] "GET /and-when-you-adore-each-other-roulette-and-you-may-craps-below-are-a-few-sic-bo/ HTTP/2.0" 200 15535 "https://indiabettingexchange.in/articles/page/649/" "Mozilla/5.0 AppleWebKit/537.36 (KHTML, like Gecko; compatible; GPTBot/1.3; +https://openai.com/gptbot)" 223 **0/223241**
118.139.180.95 - - [14/Mar/2026:05:19:14 -0700] "HEAD /wp-content/uploads/font-awesome/v6.2.0/css/svg-with-js.css HTTP/1.1" 200 - "-" "WordPress/6.9.4; https://indiabettingexchange.in" 8 **0/8427**
216.26.226.125 - - [14/Mar/2026:05:19:14 -0700] "GET /wp-admin/themes.php HTTP/2.0" 403 854 "-" "Mozilla/5.0 (Windows NT 10.0; Win64; x64) AppleWebKit/537.36 (KHTML, like Gecko) Chrome/124.0.6367.207 Safari/537.36" 177 **0/177079**
74.7.227.158 - - [14/Mar/2026:05:19:14 -0700] "GET /insane-age-of-discovery-slot-free-spins-orient/ HTTP/2.0" 200 19940 "https://indiabettingexchange.in/articles/page/647/" "Mozilla/5.0 AppleWebKit/537.36 (KHTML, like Gecko; compatible; GPTBot/1.3; +https://openai.com/gptbot)" 200 **0/200815**
118.139.180.95 - - [14/Mar/2026:05:19:15 -0700] "HEAD /wp-content/uploads/font-awesome/v6.2.0/css/svg-with-js.css HTTP/1.1" 200 - "-" "WordPress/6.9.4; https://indiabettingexchange.in" 7 **0/7197**
216.26.226.125 - - [14/Mar/2026:05:19:15 -0700] "GET /wp-admin/plugins.php HTTP/2.0" 403 854 "-" "Mozilla/5.0 (Windows NT 10.0; Win64; x64) AppleWebKit/537.36 (KHTML, like Gecko) Chrome/124.0.6367.207 Safari/537.36" 154 **0/154831**
74.7.227.158 - - [14/Mar/2026:05:19:15 -0700] "GET /ruby-luck-is-actually-an-online-gambling-enterprise-you-to-definitely-launched-in-the-ontario-inside-the/ HTTP/2.0" 200 15779 "https://indiabettingexchange.in/articles/page/647/" "Mozilla/5.0 AppleWebKit/537.36 (KHTML, like Gecko; compatible; GPTBot/1.3; +https://openai.com/gptbot)" 207 **0/207094**
118.139.180.95 - - [14/Mar/2026:05:19:15 -0700] "HEAD /wp-content/uploads/font-awesome/v6.2.0/css/svg-with-js.css HTTP/1.1" 200 - "-" "WordPress/6.9.4; https://indiabettingexchange.in" 8 **0/8750**
216.26.226.125 - - [14/Mar/2026:05:19:15 -0700] "GET /wp-admin/plugins.php HTTP/2.0" 403 854 "-" "Mozilla/5.0 (Windows NT 10.0; Win64; x64) AppleWebKit/537.36 (KHTML, like Gecko) Chrome/124.0.6367.207 Safari/537.36" 149 **0/149369**
74.7.227.158 - - [14/Mar/2026:05:19:15 -0700] "GET /the-fresh-new-gambling-enterprise-was-better-regarded-as-because-of-its-equity-and-you-will-dependable-surgery/ HTTP/2.0" 200 15980 "https://indiabettingexchange.in/articles/page/647/" "Mozilla/5.0 AppleWebKit/537.36 (KHTML, like Gecko; compatible; GPTBot/1.3; +https://openai.com/gptbot)" 216 **0/216251**
118.139.180.95 - - [14/Mar/2026:05:19:16 -0700] "HEAD /wp-content/uploads/font-awesome/v6.2.0/css/svg-with-js.css HTTP/1.1" 200 - "-" "WordPress/6.9.4; https://indiabettingexchange.in" 7 **0/7522**
216.26.226.125 - - [14/Mar/2026:05:19:16 -0700] "GET /wp-admin/plugins.php HTTP/2.0" 403 854 "-" "Mozilla/5.0 (Windows NT 10.0; Win64; x64) AppleWebKit/537.36 (KHTML, like Gecko) Chrome/124.0.6367.207 Safari/537.36" 154 **0/154179**
74.7.227.158 - - [14/Mar/2026:05:19:16 -0700] "GET /rocketplay-gambling-establishment-is-sold-with-a-thorough-games-alternatives-made-to-focus-on-a-varied-set-of-members/ HTTP/2.0" 200 16018 "https://indiabettingexchange.in/articles/page/649/" "Mozilla/5.0 AppleWebKit/537.36 (KHTML, like Gecko; compatible; GPTBot/1.3; +https://openai.com/gptbot)" 187 **0/187338**
118.139.180.95 - - [14/Mar/2026:05:19:16 -0700] "HEAD /wp-content/uploads/font-awesome/v6.2.0/css/svg-with-js.css HTTP/1.1" 200 - "-" "WordPress/6.9.4; https://indiabettingexchange.in" 9 **0/9437**
216.26.226.125 - - [14/Mar/2026:05:19:16 -0700] "GET /wp-admin/plugins.php HTTP/2.0" 403 854 "-" "Mozilla/5.0 (Windows NT 10.0; Win64; x64) AppleWebKit/537.36 (KHTML, like Gecko) Chrome/124.0.6367.207 Safari/537.36" 168 **0/168218**
74.7.227.158 - - [14/Mar/2026:05:19:16 -0700] "GET /remember-even-if-one-no-deposit-also-provides-can-come-having-slightly-large-conditions-than-simply-common/ HTTP/2.0" 200 15593 "https://indiabettingexchange.in/articles/page/647/" "Mozilla/5.0 AppleWebKit/537.36 (KHTML, like Gecko; compatible; GPTBot/1.3; +https://openai.com/gptbot)" 178 **0/178287**
118.139.180.95 - - [14/Mar/2026:05:19:17 -0700] "HEAD /wp-content/uploads/font-awesome/v6.2.0/css/svg-with-js.css HTTP/1.1" 200 - "-" "WordPress/6.9.4; https://indiabettingexchange.in" 8 **0/8585**
216.26.226.125 - - [14/Mar/2026:05:19:17 -0700] "GET /wp-admin/plugins.php HTTP/2.0" 403 854 "-" "Mozilla/5.0 (Windows NT 10.0; Win64; x64) AppleWebKit/537.36 (KHTML, like Gecko) Chrome/124.0.6367.207 Safari/537.36" 183 **0/183575**
74.7.227.158 - - [14/Mar/2026:05:19:17 -0700] "GET /?p=221095 HTTP/2.0" 301 1 "https://indiabettingexchange.in/because-of-so-many-gaming-internet-in-the-canada-particular-reviews-are-bound-to-be-produced/" "Mozilla/5.0 AppleWebKit/537.36 (KHTML, like Gecko; compatible; GPTBot/1.3; +https://openai.com/gptbot)" 121 **0/121624**
74.7.227.158 - - [14/Mar/2026:05:19:17 -0700] "GET /because-of-so-many-gaming-internet-in-the-canada-particular-reviews-are-bound-to-be-produced/ HTTP/2.0" 200 15919 "https://indiabettingexchange.in/?p=221095" "Mozilla/5.0 AppleWebKit/537.36 (KHTML, like Gecko; compatible; GPTBot/1.3; +https://openai.com/gptbot)" 199 **0/199892**
118.139.180.95 - - [14/Mar/2026:05:19:17 -0700] "HEAD /wp-content/uploads/font-awesome/v6.2.0/css/svg-with-js.css HTTP/1.1" 200 - "-" "WordPress/6.9.4; https://indiabettingexchange.in" 9 **0/9082**
216.26.226.125 - - [14/Mar/2026:05:19:17 -0700] "GET /wp-admin/plugins.php HTTP/2.0" 403 854 "-" "Mozilla/5.0 (Windows NT 10.0; Win64; x64) AppleWebKit/537.36 (KHTML, like Gecko) Chrome/124.0.6367.207 Safari/537.36" 163 **0/163650**
74.7.227.158 - - [14/Mar/2026:05:19:18 -0700] "GET /?p=220934 HTTP/2.0" 301 1 "https://indiabettingexchange.in/this-can-be-among-the-many-earliest-casino-poker-clubs-for-the-toronto-that-youll-discover/" "Mozilla/5.0 AppleWebKit/537.36 (KHTML, like Gecko; compatible; GPTBot/1.3; +https://openai.com/gptbot)" 112 **0/112256**
118.139.180.95 - - [14/Mar/2026:05:19:18 -0700] "HEAD /wp-content/uploads/font-awesome/v6.2.0/css/svg-with-js.css HTTP/1.1" 200 - "-" "WordPress/6.9.4; https://indiabettingexchange.in" 9 **0/9520**
216.26.226.125 - - [14/Mar/2026:05:19:18 -0700] "GET /wp-admin/plugins.php HTTP/2.0" 403 854 "-" "Mozilla/5.0 (Windows NT 10.0; Win64; x64) AppleWebKit/537.36 (KHTML, like Gecko) Chrome/124.0.6367.207 Safari/537.36" 173 **0/173690**
74.7.227.158 - - [14/Mar/2026:05:19:18 -0700] "GET /this-can-be-among-the-many-earliest-casino-poker-clubs-for-the-toronto-that-youll-discover/ HTTP/2.0" 200 16752 "https://indiabettingexchange.in/?p=220934" "Mozilla/5.0 AppleWebKit/537.36 (KHTML, like Gecko; compatible; GPTBot/1.3; +https://openai.com/gptbot)" 180 **0/180314**
74.7.227.158 - - [14/Mar/2026:05:19:18 -0700] "GET /?p=220910 HTTP/2.0" 301 1 "https://indiabettingexchange.in/we-are-invested-in-taking-a-reasonable-and-you-may-fun-betting-sense-for-all-the-people/" "Mozilla/5.0 AppleWebKit/537.36 (KHTML, like Gecko; compatible; GPTBot/1.3; +https://openai.com/gptbot)" 125 **0/125167**
118.139.180.95 - - [14/Mar/2026:05:19:19 -0700] "HEAD /wp-content/uploads/font-awesome/v6.2.0/css/svg-with-js.css HTTP/1.1" 200 - "-" "WordPress/6.9.4; https://indiabettingexchange.in" 6 **0/6325**
216.26.226.125 - - [14/Mar/2026:05:19:18 -0700] "GET /wp-admin/plugins.php HTTP/2.0" 403 854 "-" "Mozilla/5.0 (Windows NT 10.0; Win64; x64) AppleWebKit/537.36 (KHTML, like Gecko) Chrome/124.0.6367.207 Safari/537.36" 161 **0/161081**
74.7.227.158 - - [14/Mar/2026:05:19:19 -0700] "GET /we-are-invested-in-taking-a-reasonable-and-you-may-fun-betting-sense-for-all-the-people/ HTTP/2.0" 200 15747 "https://indiabettingexchange.in/?p=220910" "Mozilla/5.0 AppleWebKit/537.36 (KHTML, like Gecko; compatible; GPTBot/1.3; +https://openai.com/gptbot)" 213 **0/213670**
118.139.180.95 - - [14/Mar/2026:05:19:19 -0700] "HEAD /wp-content/uploads/font-awesome/v6.2.0/css/svg-with-js.css HTTP/1.1" 200 - "-" "WordPress/6.9.4; https://indiabettingexchange.in" 8 **0/8450**
216.26.226.125 - - [14/Mar/2026:05:19:19 -0700] "GET /wp-admin/plugins.php HTTP/2.0" 403 854 "-" "Mozilla/5.0 (Windows NT 10.0; Win64; x64) AppleWebKit/537.36 (KHTML, like Gecko) Chrome/124.0.6367.207 Safari/537.36" 159 **0/159974**
74.7.227.158 - - [14/Mar/2026:05:19:19 -0700] "GET /?p=220950 HTTP/2.0" 301 1 "https://indiabettingexchange.in/here-is-what-you-can-expect-in-the-necessary-casinos-we-mention-towards-our-very-own-web-site/" "Mozilla/5.0 AppleWebKit/537.36 (KHTML, like Gecko; compatible; GPTBot/1.3; +https://openai.com/gptbot)" 123 **0/123105**
118.139.180.95 - - [14/Mar/2026:05:19:20 -0700] "HEAD /wp-content/uploads/font-awesome/v6.2.0/css/svg-with-js.css HTTP/1.1" 200 - "-" "WordPress/6.9.4; https://indiabettingexchange.in" 10 **0/10582**
216.26.226.125 - - [14/Mar/2026:05:19:19 -0700] "GET /wp-admin/plugins.php HTTP/2.0" 403 854 "-" "Mozilla/5.0 (Windows NT 10.0; Win64; x64) AppleWebKit/537.36 (KHTML, like Gecko) Chrome/124.0.6367.207 Safari/537.36" 158 **0/158592**
94.23.188.209 - - [14/Mar/2026:05:19:19 -0700] "GET /expertenmeinung-dahinter-de-erreichbar-casinos-nov-betprimeiro-bonus-promocode-2025/ HTTP/2.0" 200 16622 "-" "Mozilla/5.0 (compatible; AhrefsBot/7.0; +http://ahrefs.com/robot/)" 211 **0/211509**
74.7.227.158 - - [14/Mar/2026:05:19:20 -0700] "GET /here-is-what-you-can-expect-in-the-necessary-casinos-we-mention-towards-our-very-own-web-site/ HTTP/2.0" 200 15758 "https://indiabettingexchange.in/?p=220950" "Mozilla/5.0 AppleWebKit/537.36 (KHTML, like Gecko; compatible; GPTBot/1.3; +https://openai.com/gptbot)" 207 **0/207172**
74.7.227.158 - - [14/Mar/2026:05:19:20 -0700] "GET /?p=220948 HTTP/2.0" 301 1 "https://indiabettingexchange.in/do-you-really-winnings-real-money-into-the-pokies-making-use-of-your-android-os-unit/" "Mozilla/5.0 AppleWebKit/537.36 (KHTML, like Gecko; compatible; GPTBot/1.3; +https://openai.com/gptbot)" 136 **0/136537**
74.7.227.158 - - [14/Mar/2026:05:19:20 -0700] "GET /do-you-really-winnings-real-money-into-the-pokies-making-use-of-your-android-os-unit/ HTTP/2.0" 200 16908 "https://indiabettingexchange.in/?p=220948" "Mozilla/5.0 AppleWebKit/537.36 (KHTML, like Gecko; compatible; GPTBot/1.3; +https://openai.com/gptbot)" 149 **0/149971**
74.7.227.158 - - [14/Mar/2026:05:19:21 -0700] "GET /?p=220802 HTTP/2.0" 301 1 "https://indiabettingexchange.in/and-when-you-adore-each-other-roulette-and-you-may-craps-below-are-a-few-sic-bo/" "Mozilla/5.0 AppleWebKit/537.36 (KHTML, like Gecko; compatible; GPTBot/1.3; +https://openai.com/gptbot)" 124 **0/124401**
45.3.34.144 - - [14/Mar/2026:05:19:21 -0700] "GET /wp-login.php HTTP/2.0" 200 2058 "-" "Mozilla/5.0 (Windows NT 10.0; Win64; x64) AppleWebKit/537.36 (KHTML, like Gecko) Chrome/124.0.6367.207 Safari/537.36" 123 **0/123394**
74.7.227.158 - - [14/Mar/2026:05:19:21 -0700] "GET /and-when-you-adore-each-other-roulette-and-you-may-craps-below-are-a-few-sic-bo/ HTTP/2.0" 200 15536 "https://indiabettingexchange.in/?p=220802" "Mozilla/5.0 AppleWebKit/537.36 (KHTML, like Gecko; compatible; GPTBot/1.3; +https://openai.com/gptbot)" 180 **0/180605**
74.7.227.158 - - [14/Mar/2026:05:19:22 -0700] "GET /?p=221005 HTTP/2.0" 301 1 "https://indiabettingexchange.in/insane-age-of-discovery-slot-free-spins-orient/" "Mozilla/5.0 AppleWebKit/537.36 (KHTML, like Gecko; compatible; GPTBot/1.3; +https://openai.com/gptbot)" 126 **0/126424**
74.7.227.158 - - [14/Mar/2026:05:19:22 -0700] "GET /insane-age-of-discovery-slot-free-spins-orient/ HTTP/2.0" 200 19940 "https://indiabettingexchange.in/?p=221005" "Mozilla/5.0 AppleWebKit/537.36 (KHTML, like Gecko; compatible; GPTBot/1.3; +https://openai.com/gptbot)" 157 **0/157499**
143.14.6.58 - - [14/Mar/2026:05:19:22 -0700] "GET /these-online-slots-games-give-you-the-better-i24slot-bonus-code-2024-and-you-may-greatest-multipliers-you-can-find/feed/ HTTP/1.1" 200 515 "-" "Mozilla/5.0 (Macintosh; Intel Mac OS X 10_15_7) AppleWebKit/537.36 (KHTML, like Gecko) Chrome/135.0.0.0 Safari/537.36" 131 **0/131375**
45.3.34.144 - - [14/Mar/2026:05:19:22 -0700] "GET /wp-login.php?wp_lang=en_US HTTP/2.0" 200 2062 "-" "Mozilla/5.0 (Windows NT 10.0; Win64; x64) AppleWebKit/537.36 (KHTML, like Gecko) Chrome/124.0.6367.207 Safari/537.36" 119 **0/119311**
74.7.227.158 - - [14/Mar/2026:05:19:22 -0700] "GET /?p=220958 HTTP/2.0" 301 1 "https://indiabettingexchange.in/ruby-luck-is-actually-an-online-gambling-enterprise-you-to-definitely-launched-in-the-ontario-inside-the/" "Mozilla/5.0 AppleWebKit/537.36 (KHTML, like Gecko; compatible; GPTBot/1.3; +https://openai.com/gptbot)" 121 **0/121385**
74.7.227.158 - - [14/Mar/2026:05:19:23 -0700] "GET /ruby-luck-is-actually-an-online-gambling-enterprise-you-to-definitely-launched-in-the-ontario-inside-the/ HTTP/2.0" 200 15778 "https://indiabettingexchange.in/?p=220958" "Mozilla/5.0 AppleWebKit/537.36 (KHTML, like Gecko; compatible; GPTBot/1.3; +https://openai.com/gptbot)" 172 **0/172046**
45.3.34.144 - - [14/Mar/2026:05:19:23 -0700] "POST /wp-login.php?wp_lang=en_US HTTP/2.0" 302 1 "https://indiabettingexchange.in/wp-login.php?wp_lang=en_US" "Mozilla/5.0 (Windows NT 10.0; Win64; x64) AppleWebKit/537.36 (KHTML, like Gecko) Chrome/124.0.6367.207 Safari/537.36" 225 **0/225342**
74.7.227.158 - - [14/Mar/2026:05:19:23 -0700] "GET /?p=221003 HTTP/2.0" 301 1 "https://indiabettingexchange.in/the-fresh-new-gambling-enterprise-was-better-regarded-as-because-of-its-equity-and-you-will-dependable-surgery/" "Mozilla/5.0 AppleWebKit/537.36 (KHTML, like Gecko; compatible; GPTBot/1.3; +https://openai.com/gptbot)" 105 **0/105080**
118.139.180.95 - - [14/Mar/2026:05:19:24 -0700] "HEAD /wp-content/uploads/font-awesome/v6.2.0/css/svg-with-js.css HTTP/1.1" 200 - "-" "WordPress/6.9.4; https://indiabettingexchange.in" 8 **0/8943**
45.3.34.144 - - [14/Mar/2026:05:19:23 -0700] "GET /wp-admin/ HTTP/2.0" 200 22920 "https://indiabettingexchange.in/wp-login.php?wp_lang=en_US" "Mozilla/5.0 (Windows NT 10.0; Win64; x64) AppleWebKit/537.36 (KHTML, like Gecko) Chrome/124.0.6367.207 Safari/537.36" 235 **0/235863**
74.7.227.158 - - [14/Mar/2026:05:19:24 -0700] "GET /the-fresh-new-gambling-enterprise-was-better-regarded-as-because-of-its-equity-and-you-will-dependable-surgery/ HTTP/2.0" 200 15980 "https://indiabettingexchange.in/?p=221003" "Mozilla/5.0 AppleWebKit/537.36 (KHTML, like Gecko; compatible; GPTBot/1.3; +https://openai.com/gptbot)" 188 **0/188962**
74.7.227.158 - - [14/Mar/2026:05:19:24 -0700] "GET /?p=220758 HTTP/2.0" 301 1 "https://indiabettingexchange.in/rocketplay-gambling-establishment-is-sold-with-a-thorough-games-alternatives-made-to-focus-on-a-varied-set-of-members/" "Mozilla/5.0 AppleWebKit/537.36 (KHTML, like Gecko; compatible; GPTBot/1.3; +https://openai.com/gptbot)" 109 **0/109011**
118.139.180.95 - - [14/Mar/2026:05:19:25 -0700] "HEAD /wp-content/uploads/font-awesome/v6.2.0/css/svg-with-js.css HTTP/1.1" 200 - "-" "WordPress/6.9.4; https://indiabettingexchange.in" 7 **0/7689**
74.7.227.158 - - [14/Mar/2026:05:19:24 -0700] "GET /rocketplay-gambling-establishment-is-sold-with-a-thorough-games-alternatives-made-to-focus-on-a-varied-set-of-members/ HTTP/2.0" 200 16016 "https://indiabettingexchange.in/?p=220758" "Mozilla/5.0 AppleWebKit/537.36 (KHTML, like Gecko; compatible; GPTBot/1.3; +https://openai.com/gptbot)" 167 **0/167008**
45.3.34.144 - - [14/Mar/2026:05:19:24 -0700] "GET /wp-admin/plugins.php HTTP/2.0" 403 854 "-" "Mozilla/5.0 (Windows NT 10.0; Win64; x64) AppleWebKit/537.36 (KHTML, like Gecko) Chrome/124.0.6367.207 Safari/537.36" 150 **0/150034**
74.7.227.158 - - [14/Mar/2026:05:19:25 -0700] "GET /?p=220922 HTTP/2.0" 301 1 "https://indiabettingexchange.in/remember-even-if-one-no-deposit-also-provides-can-come-having-slightly-large-conditions-than-simply-common/" "Mozilla/5.0 AppleWebKit/537.36 (KHTML, like Gecko; compatible; GPTBot/1.3; +https://openai.com/gptbot)" 124 **0/124727**
118.139.180.95 - - [14/Mar/2026:05:19:25 -0700] "HEAD /wp-content/uploads/font-awesome/v6.2.0/css/svg-with-js.css HTTP/1.1" 200 - "-" "WordPress/6.9.4; https://indiabettingexchange.in" 6 **0/6889**
45.3.34.144 - - [14/Mar/2026:05:19:25 -0700] "GET /wp-admin/plugins.php HTTP/2.0" 403 854 "-" "Mozilla/5.0 (Windows NT 10.0; Win64; x64) AppleWebKit/537.36 (KHTML, like Gecko) Chrome/124.0.6367.207 Safari/537.36" 150 **0/150470**
74.7.227.158 - - [14/Mar/2026:05:19:25 -0700] "GET /remember-even-if-one-no-deposit-also-provides-can-come-having-slightly-large-conditions-than-simply-common/ HTTP/2.0" 200 15594 "https://indiabettingexchange.in/?p=220922" "Mozilla/5.0 AppleWebKit/537.36 (KHTML, like Gecko; compatible; GPTBot/1.3; +https://openai.com/gptbot)" 163 **0/163083**
118.139.180.95 - - [14/Mar/2026:05:19:26 -0700] "HEAD /wp-content/uploads/font-awesome/v6.2.0/css/svg-with-js.css HTTP/1.1" 200 - "-" "WordPress/6.9.4; https://indiabettingexchange.in" 8 **0/8902**
45.3.34.144 - - [14/Mar/2026:05:19:26 -0700] "GET /wp-admin/plugins.php HTTP/2.0" 403 854 "-" "Mozilla/5.0 (Windows NT 10.0; Win64; x64) AppleWebKit/537.36 (KHTML, like Gecko) Chrome/124.0.6367.207 Safari/537.36" 186 **0/186664**
74.7.227.158 - - [14/Mar/2026:05:19:26 -0700] "GET /a-life-threatening-urban-area-our-pros-consider-whenever-looking-at-web-based-casinos-try-incentives/ HTTP/2.0" 200 15721 "https://indiabettingexchange.in/articles/page/648/" "Mozilla/5.0 AppleWebKit/537.36 (KHTML, like Gecko; compatible; GPTBot/1.3; +https://openai.com/gptbot)" 234 **0/234889**
118.139.180.95 - - [14/Mar/2026:05:19:26 -0700] "HEAD /wp-content/uploads/font-awesome/v6.2.0/css/svg-with-js.css HTTP/1.1" 200 - "-" "WordPress/6.9.4; https://indiabettingexchange.in" 8 **0/8051**
74.7.227.158 - - [14/Mar/2026:05:19:26 -0700] "GET /members-can-take-advantage-of-several-incentives-when-to-play-at-on-line-gambling-enterprises/ HTTP/2.0" 200 15611 "https://indiabettingexchange.in/articles/page/646/" "Mozilla/5.0 AppleWebKit/537.36 (KHTML, like Gecko; compatible; GPTBot/1.3; +https://openai.com/gptbot)" 217 **0/217944**
45.3.34.144 - - [14/Mar/2026:05:19:26 -0700] "GET /wp-admin/plugins.php HTTP/2.0" 403 854 "-" "Mozilla/5.0 (Windows NT 10.0; Win64; x64) AppleWebKit/537.36 (KHTML, like Gecko) Chrome/124.0.6367.207 Safari/537.36" 191 **0/191259**
118.139.180.95 - - [14/Mar/2026:05:19:27 -0700] "HEAD /wp-content/uploads/font-awesome/v6.2.0/css/svg-with-js.css HTTP/1.1" 200 - "-" "WordPress/6.9.4; https://indiabettingexchange.in" 8 **0/8268**
45.3.34.144 - - [14/Mar/2026:05:19:27 -0700] "GET /wp-admin/plugins.php HTTP/2.0" 403 854 "-" "Mozilla/5.0 (Windows NT 10.0; Win64; x64) AppleWebKit/537.36 (KHTML, like Gecko) Chrome/124.0.6367.207 Safari/537.36" 153 **0/153056**
74.7.227.158 - - [14/Mar/2026:05:19:27 -0700] "GET /whatsoever-this-is-very-important-because-you-should-not-feel-bored-whenever-playing-on-line/ HTTP/2.0" 200 15624 "https://indiabettingexchange.in/articles/page/648/" "Mozilla/5.0 AppleWebKit/537.36 (KHTML, like Gecko; compatible; GPTBot/1.3; +https://openai.com/gptbot)" 192 **0/192272**
118.139.180.95 - - [14/Mar/2026:05:19:27 -0700] "HEAD /wp-content/uploads/font-awesome/v6.2.0/css/svg-with-js.css HTTP/1.1" 200 - "-" "WordPress/6.9.4; https://indiabettingexchange.in" 8 **0/8122**
45.3.34.144 - - [14/Mar/2026:05:19:27 -0700] "GET /wp-admin/plugins.php HTTP/2.0" 403 854 "-" "Mozilla/5.0 (Windows NT 10.0; Win64; x64) AppleWebKit/537.36 (KHTML, like Gecko) Chrome/124.0.6367.207 Safari/537.36" 173 **0/173856**
74.7.227.158 - - [14/Mar/2026:05:19:27 -0700] "GET /the-newest-backyard-night-markets-site-is-progressed-into-an-excellent-twenty-three/ HTTP/2.0" 200 16880 "https://indiabettingexchange.in/articles/page/646/" "Mozilla/5.0 AppleWebKit/537.36 (KHTML, like Gecko; compatible; GPTBot/1.3; +https://openai.com/gptbot)" 176 **0/176705**
118.139.180.95 - - [14/Mar/2026:05:19:28 -0700] "HEAD /wp-content/uploads/font-awesome/v6.2.0/css/svg-with-js.css HTTP/1.1" 200 - "-" "WordPress/6.9.4; https://indiabettingexchange.in" 6 **0/6909**
74.7.227.158 - - [14/Mar/2026:05:19:28 -0700] "GET /do-you-want-to-raise-your-gambling-feel-and-you-will-rating-enjoyable-perks-during-the-jackpot-urban-area-casino/ HTTP/2.0" 200 15793 "https://indiabettingexchange.in/articles/page/647/" "Mozilla/5.0 AppleWebKit/537.36 (KHTML, like Gecko; compatible; GPTBot/1.3; +https://openai.com/gptbot)" 191 **0/191555**
45.3.34.144 - - [14/Mar/2026:05:19:28 -0700] "GET /wp-admin/plugins.php HTTP/2.0" 403 854 "-" "Mozilla/5.0 (Windows NT 10.0; Win64; x64) AppleWebKit/537.36 (KHTML, like Gecko) Chrome/124.0.6367.207 Safari/537.36" 157 **0/157490**
118.139.180.95 - - [14/Mar/2026:05:19:28 -0700] "HEAD /wp-content/uploads/font-awesome/v6.2.0/css/svg-with-js.css HTTP/1.1" 200 - "-" "WordPress/6.9.4; https://indiabettingexchange.in" 9 **0/9643**
45.3.34.144 - - [14/Mar/2026:05:19:28 -0700] "GET /wp-admin/plugins.php HTTP/2.0" 403 854 "-" "Mozilla/5.0 (Windows NT 10.0; Win64; x64) AppleWebKit/537.36 (KHTML, like Gecko) Chrome/124.0.6367.207 Safari/537.36" 154 **0/154072**
74.7.227.158 - - [14/Mar/2026:05:19:28 -0700] "GET /examined-of-the-claire-told-you-past-updated-why-trust-the-recommendations/ HTTP/2.0" 200 15997 "https://indiabettingexchange.in/articles/page/646/" "Mozilla/5.0 AppleWebKit/537.36 (KHTML, like Gecko; compatible; GPTBot/1.3; +https://openai.com/gptbot)" 182 **0/182313**
118.139.180.95 - - [14/Mar/2026:05:19:29 -0700] "HEAD /wp-content/uploads/font-awesome/v6.2.0/css/svg-with-js.css HTTP/1.1" 200 - "-" "WordPress/6.9.4; https://indiabettingexchange.in" 8 **0/8687**
45.3.34.144 - - [14/Mar/2026:05:19:29 -0700] "GET /wp-admin/plugins.php HTTP/2.0" 403 854 "-" "Mozilla/5.0 (Windows NT 10.0; Win64; x64) AppleWebKit/537.36 (KHTML, like Gecko) Chrome/124.0.6367.207 Safari/537.36" 181 **0/181678**
74.7.227.158 - - [14/Mar/2026:05:19:29 -0700] "GET /ideas-on-how-to-rocketplay-gambling-establishment-install-in-your-smart-phone/ HTTP/2.0" 200 15538 "https://indiabettingexchange.in/articles/page/647/" "Mozilla/5.0 AppleWebKit/537.36 (KHTML, like Gecko; compatible; GPTBot/1.3; +https://openai.com/gptbot)" 216 **0/216443**
118.139.180.95 - - [14/Mar/2026:05:19:30 -0700] "HEAD /wp-content/uploads/font-awesome/v6.2.0/css/svg-with-js.css HTTP/1.1" 200 - "-" "WordPress/6.9.4; https://indiabettingexchange.in" 10 **0/10113**
74.7.227.158 - - [14/Mar/2026:05:19:29 -0700] "GET /we-have-a-whole-people-intent-on-investigations-and-you-may-evaluating-on-the-internet-casinos/ HTTP/2.0" 200 15969 "https://indiabettingexchange.in/articles/page/646/" "Mozilla/5.0 AppleWebKit/537.36 (KHTML, like Gecko; compatible; GPTBot/1.3; +https://openai.com/gptbot)" 198 **0/198712**
45.3.34.144 - - [14/Mar/2026:05:19:29 -0700] "GET /wp-admin/plugins.php HTTP/2.0" 403 854 "-" "Mozilla/5.0 (Windows NT 10.0; Win64; x64) AppleWebKit/537.36 (KHTML, like Gecko) Chrome/124.0.6367.207 Safari/537.36" 175 **0/175351**
118.139.180.95 - - [14/Mar/2026:05:19:30 -0700] "HEAD /wp-content/uploads/font-awesome/v6.2.0/css/svg-with-js.css HTTP/1.1" 200 - "-" "WordPress/6.9.4; https://indiabettingexchange.in" 7 **0/7632**
45.3.34.144 - - [14/Mar/2026:05:19:30 -0700] "GET /wp-admin/plugins.php HTTP/2.0" 403 854 "-" "Mozilla/5.0 (Windows NT 10.0; Win64; x64) AppleWebKit/537.36 (KHTML, like Gecko) Chrome/124.0.6367.207 Safari/537.36" 171 **0/171688**
74.7.227.158 - - [14/Mar/2026:05:19:30 -0700] "GET /the-fun-and-daring-rocket-gamble-gambling-establishment-desk-online-game-could-keep-you-coming-back-for-much-more/ HTTP/2.0" 200 16940 "https://indiabettingexchange.in/articles/page/647/" "Mozilla/5.0 AppleWebKit/537.36 (KHTML, like Gecko; compatible; GPTBot/1.3; +https://openai.com/gptbot)" 221 **0/221044**
118.139.180.95 - - [14/Mar/2026:05:19:31 -0700] "HEAD /wp-content/uploads/font-awesome/v6.2.0/css/svg-with-js.css HTTP/1.1" 200 - "-" "WordPress/6.9.4; https://indiabettingexchange.in" 7 **0/7983**
45.3.34.144 - - [14/Mar/2026:05:19:30 -0700] "GET /wp-admin/themes.php HTTP/2.0" 403 854 "-" "Mozilla/5.0 (Windows NT 10.0; Win64; x64) AppleWebKit/537.36 (KHTML, like Gecko) Chrome/124.0.6367.207 Safari/537.36" 185 **0/185348**
74.7.227.158 - - [14/Mar/2026:05:19:30 -0700] "GET /can-be-gambling-enterprises-ban-bettors-having-not-following-the-foibles/ HTTP/2.0" 200 15708 "https://indiabettingexchange.in/articles/page/647/" "Mozilla/5.0 AppleWebKit/537.36 (KHTML, like Gecko; compatible; GPTBot/1.3; +https://openai.com/gptbot)" 222 **0/222696**
118.139.180.95 - - [14/Mar/2026:05:19:31 -0700] "HEAD /wp-content/uploads/font-awesome/v6.2.0/css/svg-with-js.css HTTP/1.1" 200 - "-" "WordPress/6.9.4; https://indiabettingexchange.in" 7 **0/7680**
45.3.34.144 - - [14/Mar/2026:05:19:31 -0700] "GET /wp-admin/themes.php HTTP/2.0" 403 854 "-" "Mozilla/5.0 (Windows NT 10.0; Win64; x64) AppleWebKit/537.36 (KHTML, like Gecko) Chrome/124.0.6367.207 Safari/537.36" 182 **0/182571**
74.7.227.158 - - [14/Mar/2026:05:19:31 -0700] "GET /very-there-is-intricate-a-few-of-the-better-positives-and-negatives-to-prepare-your/ HTTP/2.0" 200 15526 "https://indiabettingexchange.in/articles/page/648/" "Mozilla/5.0 AppleWebKit/537.36 (KHTML, like Gecko; compatible; GPTBot/1.3; +https://openai.com/gptbot)" 248 **0/248059**
74.7.227.158 - - [14/Mar/2026:05:19:32 -0700] "GET /?p=220912 HTTP/2.0" 301 1 "https://indiabettingexchange.in/a-life-threatening-urban-area-our-pros-consider-whenever-looking-at-web-based-casinos-try-incentives/" "Mozilla/5.0 AppleWebKit/537.36 (KHTML, like Gecko; compatible; GPTBot/1.3; +https://openai.com/gptbot)" 141 **0/141819**
118.139.180.95 - - [14/Mar/2026:05:19:32 -0700] "HEAD /wp-content/uploads/font-awesome/v6.2.0/css/svg-with-js.css HTTP/1.1" 200 - "-" "WordPress/6.9.4; https://indiabettingexchange.in" 9 **0/9063**
45.3.34.144 - - [14/Mar/2026:05:19:32 -0700] "GET /wp-admin/themes.php HTTP/2.0" 403 854 "-" "Mozilla/5.0 (Windows NT 10.0; Win64; x64) AppleWebKit/537.36 (KHTML, like Gecko) Chrome/124.0.6367.207 Safari/537.36" 184 **0/184696**
43.173.173.203 - - [14/Mar/2026:05:19:32 -0700] "GET /spielbank-salzburg/feed/ HTTP/1.1" 200 415 "-" "Mozilla/5.0 (Windows NT 10.0; Win64; x64) AppleWebKit/537.36 (KHTML, like Gecko) Chrome/111.0.0.0 Safari/537.36" 179 **0/179234**
74.7.227.158 - - [14/Mar/2026:05:19:32 -0700] "GET /a-life-threatening-urban-area-our-pros-consider-whenever-looking-at-web-based-casinos-try-incentives/ HTTP/2.0" 200 15719 "https://indiabettingexchange.in/?p=220912" "Mozilla/5.0 AppleWebKit/537.36 (KHTML, like Gecko; compatible; GPTBot/1.3; +https://openai.com/gptbot)" 202 **0/202247**
118.139.180.95 - - [14/Mar/2026:05:19:32 -0700] "HEAD /wp-content/uploads/font-awesome/v6.2.0/css/svg-with-js.css HTTP/1.1" 200 - "-" "WordPress/6.9.4; https://indiabettingexchange.in" 9 **0/9731**
45.3.34.144 - - [14/Mar/2026:05:19:32 -0700] "GET /wp-admin/themes.php HTTP/2.0" 403 854 "-" "Mozilla/5.0 (Windows NT 10.0; Win64; x64) AppleWebKit/537.36 (KHTML, like Gecko) Chrome/124.0.6367.207 Safari/537.36" 173 **0/173280**
74.7.227.158 - - [14/Mar/2026:05:19:32 -0700] "GET /?p=221069 HTTP/2.0" 301 1 "https://indiabettingexchange.in/members-can-take-advantage-of-several-incentives-when-to-play-at-on-line-gambling-enterprises/" "Mozilla/5.0 AppleWebKit/537.36 (KHTML, like Gecko; compatible; GPTBot/1.3; +https://openai.com/gptbot)" 124 **0/124542**
118.139.180.95 - - [14/Mar/2026:05:19:33 -0700] "HEAD /wp-content/uploads/font-awesome/v6.2.0/css/svg-with-js.css HTTP/1.1" 200 - "-" "WordPress/6.9.4; https://indiabettingexchange.in" 10 **0/10111**
45.3.34.144 - - [14/Mar/2026:05:19:33 -0700] "GET /wp-admin/themes.php HTTP/2.0" 403 854 "-" "Mozilla/5.0 (Windows NT 10.0; Win64; x64) AppleWebKit/537.36 (KHTML, like Gecko) Chrome/124.0.6367.207 Safari/537.36" 188 **0/188754**
74.7.227.158 - - [14/Mar/2026:05:19:33 -0700] "GET /members-can-take-advantage-of-several-incentives-when-to-play-at-on-line-gambling-enterprises/ HTTP/2.0" 200 15610 "https://indiabettingexchange.in/?p=221069" "Mozilla/5.0 AppleWebKit/537.36 (KHTML, like Gecko; compatible; GPTBot/1.3; +https://openai.com/gptbot)" 218 **0/218280**
118.139.180.95 - - [14/Mar/2026:05:19:33 -0700] "HEAD /wp-content/uploads/font-awesome/v6.2.0/css/svg-with-js.css HTTP/1.1" 200 - "-" "WordPress/6.9.4; https://indiabettingexchange.in" 8 **0/8688**
45.3.34.144 - - [14/Mar/2026:05:19:33 -0700] "GET /wp-admin/themes.php HTTP/2.0" 403 854 "-" "Mozilla/5.0 (Windows NT 10.0; Win64; x64) AppleWebKit/537.36 (KHTML, like Gecko) Chrome/124.0.6367.207 Safari/537.36" 174 **0/174237**
74.7.227.158 - - [14/Mar/2026:05:19:33 -0700] "GET /?p=220888 HTTP/2.0" 301 1 "https://indiabettingexchange.in/whatsoever-this-is-very-important-because-you-should-not-feel-bored-whenever-playing-on-line/" "Mozilla/5.0 AppleWebKit/537.36 (KHTML, like Gecko; compatible; GPTBot/1.3; +https://openai.com/gptbot)" 130 **0/130739**
118.139.180.95 - - [14/Mar/2026:05:19:34 -0700] "HEAD /wp-content/uploads/font-awesome/v6.2.0/css/svg-with-js.css HTTP/1.1" 200 - "-" "WordPress/6.9.4; https://indiabettingexchange.in" 7 **0/7205**
74.7.227.158 - - [14/Mar/2026:05:19:34 -0700] "GET /whatsoever-this-is-very-important-because-you-should-not-feel-bored-whenever-playing-on-line/ HTTP/2.0" 200 15623 "https://indiabettingexchange.in/?p=220888" "Mozilla/5.0 AppleWebKit/537.36 (KHTML, like Gecko; compatible; GPTBot/1.3; +https://openai.com/gptbot)" 205 **0/205960**
45.3.34.144 - - [14/Mar/2026:05:19:34 -0700] "GET /wp-admin/themes.php HTTP/2.0" 403 854 "-" "Mozilla/5.0 (Windows NT 10.0; Win64; x64) AppleWebKit/537.36 (KHTML, like Gecko) Chrome/124.0.6367.207 Safari/537.36" 173 **0/173590**
74.7.227.158 - - [14/Mar/2026:05:19:34 -0700] "GET /?p=221035 HTTP/2.0" 301 1 "https://indiabettingexchange.in/the-newest-backyard-night-markets-site-is-progressed-into-an-excellent-twenty-three/" "Mozilla/5.0 AppleWebKit/537.36 (KHTML, like Gecko; compatible; GPTBot/1.3; +https://openai.com/gptbot)" 125 **0/125556**
118.139.180.95 - - [14/Mar/2026:05:19:34 -0700] "HEAD /wp-content/uploads/font-awesome/v6.2.0/css/svg-with-js.css HTTP/1.1" 200 - "-" "WordPress/6.9.4; https://indiabettingexchange.in" 8 **0/8636**
45.3.34.144 - - [14/Mar/2026:05:19:34 -0700] "GET /wp-admin/themes.php HTTP/2.0" 403 854 "-" "Mozilla/5.0 (Windows NT 10.0; Win64; x64) AppleWebKit/537.36 (KHTML, like Gecko) Chrome/124.0.6367.207 Safari/537.36" 164 **0/164486**
74.7.227.158 - - [14/Mar/2026:05:19:34 -0700] "GET /the-newest-backyard-night-markets-site-is-progressed-into-an-excellent-twenty-three/ HTTP/2.0" 200 16878 "https://indiabettingexchange.in/?p=221035" "Mozilla/5.0 AppleWebKit/537.36 (KHTML, like Gecko; compatible; GPTBot/1.3; +https://openai.com/gptbot)" 192 **0/192535**
118.139.180.95 - - [14/Mar/2026:05:19:35 -0700] "HEAD /wp-content/uploads/font-awesome/v6.2.0/css/svg-with-js.css HTTP/1.1" 200 - "-" "WordPress/6.9.4; https://indiabettingexchange.in" 8 **0/8235**
45.3.34.144 - - [14/Mar/2026:05:19:35 -0700] "GET /wp-admin/themes.php HTTP/2.0" 403 854 "-" "Mozilla/5.0 (Windows NT 10.0; Win64; x64) AppleWebKit/537.36 (KHTML, like Gecko) Chrome/124.0.6367.207 Safari/537.36" 181 **0/181617**
74.7.227.158 - - [14/Mar/2026:05:19:35 -0700] "GET /?p=220962 HTTP/2.0" 301 1 "https://indiabettingexchange.in/do-you-want-to-raise-your-gambling-feel-and-you-will-rating-enjoyable-perks-during-the-jackpot-urban-area-casino/" "Mozilla/5.0 AppleWebKit/537.36 (KHTML, like Gecko; compatible; GPTBot/1.3; +https://openai.com/gptbot)" 123 **0/123652**
118.139.180.95 - - [14/Mar/2026:05:19:35 -0700] "HEAD /wp-content/uploads/font-awesome/v6.2.0/css/svg-with-js.css HTTP/1.1" 200 - "-" "WordPress/6.9.4; https://indiabettingexchange.in" 9 **0/9057**
45.3.34.144 - - [14/Mar/2026:05:19:35 -0700] "GET /wp-admin/themes.php HTTP/2.0" 403 854 "-" "Mozilla/5.0 (Windows NT 10.0; Win64; x64) AppleWebKit/537.36 (KHTML, like Gecko) Chrome/124.0.6367.207 Safari/537.36" 159 **0/159912**
