74.7.227.158 - - [14/Mar/2026:05:37:41 -0700] "GET /how-to-obtain-and-you-may-play-larger-seafood-local-casino-public-harbors-into-the-pc-or-mac/ HTTP/2.0" 200 15936 "https://indiabettingexchange.in/?p=216940" "Mozilla/5.0 AppleWebKit/537.36 (KHTML, like Gecko; compatible; GPTBot/1.3; +https://openai.com/gptbot)" 195 **0/195987**
74.7.227.158 - - [14/Mar/2026:05:37:41 -0700] "GET /he-is-licensed-and-you-will-regulated-from-the-uk-gambling-percentage/ HTTP/2.0" 200 16771 "https://indiabettingexchange.in/articles/page/683/" "Mozilla/5.0 AppleWebKit/537.36 (KHTML, like Gecko; compatible; GPTBot/1.3; +https://openai.com/gptbot)" 259 **0/259989**
74.7.227.158 - - [14/Mar/2026:05:37:42 -0700] "GET /how-exactly-to-gamble-cleopatra-ports-for-fun-inside-the-canada/ HTTP/2.0" 200 16059 "https://indiabettingexchange.in/articles/page/682/" "Mozilla/5.0 AppleWebKit/537.36 (KHTML, like Gecko; compatible; GPTBot/1.3; +https://openai.com/gptbot)" 226 **0/226783**
72.56.190.12 - - [14/Mar/2026:05:37:42 -0700] "GET /discover-new-casinos-not-blocked-by-gamstop-5/ HTTP/1.1" 200 17165 "https://indiabettingexchange.in/" "Mozilla/5.0 (X11; Linux i686) AppleWebKit/537.36 (KHTML, like Gecko) Chrome/114.0.0.0 Safari/537.36 Vivaldi/5.3.2679.68" 236 **0/236517**
74.7.227.158 - - [14/Mar/2026:05:37:42 -0700] "GET /in-the-uk-gamstop-lets-you-lay-constraints-for-every-go-out-few-days-otherwise-month/ HTTP/2.0" 200 15747 "https://indiabettingexchange.in/articles/page/682/" "Mozilla/5.0 AppleWebKit/537.36 (KHTML, like Gecko; compatible; GPTBot/1.3; +https://openai.com/gptbot)" 224 **0/224257**
74.7.227.158 - - [14/Mar/2026:05:37:43 -0700] "GET /our-desired-added-bonus-enables-you-to-select-from-a-fit-extra-free-revolves-and-a-lot-more/ HTTP/2.0" 200 15776 "https://indiabettingexchange.in/articles/page/683/" "Mozilla/5.0 AppleWebKit/537.36 (KHTML, like Gecko; compatible; GPTBot/1.3; +https://openai.com/gptbot)" 238 **0/238253**
74.7.227.158 - - [14/Mar/2026:05:37:43 -0700] "GET /to-own-indian-players-shopping-for-a-high-local-casino-webpages-with-each-other-variety-and-you-can-top-quality-parimatch-india-is-a-talked-about-choice/ HTTP/2.0" 200 15947 "https://indiabettingexchange.in/articles/page/682/" "Mozilla/5.0 AppleWebKit/537.36 (KHTML, like Gecko; compatible; GPTBot/1.3; +https://openai.com/gptbot)" 250 **0/250449**
95.108.213.185 - - [14/Mar/2026:05:37:43 -0700] "GET /paypal-spielsaal-verzeichnis-6-slots-2026-traktandum-online-casinos-via-paypal-einzahlung/ HTTP/1.1" 200 18799 "-" "Mozilla/5.0 (compatible; YandexBot/3.0; +http://yandex.com/bots)" 324 **0/324594**
74.7.227.158 - - [14/Mar/2026:05:37:44 -0700] "GET /although-most-recent-types-could-have-a-whole-lot-more-keeps-antique-slots-usually-include-three-otherwise-four-reels-and-partners-spend-outlines/ HTTP/2.0" 200 15847 "https://indiabettingexchange.in/articles/page/684/" "Mozilla/5.0 AppleWebKit/537.36 (KHTML, like Gecko; compatible; GPTBot/1.3; +https://openai.com/gptbot)" 248 **0/248322**
74.7.227.158 - - [14/Mar/2026:05:37:44 -0700] "GET /find-out-more-regarding-our-score-methodology-towards-how-we-price-and-you-can-remark-gambling-enterprises/ HTTP/2.0" 200 15619 "https://indiabettingexchange.in/articles/page/682/" "Mozilla/5.0 AppleWebKit/537.36 (KHTML, like Gecko; compatible; GPTBot/1.3; +https://openai.com/gptbot)" 221 **0/221833**
74.7.227.158 - - [14/Mar/2026:05:37:45 -0700] "GET /blockbets-contains-the-become-out-of-a-location-you-never-know-simple-tips-to-cure-crypto-professionals-best/ HTTP/2.0" 200 15868 "https://indiabettingexchange.in/articles/page/682/" "Mozilla/5.0 AppleWebKit/537.36 (KHTML, like Gecko; compatible; GPTBot/1.3; +https://openai.com/gptbot)" 287 **0/287963**
74.7.227.158 - - [14/Mar/2026:05:37:46 -0700] "GET /discover-significantly-less-ports-to-try-out-out-of-beforehand/ HTTP/2.0" 200 16076 "https://indiabettingexchange.in/articles/page/683/" "Mozilla/5.0 AppleWebKit/537.36 (KHTML, like Gecko; compatible; GPTBot/1.3; +https://openai.com/gptbot)" 211 **0/211261**
74.7.227.158 - - [14/Mar/2026:05:37:46 -0700] "GET /better-known-just-like-the-bally-technology-it-western-company-is-positioned-in-vegas/ HTTP/2.0" 200 15691 "https://indiabettingexchange.in/articles/page/683/" "Mozilla/5.0 AppleWebKit/537.36 (KHTML, like Gecko; compatible; GPTBot/1.3; +https://openai.com/gptbot)" 222 **0/222492**
74.7.227.158 - - [14/Mar/2026:05:37:47 -0700] "GET /with-ontariobets-theres-no-install-registration-or-put-called-for-to-help-you-play-now/ HTTP/2.0" 200 15534 "https://indiabettingexchange.in/articles/page/684/" "Mozilla/5.0 AppleWebKit/537.36 (KHTML, like Gecko; compatible; GPTBot/1.3; +https://openai.com/gptbot)" 234 **0/234620**
72.56.190.12 - - [14/Mar/2026:05:37:47 -0700] "GET /wp-content/themes/aurum/assets/js/nivo-lightbox/nivo-lightbox.css HTTP/1.1" 200 987 "https://indiabettingexchange.in/discover-new-casinos-not-blocked-by-gamstop-5/" "Mozilla/5.0 (Windows NT 10.0; Win64; x64) AppleWebKit/537.36 (KHTML, like Gecko) Chrome/143.0.0.0 Safari/537.36" 12 **0/12904**
74.7.227.158 - - [14/Mar/2026:05:37:47 -0700] "GET /?p=217000 HTTP/2.0" 301 1 "https://indiabettingexchange.in/he-is-licensed-and-you-will-regulated-from-the-uk-gambling-percentage/" "Mozilla/5.0 AppleWebKit/537.36 (KHTML, like Gecko; compatible; GPTBot/1.3; +https://openai.com/gptbot)" 157 **0/157866**
74.7.227.158 - - [14/Mar/2026:05:37:48 -0700] "GET /he-is-licensed-and-you-will-regulated-from-the-uk-gambling-percentage/ HTTP/2.0" 200 16769 "https://indiabettingexchange.in/?p=217000" "Mozilla/5.0 AppleWebKit/537.36 (KHTML, like Gecko; compatible; GPTBot/1.3; +https://openai.com/gptbot)" 237 **0/237132**
72.56.190.12 - - [14/Mar/2026:05:37:48 -0700] "GET /wp-content/themes/aurum/assets/js/nivo-lightbox/themes/default/default.css HTTP/1.1" 200 731 "https://indiabettingexchange.in/discover-new-casinos-not-blocked-by-gamstop-5/" "Mozilla/5.0 (Windows NT 10.0; Win64; x64) AppleWebKit/537.36 (KHTML, like Gecko) Chrome/143.0.0.0 Safari/537.36" 12 **0/12196**
74.7.227.158 - - [14/Mar/2026:05:37:48 -0700] "GET /?p=217208 HTTP/2.0" 301 1 "https://indiabettingexchange.in/how-exactly-to-gamble-cleopatra-ports-for-fun-inside-the-canada/" "Mozilla/5.0 AppleWebKit/537.36 (KHTML, like Gecko; compatible; GPTBot/1.3; +https://openai.com/gptbot)" 115 **0/115733**
74.7.227.158 - - [14/Mar/2026:05:37:48 -0700] "GET /how-exactly-to-gamble-cleopatra-ports-for-fun-inside-the-canada/ HTTP/2.0" 200 16059 "https://indiabettingexchange.in/?p=217208" "Mozilla/5.0 AppleWebKit/537.36 (KHTML, like Gecko; compatible; GPTBot/1.3; +https://openai.com/gptbot)" 191 **0/191011**
74.7.227.158 - - [14/Mar/2026:05:37:49 -0700] "GET /?p=217172 HTTP/2.0" 301 1 "https://indiabettingexchange.in/in-the-uk-gamstop-lets-you-lay-constraints-for-every-go-out-few-days-otherwise-month/" "Mozilla/5.0 AppleWebKit/537.36 (KHTML, like Gecko; compatible; GPTBot/1.3; +https://openai.com/gptbot)" 160 **0/160132**
43.173.174.134 - - [14/Mar/2026:05:37:49 -0700] "GET /?p=112851 HTTP/1.1" 301 - "-" "Mozilla/5.0 (Windows NT 10.0; Win64; x64) AppleWebKit/537.36 (KHTML, like Gecko) Chrome/133.0.0.0 Safari/537.36" 174 **0/174148**
43.173.169.39 - - [14/Mar/2026:05:37:49 -0700] "GET /?p=156539 HTTP/1.1" 301 - "-" "Mozilla/5.0 (Windows NT 10.0; Win64; x64) AppleWebKit/537.36 (KHTML, like Gecko) Chrome/124.0.0.0 Safari/537.36" 216 **0/216284**
43.173.178.12 - - [14/Mar/2026:05:37:49 -0700] "GET /queen-bee-local-casino-millionairecom-no-deposit-bonus-2023-casino-zero-put-codes-free-spins-big-victories HTTP/1.1" 301 - "-" "Mozilla/5.0 (Windows NT 10.0; Win64; x64) AppleWebKit/537.36 (KHTML, like Gecko) Chrome/133.0.0.0 Safari/537.36" 204 **0/204968**
43.173.174.195 - - [14/Mar/2026:05:37:49 -0700] "GET /microgaming-cashapillar-winning-at-video-slots-casino-slot-games-remark HTTP/1.1" 301 - "-" "Mozilla/5.0 (Windows NT 10.0; Win64; x64) AppleWebKit/537.36 (KHTML, like Gecko) Chrome/116.0.0.0 Safari/537.36" 266 **0/266288**
43.173.179.60 - - [14/Mar/2026:05:37:49 -0700] "GET /attributes-of-the-fresh-captain-cooks-mobile-software HTTP/1.1" 301 - "-" "Mozilla/5.0 (Windows NT 10.0; Win64; x64) AppleWebKit/537.36 (KHTML, like Gecko) Chrome/131.0.0.0 Safari/537.36" 240 **0/240067**
43.173.172.145 - - [14/Mar/2026:05:37:49 -0700] "GET /best-real-cash-web-based-casinos-gaming-websites-within-the-2025/ HTTP/1.1" 200 18242 "-" "Mozilla/5.0 (Windows NT 10.0; Win64; x64) AppleWebKit/537.36 (KHTML, like Gecko) Chrome/131.0.0.0 Safari/537.36" 409 **0/409137**
74.7.227.158 - - [14/Mar/2026:05:37:49 -0700] "GET /in-the-uk-gamstop-lets-you-lay-constraints-for-every-go-out-few-days-otherwise-month/ HTTP/2.0" 200 15746 "https://indiabettingexchange.in/?p=217172" "Mozilla/5.0 AppleWebKit/537.36 (KHTML, like Gecko; compatible; GPTBot/1.3; +https://openai.com/gptbot)" 365 **0/365135**
43.173.179.174 - - [14/Mar/2026:05:37:49 -0700] "GET /excretion-seguente-atteggiamento-e-contattare-ladm-per-volere-lannullamento-dellautoesclusione-aams/ HTTP/1.1" 200 17156 "-" "Mozilla/5.0 (Windows NT 10.0; Win64; x64) AppleWebKit/537.36 (KHTML, like Gecko) Chrome/124.0.0.0 Safari/537.36" 318 **0/318047**
43.173.176.181 - - [14/Mar/2026:05:37:49 -0700] "GET /finding-the-right-online-casino-will-demand-specific-testing-to-be-sure-the-website-provides-the-possess-you-require-the-most/ HTTP/1.1" 200 17119 "-" "Mozilla/5.0 (Windows NT 10.0; Win64; x64) AppleWebKit/537.36 (KHTML, like Gecko) Chrome/133.0.0.0 Safari/537.36" 347 **0/347156**
43.173.181.52 - - [14/Mar/2026:05:37:50 -0700] "GET /queen-bee-local-casino-millionairecom-no-deposit-bonus-2023-casino-zero-put-codes-free-spins-big-victories/ HTTP/1.1" 200 18360 "-" "Mozilla/5.0 (Windows NT 10.0; Win64; x64) AppleWebKit/537.36 (KHTML, like Gecko) Chrome/133.0.0.0 Safari/537.36" 309 **0/309063**
43.173.175.168 - - [14/Mar/2026:05:37:50 -0700] "GET /attributes-of-the-fresh-captain-cooks-mobile-software/ HTTP/1.1" 200 18893 "-" "Mozilla/5.0 (Windows NT 10.0; Win64; x64) AppleWebKit/537.36 (KHTML, like Gecko) Chrome/131.0.0.0 Safari/537.36" 284 **0/284277**
43.173.182.246 - - [14/Mar/2026:05:37:50 -0700] "GET /microgaming-cashapillar-winning-at-video-slots-casino-slot-games-remark/ HTTP/1.1" 200 18700 "-" "Mozilla/5.0 (Windows NT 10.0; Win64; x64) AppleWebKit/537.36 (KHTML, like Gecko) Chrome/116.0.0.0 Safari/537.36" 339 **0/339588**
74.7.227.158 - - [14/Mar/2026:05:37:50 -0700] "GET /?p=217046 HTTP/2.0" 301 1 "https://indiabettingexchange.in/our-desired-added-bonus-enables-you-to-select-from-a-fit-extra-free-revolves-and-a-lot-more/" "Mozilla/5.0 AppleWebKit/537.36 (KHTML, like Gecko; compatible; GPTBot/1.3; +https://openai.com/gptbot)" 161 **0/161258**
74.7.227.158 - - [14/Mar/2026:05:37:50 -0700] "GET /our-desired-added-bonus-enables-you-to-select-from-a-fit-extra-free-revolves-and-a-lot-more/ HTTP/2.0" 200 15775 "https://indiabettingexchange.in/?p=217046" "Mozilla/5.0 AppleWebKit/537.36 (KHTML, like Gecko; compatible; GPTBot/1.3; +https://openai.com/gptbot)" 249 **0/249136**
74.7.227.158 - - [14/Mar/2026:05:37:51 -0700] "GET /?p=217190 HTTP/2.0" 301 1 "https://indiabettingexchange.in/to-own-indian-players-shopping-for-a-high-local-casino-webpages-with-each-other-variety-and-you-can-top-quality-parimatch-india-is-a-talked-about-choice/" "Mozilla/5.0 AppleWebKit/537.36 (KHTML, like Gecko; compatible; GPTBot/1.3; +https://openai.com/gptbot)" 212 **0/212668**
74.7.227.158 - - [14/Mar/2026:05:37:51 -0700] "GET /to-own-indian-players-shopping-for-a-high-local-casino-webpages-with-each-other-variety-and-you-can-top-quality-parimatch-india-is-a-talked-about-choice/ HTTP/2.0" 200 15948 "https://indiabettingexchange.in/?p=217190" "Mozilla/5.0 AppleWebKit/537.36 (KHTML, like Gecko; compatible; GPTBot/1.3; +https://openai.com/gptbot)" 249 **0/249569**
74.7.227.158 - - [14/Mar/2026:05:37:52 -0700] "GET /?p=216778 HTTP/2.0" 301 1 "https://indiabettingexchange.in/although-most-recent-types-could-have-a-whole-lot-more-keeps-antique-slots-usually-include-three-otherwise-four-reels-and-partners-spend-outlines/" "Mozilla/5.0 AppleWebKit/537.36 (KHTML, like Gecko; compatible; GPTBot/1.3; +https://openai.com/gptbot)" 131 **0/131797**
74.7.227.158 - - [14/Mar/2026:05:37:52 -0700] "GET /although-most-recent-types-could-have-a-whole-lot-more-keeps-antique-slots-usually-include-three-otherwise-four-reels-and-partners-spend-outlines/ HTTP/2.0" 200 15847 "https://indiabettingexchange.in/?p=216778" "Mozilla/5.0 AppleWebKit/537.36 (KHTML, like Gecko; compatible; GPTBot/1.3; +https://openai.com/gptbot)" 170 **0/170095**
72.56.190.12 - - [14/Mar/2026:05:37:53 -0700] "GET /wp-includes/css/dist/block-library/style.min.css?ver=6.9.4 HTTP/1.1" 200 14701 "https://indiabettingexchange.in/discover-new-casinos-not-blocked-by-gamstop-5/" "Mozilla/5.0 (Windows NT 10.0; Win64; x64) AppleWebKit/537.36 (KHTML, like Gecko) Chrome/143.0.0.0 Safari/537.36" 17 **0/17646**
74.7.227.158 - - [14/Mar/2026:05:37:53 -0700] "GET /?p=217160 HTTP/2.0" 301 1 "https://indiabettingexchange.in/find-out-more-regarding-our-score-methodology-towards-how-we-price-and-you-can-remark-gambling-enterprises/" "Mozilla/5.0 AppleWebKit/537.36 (KHTML, like Gecko; compatible; GPTBot/1.3; +https://openai.com/gptbot)" 140 **0/140783**
74.7.227.158 - - [14/Mar/2026:05:37:53 -0700] "GET /find-out-more-regarding-our-score-methodology-towards-how-we-price-and-you-can-remark-gambling-enterprises/ HTTP/2.0" 200 15619 "https://indiabettingexchange.in/?p=217160" "Mozilla/5.0 AppleWebKit/537.36 (KHTML, like Gecko; compatible; GPTBot/1.3; +https://openai.com/gptbot)" 183 **0/183976**
74.7.227.158 - - [14/Mar/2026:05:37:54 -0700] "GET /?p=217236 HTTP/2.0" 301 1 "https://indiabettingexchange.in/blockbets-contains-the-become-out-of-a-location-you-never-know-simple-tips-to-cure-crypto-professionals-best/" "Mozilla/5.0 AppleWebKit/537.36 (KHTML, like Gecko; compatible; GPTBot/1.3; +https://openai.com/gptbot)" 129 **0/129544**
72.56.190.12 - - [14/Mar/2026:05:37:54 -0700] "GET /wp-content/uploads/font-awesome/v6.2.0/css/svg-with-js.css HTTP/1.1" 200 2285 "https://indiabettingexchange.in/discover-new-casinos-not-blocked-by-gamstop-5/" "Mozilla/5.0 (Windows NT 10.0; Win64; x64) AppleWebKit/537.36 (KHTML, like Gecko) Chrome/143.0.0.0 Safari/537.36" 12 **0/12122**
74.7.227.158 - - [14/Mar/2026:05:37:54 -0700] "GET /blockbets-contains-the-become-out-of-a-location-you-never-know-simple-tips-to-cure-crypto-professionals-best/ HTTP/2.0" 200 15867 "https://indiabettingexchange.in/?p=217236" "Mozilla/5.0 AppleWebKit/537.36 (KHTML, like Gecko; compatible; GPTBot/1.3; +https://openai.com/gptbot)" 203 **0/203396**
74.7.227.158 - - [14/Mar/2026:05:37:55 -0700] "GET /?p=217092 HTTP/2.0" 301 1 "https://indiabettingexchange.in/discover-significantly-less-ports-to-try-out-out-of-beforehand/" "Mozilla/5.0 AppleWebKit/537.36 (KHTML, like Gecko; compatible; GPTBot/1.3; +https://openai.com/gptbot)" 147 **0/147362**
114.119.130.95 - - [14/Mar/2026:05:37:55 -0700] "GET /understanding-responsible-gambling-essential-tips-4/ HTTP/1.1" 200 17592 "https://indiabettingexchange.in/understanding-responsible-gambling-essential-tips-4/" "Mozilla/5.0 (Linux; Android 7.0;) AppleWebKit/537.36 (KHTML, like Gecko) Mobile Safari/537.36 (compatible; PetalBot;+https://webmaster.petalsearch.com/site/petalbot)" 281 **0/281956**
74.7.227.158 - - [14/Mar/2026:05:37:55 -0700] "GET /discover-significantly-less-ports-to-try-out-out-of-beforehand/ HTTP/2.0" 200 16077 "https://indiabettingexchange.in/?p=217092" "Mozilla/5.0 AppleWebKit/537.36 (KHTML, like Gecko; compatible; GPTBot/1.3; +https://openai.com/gptbot)" 219 **0/219739**
72.56.190.12 - - [14/Mar/2026:05:37:55 -0700] "GET /wp-content/plugins/the-post-grid/assets/vendor/font-awesome/css/font-awesome.min.css?ver=7.8.9 HTTP/1.1" 200 21856 "https://indiabettingexchange.in/discover-new-casinos-not-blocked-by-gamstop-5/" "Mozilla/5.0 (Windows NT 10.0; Win64; x64) AppleWebKit/537.36 (KHTML, like Gecko) Chrome/143.0.0.0 Safari/537.36" 17 **0/17223**
74.7.227.158 - - [14/Mar/2026:05:37:56 -0700] "GET /?p=19222 HTTP/2.0" 301 1 "https://indiabettingexchange.in/utlandska-casino-basta-utlandska-casinon-2025/" "Mozilla/5.0 AppleWebKit/537.36 (KHTML, like Gecko; compatible; GPTBot/1.3; +https://openai.com/gptbot)" 139 **0/139793**
74.7.227.158 - - [14/Mar/2026:05:37:56 -0700] "GET /utlandska-casino-basta-utlandska-casinon-2025/ HTTP/2.0" 200 17198 "https://indiabettingexchange.in/?p=19222" "Mozilla/5.0 AppleWebKit/537.36 (KHTML, like Gecko; compatible; GPTBot/1.3; +https://openai.com/gptbot)" 234 **0/234039**
72.56.190.12 - - [14/Mar/2026:05:37:56 -0700] "GET /wp-content/plugins/the-post-grid/assets/css/thepostgrid.min.css?ver=7.8.9 HTTP/1.1" 200 19110 "https://indiabettingexchange.in/discover-new-casinos-not-blocked-by-gamstop-5/" "Mozilla/5.0 (Windows NT 10.0; Win64; x64) AppleWebKit/537.36 (KHTML, like Gecko) Chrome/143.0.0.0 Safari/537.36" 26 **0/26903**
74.7.227.158 - - [14/Mar/2026:05:37:56 -0700] "GET /?p=216680 HTTP/2.0" 301 1 "https://indiabettingexchange.in/with-ontariobets-theres-no-install-registration-or-put-called-for-to-help-you-play-now/" "Mozilla/5.0 AppleWebKit/537.36 (KHTML, like Gecko; compatible; GPTBot/1.3; +https://openai.com/gptbot)" 145 **0/145265**
74.7.227.158 - - [14/Mar/2026:05:37:57 -0700] "GET /with-ontariobets-theres-no-install-registration-or-put-called-for-to-help-you-play-now/ HTTP/2.0" 200 15533 "https://indiabettingexchange.in/?p=216680" "Mozilla/5.0 AppleWebKit/537.36 (KHTML, like Gecko; compatible; GPTBot/1.3; +https://openai.com/gptbot)" 255 **0/255516**
74.7.227.158 - - [14/Mar/2026:05:37:57 -0700] "GET /?p=216994 HTTP/2.0" 301 1 "https://indiabettingexchange.in/better-known-just-like-the-bally-technology-it-western-company-is-positioned-in-vegas/" "Mozilla/5.0 AppleWebKit/537.36 (KHTML, like Gecko; compatible; GPTBot/1.3; +https://openai.com/gptbot)" 162 **0/162813**
74.7.227.158 - - [14/Mar/2026:05:37:58 -0700] "GET /better-known-just-like-the-bally-technology-it-western-company-is-positioned-in-vegas/ HTTP/2.0" 200 15691 "https://indiabettingexchange.in/?p=216994" "Mozilla/5.0 AppleWebKit/537.36 (KHTML, like Gecko; compatible; GPTBot/1.3; +https://openai.com/gptbot)" 225 **0/225307**
72.56.190.12 - - [14/Mar/2026:05:37:58 -0700] "GET /wp-content/themes/aurum/assets/css/fonts/font-awesome/css/font-awesome.min.css HTTP/1.1" 200 6663 "https://indiabettingexchange.in/discover-new-casinos-not-blocked-by-gamstop-5/" "Mozilla/5.0 (Windows NT 10.0; Win64; x64) AppleWebKit/537.36 (KHTML, like Gecko) Chrome/143.0.0.0 Safari/537.36" 12 **0/12420**
74.7.227.158 - - [14/Mar/2026:05:37:58 -0700] "GET /mention-the-greatest-distinct-online-ports-at-the-casinomentor/ HTTP/2.0" 200 15355 "https://indiabettingexchange.in/articles/page/682/" "Mozilla/5.0 AppleWebKit/537.36 (KHTML, like Gecko; compatible; GPTBot/1.3; +https://openai.com/gptbot)" 194 **0/194132**
74.7.227.158 - - [14/Mar/2026:05:37:59 -0700] "GET /tidsgranser-pa-bonusar-varfor-du-maste-lasa-villkoren/ HTTP/2.0" 200 16168 "https://indiabettingexchange.in/articles/page/684/" "Mozilla/5.0 AppleWebKit/537.36 (KHTML, like Gecko; compatible; GPTBot/1.3; +https://openai.com/gptbot)" 270 **0/270980**
72.56.190.12 - - [14/Mar/2026:05:37:59 -0700] "GET /wp-content/themes/aurum/assets/css/fonts/aurum-icons/font-icons.css HTTP/1.1" 200 421 "https://indiabettingexchange.in/discover-new-casinos-not-blocked-by-gamstop-5/" "Mozilla/5.0 (Windows NT 10.0; Win64; x64) AppleWebKit/537.36 (KHTML, like Gecko) Chrome/143.0.0.0 Safari/537.36" 9 **0/9460**
74.7.227.158 - - [14/Mar/2026:05:37:59 -0700] "GET /on-the-active-realm-of-online-casinos-particularly-in-the-fresh-new-irish-field-the-newest-appeal-out-of-jackpots-somewhat-impacts-playing-patterns/ HTTP/2.0" 200 16837 "https://indiabettingexchange.in/articles/page/684/" "Mozilla/5.0 AppleWebKit/537.36 (KHTML, like Gecko; compatible; GPTBot/1.3; +https://openai.com/gptbot)" 265 **0/265935**
72.56.190.12 - - [14/Mar/2026:05:38:00 -0700] "GET /wp-content/themes/aurum/assets/css/bootstrap.css?ver=3.15 HTTP/1.1" 200 18105 "https://indiabettingexchange.in/discover-new-casinos-not-blocked-by-gamstop-5/" "Mozilla/5.0 (Windows NT 10.0; Win64; x64) AppleWebKit/537.36 (KHTML, like Gecko) Chrome/143.0.0.0 Safari/537.36" 16 **0/16732**
74.7.227.158 - - [14/Mar/2026:05:38:00 -0700] "GET /having-indian-people-selecting-a-premier-local-casino-web-site-with-one-another-diversity-and-you-can-quality-parimatch-india-was-a-talked-about-option/ HTTP/2.0" 200 16029 "https://indiabettingexchange.in/articles/page/684/" "Mozilla/5.0 AppleWebKit/537.36 (KHTML, like Gecko; compatible; GPTBot/1.3; +https://openai.com/gptbot)" 345 **0/345276**
185.191.171.9 - - [14/Mar/2026:05:38:01 -0700] "GET /%CF%84%CE%BF%CF%80%CE%B9%CE%BA%CF%8C-%CE%BA%CE%B1%CE%B6%CE%AF%CE%BD%CE%BF-vintage-extra-legislation-2025-%CF%87%CF%89%CF%81%CE%AF%CF%82-%CE%BA%CE%B1%CF%84%CE%AC%CE%B8%CE%B5%CF%83%CE%B7-%CF%80%CE%BF/ HTTP/1.1" 200 19725 "-" "Mozilla/5.0 (compatible; SemrushBot/7~bl; +http://www.semrush.com/bot.html)" 317 **0/317344**
74.7.227.158 - - [14/Mar/2026:05:38:01 -0700] "GET /in-case-it-is-card-based-gameplay-that-you-like-although-not-there-are-many-casino-games-that-incorporate-just-so-it/ HTTP/2.0" 200 15538 "https://indiabettingexchange.in/articles/page/683/" "Mozilla/5.0 AppleWebKit/537.36 (KHTML, like Gecko; compatible; GPTBot/1.3; +https://openai.com/gptbot)" 321 **0/321203**
72.56.190.12 - - [14/Mar/2026:05:38:01 -0700] "GET /wp-content/themes/aurum/assets/css/aurum.css?ver=3.15 HTTP/1.1" 200 42260 "https://indiabettingexchange.in/discover-new-casinos-not-blocked-by-gamstop-5/" "Mozilla/5.0 (Windows NT 10.0; Win64; x64) AppleWebKit/537.36 (KHTML, like Gecko) Chrome/143.0.0.0 Safari/537.36" 45 **0/45051**
74.7.227.158 - - [14/Mar/2026:05:38:01 -0700] "GET /new-lever-handle-revolves-the-reels-when-you-pull-it-and-also-the-symbols-slowly-lose-its-price-and-avoid-swinging/ HTTP/2.0" 200 15712 "https://indiabettingexchange.in/articles/page/683/" "Mozilla/5.0 AppleWebKit/537.36 (KHTML, like Gecko; compatible; GPTBot/1.3; +https://openai.com/gptbot)" 432 **0/432550**
72.56.190.12 - - [14/Mar/2026:05:38:02 -0700] "GET /wp-content/themes/aurum-child/style.css?ver=6.9.4 HTTP/1.1" 200 1998 "https://indiabettingexchange.in/discover-new-casinos-not-blocked-by-gamstop-5/" "Mozilla/5.0 (Windows NT 10.0; Win64; x64) AppleWebKit/537.36 (KHTML, like Gecko) Chrome/143.0.0.0 Safari/537.36" 18 **0/18183**
74.7.227.158 - - [14/Mar/2026:05:38:02 -0700] "GET /extra-icons-range-from-the-fish-scatter-and-additionally-an-untamed-symbol/ HTTP/2.0" 200 16069 "https://indiabettingexchange.in/articles/page/684/" "Mozilla/5.0 AppleWebKit/537.36 (KHTML, like Gecko; compatible; GPTBot/1.3; +https://openai.com/gptbot)" 385 **0/385749**
74.7.227.158 - - [14/Mar/2026:05:38:03 -0700] "GET /introduction-as-to-the-reasons-rtp-things-into-savvy-swedish-casino-player/ HTTP/2.0" 200 16600 "https://indiabettingexchange.in/articles/page/682/" "Mozilla/5.0 AppleWebKit/537.36 (KHTML, like Gecko; compatible; GPTBot/1.3; +https://openai.com/gptbot)" 302 **0/302253**
74.7.227.158 - - [14/Mar/2026:05:38:03 -0700] "GET /thus-what-leads-to-the-low-house-boundary-into-the-craps/ HTTP/2.0" 200 15662 "https://indiabettingexchange.in/articles/page/683/" "Mozilla/5.0 AppleWebKit/537.36 (KHTML, like Gecko; compatible; GPTBot/1.3; +https://openai.com/gptbot)" 285 **0/285754**
74.7.227.158 - - [14/Mar/2026:05:38:04 -0700] "GET /lets-be-honest-we-are-really-not-just-casual-dabblers-in-the-wide-world-of-casinos-on-the-internet/ HTTP/2.0" 200 16539 "https://indiabettingexchange.in/articles/page/682/" "Mozilla/5.0 AppleWebKit/537.36 (KHTML, like Gecko; compatible; GPTBot/1.3; +https://openai.com/gptbot)" 270 **0/270943**
74.7.227.158 - - [14/Mar/2026:05:38:05 -0700] "GET /simple-tips-to-gamble-gambling-games-free-of-charge-into-forehead-out-of-games/ HTTP/2.0" 200 16909 "https://indiabettingexchange.in/articles/page/683/" "Mozilla/5.0 AppleWebKit/537.36 (KHTML, like Gecko; compatible; GPTBot/1.3; +https://openai.com/gptbot)" 258 **0/258591**
74.7.227.158 - - [14/Mar/2026:05:38:05 -0700] "GET /?p=217216 HTTP/2.0" 301 1 "https://indiabettingexchange.in/mention-the-greatest-distinct-online-ports-at-the-casinomentor/" "Mozilla/5.0 AppleWebKit/537.36 (KHTML, like Gecko; compatible; GPTBot/1.3; +https://openai.com/gptbot)" 135 **0/135041**
74.7.227.158 - - [14/Mar/2026:05:38:06 -0700] "GET /mention-the-greatest-distinct-online-ports-at-the-casinomentor/ HTTP/2.0" 200 15355 "https://indiabettingexchange.in/?p=217216" "Mozilla/5.0 AppleWebKit/537.36 (KHTML, like Gecko; compatible; GPTBot/1.3; +https://openai.com/gptbot)" 231 **0/231443**
74.7.227.158 - - [14/Mar/2026:05:38:06 -0700] "GET /?p=216514 HTTP/2.0" 301 1 "https://indiabettingexchange.in/tidsgranser-pa-bonusar-varfor-du-maste-lasa-villkoren/" "Mozilla/5.0 AppleWebKit/537.36 (KHTML, like Gecko; compatible; GPTBot/1.3; +https://openai.com/gptbot)" 133 **0/133726**
74.7.227.158 - - [14/Mar/2026:05:38:06 -0700] "GET /tidsgranser-pa-bonusar-varfor-du-maste-lasa-villkoren/ HTTP/2.0" 200 16168 "https://indiabettingexchange.in/?p=216514" "Mozilla/5.0 AppleWebKit/537.36 (KHTML, like Gecko; compatible; GPTBot/1.3; +https://openai.com/gptbot)" 212 **0/212188**
74.7.227.158 - - [14/Mar/2026:05:38:07 -0700] "GET /?p=216652 HTTP/2.0" 301 1 "https://indiabettingexchange.in/on-the-active-realm-of-online-casinos-particularly-in-the-fresh-new-irish-field-the-newest-appeal-out-of-jackpots-somewhat-impacts-playing-patterns/" "Mozilla/5.0 AppleWebKit/537.36 (KHTML, like Gecko; compatible; GPTBot/1.3; +https://openai.com/gptbot)" 152 **0/152714**
74.7.227.158 - - [14/Mar/2026:05:38:07 -0700] "GET /on-the-active-realm-of-online-casinos-particularly-in-the-fresh-new-irish-field-the-newest-appeal-out-of-jackpots-somewhat-impacts-playing-patterns/ HTTP/2.0" 200 16838 "https://indiabettingexchange.in/?p=216652" "Mozilla/5.0 AppleWebKit/537.36 (KHTML, like Gecko; compatible; GPTBot/1.3; +https://openai.com/gptbot)" 211 **0/211622**
213.180.203.162 - - [14/Mar/2026:05:38:08 -0700] "GET /kiwis-appreciate-lucky-mermaid-slot-big-win-local-casino-greeting-give-fifty-spins-to-have-1/ HTTP/1.1" 200 19540 "-" "Mozilla/5.0 (compatible; YandexBot/3.0; +http://yandex.com/bots)" 221 **0/221526**
74.7.227.158 - - [14/Mar/2026:05:38:08 -0700] "GET /?p=216660 HTTP/2.0" 301 1 "https://indiabettingexchange.in/having-indian-people-selecting-a-premier-local-casino-web-site-with-one-another-diversity-and-you-can-quality-parimatch-india-was-a-talked-about-option/" "Mozilla/5.0 AppleWebKit/537.36 (KHTML, like Gecko; compatible; GPTBot/1.3; +https://openai.com/gptbot)" 134 **0/134359**
74.7.227.158 - - [14/Mar/2026:05:38:08 -0700] "GET /having-indian-people-selecting-a-premier-local-casino-web-site-with-one-another-diversity-and-you-can-quality-parimatch-india-was-a-talked-about-option/ HTTP/2.0" 200 16029 "https://indiabettingexchange.in/?p=216660" "Mozilla/5.0 AppleWebKit/537.36 (KHTML, like Gecko; compatible; GPTBot/1.3; +https://openai.com/gptbot)" 192 **0/192042**
74.7.227.158 - - [14/Mar/2026:05:38:09 -0700] "GET /?p=217100 HTTP/2.0" 301 1 "https://indiabettingexchange.in/in-case-it-is-card-based-gameplay-that-you-like-although-not-there-are-many-casino-games-that-incorporate-just-so-it/" "Mozilla/5.0 AppleWebKit/537.36 (KHTML, like Gecko; compatible; GPTBot/1.3; +https://openai.com/gptbot)" 164 **0/164170**
74.7.227.158 - - [14/Mar/2026:05:38:09 -0700] "GET /in-case-it-is-card-based-gameplay-that-you-like-although-not-there-are-many-casino-games-that-incorporate-just-so-it/ HTTP/2.0" 200 15538 "https://indiabettingexchange.in/?p=217100" "Mozilla/5.0 AppleWebKit/537.36 (KHTML, like Gecko; compatible; GPTBot/1.3; +https://openai.com/gptbot)" 223 **0/223769**
74.7.227.158 - - [14/Mar/2026:05:38:10 -0700] "GET /?p=216948 HTTP/2.0" 301 1 "https://indiabettingexchange.in/new-lever-handle-revolves-the-reels-when-you-pull-it-and-also-the-symbols-slowly-lose-its-price-and-avoid-swinging/" "Mozilla/5.0 AppleWebKit/537.36 (KHTML, like Gecko; compatible; GPTBot/1.3; +https://openai.com/gptbot)" 151 **0/151238**
74.7.227.158 - - [14/Mar/2026:05:38:10 -0700] "GET /new-lever-handle-revolves-the-reels-when-you-pull-it-and-also-the-symbols-slowly-lose-its-price-and-avoid-swinging/ HTTP/2.0" 200 15712 "https://indiabettingexchange.in/?p=216948" "Mozilla/5.0 AppleWebKit/537.36 (KHTML, like Gecko; compatible; GPTBot/1.3; +https://openai.com/gptbot)" 223 **0/223046**
74.7.227.158 - - [14/Mar/2026:05:38:11 -0700] "GET /?p=216750 HTTP/2.0" 301 1 "https://indiabettingexchange.in/extra-icons-range-from-the-fish-scatter-and-additionally-an-untamed-symbol/" "Mozilla/5.0 AppleWebKit/537.36 (KHTML, like Gecko; compatible; GPTBot/1.3; +https://openai.com/gptbot)" 138 **0/138826**
74.7.227.158 - - [14/Mar/2026:05:38:11 -0700] "GET /extra-icons-range-from-the-fish-scatter-and-additionally-an-untamed-symbol/ HTTP/2.0" 200 16070 "https://indiabettingexchange.in/?p=216750" "Mozilla/5.0 AppleWebKit/537.36 (KHTML, like Gecko; compatible; GPTBot/1.3; +https://openai.com/gptbot)" 168 **0/168958**
74.7.227.158 - - [14/Mar/2026:05:38:11 -0700] "GET /?p=217156 HTTP/2.0" 301 1 "https://indiabettingexchange.in/introduction-as-to-the-reasons-rtp-things-into-savvy-swedish-casino-player/" "Mozilla/5.0 AppleWebKit/537.36 (KHTML, like Gecko; compatible; GPTBot/1.3; +https://openai.com/gptbot)" 136 **0/136097**
74.7.227.158 - - [14/Mar/2026:05:38:12 -0700] "GET /introduction-as-to-the-reasons-rtp-things-into-savvy-swedish-casino-player/ HTTP/2.0" 200 16600 "https://indiabettingexchange.in/?p=217156" "Mozilla/5.0 AppleWebKit/537.36 (KHTML, like Gecko; compatible; GPTBot/1.3; +https://openai.com/gptbot)" 262 **0/262664**
74.7.227.158 - - [14/Mar/2026:05:38:12 -0700] "GET /?p=217082 HTTP/2.0" 301 1 "https://indiabettingexchange.in/thus-what-leads-to-the-low-house-boundary-into-the-craps/" "Mozilla/5.0 AppleWebKit/537.36 (KHTML, like Gecko; compatible; GPTBot/1.3; +https://openai.com/gptbot)" 155 **0/155571**
74.7.227.158 - - [14/Mar/2026:05:38:13 -0700] "GET /thus-what-leads-to-the-low-house-boundary-into-the-craps/ HTTP/2.0" 200 15662 "https://indiabettingexchange.in/?p=217082" "Mozilla/5.0 AppleWebKit/537.36 (KHTML, like Gecko; compatible; GPTBot/1.3; +https://openai.com/gptbot)" 219 **0/219139**
74.7.227.158 - - [14/Mar/2026:05:38:13 -0700] "GET /?p=217166 HTTP/2.0" 301 1 "https://indiabettingexchange.in/lets-be-honest-we-are-really-not-just-casual-dabblers-in-the-wide-world-of-casinos-on-the-internet/" "Mozilla/5.0 AppleWebKit/537.36 (KHTML, like Gecko; compatible; GPTBot/1.3; +https://openai.com/gptbot)" 164 **0/164785**
74.7.227.158 - - [14/Mar/2026:05:38:14 -0700] "GET /lets-be-honest-we-are-really-not-just-casual-dabblers-in-the-wide-world-of-casinos-on-the-internet/ HTTP/2.0" 200 16538 "https://indiabettingexchange.in/?p=217166" "Mozilla/5.0 AppleWebKit/537.36 (KHTML, like Gecko; compatible; GPTBot/1.3; +https://openai.com/gptbot)" 207 **0/207958**
74.7.227.158 - - [14/Mar/2026:05:38:14 -0700] "GET /?p=216904 HTTP/2.0" 301 1 "https://indiabettingexchange.in/simple-tips-to-gamble-gambling-games-free-of-charge-into-forehead-out-of-games/" "Mozilla/5.0 AppleWebKit/537.36 (KHTML, like Gecko; compatible; GPTBot/1.3; +https://openai.com/gptbot)" 134 **0/134354**
74.7.227.158 - - [14/Mar/2026:05:38:15 -0700] "GET /simple-tips-to-gamble-gambling-games-free-of-charge-into-forehead-out-of-games/ HTTP/2.0" 200 16908 "https://indiabettingexchange.in/?p=216904" "Mozilla/5.0 AppleWebKit/537.36 (KHTML, like Gecko; compatible; GPTBot/1.3; +https://openai.com/gptbot)" 257 **0/257908**
74.7.227.158 - - [14/Mar/2026:05:38:15 -0700] "GET /prepare-to-track-down-happy-in-the-aings-traditional-slot-happy-cherries/ HTTP/2.0" 200 15537 "https://indiabettingexchange.in/articles/page/684/" "Mozilla/5.0 AppleWebKit/537.36 (KHTML, like Gecko; compatible; GPTBot/1.3; +https://openai.com/gptbot)" 291 **0/291543**
74.7.227.158 - - [14/Mar/2026:05:38:16 -0700] "GET /totally-free-slots-at-casino-la-riviera-free-chip-the-sloto-dollars-casino-no-put-spins-book/ HTTP/2.0" 200 17023 "https://indiabettingexchange.in/articles/page/685/" "Mozilla/5.0 AppleWebKit/537.36 (KHTML, like Gecko; compatible; GPTBot/1.3; +https://openai.com/gptbot)" 243 **0/243115**
74.7.227.158 - - [14/Mar/2026:05:38:16 -0700] "GET /varieties-for-example-blackjack-real-time-infinite-black-jack-black-jack-light-and-you-may-black-jack-silver-are-generally-appreciated-from-the-all-of-our-participants/ HTTP/2.0" 200 15570 "https://indiabettingexchange.in/articles/page/683/" "Mozilla/5.0 AppleWebKit/537.36 (KHTML, like Gecko; compatible; GPTBot/1.3; +https://openai.com/gptbot)" 226 **0/226880**
118.139.180.95 - - [14/Mar/2026:05:38:17 -0700] "POST /?wordfence_syncAttackData=1773491897.4754 HTTP/1.1" 200 - "-" "WordPress/6.9.4; https://indiabettingexchange.in" 248 **0/248032**
74.7.227.158 - - [14/Mar/2026:05:38:17 -0700] "GET /attention-out-of-horus-position-totally-free-enjoy-ramses-book-mobile-no-deposit/ HTTP/2.0" 200 17977 "https://indiabettingexchange.in/articles/page/685/" "Mozilla/5.0 AppleWebKit/537.36 (KHTML, like Gecko; compatible; GPTBot/1.3; +https://openai.com/gptbot)" 545 **0/545415**
185.191.171.6 - - [14/Mar/2026:05:38:18 -0700] "GET /danger-high-voltage-2-slot-demo-opinion-big-time-betting/ HTTP/1.1" 200 18464 "-" "Mozilla/5.0 (compatible; SemrushBot/7~bl; +http://www.semrush.com/bot.html)" 300 **0/300017**
74.7.227.158 - - [14/Mar/2026:05:38:18 -0700] "GET /casumo-spielbank-erfahrungen-wie-gleichfalls-mehr-als-wird-diese-angeschlossen-pirates-gold-spielautomat-spielholle/ HTTP/2.0" 200 17277 "https://indiabettingexchange.in/articles/page/685/" "Mozilla/5.0 AppleWebKit/537.36 (KHTML, like Gecko; compatible; GPTBot/1.3; +https://openai.com/gptbot)" 257 **0/257705**
74.7.227.158 - - [14/Mar/2026:05:38:18 -0700] "GET /crystal-ball-slot-angeschlossen-spielen-demonstration-gratis-silent-run-slot-free-spins-exklusive-eintragung/ HTTP/2.0" 200 17218 "https://indiabettingexchange.in/articles/page/685/" "Mozilla/5.0 AppleWebKit/537.36 (KHTML, like Gecko; compatible; GPTBot/1.3; +https://openai.com/gptbot)" 223 **0/223876**
74.7.227.158 - - [14/Mar/2026:05:38:19 -0700] "GET /i-have-customized-your-website-following-the-current-world-requirements/ HTTP/2.0" 200 15869 "https://indiabettingexchange.in/articles/page/684/" "Mozilla/5.0 AppleWebKit/537.36 (KHTML, like Gecko; compatible; GPTBot/1.3; +https://openai.com/gptbot)" 257 **0/257768**
74.7.227.158 - - [14/Mar/2026:05:38:19 -0700] "GET /blackjack-sider-idraet-kortspil-tilslutte-sikken-online-baccarat-rigtige-penge-rigtige-penge-pictureline/ HTTP/2.0" 200 16370 "https://indiabettingexchange.in/articles/page/685/" "Mozilla/5.0 AppleWebKit/537.36 (KHTML, like Gecko; compatible; GPTBot/1.3; +https://openai.com/gptbot)" 198 **0/198096**
74.7.227.158 - - [14/Mar/2026:05:38:20 -0700] "GET /live-gambling-establishment-bonuses-particularly-target-people-whom-prefer-genuine-time-playing-which-have-top-notch-investors/ HTTP/2.0" 200 15814 "https://indiabettingexchange.in/articles/page/684/" "Mozilla/5.0 AppleWebKit/537.36 (KHTML, like Gecko; compatible; GPTBot/1.3; +https://openai.com/gptbot)" 270 **0/270450**
74.7.227.158 - - [14/Mar/2026:05:38:21 -0700] "GET /att-knacka-koden-licensiering-och-reglering-av-casinon-en-analytikers-perspektiv/ HTTP/2.0" 200 16388 "https://indiabettingexchange.in/articles/page/684/" "Mozilla/5.0 AppleWebKit/537.36 (KHTML, like Gecko; compatible; GPTBot/1.3; +https://openai.com/gptbot)" 277 **0/277662**
74.7.227.158 - - [14/Mar/2026:05:38:21 -0700] "GET /best-free-news-spins-united-states-2026-put-no-deposit-bonuses/ HTTP/2.0" 200 17235 "https://indiabettingexchange.in/articles/page/685/" "Mozilla/5.0 AppleWebKit/537.36 (KHTML, like Gecko; compatible; GPTBot/1.3; +https://openai.com/gptbot)" 197 **0/197658**
72.56.190.12 - - [14/Mar/2026:05:38:21 -0700] "POST /wp-comments-post.php HTTP/1.1" 404 8215 "https://indiabettingexchange.in/discover-new-casinos-not-blocked-by-gamstop-5/" "Mozilla/5.0 (X11; Linux i686) AppleWebKit/537.36 (KHTML, like Gecko) Chrome/114.0.0.0 Safari/537.36 Vivaldi/5.3.2679.68" 513 **0/513505**
74.7.227.158 - - [14/Mar/2026:05:38:22 -0700] "GET /?p=216650 HTTP/2.0" 301 1 "https://indiabettingexchange.in/prepare-to-track-down-happy-in-the-aings-traditional-slot-happy-cherries/" "Mozilla/5.0 AppleWebKit/537.36 (KHTML, like Gecko; compatible; GPTBot/1.3; +https://openai.com/gptbot)" 125 **0/125624**
74.7.227.158 - - [14/Mar/2026:05:38:22 -0700] "GET /prepare-to-track-down-happy-in-the-aings-traditional-slot-happy-cherries/ HTTP/2.0" 200 15537 "https://indiabettingexchange.in/?p=216650" "Mozilla/5.0 AppleWebKit/537.36 (KHTML, like Gecko; compatible; GPTBot/1.3; +https://openai.com/gptbot)" 227 **0/227718**
74.7.227.158 - - [14/Mar/2026:05:38:23 -0700] "GET /?p=216419 HTTP/2.0" 301 1 "https://indiabettingexchange.in/totally-free-slots-at-casino-la-riviera-free-chip-the-sloto-dollars-casino-no-put-spins-book/" "Mozilla/5.0 AppleWebKit/537.36 (KHTML, like Gecko; compatible; GPTBot/1.3; +https://openai.com/gptbot)" 135 **0/135302**
74.7.227.158 - - [14/Mar/2026:05:38:23 -0700] "GET /totally-free-slots-at-casino-la-riviera-free-chip-the-sloto-dollars-casino-no-put-spins-book/ HTTP/2.0" 200 17022 "https://indiabettingexchange.in/?p=216419" "Mozilla/5.0 AppleWebKit/537.36 (KHTML, like Gecko; compatible; GPTBot/1.3; +https://openai.com/gptbot)" 215 **0/215223**
74.7.227.158 - - [14/Mar/2026:05:38:24 -0700] "GET /?p=216960 HTTP/2.0" 301 1 "https://indiabettingexchange.in/varieties-for-example-blackjack-real-time-infinite-black-jack-black-jack-light-and-you-may-black-jack-silver-are-generally-appreciated-from-the-all-of-our-participants/" "Mozilla/5.0 AppleWebKit/537.36 (KHTML, like Gecko; compatible; GPTBot/1.3; +https://openai.com/gptbot)" 165 **0/165490**
74.7.227.158 - - [14/Mar/2026:05:38:24 -0700] "GET /varieties-for-example-blackjack-real-time-infinite-black-jack-black-jack-light-and-you-may-black-jack-silver-are-generally-appreciated-from-the-all-of-our-participants/ HTTP/2.0" 200 15569 "https://indiabettingexchange.in/?p=216960" "Mozilla/5.0 AppleWebKit/537.36 (KHTML, like Gecko; compatible; GPTBot/1.3; +https://openai.com/gptbot)" 251 **0/251370**
74.7.227.158 - - [14/Mar/2026:05:38:25 -0700] "GET /?p=216395 HTTP/2.0" 301 1 "https://indiabettingexchange.in/attention-out-of-horus-position-totally-free-enjoy-ramses-book-mobile-no-deposit/" "Mozilla/5.0 AppleWebKit/537.36 (KHTML, like Gecko; compatible; GPTBot/1.3; +https://openai.com/gptbot)" 143 **0/143715**
74.7.227.158 - - [14/Mar/2026:05:38:25 -0700] "GET /attention-out-of-horus-position-totally-free-enjoy-ramses-book-mobile-no-deposit/ HTTP/2.0" 200 17978 "https://indiabettingexchange.in/?p=216395" "Mozilla/5.0 AppleWebKit/537.36 (KHTML, like Gecko; compatible; GPTBot/1.3; +https://openai.com/gptbot)" 207 **0/207243**
74.7.227.158 - - [14/Mar/2026:05:38:25 -0700] "GET /?p=216435 HTTP/2.0" 301 1 "https://indiabettingexchange.in/casumo-spielbank-erfahrungen-wie-gleichfalls-mehr-als-wird-diese-angeschlossen-pirates-gold-spielautomat-spielholle/" "Mozilla/5.0 AppleWebKit/537.36 (KHTML, like Gecko; compatible; GPTBot/1.3; +https://openai.com/gptbot)" 144 **0/144779**
179.214.114.222 - - [14/Mar/2026:05:38:25 -0700] "GET /kids-mental-health-few-days/ HTTP/1.1" 200 14899 "-" "Mozilla/5.0 (X11; Linux i686; rv:1.9.7.20) Gecko/5249-02-13 14:27:56.423950 Firefox/7.0" 227 **0/227809**
74.7.227.158 - - [14/Mar/2026:05:38:26 -0700] "GET /casumo-spielbank-erfahrungen-wie-gleichfalls-mehr-als-wird-diese-angeschlossen-pirates-gold-spielautomat-spielholle/ HTTP/2.0" 200 17277 "https://indiabettingexchange.in/?p=216435" "Mozilla/5.0 AppleWebKit/537.36 (KHTML, like Gecko; compatible; GPTBot/1.3; +https://openai.com/gptbot)" 177 **0/177727**
74.7.227.158 - - [14/Mar/2026:05:38:26 -0700] "GET /?p=216449 HTTP/2.0" 301 1 "https://indiabettingexchange.in/crystal-ball-slot-angeschlossen-spielen-demonstration-gratis-silent-run-slot-free-spins-exklusive-eintragung/" "Mozilla/5.0 AppleWebKit/537.36 (KHTML, like Gecko; compatible; GPTBot/1.3; +https://openai.com/gptbot)" 144 **0/144531**
74.7.227.158 - - [14/Mar/2026:05:38:27 -0700] "GET /crystal-ball-slot-angeschlossen-spielen-demonstration-gratis-silent-run-slot-free-spins-exklusive-eintragung/ HTTP/2.0" 200 17221 "https://indiabettingexchange.in/?p=216449" "Mozilla/5.0 AppleWebKit/537.36 (KHTML, like Gecko; compatible; GPTBot/1.3; +https://openai.com/gptbot)" 194 **0/194208**
74.7.227.158 - - [14/Mar/2026:05:38:27 -0700] "GET /?p=216632 HTTP/2.0" 301 1 "https://indiabettingexchange.in/i-have-customized-your-website-following-the-current-world-requirements/" "Mozilla/5.0 AppleWebKit/537.36 (KHTML, like Gecko; compatible; GPTBot/1.3; +https://openai.com/gptbot)" 126 **0/126951**
74.7.227.158 - - [14/Mar/2026:05:38:27 -0700] "GET /i-have-customized-your-website-following-the-current-world-requirements/ HTTP/2.0" 200 15865 "https://indiabettingexchange.in/?p=216632" "Mozilla/5.0 AppleWebKit/537.36 (KHTML, like Gecko; compatible; GPTBot/1.3; +https://openai.com/gptbot)" 191 **0/191284**
74.7.227.158 - - [14/Mar/2026:05:38:28 -0700] "GET /?p=216407 HTTP/2.0" 301 1 "https://indiabettingexchange.in/blackjack-sider-idraet-kortspil-tilslutte-sikken-online-baccarat-rigtige-penge-rigtige-penge-pictureline/" "Mozilla/5.0 AppleWebKit/537.36 (KHTML, like Gecko; compatible; GPTBot/1.3; +https://openai.com/gptbot)" 125 **0/125958**
74.7.227.158 - - [14/Mar/2026:05:38:28 -0700] "GET /blackjack-sider-idraet-kortspil-tilslutte-sikken-online-baccarat-rigtige-penge-rigtige-penge-pictureline/ HTTP/2.0" 200 16371 "https://indiabettingexchange.in/?p=216407" "Mozilla/5.0 AppleWebKit/537.36 (KHTML, like Gecko; compatible; GPTBot/1.3; +https://openai.com/gptbot)" 164 **0/164015**
74.7.227.158 - - [14/Mar/2026:05:38:29 -0700] "GET /?p=216648 HTTP/2.0" 301 1 "https://indiabettingexchange.in/live-gambling-establishment-bonuses-particularly-target-people-whom-prefer-genuine-time-playing-which-have-top-notch-investors/" "Mozilla/5.0 AppleWebKit/537.36 (KHTML, like Gecko; compatible; GPTBot/1.3; +https://openai.com/gptbot)" 152 **0/152146**
74.7.227.158 - - [14/Mar/2026:05:38:29 -0700] "GET /live-gambling-establishment-bonuses-particularly-target-people-whom-prefer-genuine-time-playing-which-have-top-notch-investors/ HTTP/2.0" 200 15814 "https://indiabettingexchange.in/?p=216648" "Mozilla/5.0 AppleWebKit/537.36 (KHTML, like Gecko; compatible; GPTBot/1.3; +https://openai.com/gptbot)" 209 **0/209200**
74.7.227.158 - - [14/Mar/2026:05:38:30 -0700] "GET /?p=216562 HTTP/2.0" 301 1 "https://indiabettingexchange.in/att-knacka-koden-licensiering-och-reglering-av-casinon-en-analytikers-perspektiv/" "Mozilla/5.0 AppleWebKit/537.36 (KHTML, like Gecko; compatible; GPTBot/1.3; +https://openai.com/gptbot)" 195 **0/195591**
74.7.227.158 - - [14/Mar/2026:05:38:30 -0700] "GET /att-knacka-koden-licensiering-och-reglering-av-casinon-en-analytikers-perspektiv/ HTTP/2.0" 200 16388 "https://indiabettingexchange.in/?p=216562" "Mozilla/5.0 AppleWebKit/537.36 (KHTML, like Gecko; compatible; GPTBot/1.3; +https://openai.com/gptbot)" 245 **0/245601**
74.7.227.158 - - [14/Mar/2026:05:38:31 -0700] "GET /?p=216379 HTTP/2.0" 301 1 "https://indiabettingexchange.in/best-free-news-spins-united-states-2026-put-no-deposit-bonuses/" "Mozilla/5.0 AppleWebKit/537.36 (KHTML, like Gecko; compatible; GPTBot/1.3; +https://openai.com/gptbot)" 133 **0/133070**
74.7.227.158 - - [14/Mar/2026:05:38:31 -0700] "GET /best-free-news-spins-united-states-2026-put-no-deposit-bonuses/ HTTP/2.0" 200 17236 "https://indiabettingexchange.in/?p=216379" "Mozilla/5.0 AppleWebKit/537.36 (KHTML, like Gecko; compatible; GPTBot/1.3; +https://openai.com/gptbot)" 191 **0/191864**
74.7.227.158 - - [14/Mar/2026:05:38:32 -0700] "GET /wp-json/oembed/1.0/embed?url=https%3A%2F%2Findiabettingexchange.in%2Fblackjack-sider-idraet-kortspil-tilslutte-sikken-online-baccarat-rigtige-penge-rigtige-penge-pictureline%2F HTTP/2.0" 200 1473 "https://indiabettingexchange.in/blackjack-sider-idraet-kortspil-tilslutte-sikken-online-baccarat-rigtige-penge-rigtige-penge-pictureline/" "Mozilla/5.0 AppleWebKit/537.36 (KHTML, like Gecko; compatible; GPTBot/1.3; +https://openai.com/gptbot)" 178 **0/178361**
72.56.190.12 - - [14/Mar/2026:05:38:32 -0700] "POST /wp-comments-post.php HTTP/1.1" 404 8215 "https://indiabettingexchange.in/discover-new-casinos-not-blocked-by-gamstop-5/" "Mozilla/5.0 (X11; Linux i686) AppleWebKit/537.36 (KHTML, like Gecko) Chrome/114.0.0.0 Safari/537.36 Vivaldi/5.3.2679.68" 168 **0/168039**
74.7.227.158 - - [14/Mar/2026:05:38:32 -0700] "GET /why-gamble-no-registration-gambling-games-%ef%bf%bd-pros-things-to-learn/ HTTP/2.0" 200 16844 "https://indiabettingexchange.in/articles/page/683/" "Mozilla/5.0 AppleWebKit/537.36 (KHTML, like Gecko; compatible; GPTBot/1.3; +https://openai.com/gptbot)" 248 **0/248830**
74.7.227.158 - - [14/Mar/2026:05:38:33 -0700] "GET /it%ef%bf%bds-actually-best-if-your-consult-an-attorney-having-feel-worldwide/ HTTP/2.0" 200 15888 "https://indiabettingexchange.in/articles/page/684/" "Mozilla/5.0 AppleWebKit/537.36 (KHTML, like Gecko; compatible; GPTBot/1.3; +https://openai.com/gptbot)" 233 **0/233640**
72.56.190.12 - - [14/Mar/2026:05:38:33 -0700] "POST /wp-comments-post.php HTTP/1.1" 404 8215 "https://indiabettingexchange.in/discover-new-casinos-not-blocked-by-gamstop-5/" "Mozilla/5.0 (X11; Linux i686) AppleWebKit/537.36 (KHTML, like Gecko) Chrome/114.0.0.0 Safari/537.36 Vivaldi/5.3.2679.68" 171 **0/171452**
74.7.227.158 - - [14/Mar/2026:05:38:33 -0700] "GET /slingo-video-game-is-a-captivating-combination-of-ports-and-bingo/ HTTP/2.0" 200 15495 "https://indiabettingexchange.in/articles/page/683/" "Mozilla/5.0 AppleWebKit/537.36 (KHTML, like Gecko; compatible; GPTBot/1.3; +https://openai.com/gptbot)" 225 **0/225904**
74.7.227.158 - - [14/Mar/2026:05:38:34 -0700] "GET /different-types-of-totally-free-ports-to-try-out-for-fun-2/ HTTP/2.0" 200 15680 "https://indiabettingexchange.in/articles/page/683/" "Mozilla/5.0 AppleWebKit/537.36 (KHTML, like Gecko; compatible; GPTBot/1.3; +https://openai.com/gptbot)" 203 **0/203662**
74.7.227.158 - - [14/Mar/2026:05:38:34 -0700] "GET /gambling-establishment-slots-procedures-how-exactly-to-profit-during-the-slot-video-game/ HTTP/2.0" 200 15699 "https://indiabettingexchange.in/articles/page/684/" "Mozilla/5.0 AppleWebKit/537.36 (KHTML, like Gecko; compatible; GPTBot/1.3; +https://openai.com/gptbot)" 191 **0/191627**
94.23.188.211 - - [14/Mar/2026:05:38:34 -0700] "GET /furthermore-extra-requirements-was-basically-an-essential-on-the-market-for-the-majority-of-many-years-plus-they-are-here-to-stay/ HTTP/2.0" 200 15659 "-" "Mozilla/5.0 (compatible; AhrefsBot/7.0; +http://ahrefs.com/robot/)" 213 **0/213979**
74.7.227.158 - - [14/Mar/2026:05:38:35 -0700] "GET /free-ports-was-good-a-risk-100-free-thrill-to-pay-the-day/ HTTP/2.0" 200 15458 "https://indiabettingexchange.in/articles/page/683/" "Mozilla/5.0 AppleWebKit/537.36 (KHTML, like Gecko; compatible; GPTBot/1.3; +https://openai.com/gptbot)" 178 **0/178563**
72.56.190.12 - - [14/Mar/2026:05:38:35 -0700] "POST /wp-comments-post.php HTTP/1.1" 404 8215 "https://indiabettingexchange.in/discover-new-casinos-not-blocked-by-gamstop-5/" "Mozilla/5.0 (X11; Linux i686) AppleWebKit/537.36 (KHTML, like Gecko) Chrome/114.0.0.0 Safari/537.36 Vivaldi/5.3.2679.68" 159 **0/159219**
74.7.227.158 - - [14/Mar/2026:05:38:35 -0700] "GET /not-you-can-attempt-having-fun-with-an-online-anonymizer-otherwise-proxy-to-try-out-casino-100-free-harbors-on-the-web-out-of-your-home/ HTTP/2.0" 200 15866 "https://indiabettingexchange.in/articles/page/684/" "Mozilla/5.0 AppleWebKit/537.36 (KHTML, like Gecko; compatible; GPTBot/1.3; +https://openai.com/gptbot)" 216 **0/216321**
105.228.61.130 - - [14/Mar/2026:05:38:36 -0700] "GET / HTTP/1.1" 200 18632 "-" "Mozilla/5.0 (Macintosh; PPC Mac OS X 10_5_2 rv:3.0; sa-IN) AppleWebKit/535.16.7 (KHTML, like Gecko) Version/5.1 Safari/535.16.7" 259 **0/259205**
74.7.227.158 - - [14/Mar/2026:05:38:36 -0700] "GET /local-casino-action-is-actually-a-talented-around-the-globe-agent-which-have-a-portfolio-out-of-more-700-additional-games/ HTTP/2.0" 200 15538 "https://indiabettingexchange.in/articles/page/683/" "Mozilla/5.0 AppleWebKit/537.36 (KHTML, like Gecko; compatible; GPTBot/1.3; +https://openai.com/gptbot)" 218 **0/218333**
74.7.227.158 - - [14/Mar/2026:05:38:36 -0700] "GET /chat-with-strangers-instantly/ HTTP/2.0" 200 16576 "https://indiabettingexchange.in/articles/page/684/" "Mozilla/5.0 AppleWebKit/537.36 (KHTML, like Gecko; compatible; GPTBot/1.3; +https://openai.com/gptbot)" 207 **0/207651**
74.7.227.158 - - [14/Mar/2026:05:38:37 -0700] "GET /casumo-casino-bericht-slots-hauptgewinn-grab-crazy-starter-spielautomat-a-100-bonus-spins/ HTTP/2.0" 200 17123 "https://indiabettingexchange.in/articles/page/685/" "Mozilla/5.0 AppleWebKit/537.36 (KHTML, like Gecko; compatible; GPTBot/1.3; +https://openai.com/gptbot)" 198 **0/198182**
74.7.227.158 - - [14/Mar/2026:05:38:37 -0700] "GET /greatest-free-online-50-free-spins-jammin-jars-on-registration-no-deposit-pokies-wager-fun-no-deposit-join-extra-sales/ HTTP/2.0" 200 17878 "https://indiabettingexchange.in/articles/page/685/" "Mozilla/5.0 AppleWebKit/537.36 (KHTML, like Gecko; compatible; GPTBot/1.3; +https://openai.com/gptbot)" 224 **0/224378**
74.7.227.158 - - [14/Mar/2026:05:38:38 -0700] "GET /?p=216954 HTTP/2.0" 301 1 "https://indiabettingexchange.in/why-gamble-no-registration-gambling-games-%ef%bf%bd-pros-things-to-learn/" "Mozilla/5.0 AppleWebKit/537.36 (KHTML, like Gecko; compatible; GPTBot/1.3; +https://openai.com/gptbot)" 348 **0/348699**
74.7.227.158 - - [14/Mar/2026:05:38:38 -0700] "GET /why-gamble-no-registration-gambling-games-%ef%bf%bd-pros-things-to-learn/ HTTP/2.0" 200 16845 "https://indiabettingexchange.in/?p=216954" "Mozilla/5.0 AppleWebKit/537.36 (KHTML, like Gecko; compatible; GPTBot/1.3; +https://openai.com/gptbot)" 217 **0/217687**
