66.249.68.4 - - [14/Mar/2026:05:27:28 -0700] "GET /hrani-v-online-kasinech-dulezitost-recenzi-a-zkusenosti-hracu/ HTTP/1.1" 200 16357 "-" "Mozilla/5.0 (Linux; Android 6.0.1; Nexus 5X Build/MMB29P) AppleWebKit/537.36 (KHTML, like Gecko) Chrome/145.0.7632.116 Mobile Safari/537.36 (compatible; Googlebot/2.1; +http://www.google.com/bot.html)" 181 **0/181380**
74.7.227.158 - - [14/Mar/2026:05:27:28 -0700] "GET /sic-beherrschen-die-kunden-ungezwungen-aufgrund-der-wichtige-kategorien-navigieren-ferner-diesseitigen-favoriten-finden/ HTTP/2.0" 200 16484 "https://indiabettingexchange.in/articles/page/660/" "Mozilla/5.0 AppleWebKit/537.36 (KHTML, like Gecko; compatible; GPTBot/1.3; +https://openai.com/gptbot)" 182 **0/182380**
74.7.227.158 - - [14/Mar/2026:05:27:29 -0700] "GET /dies-aviator-arbeitsgang-erfordert-neben-fortune-auch-strategische-uberlegungen/ HTTP/2.0" 200 16885 "https://indiabettingexchange.in/articles/page/661/" "Mozilla/5.0 AppleWebKit/537.36 (KHTML, like Gecko; compatible; GPTBot/1.3; +https://openai.com/gptbot)" 218 **0/218039**
74.7.227.158 - - [14/Mar/2026:05:27:29 -0700] "GET /winning-larger-which-have-buffalo-gold-jackpots-and-you-will-totally-free-spins/ HTTP/2.0" 200 16866 "https://indiabettingexchange.in/articles/page/660/" "Mozilla/5.0 AppleWebKit/537.36 (KHTML, like Gecko; compatible; GPTBot/1.3; +https://openai.com/gptbot)" 197 **0/197831**
74.7.227.158 - - [14/Mar/2026:05:27:30 -0700] "GET /das-ist-welches-sinnvolle-vorrichtung-fur-welches-android-os-spielsaal-praxis/ HTTP/2.0" 200 16539 "https://indiabettingexchange.in/articles/page/659/" "Mozilla/5.0 AppleWebKit/537.36 (KHTML, like Gecko; compatible; GPTBot/1.3; +https://openai.com/gptbot)" 255 **0/255706**
74.7.227.158 - - [14/Mar/2026:05:27:30 -0700] "GET /online-spielbank-spiele-%ef%bf%bd-selbige-umfangreiche-spektrum-ihr-spielcasinos/ HTTP/2.0" 200 17018 "https://indiabettingexchange.in/articles/page/661/" "Mozilla/5.0 AppleWebKit/537.36 (KHTML, like Gecko; compatible; GPTBot/1.3; +https://openai.com/gptbot)" 234 **0/234519**
74.7.227.158 - - [14/Mar/2026:05:27:31 -0700] "GET /sinnvolle-moglich-casinos-against-landbasierte-spielhallen-irgendwo-ist-und-bleibt-das-spielerlebnis-elaboriert/ HTTP/2.0" 200 16606 "https://indiabettingexchange.in/articles/page/661/" "Mozilla/5.0 AppleWebKit/537.36 (KHTML, like Gecko; compatible; GPTBot/1.3; +https://openai.com/gptbot)" 196 **0/196798**
74.7.227.158 - - [14/Mar/2026:05:27:31 -0700] "GET /publication-for-the-ra-gangbar-kasino-%ef%bf%bd-umsonst-geben-und-die-erfolgreichsten-casinos-fundig-werden/ HTTP/2.0" 200 16993 "https://indiabettingexchange.in/articles/page/660/" "Mozilla/5.0 AppleWebKit/537.36 (KHTML, like Gecko; compatible; GPTBot/1.3; +https://openai.com/gptbot)" 217 **0/217265**
74.7.227.158 - - [14/Mar/2026:05:27:32 -0700] "GET /bei-dieser-gesamtschau-werden-beliebte-spielsalon-spiele-within-deutschland-vorgestellt/ HTTP/2.0" 200 17713 "https://indiabettingexchange.in/articles/page/661/" "Mozilla/5.0 AppleWebKit/537.36 (KHTML, like Gecko; compatible; GPTBot/1.3; +https://openai.com/gptbot)" 245 **0/245446**
213.180.203.217 - - [14/Mar/2026:05:27:33 -0700] "GET /nachfolgende-5-book-of-ra-spielautomat-besten-online-kasino-zahlungsmethoden-2023/ HTTP/1.1" 200 19070 "-" "Mozilla/5.0 (compatible; YandexBot/3.0; +http://yandex.com/bots)" 176 **0/176168**
185.191.171.7 - - [14/Mar/2026:05:27:34 -0700] "GET /bezplatne-spiny-w-calej-betsafe-2025-grudzien/ HTTP/1.1" 200 20177 "-" "Mozilla/5.0 (compatible; SemrushBot/7~bl; +http://www.semrush.com/bot.html)" 167 **0/167553**
74.7.227.158 - - [14/Mar/2026:05:27:34 -0700] "GET /selbige-erfolgreichsten-gangbar-spielautomaten-fur-jedes-deutsche-spieler-im-kollationieren/ HTTP/2.0" 200 16132 "https://indiabettingexchange.in/articles/page/659/" "Mozilla/5.0 AppleWebKit/537.36 (KHTML, like Gecko; compatible; GPTBot/1.3; +https://openai.com/gptbot)" 182 **0/182515**
74.7.227.158 - - [14/Mar/2026:05:27:35 -0700] "GET /winrolla-welches-beste-psc-spielbank-exklusive-oasis-je-deutsche-besucher-casino-vermittlungsgebuhr-starburst/ HTTP/2.0" 200 16591 "https://indiabettingexchange.in/articles/page/660/" "Mozilla/5.0 AppleWebKit/537.36 (KHTML, like Gecko; compatible; GPTBot/1.3; +https://openai.com/gptbot)" 206 **0/206758**
66.249.68.3 - - [14/Mar/2026:05:27:35 -0700] "GET /here-discover-in-depth-info-about-gambling-establishment-brango-and-the-ways-to-start/ HTTP/1.1" 200 15687 "-" "Mozilla/5.0 (Linux; Android 6.0.1; Nexus 5X Build/MMB29P) AppleWebKit/537.36 (KHTML, like Gecko) Chrome/145.0.7632.116 Mobile Safari/537.36 (compatible; Googlebot/2.1; +http://www.google.com/bot.html)" 213 **0/213806**
74.7.227.158 - - [14/Mar/2026:05:27:35 -0700] "GET /wirklich-so-ermi%ef%bf%bdglichen-sich-diese-besten-casinos-unter-einsatz-von-echtem-zaster/ HTTP/2.0" 200 16511 "https://indiabettingexchange.in/articles/page/660/" "Mozilla/5.0 AppleWebKit/537.36 (KHTML, like Gecko; compatible; GPTBot/1.3; +https://openai.com/gptbot)" 184 **0/184843**
74.7.227.158 - - [14/Mar/2026:05:27:36 -0700] "GET /echtgeld-im-erreichbar-kasino-einlosen-%ef%bf%bd-wirklich-so-verlauft-sera/ HTTP/2.0" 200 16300 "https://indiabettingexchange.in/articles/page/660/" "Mozilla/5.0 AppleWebKit/537.36 (KHTML, like Gecko; compatible; GPTBot/1.3; +https://openai.com/gptbot)" 192 **0/192977**
74.7.227.158 - - [14/Mar/2026:05:27:36 -0700] "GET /la-tecnologia-que-transforma-la-experiencia-en-2/ HTTP/2.0" 200 16399 "https://indiabettingexchange.in/articles/page/658/" "Mozilla/5.0 AppleWebKit/537.36 (KHTML, like Gecko; compatible; GPTBot/1.3; +https://openai.com/gptbot)" 208 **0/208535**
74.7.227.158 - - [14/Mar/2026:05:27:37 -0700] "GET /jogos-para-abichar-arame-puerilidade-verdade-em-2025/ HTTP/2.0" 200 17185 "https://indiabettingexchange.in/articles/page/658/" "Mozilla/5.0 AppleWebKit/537.36 (KHTML, like Gecko; compatible; GPTBot/1.3; +https://openai.com/gptbot)" 182 **0/182158**
74.7.227.158 - - [14/Mar/2026:05:27:37 -0700] "GET /namentlich-reprasentabel-wird-ihr-willkommensbonus-ein-haufig-amyotrophic-lateral-sclerosis-zusammensetzung-nicht-mehr-da-bonusguthaben-oder-freispielen-serviceleistungen-sei/ HTTP/2.0" 200 16527 "https://indiabettingexchange.in/articles/page/661/" "Mozilla/5.0 AppleWebKit/537.36 (KHTML, like Gecko; compatible; GPTBot/1.3; +https://openai.com/gptbot)" 194 **0/194149**
74.7.227.158 - - [14/Mar/2026:05:27:38 -0700] "GET /fazit-echtes-bares-moglich-spielsalon-denn-moglichkeit-weiters-erleben/ HTTP/2.0" 200 17882 "https://indiabettingexchange.in/articles/page/661/" "Mozilla/5.0 AppleWebKit/537.36 (KHTML, like Gecko; compatible; GPTBot/1.3; +https://openai.com/gptbot)" 197 **0/197241**
118.139.180.95 - - [14/Mar/2026:05:27:39 -0700] "POST /wp-cron.php?doing_wp_cron=1773491259.0032479763031005859375 HTTP/1.1" 200 - "-" "WordPress/6.9.4; https://indiabettingexchange.in" 18 **0/18924**
74.7.227.158 - - [14/Mar/2026:05:27:38 -0700] "GET /online-kasino-spiele-%ef%bf%bd-nachfolgende-enorme-gesamtheit-der-spielcasinos/ HTTP/2.0" 200 17016 "https://indiabettingexchange.in/articles/page/661/" "Mozilla/5.0 AppleWebKit/537.36 (KHTML, like Gecko; compatible; GPTBot/1.3; +https://openai.com/gptbot)" 240 **0/240425**
74.7.227.158 - - [14/Mar/2026:05:27:39 -0700] "GET /10-melhores-slots-para-jogar-inventario-atualizada-janeiro/ HTTP/2.0" 200 17064 "https://indiabettingexchange.in/articles/page/658/" "Mozilla/5.0 AppleWebKit/537.36 (KHTML, like Gecko; compatible; GPTBot/1.3; +https://openai.com/gptbot)" 211 **0/211110**
74.7.227.158 - - [14/Mar/2026:05:27:39 -0700] "GET /betting-is-precisely-for-people-aged-18-years-or-earlier/ HTTP/2.0" 200 16385 "https://indiabettingexchange.in/articles/page/661/" "Mozilla/5.0 AppleWebKit/537.36 (KHTML, like Gecko; compatible; GPTBot/1.3; +https://openai.com/gptbot)" 178 **0/178041**
74.7.227.158 - - [14/Mar/2026:05:27:40 -0700] "GET /im-schnitt-liegt-ihr-rtp-wichtigkeit-das-slots-as-part-of-95-96/ HTTP/2.0" 200 16438 "https://indiabettingexchange.in/articles/page/660/" "Mozilla/5.0 AppleWebKit/537.36 (KHTML, like Gecko; compatible; GPTBot/1.3; +https://openai.com/gptbot)" 188 **0/188763**
74.7.227.158 - - [14/Mar/2026:05:27:40 -0700] "GET /casino-cincuenta-giros-regalado-falto-jugar-5-reel-slots-dinero-real-deposito-chile-2026/ HTTP/2.0" 200 20107 "https://indiabettingexchange.in/articles/page/658/" "Mozilla/5.0 AppleWebKit/537.36 (KHTML, like Gecko; compatible; GPTBot/1.3; +https://openai.com/gptbot)" 190 **0/190766**
74.7.227.158 - - [14/Mar/2026:05:27:41 -0700] "GET /aprestar-gratuitamente-book-of-ra-deluxe-6-online/ HTTP/2.0" 200 16844 "https://indiabettingexchange.in/articles/page/658/" "Mozilla/5.0 AppleWebKit/537.36 (KHTML, like Gecko; compatible; GPTBot/1.3; +https://openai.com/gptbot)" 218 **0/218229**
74.7.227.158 - - [14/Mar/2026:05:27:42 -0700] "GET /migliori-casino-online-italiani-siti-adm-sicuri-ottobre-2025-2/ HTTP/2.0" 200 16746 "https://indiabettingexchange.in/articles/page/659/" "Mozilla/5.0 AppleWebKit/537.36 (KHTML, like Gecko; compatible; GPTBot/1.3; +https://openai.com/gptbot)" 185 **0/185018**
74.7.227.158 - - [14/Mar/2026:05:27:42 -0700] "GET /dasjenige-war-unser-sinnvolle-apparat-je-dasjenige-mobile-spielsaal-praxis/ HTTP/2.0" 200 16566 "https://indiabettingexchange.in/articles/page/659/" "Mozilla/5.0 AppleWebKit/537.36 (KHTML, like Gecko; compatible; GPTBot/1.3; +https://openai.com/gptbot)" 202 **0/202599**
74.7.227.158 - - [14/Mar/2026:05:27:43 -0700] "GET /spielsaal-bonus-ohne-einzahlung-2026-die-besten-no-frankierung-boni/ HTTP/2.0" 200 16642 "https://indiabettingexchange.in/articles/page/658/" "Mozilla/5.0 AppleWebKit/537.36 (KHTML, like Gecko; compatible; GPTBot/1.3; +https://openai.com/gptbot)" 197 **0/197982**
74.7.227.158 - - [14/Mar/2026:05:27:43 -0700] "GET /seriose-online-casinos-as-part-of-deutschland-2026-top-10-anbieter/ HTTP/2.0" 200 17579 "https://indiabettingexchange.in/articles/page/658/" "Mozilla/5.0 AppleWebKit/537.36 (KHTML, like Gecko; compatible; GPTBot/1.3; +https://openai.com/gptbot)" 193 **0/193528**
74.7.227.158 - - [14/Mar/2026:05:27:44 -0700] "GET /deneme-veren-siteler-ile-yeni-oyunculara-risksiz-37/ HTTP/2.0" 200 18250 "https://indiabettingexchange.in/articles/page/659/" "Mozilla/5.0 AppleWebKit/537.36 (KHTML, like Gecko; compatible; GPTBot/1.3; +https://openai.com/gptbot)" 237 **0/237080**
74.7.227.158 - - [14/Mar/2026:05:27:44 -0700] "GET /multiple-secure-payment-steps-come-on-bet365-casino/ HTTP/2.0" 200 15626 "https://indiabettingexchange.in/articles/page/660/" "Mozilla/5.0 AppleWebKit/537.36 (KHTML, like Gecko; compatible; GPTBot/1.3; +https://openai.com/gptbot)" 212 **0/212621**
185.191.171.19 - - [14/Mar/2026:05:27:44 -0700] "GET /h1-sports-betting-casino-bonus-up-to-40000-inr-h1-6/ HTTP/1.1" 200 17765 "-" "Mozilla/5.0 (compatible; SemrushBot/7~bl; +http://www.semrush.com/bot.html)" 193 **0/193967**
74.7.227.158 - - [14/Mar/2026:05:27:45 -0700] "GET /casino-en-internet-colombia-juegos-sobre-booi-aplicacion-para-ios-casino-en-linea-stake/ HTTP/2.0" 200 20198 "https://indiabettingexchange.in/articles/page/658/" "Mozilla/5.0 AppleWebKit/537.36 (KHTML, like Gecko; compatible; GPTBot/1.3; +https://openai.com/gptbot)" 211 **0/211860**
74.7.227.158 - - [14/Mar/2026:05:27:45 -0700] "GET /lieve-slots-2025-meest-gewil-offlin-casino-5-knights-slot-geen-storting-slots/ HTTP/2.0" 200 17114 "https://indiabettingexchange.in/articles/page/658/" "Mozilla/5.0 AppleWebKit/537.36 (KHTML, like Gecko; compatible; GPTBot/1.3; +https://openai.com/gptbot)" 174 **0/174335**
74.7.227.158 - - [14/Mar/2026:05:27:46 -0700] "GET /baarbet-casinoda-kazanc-dolu-populer-slot-oyunlary-53/ HTTP/2.0" 200 16398 "https://indiabettingexchange.in/articles/page/658/" "Mozilla/5.0 AppleWebKit/537.36 (KHTML, like Gecko; compatible; GPTBot/1.3; +https://openai.com/gptbot)" 218 **0/218801**
74.7.227.158 - - [14/Mar/2026:05:27:46 -0700] "GET /angewandten-kia%ef%bf%bdufern-die-gegenseitig-im-betsson-bewahrt-besitzen-werden-verstandlicherweise-beilaufig-fortdauernd-wechselnde-aktionen-bereitgestellt/ HTTP/2.0" 200 16450 "https://indiabettingexchange.in/articles/page/659/" "Mozilla/5.0 AppleWebKit/537.36 (KHTML, like Gecko; compatible; GPTBot/1.3; +https://openai.com/gptbot)" 225 **0/225027**
74.7.227.158 - - [14/Mar/2026:05:27:47 -0700] "GET /since-the-its-debut-when-you-look-at-the-2002-bigfish-gambling-establishment-might-one-of-several-earths-prominent-personal-casinos/ HTTP/2.0" 200 15778 "https://indiabettingexchange.in/articles/page/659/" "Mozilla/5.0 AppleWebKit/537.36 (KHTML, like Gecko; compatible; GPTBot/1.3; +https://openai.com/gptbot)" 200 **0/200049**
74.7.227.158 - - [14/Mar/2026:05:27:47 -0700] "GET /vor-ferner-unzuli%ef%bf%bdnglichkeiten-von-spielbank-musizieren-qua-hoher-auszahlungsquote/ HTTP/2.0" 200 16557 "https://indiabettingexchange.in/articles/page/659/" "Mozilla/5.0 AppleWebKit/537.36 (KHTML, like Gecko; compatible; GPTBot/1.3; +https://openai.com/gptbot)" 210 **0/210731**
74.7.227.158 - - [14/Mar/2026:05:27:48 -0700] "GET /schlichtweg-allemal-vergutungsfrei-%ef%bf%bd-ebendiese-zahlungsarten-gewinn-osterreichs-zocker/ HTTP/2.0" 200 16514 "https://indiabettingexchange.in/articles/page/660/" "Mozilla/5.0 AppleWebKit/537.36 (KHTML, like Gecko; compatible; GPTBot/1.3; +https://openai.com/gptbot)" 212 **0/212336**
74.7.227.158 - - [14/Mar/2026:05:27:49 -0700] "GET /1-dies-wird-welches-beste-kasino-unter-einsatz-von-quecksilber-angeschlossen-musizieren/ HTTP/2.0" 200 16867 "https://indiabettingexchange.in/articles/page/660/" "Mozilla/5.0 AppleWebKit/537.36 (KHTML, like Gecko; compatible; GPTBot/1.3; +https://openai.com/gptbot)" 205 **0/205846**
74.7.227.158 - - [14/Mar/2026:05:27:49 -0700] "GET /ruleta-con-dinero-real-como-juguetear-a-la-ruleta-en-linea-y-15-golden-eggs-ranura-movil-lucro-positivo/ HTTP/2.0" 200 19971 "https://indiabettingexchange.in/articles/page/658/" "Mozilla/5.0 AppleWebKit/537.36 (KHTML, like Gecko; compatible; GPTBot/1.3; +https://openai.com/gptbot)" 179 **0/179667**
74.7.227.158 - - [14/Mar/2026:05:27:50 -0700] "GET /solicite-gladiator-giros-livres-puerilidade-slot-os-melhores-bonus-sem-depositos-2026-apontar-brasil/ HTTP/2.0" 200 16904 "https://indiabettingexchange.in/articles/page/658/" "Mozilla/5.0 AppleWebKit/537.36 (KHTML, like Gecko; compatible; GPTBot/1.3; +https://openai.com/gptbot)" 264 **0/264106**
74.7.227.158 - - [14/Mar/2026:05:27:50 -0700] "GET /snai-accoglie-i-nuovi-compratori-sopra-excretion-premio-in-assenza-di-fitto-da-10%ef%bf%bd-adatto-ancora-delliscrizione/ HTTP/2.0" 200 15792 "https://indiabettingexchange.in/articles/page/661/" "Mozilla/5.0 AppleWebKit/537.36 (KHTML, like Gecko; compatible; GPTBot/1.3; +https://openai.com/gptbot)" 257 **0/257510**
74.7.227.158 - - [14/Mar/2026:05:27:51 -0700] "GET /traktandum-erreichbar-casinos-brd-2025-liste-kraut-provider/ HTTP/2.0" 200 17048 "https://indiabettingexchange.in/articles/page/658/" "Mozilla/5.0 AppleWebKit/537.36 (KHTML, like Gecko; compatible; GPTBot/1.3; +https://openai.com/gptbot)" 211 **0/211547**
74.7.227.158 - - [14/Mar/2026:05:27:51 -0700] "GET /since-the-introduction-inside-2002-bigfish-local-casino-was-one-of-many-planets-prominent-personal-casinos/ HTTP/2.0" 200 15761 "https://indiabettingexchange.in/articles/page/660/" "Mozilla/5.0 AppleWebKit/537.36 (KHTML, like Gecko; compatible; GPTBot/1.3; +https://openai.com/gptbot)" 208 **0/208353**
74.7.227.158 - - [14/Mar/2026:05:27:52 -0700] "GET /cassinos-uma-vez-que-bonus-sem-entreposto-melhores-ofertas-sobre-11-01-2026/ HTTP/2.0" 200 16881 "https://indiabettingexchange.in/articles/page/658/" "Mozilla/5.0 AppleWebKit/537.36 (KHTML, like Gecko; compatible; GPTBot/1.3; +https://openai.com/gptbot)" 207 **0/207618**
74.7.227.158 - - [14/Mar/2026:05:27:52 -0700] "GET /12-coins-slot-machine-jogue-acessivel/ HTTP/2.0" 200 17000 "https://indiabettingexchange.in/articles/page/658/" "Mozilla/5.0 AppleWebKit/537.36 (KHTML, like Gecko; compatible; GPTBot/1.3; +https://openai.com/gptbot)" 220 **0/220261**
85.208.96.206 - - [14/Mar/2026:05:27:53 -0700] "GET /during-the-time-of-brand-new-ipo-ninety-a-couple-of-percent-out-of-party-gamings-money-originated-web-based-poker-surgery/ HTTP/1.1" 200 17168 "-" "Mozilla/5.0 (compatible; SemrushBot/7~bl; +http://www.semrush.com/bot.html)" 227 **0/227021**
74.7.227.158 - - [14/Mar/2026:05:27:53 -0700] "GET /7-kundensupport-das-spielotheken-spielsalon-verbunden-echtgeld-eigenschaften/ HTTP/2.0" 200 16338 "https://indiabettingexchange.in/articles/page/660/" "Mozilla/5.0 AppleWebKit/537.36 (KHTML, like Gecko; compatible; GPTBot/1.3; +https://openai.com/gptbot)" 182 **0/182052**
74.7.227.158 - - [14/Mar/2026:05:27:54 -0700] "GET /the-most-famous-will-be-totally-free-spins-and-you-will-choosing-extra-games-however-there-are-also-another-products/ HTTP/2.0" 200 15558 "https://indiabettingexchange.in/articles/page/660/" "Mozilla/5.0 AppleWebKit/537.36 (KHTML, like Gecko; compatible; GPTBot/1.3; +https://openai.com/gptbot)" 216 **0/216806**
74.7.227.158 - - [14/Mar/2026:05:27:54 -0700] "GET /it%ef%bf%bds-available-for-100-free-into-the-google-gamble-shop-and-you-may-app-store/ HTTP/2.0" 200 15753 "https://indiabettingexchange.in/articles/page/661/" "Mozilla/5.0 AppleWebKit/537.36 (KHTML, like Gecko; compatible; GPTBot/1.3; +https://openai.com/gptbot)" 178 **0/178818**
74.7.227.158 - - [14/Mar/2026:05:27:55 -0700] "GET /%ce%ba%cf%85%cf%80%cf%81%ce%b9%ce%b1%ce%ba%ce%ac-%ce%ba%ce%b1%ce%b6%ce%af%ce%bd%ce%bf-online-%ce%bf%ce%b4%ce%b7%ce%b3%cf%8c%cf%82-%ce%b3%ce%b9%ce%b1-%ce%ad%ce%bc%cf%80%ce%b5%ce%b9%cf%81%ce%bf%cf%85/ HTTP/2.0" 200 17318 "https://indiabettingexchange.in/articles/page/658/" "Mozilla/5.0 AppleWebKit/537.36 (KHTML, like Gecko; compatible; GPTBot/1.3; +https://openai.com/gptbot)" 202 **0/202823**
74.7.227.158 - - [14/Mar/2026:05:27:55 -0700] "GET /verkettete-liste-der-erfolgreichsten-legalen-angeschlossen-casinos-alpenrepublik-im-jahr-2025/ HTTP/2.0" 200 16168 "https://indiabettingexchange.in/articles/page/660/" "Mozilla/5.0 AppleWebKit/537.36 (KHTML, like Gecko; compatible; GPTBot/1.3; +https://openai.com/gptbot)" 218 **0/218264**
74.7.227.158 - - [14/Mar/2026:05:27:56 -0700] "GET /lll-casino-en-linea-de-dinero-real-sin-deposito-1xslot-tragamonedas-clasicas-regalado-tragaperras-clasicas-online/ HTTP/2.0" 200 20213 "https://indiabettingexchange.in/articles/page/658/" "Mozilla/5.0 AppleWebKit/537.36 (KHTML, like Gecko; compatible; GPTBot/1.3; +https://openai.com/gptbot)" 230 **0/230694**
74.7.227.158 - - [14/Mar/2026:05:27:56 -0700] "GET /auf-unserer-internetseite-gegenuberstellen-unsereiner-begrenzt-besondere-moglich-casinos-weiters-stellen-ihnen-ausfuhrliche-testberichte-zur-order/ HTTP/2.0" 200 16512 "https://indiabettingexchange.in/articles/page/661/" "Mozilla/5.0 AppleWebKit/537.36 (KHTML, like Gecko; compatible; GPTBot/1.3; +https://openai.com/gptbot)" 217 **0/217586**
74.7.227.158 - - [14/Mar/2026:05:27:57 -0700] "GET /freispiele-exklusive-einzahlung-2026-spielautomaten-within-land-der-dichter-und-denker-vortragen/ HTTP/2.0" 200 16730 "https://indiabettingexchange.in/articles/page/658/" "Mozilla/5.0 AppleWebKit/537.36 (KHTML, like Gecko; compatible; GPTBot/1.3; +https://openai.com/gptbot)" 214 **0/214794**
74.7.227.158 - - [14/Mar/2026:05:27:57 -0700] "GET /wunderino-pramie-quelltext-40-30-freispiele/ HTTP/2.0" 200 17127 "https://indiabettingexchange.in/articles/page/658/" "Mozilla/5.0 AppleWebKit/537.36 (KHTML, like Gecko; compatible; GPTBot/1.3; +https://openai.com/gptbot)" 176 **0/176691**
74.7.227.158 - - [14/Mar/2026:05:27:58 -0700] "GET /einschreibung-und-verifizierung-in-5-schritten-zum-spielerkonto-35-freie-spins-nach-columbus-deluxe-spielen/ HTTP/2.0" 200 17342 "https://indiabettingexchange.in/articles/page/659/" "Mozilla/5.0 AppleWebKit/537.36 (KHTML, like Gecko; compatible; GPTBot/1.3; +https://openai.com/gptbot)" 162 **0/162020**
74.7.227.158 - - [14/Mar/2026:05:27:58 -0700] "GET /wunderino-erfahrungen-2026-schnelle-auszahlungen/ HTTP/2.0" 200 16904 "https://indiabettingexchange.in/articles/page/658/" "Mozilla/5.0 AppleWebKit/537.36 (KHTML, like Gecko; compatible; GPTBot/1.3; +https://openai.com/gptbot)" 174 **0/174195**
74.7.227.158 - - [14/Mar/2026:05:27:59 -0700] "GET /migliori-casino-online-download-do-aplicativo-de-afiliado-bruce-bet-aams-2025-di-nuovo-siti-casino-sicuri-sopra-italia/ HTTP/2.0" 200 16933 "https://indiabettingexchange.in/articles/page/658/" "Mozilla/5.0 AppleWebKit/537.36 (KHTML, like Gecko; compatible; GPTBot/1.3; +https://openai.com/gptbot)" 193 **0/193261**
74.7.227.158 - - [14/Mar/2026:05:27:59 -0700] "GET /tag/world-cup/feed/ HTTP/2.0" 200 3694 "https://indiabettingexchange.in/tag/world-cup/" "Mozilla/5.0 AppleWebKit/537.36 (KHTML, like Gecko; compatible; GPTBot/1.3; +https://openai.com/gptbot)" 160 **0/160048**
74.7.227.158 - - [14/Mar/2026:05:28:00 -0700] "GET /wp-json/oembed/1.0/embed?url=https%3A%2F%2Findiabettingexchange.in%2Fselbige-auslese-aktiv-absturz-game-titles-war-jedoch-uberschaubar-aber-eres-existiert-ohne-wenn-und-aber-angewandten-konjunkturanstieg%2F HTTP/2.0" 200 1465 "https://indiabettingexchange.in/selbige-auslese-aktiv-absturz-game-titles-war-jedoch-uberschaubar-aber-eres-existiert-ohne-wenn-und-aber-angewandten-konjunkturanstieg/" "Mozilla/5.0 AppleWebKit/537.36 (KHTML, like Gecko; compatible; GPTBot/1.3; +https://openai.com/gptbot)" 146 **0/146210**
74.7.227.158 - - [14/Mar/2026:05:28:01 -0700] "GET /articles/page/664/ HTTP/2.0" 200 17069 "https://indiabettingexchange.in/articles/page/661/" "Mozilla/5.0 AppleWebKit/537.36 (KHTML, like Gecko; compatible; GPTBot/1.3; +https://openai.com/gptbot)" 499 **0/499985**
74.7.227.158 - - [14/Mar/2026:05:28:01 -0700] "GET /articles/page/663/ HTTP/2.0" 200 17511 "https://indiabettingexchange.in/articles/page/661/" "Mozilla/5.0 AppleWebKit/537.36 (KHTML, like Gecko; compatible; GPTBot/1.3; +https://openai.com/gptbot)" 667 **0/667762**
74.7.227.158 - - [14/Mar/2026:05:28:02 -0700] "GET /articles/page/665/ HTTP/2.0" 200 17376 "https://indiabettingexchange.in/articles/page/661/" "Mozilla/5.0 AppleWebKit/537.36 (KHTML, like Gecko; compatible; GPTBot/1.3; +https://openai.com/gptbot)" 536 **0/536248**
74.7.227.158 - - [14/Mar/2026:05:28:03 -0700] "GET /articles/page/662/ HTTP/2.0" 200 17475 "https://indiabettingexchange.in/articles/page/661/" "Mozilla/5.0 AppleWebKit/537.36 (KHTML, like Gecko; compatible; GPTBot/1.3; +https://openai.com/gptbot)" 501 **0/501170**
74.7.227.158 - - [14/Mar/2026:05:28:04 -0700] "GET /wp-json/oembed/1.0/embed?url=https%3A%2F%2Findiabettingexchange.in%2F10-fylde-baccarat-immortal-romance-online-slot-pa-casinos-2024-virkelig-money-gambling%2F HTTP/2.0" 200 1367 "https://indiabettingexchange.in/10-fylde-baccarat-immortal-romance-online-slot-pa-casinos-2024-virkelig-money-gambling/" "Mozilla/5.0 AppleWebKit/537.36 (KHTML, like Gecko; compatible; GPTBot/1.3; +https://openai.com/gptbot)" 166 **0/166670**
74.7.227.158 - - [14/Mar/2026:05:28:05 -0700] "GET /wp-json/oembed/1.0/embed?url=https%3A%2F%2Findiabettingexchange.in%2Fraging-bull-gambling-enterprise-no-deposit-extra-2026-claim-150-totally-free-processor%2F HTTP/2.0" 200 1303 "https://indiabettingexchange.in/raging-bull-gambling-enterprise-no-deposit-extra-2026-claim-150-totally-free-processor/" "Mozilla/5.0 AppleWebKit/537.36 (KHTML, like Gecko; compatible; GPTBot/1.3; +https://openai.com/gptbot)" 157 **0/157046**
74.7.227.158 - - [14/Mar/2026:05:28:05 -0700] "GET /wp-json/oembed/1.0/embed?url=https%3A%2F%2Findiabettingexchange.in%2F5-pramie-exklusive-einzahlung-brd-2022-verbunden-zum-besten-cluedo-mega-jackpot-geben%2F HTTP/2.0" 200 1531 "https://indiabettingexchange.in/5-pramie-exklusive-einzahlung-brd-2022-verbunden-zum-besten-cluedo-mega-jackpot-geben/" "Mozilla/5.0 AppleWebKit/537.36 (KHTML, like Gecko; compatible; GPTBot/1.3; +https://openai.com/gptbot)" 135 **0/135829**
74.7.227.158 - - [14/Mar/2026:05:28:06 -0700] "GET /wp-json/oembed/1.0/embed?url=https%3A%2F%2Findiabettingexchange.in%2F60-finest-bitcoin-super-lucky-frog-offers-crypto-gambling-websites-october-2025%2F HTTP/2.0" 200 1373 "https://indiabettingexchange.in/60-finest-bitcoin-super-lucky-frog-offers-crypto-gambling-websites-october-2025/" "Mozilla/5.0 AppleWebKit/537.36 (KHTML, like Gecko; compatible; GPTBot/1.3; +https://openai.com/gptbot)" 136 **0/136167**
74.7.227.158 - - [14/Mar/2026:05:28:06 -0700] "GET /wp-json/oembed/1.0/embed?url=https%3A%2F%2Findiabettingexchange.in%2Fterazniejsze-zakupy-jak-i-starburst-1-depozyt-rowniez-bonusy-kasynowe-2025%2F HTTP/2.0" 200 1516 "https://indiabettingexchange.in/terazniejsze-zakupy-jak-i-starburst-1-depozyt-rowniez-bonusy-kasynowe-2025/" "Mozilla/5.0 AppleWebKit/537.36 (KHTML, like Gecko; compatible; GPTBot/1.3; +https://openai.com/gptbot)" 119 **0/119181**
74.7.227.158 - - [14/Mar/2026:05:28:07 -0700] "GET /wp-json/oembed/1.0/embed?url=https%3A%2F%2Findiabettingexchange.in%2Fmost-useful-2024-head-jack-gambling-establishment-bonus-rules-even-offers-sales%2F HTTP/2.0" 200 1309 "https://indiabettingexchange.in/most-useful-2024-head-jack-gambling-establishment-bonus-rules-even-offers-sales/" "Mozilla/5.0 AppleWebKit/537.36 (KHTML, like Gecko; compatible; GPTBot/1.3; +https://openai.com/gptbot)" 132 **0/132304**
74.7.227.158 - - [14/Mar/2026:05:28:07 -0700] "GET /wp-json/oembed/1.0/embed?url=https%3A%2F%2Findiabettingexchange.in%2Fhazard-high-voltage-dos-slot-totally-free-demonstration-remark-casino-maria-2025%2F HTTP/2.0" 200 1400 "https://indiabettingexchange.in/hazard-high-voltage-dos-slot-totally-free-demonstration-remark-casino-maria-2025/" "Mozilla/5.0 AppleWebKit/537.36 (KHTML, like Gecko; compatible; GPTBot/1.3; +https://openai.com/gptbot)" 123 **0/123646**
74.7.227.158 - - [14/Mar/2026:05:28:08 -0700] "GET /ports-is-available-at-only-on-the-the-gambling-establishment-online/ HTTP/2.0" 200 15658 "https://indiabettingexchange.in/articles/page/664/" "Mozilla/5.0 AppleWebKit/537.36 (KHTML, like Gecko; compatible; GPTBot/1.3; +https://openai.com/gptbot)" 192 **0/192201**
74.7.227.158 - - [14/Mar/2026:05:28:08 -0700] "GET /ended-up-being-war-ihr-spielbank-mit-a-single-ecu-einzahlung/ HTTP/2.0" 200 16250 "https://indiabettingexchange.in/articles/page/665/" "Mozilla/5.0 AppleWebKit/537.36 (KHTML, like Gecko; compatible; GPTBot/1.3; +https://openai.com/gptbot)" 186 **0/186352**
118.139.180.95 - - [14/Mar/2026:05:28:09 -0700] "POST /wp-cron.php?doing_wp_cron=1773491289.4795479774475097656250 HTTP/1.1" 200 - "-" "WordPress/6.9.4; https://indiabettingexchange.in" 19 **0/19684**
74.7.227.158 - - [14/Mar/2026:05:28:09 -0700] "GET /vorteile-und-tipps-fur-das-online-spiel-mit-spielautomaten/ HTTP/2.0" 200 16722 "https://indiabettingexchange.in/articles/page/665/" "Mozilla/5.0 AppleWebKit/537.36 (KHTML, like Gecko; compatible; GPTBot/1.3; +https://openai.com/gptbot)" 255 **0/255584**
74.7.227.158 - - [14/Mar/2026:05:28:09 -0700] "GET /how-can-i-have-fun-with-the-black-colored-diamond-slot-machine/ HTTP/2.0" 200 15625 "https://indiabettingexchange.in/articles/page/662/" "Mozilla/5.0 AppleWebKit/537.36 (KHTML, like Gecko; compatible; GPTBot/1.3; +https://openai.com/gptbot)" 251 **0/251620**
74.7.227.158 - - [14/Mar/2026:05:28:10 -0700] "GET /the-brand-new-alice-the-upset-spread-out-large-fish-harbors-online-game-is-dependant-on-lewis-carolls-childrens-tale/ HTTP/2.0" 200 15919 "https://indiabettingexchange.in/articles/page/662/" "Mozilla/5.0 AppleWebKit/537.36 (KHTML, like Gecko; compatible; GPTBot/1.3; +https://openai.com/gptbot)" 211 **0/211889**
114.119.130.152 - - [14/Mar/2026:05:28:10 -0700] "GET /united-kingdom-harbors-casino-games-is-actually-remarkably-popular-using-their-varied-products-and-you-can-enjoyable-feel/ HTTP/1.1" 200 18900 "https://indiabettingexchange.in/united-kingdom-harbors-casino-games-is-actually-remarkably-popular-using-their-varied-products-and-you-can-enjoyable-feel/" "Mozilla/5.0 (Linux; Android 7.0;) AppleWebKit/537.36 (KHTML, like Gecko) Mobile Safari/537.36 (compatible; PetalBot;+https://webmaster.petalsearch.com/site/petalbot)" 213 **0/213398**
74.7.227.158 - - [14/Mar/2026:05:28:11 -0700] "GET /diese-konkurrenz-in-der-erreichbar-casino-industrie-war-riesig/ HTTP/2.0" 200 16278 "https://indiabettingexchange.in/articles/page/665/" "Mozilla/5.0 AppleWebKit/537.36 (KHTML, like Gecko; compatible; GPTBot/1.3; +https://openai.com/gptbot)" 220 **0/220696**
74.7.227.158 - - [14/Mar/2026:05:28:11 -0700] "GET /the-original-crators-of-huge-seafood-gambling-enterprise-was-reasonable-and-you-may-big/ HTTP/2.0" 200 16054 "https://indiabettingexchange.in/articles/page/662/" "Mozilla/5.0 AppleWebKit/537.36 (KHTML, like Gecko; compatible; GPTBot/1.3; +https://openai.com/gptbot)" 208 **0/208601**
74.7.227.158 - - [14/Mar/2026:05:28:12 -0700] "GET /wie-darf-man-unteilbar-playn-record-hop-erreichbar-kasino-damit-echtes-zaster-geben/ HTTP/2.0" 200 16123 "https://indiabettingexchange.in/articles/page/662/" "Mozilla/5.0 AppleWebKit/537.36 (KHTML, like Gecko; compatible; GPTBot/1.3; +https://openai.com/gptbot)" 196 **0/196456**
74.7.227.158 - - [14/Mar/2026:05:28:12 -0700] "GET /groen-zusicherung-erhielt-das-erzeuger-je-coeur-spiel-logical-roulette/ HTTP/2.0" 200 16452 "https://indiabettingexchange.in/articles/page/662/" "Mozilla/5.0 AppleWebKit/537.36 (KHTML, like Gecko; compatible; GPTBot/1.3; +https://openai.com/gptbot)" 199 **0/199677**
74.7.227.158 - - [14/Mar/2026:05:28:13 -0700] "GET /aber-des-das-diskretesten-zeug-selbige-eres-nach-merken-gilt-sind-diese-spiele/ HTTP/2.0" 200 17156 "https://indiabettingexchange.in/articles/page/664/" "Mozilla/5.0 AppleWebKit/537.36 (KHTML, like Gecko; compatible; GPTBot/1.3; +https://openai.com/gptbot)" 201 **0/201331**
74.7.227.158 - - [14/Mar/2026:05:28:13 -0700] "GET /welches-wird-das-kasino-qua-just-one-euro-einzahlung/ HTTP/2.0" 200 16199 "https://indiabettingexchange.in/articles/page/665/" "Mozilla/5.0 AppleWebKit/537.36 (KHTML, like Gecko; compatible; GPTBot/1.3; +https://openai.com/gptbot)" 191 **0/191718**
74.7.227.158 - - [14/Mar/2026:05:28:14 -0700] "GET /schritte-zur-verifizierung-ihres-kontos-bei-alawin-casino/ HTTP/2.0" 200 15644 "https://indiabettingexchange.in/articles/page/664/" "Mozilla/5.0 AppleWebKit/537.36 (KHTML, like Gecko; compatible; GPTBot/1.3; +https://openai.com/gptbot)" 239 **0/239912**
74.7.227.158 - - [14/Mar/2026:05:28:14 -0700] "GET /eres-sei-zudem-wichtig-zu-denken-dass-die-auszahlungsquote-keinesfalls-garantie-je-personnelle-gewinne-ist-und-bleibt/ HTTP/2.0" 200 16414 "https://indiabettingexchange.in/articles/page/662/" "Mozilla/5.0 AppleWebKit/537.36 (KHTML, like Gecko; compatible; GPTBot/1.3; +https://openai.com/gptbot)" 243 **0/243803**
74.7.227.158 - - [14/Mar/2026:05:28:15 -0700] "GET /diese-sicherheit-hangt-auch-stark-von-angewandten-praktiken-vos-casinos-meinereiner-nicht-vor-wie-zwerk/ HTTP/2.0" 200 16508 "https://indiabettingexchange.in/articles/page/665/" "Mozilla/5.0 AppleWebKit/537.36 (KHTML, like Gecko; compatible; GPTBot/1.3; +https://openai.com/gptbot)" 246 **0/246305**
201.190.121.163 - - [14/Mar/2026:05:28:15 -0700] "GET /cures-pharmacologiques-et-leur-impact-sur-les-performances-sportives/ HTTP/1.1" 200 67410 "-" "GuzzleHttp/7" 211 **0/211829**
74.7.227.158 - - [14/Mar/2026:05:28:16 -0700] "GET /is-wurden-sie-schildern-sofern-jedem-der-erreichbar-kasino-wie-am-schnurchen-sic-bimbes-spendieren-hehrheit/ HTTP/2.0" 200 16126 "https://indiabettingexchange.in/articles/page/665/" "Mozilla/5.0 AppleWebKit/537.36 (KHTML, like Gecko; compatible; GPTBot/1.3; +https://openai.com/gptbot)" 205 **0/205036**
74.7.227.158 - - [14/Mar/2026:05:28:16 -0700] "GET /qua-einen-informations-entdeckt-ein-direkt-ebendiese-besten-slots-und-konnt-euer-startguthaben-im-rahmen-nutzen/ HTTP/2.0" 200 16585 "https://indiabettingexchange.in/articles/page/665/" "Mozilla/5.0 AppleWebKit/537.36 (KHTML, like Gecko; compatible; GPTBot/1.3; +https://openai.com/gptbot)" 196 **0/196169**
74.7.227.158 - - [14/Mar/2026:05:28:17 -0700] "GET /welches-ist-und-bleibt-der-spielbank-maklercourtage-oder-wie-funktioniert-er/ HTTP/2.0" 200 16157 "https://indiabettingexchange.in/articles/page/665/" "Mozilla/5.0 AppleWebKit/537.36 (KHTML, like Gecko; compatible; GPTBot/1.3; +https://openai.com/gptbot)" 237 **0/237096**
74.7.227.158 - - [14/Mar/2026:05:28:17 -0700] "GET /gambling-establishment-du-lac-leamy-boulevard-du-casino-qatineau-qc-put-strategies/ HTTP/2.0" 200 15788 "https://indiabettingexchange.in/articles/page/664/" "Mozilla/5.0 AppleWebKit/537.36 (KHTML, like Gecko; compatible; GPTBot/1.3; +https://openai.com/gptbot)" 208 **0/208918**
74.7.227.158 - - [14/Mar/2026:05:28:18 -0700] "GET /as-part-of-legalen-spielotheken-liegt-ihr-hauptaugenmerk-nur-uff-angeschlossen-slots/ HTTP/2.0" 200 16378 "https://indiabettingexchange.in/articles/page/662/" "Mozilla/5.0 AppleWebKit/537.36 (KHTML, like Gecko; compatible; GPTBot/1.3; +https://openai.com/gptbot)" 194 **0/194362**
74.7.227.158 - - [14/Mar/2026:05:28:18 -0700] "GET /which-one-is-better-incentive-purchase-otherwise-function-pick/ HTTP/2.0" 200 15711 "https://indiabettingexchange.in/articles/page/662/" "Mozilla/5.0 AppleWebKit/537.36 (KHTML, like Gecko; compatible; GPTBot/1.3; +https://openai.com/gptbot)" 210 **0/210412**
74.7.227.158 - - [14/Mar/2026:05:28:19 -0700] "GET /findet-man-den-maximalen-jahresabschluss-leer-diesseitigen-free-spins/ HTTP/2.0" 200 16246 "https://indiabettingexchange.in/articles/page/665/" "Mozilla/5.0 AppleWebKit/537.36 (KHTML, like Gecko; compatible; GPTBot/1.3; +https://openai.com/gptbot)" 217 **0/217282**
213.180.203.132 - - [14/Mar/2026:05:28:19 -0700] "GET /stripe-and-you-may-charge-so-you-can-power-retracts-the-chachabet-casino-new-bitcoin-advantages-credit-card-tue-09-23-2025-0800/ HTTP/1.1" 200 17602 "-" "Mozilla/5.0 (compatible; YandexBot/3.0; +http://yandex.com/bots)" 228 **0/228676**
74.7.227.158 - - [14/Mar/2026:05:28:19 -0700] "GET /existieren-maklercourtage-gratis-spins-fur-jedes-jedweden-online-slot/ HTTP/2.0" 200 16336 "https://indiabettingexchange.in/articles/page/665/" "Mozilla/5.0 AppleWebKit/537.36 (KHTML, like Gecko; compatible; GPTBot/1.3; +https://openai.com/gptbot)" 189 **0/189258**
74.7.227.158 - - [14/Mar/2026:05:28:20 -0700] "GET /the-fresh-alice-the-brand-new-resentful-spread-larger-seafood-harbors-video-game-will-be-based-upon-lewis-carolls-youngsters-facts/ HTTP/2.0" 200 15933 "https://indiabettingexchange.in/articles/page/662/" "Mozilla/5.0 AppleWebKit/537.36 (KHTML, like Gecko; compatible; GPTBot/1.3; +https://openai.com/gptbot)" 206 **0/206727**
74.7.227.158 - - [14/Mar/2026:05:28:20 -0700] "GET /qa-qc-as-well-as-warranty-regarding-strings-away-from-child-custody-might-have-been-implemented/ HTTP/2.0" 200 15972 "https://indiabettingexchange.in/articles/page/664/" "Mozilla/5.0 AppleWebKit/537.36 (KHTML, like Gecko; compatible; GPTBot/1.3; +https://openai.com/gptbot)" 194 **0/194649**
74.7.227.158 - - [14/Mar/2026:05:28:21 -0700] "GET /dadurch-kannst-respons-deine-bankroll-anboschen-hastigkeit-ein-geringeres-chance-bei-dem-geben/ HTTP/2.0" 200 16028 "https://indiabettingexchange.in/articles/page/665/" "Mozilla/5.0 AppleWebKit/537.36 (KHTML, like Gecko; compatible; GPTBot/1.3; +https://openai.com/gptbot)" 170 **0/170979**
74.7.227.158 - - [14/Mar/2026:05:28:22 -0700] "GET /genau-so-wie-bisserl-ausgedrickt-einen-kleinen-no-frankierung-provision-halt-das-lieferant-bereit-liegend/ HTTP/2.0" 200 16403 "https://indiabettingexchange.in/articles/page/665/" "Mozilla/5.0 AppleWebKit/537.36 (KHTML, like Gecko; compatible; GPTBot/1.3; +https://openai.com/gptbot)" 195 **0/195942**
85.208.96.207 - - [14/Mar/2026:05:28:21 -0700] "GET /author/omer/page/5061/ HTTP/1.1" 200 18178 "-" "Mozilla/5.0 (compatible; SemrushBot/7~bl; +http://www.semrush.com/bot.html)" 698 **0/698930**
74.7.227.158 - - [14/Mar/2026:05:28:22 -0700] "GET /indem-bezwecken-einander-jedoch-wohl-besser-sic-das-gewinne-unterscheiden/ HTTP/2.0" 200 16525 "https://indiabettingexchange.in/articles/page/665/" "Mozilla/5.0 AppleWebKit/537.36 (KHTML, like Gecko; compatible; GPTBot/1.3; +https://openai.com/gptbot)" 188 **0/188687**
109.81.18.3 - - [14/Mar/2026:05:28:22 -0700] "GET /explore-non-blocked-casino-sites-your-ultimate/ HTTP/1.1" 200 16643 "-" "Mozilla/5.0 (compatible; Googlebot/2.1; +http://www.google.com/bot.html)" 184 **0/184886**
74.7.227.158 - - [14/Mar/2026:05:28:23 -0700] "GET /buffalo-grand-on-the-internet-position-a-part-of-the-latest-buffalo-slot-series-is-actually-a-simple-gamble-online-game-created-by-aristocrat/ HTTP/2.0" 200 17112 "https://indiabettingexchange.in/articles/page/662/" "Mozilla/5.0 AppleWebKit/537.36 (KHTML, like Gecko; compatible; GPTBot/1.3; +https://openai.com/gptbot)" 185 **0/185974**
74.7.227.158 - - [14/Mar/2026:05:28:23 -0700] "GET /fazit-auf-jeden-fall-weiters-lawful-auffuhren-%ef%bf%bd-sehr-wohl-qua-teutone-lizenz/ HTTP/2.0" 200 16498 "https://indiabettingexchange.in/articles/page/663/" "Mozilla/5.0 AppleWebKit/537.36 (KHTML, like Gecko; compatible; GPTBot/1.3; +https://openai.com/gptbot)" 176 **0/176074**
74.7.227.158 - - [14/Mar/2026:05:28:24 -0700] "GET /slots-uber-kleinen-einsatzen-zum-besten-geben-%ef%bf%bd-lohnt-zigeunern-dasjenige-gar/ HTTP/2.0" 200 16076 "https://indiabettingexchange.in/articles/page/662/" "Mozilla/5.0 AppleWebKit/537.36 (KHTML, like Gecko; compatible; GPTBot/1.3; +https://openai.com/gptbot)" 211 **0/211378**
74.7.227.158 - - [14/Mar/2026:05:28:24 -0700] "GET /e-semasia-tes-empeirias-kai-tes-nomimotetas-stis-online-stoikhematikes-platphormes/ HTTP/2.0" 200 16717 "https://indiabettingexchange.in/articles/page/663/" "Mozilla/5.0 AppleWebKit/537.36 (KHTML, like Gecko; compatible; GPTBot/1.3; +https://openai.com/gptbot)" 210 **0/210236**
74.7.227.158 - - [14/Mar/2026:05:28:25 -0700] "GET /unerheblich-entsprechend-attraktiv-ihr-source-wirkt-%ef%bf%bd-passt-er-nichtens-zu-deinem-spielstil-bereitet-auf-nichts/ HTTP/2.0" 200 16910 "https://indiabettingexchange.in/articles/page/665/" "Mozilla/5.0 AppleWebKit/537.36 (KHTML, like Gecko; compatible; GPTBot/1.3; +https://openai.com/gptbot)" 254 **0/254980**
74.7.227.158 - - [14/Mar/2026:05:28:25 -0700] "GET /leonbet-%ef%bf%bd-erfahrenes-verbunden-spielbank-via-riesiger-slot-praferenz/ HTTP/2.0" 200 16195 "https://indiabettingexchange.in/articles/page/662/" "Mozilla/5.0 AppleWebKit/537.36 (KHTML, like Gecko; compatible; GPTBot/1.3; +https://openai.com/gptbot)" 212 **0/212815**
74.7.227.158 - - [14/Mar/2026:05:28:26 -0700] "GET /leonbet-%ef%bf%bd-erfahrenes-verbunden-spielcasino-unter-einsatz-von-riesiger-slot-praferenz/ HTTP/2.0" 200 16200 "https://indiabettingexchange.in/articles/page/662/" "Mozilla/5.0 AppleWebKit/537.36 (KHTML, like Gecko; compatible; GPTBot/1.3; +https://openai.com/gptbot)" 185 **0/185666**
74.7.227.158 - - [14/Mar/2026:05:28:26 -0700] "GET /paysafecard-casinos-offerte-spielern-ne-groe-auswahl-durch-baccarat-poker-blackjack-und-anderen-tischspielen/ HTTP/2.0" 200 16275 "https://indiabettingexchange.in/articles/page/662/" "Mozilla/5.0 AppleWebKit/537.36 (KHTML, like Gecko; compatible; GPTBot/1.3; +https://openai.com/gptbot)" 227 **0/227601**
74.7.227.158 - - [14/Mar/2026:05:28:27 -0700] "GET /ihr-provision-war-nichtens-gleich-ein-bonus-jedenfalls-nicht-wer-folgenden-einmal-beziehungsweise-betrachtet/ HTTP/2.0" 200 16518 "https://indiabettingexchange.in/articles/page/665/" "Mozilla/5.0 AppleWebKit/537.36 (KHTML, like Gecko; compatible; GPTBot/1.3; +https://openai.com/gptbot)" 197 **0/197459**
74.7.227.158 - - [14/Mar/2026:05:28:28 -0700] "GET /swagbucks-bezahlt-dich-zu-diesem-zweck-spiele-nachdem-aufspielen-und-in-folgenden-vortragen-das-bestimmtes-ebene-dahinter-erreichen/ HTTP/2.0" 200 16311 "https://indiabettingexchange.in/articles/page/665/" "Mozilla/5.0 AppleWebKit/537.36 (KHTML, like Gecko; compatible; GPTBot/1.3; +https://openai.com/gptbot)" 212 **0/212155**
74.7.227.158 - - [14/Mar/2026:05:28:28 -0700] "GET /was-ist-ausgefeilt-fur-mich-ein-with-out-pranumeration-vermittlungsprovision-spielcasino-und-der-einzahlungsbonus/ HTTP/2.0" 200 16413 "https://indiabettingexchange.in/articles/page/665/" "Mozilla/5.0 AppleWebKit/537.36 (KHTML, like Gecko; compatible; GPTBot/1.3; +https://openai.com/gptbot)" 229 **0/229455**
74.7.227.158 - - [14/Mar/2026:05:28:29 -0700] "GET /auch-ermoglicht-naturgema-auf-keinen-fall-alle-verbunden-spielsalon-gar-ferner-selbststandig-den-geburtstagsbonus-eingeschaltet/ HTTP/2.0" 200 16253 "https://indiabettingexchange.in/articles/page/665/" "Mozilla/5.0 AppleWebKit/537.36 (KHTML, like Gecko; compatible; GPTBot/1.3; +https://openai.com/gptbot)" 248 **0/248658**
74.7.227.158 - - [14/Mar/2026:05:28:29 -0700] "GET /ne-interessante-gangbar-spielbank-iphone-app-realisiert-weiters-fallt-uber-einen-angebotenen-zahlungsmethoden/ HTTP/2.0" 200 16530 "https://indiabettingexchange.in/articles/page/662/" "Mozilla/5.0 AppleWebKit/537.36 (KHTML, like Gecko; compatible; GPTBot/1.3; +https://openai.com/gptbot)" 222 **0/222891**
74.7.227.158 - - [14/Mar/2026:05:28:30 -0700] "GET /profitieren-welche-von-groartigen-gewinnchancen-ferner-machen-die-leser-den-casinobesuch-nachdem-diesem-unvergesslichen-praxis/ HTTP/2.0" 200 16289 "https://indiabettingexchange.in/articles/page/665/" "Mozilla/5.0 AppleWebKit/537.36 (KHTML, like Gecko; compatible; GPTBot/1.3; +https://openai.com/gptbot)" 244 **0/244809**
74.7.227.158 - - [14/Mar/2026:05:28:30 -0700] "GET /verziehen-die-kunden-angewandten-anblick-nach-unsre-besten-angebote-von-anderen-casinos/ HTTP/2.0" 200 16360 "https://indiabettingexchange.in/articles/page/662/" "Mozilla/5.0 AppleWebKit/537.36 (KHTML, like Gecko; compatible; GPTBot/1.3; +https://openai.com/gptbot)" 259 **0/259374**
74.7.227.158 - - [14/Mar/2026:05:28:31 -0700] "GET /echtgeld-gewinne-konnen-diese-expandierenden-symbole-von-publication-to-ra-wirklich-gewinn-bringend-coeur/ HTTP/2.0" 200 16622 "https://indiabettingexchange.in/articles/page/662/" "Mozilla/5.0 AppleWebKit/537.36 (KHTML, like Gecko; compatible; GPTBot/1.3; +https://openai.com/gptbot)" 215 **0/215346**
74.7.227.158 - - [14/Mar/2026:05:28:31 -0700] "GET /selbige-individuelle-design-macht-nachfolgende-handlung-minniglich-unter-anderem-bindet-untertanentreue-nutzern-enger-ans-kasino/ HTTP/2.0" 200 16582 "https://indiabettingexchange.in/articles/page/665/" "Mozilla/5.0 AppleWebKit/537.36 (KHTML, like Gecko; compatible; GPTBot/1.3; +https://openai.com/gptbot)" 243 **0/243595**
74.7.227.158 - - [14/Mar/2026:05:28:32 -0700] "GET /ihr-bonusangebote-fur-jedes-nachfolgende-paypal-einzahlung-im-hg-spielcasino/ HTTP/2.0" 200 17677 "https://indiabettingexchange.in/articles/page/665/" "Mozilla/5.0 AppleWebKit/537.36 (KHTML, like Gecko; compatible; GPTBot/1.3; +https://openai.com/gptbot)" 234 **0/234071**
74.7.227.158 - - [14/Mar/2026:05:28:33 -0700] "GET /was-machtigkeit-angewandten-vermittlungsgebuhr-je-deutsche-slot-lovers-wirklich-so-reizend/ HTTP/2.0" 200 18083 "https://indiabettingexchange.in/articles/page/665/" "Mozilla/5.0 AppleWebKit/537.36 (KHTML, like Gecko; compatible; GPTBot/1.3; +https://openai.com/gptbot)" 192 **0/192790**
74.7.227.158 - - [14/Mar/2026:05:28:33 -0700] "GET /perish-zahlungsmethoden-z-hd-ihr-unter-anderem-auszahlungen-akzeptiert-lex-spielsalon/ HTTP/2.0" 200 16489 "https://indiabettingexchange.in/articles/page/665/" "Mozilla/5.0 AppleWebKit/537.36 (KHTML, like Gecko; compatible; GPTBot/1.3; +https://openai.com/gptbot)" 206 **0/206239**
54.37.118.69 - - [14/Mar/2026:05:28:33 -0700] "GET /100-free-ports-game-no-downloads-enjoy-one-drills-ideas-on-how-to-create-this-will-be-beneficial-thats-good-icon/ HTTP/2.0" 200 16372 "-" "Mozilla/5.0 (compatible; AhrefsBot/7.0; +http://ahrefs.com/robot/)" 212 **0/212772**
74.7.227.158 - - [14/Mar/2026:05:28:34 -0700] "GET /site-oficial-de-cassino-online-e-apostas-no-brasil-35/ HTTP/2.0" 200 24309 "https://indiabettingexchange.in/articles/page/664/" "Mozilla/5.0 AppleWebKit/537.36 (KHTML, like Gecko; compatible; GPTBot/1.3; +https://openai.com/gptbot)" 237 **0/237046**
74.7.227.158 - - [14/Mar/2026:05:28:34 -0700] "GET /which-requires-a-bonus-get-feature-with-to-100-totally-free-revolves/ HTTP/2.0" 200 15652 "https://indiabettingexchange.in/articles/page/662/" "Mozilla/5.0 AppleWebKit/537.36 (KHTML, like Gecko; compatible; GPTBot/1.3; +https://openai.com/gptbot)" 209 **0/209725**
74.7.227.158 - - [14/Mar/2026:05:28:35 -0700] "GET /1-dasjenige-sei-dies-beste-spielcasino-mit-hg-erreichbar-vortragen/ HTTP/2.0" 200 16796 "https://indiabettingexchange.in/articles/page/662/" "Mozilla/5.0 AppleWebKit/537.36 (KHTML, like Gecko; compatible; GPTBot/1.3; +https://openai.com/gptbot)" 213 **0/213547**
74.7.227.158 - - [14/Mar/2026:05:28:35 -0700] "GET /ebendiese-kriterien-pro-diesseitigen-angeschlossen-spielsaal-weiters-spielotheken-versuch/ HTTP/2.0" 200 16408 "https://indiabettingexchange.in/articles/page/662/" "Mozilla/5.0 AppleWebKit/537.36 (KHTML, like Gecko; compatible; GPTBot/1.3; +https://openai.com/gptbot)" 188 **0/188779**
74.7.227.158 - - [14/Mar/2026:05:28:36 -0700] "GET /eigens-beliebt-wird-das-willkommensbonus-das-mehrfach-als-verknupfung-aufgebraucht-bonusguthaben-oder-freispielen-serviceleistungen-ist/ HTTP/2.0" 200 16505 "https://indiabettingexchange.in/articles/page/662/" "Mozilla/5.0 AppleWebKit/537.36 (KHTML, like Gecko; compatible; GPTBot/1.3; +https://openai.com/gptbot)" 209 **0/209181**
74.7.227.158 - - [14/Mar/2026:05:28:36 -0700] "GET /nachfolgende-bei-spielern-abgegebenen-bewertungen-eignen-im-schritt-%ef%bf%bd-benutzerbewertungen-hier-zuganglich/ HTTP/2.0" 200 16495 "https://indiabettingexchange.in/articles/page/665/" "Mozilla/5.0 AppleWebKit/537.36 (KHTML, like Gecko; compatible; GPTBot/1.3; +https://openai.com/gptbot)" 206 **0/206760**
216.73.216.48 - - [14/Mar/2026:05:28:37 -0700] "GET /step-one-put-gambling-enterprise-websites-exclusive-step-1-dollar-minimum-lord-of-the-ocean-install-mobile-put-now-offers-in-the-australian-continent/feed HTTP/2.0" 301 1 "-" "Mozilla/5.0 AppleWebKit/537.36 (KHTML, like Gecko; compatible; ClaudeBot/1.0; +claudebot@anthropic.com)" 142 **0/142575**
216.73.216.48 - - [14/Mar/2026:05:28:37 -0700] "GET /step-one-put-gambling-enterprise-websites-exclusive-step-1-dollar-minimum-lord-of-the-ocean-install-mobile-put-now-offers-in-the-australian-continent/feed/ HTTP/2.0" 200 481 "https://indiabettingexchange.in/step-one-put-gambling-enterprise-websites-exclusive-step-1-dollar-minimum-lord-of-the-ocean-install-mobile-put-now-offers-in-the-australian-continent/feed" "Mozilla/5.0 AppleWebKit/537.36 (KHTML, like Gecko; compatible; ClaudeBot/1.0; +claudebot@anthropic.com)" 134 **0/134418**
74.7.227.158 - - [14/Mar/2026:05:28:37 -0700] "GET /so-weit-wie-50-einzahlungsbonus-reload-on-monday-hinein-unislots-spielsaal/ HTTP/2.0" 200 16102 "https://indiabettingexchange.in/articles/page/665/" "Mozilla/5.0 AppleWebKit/537.36 (KHTML, like Gecko; compatible; GPTBot/1.3; +https://openai.com/gptbot)" 227 **0/227332**
143.14.6.44 - - [14/Mar/2026:05:28:37 -0700] "GET /ubersicht-bezahlsysteme-as-part-of-deutschen-angeschlossen-die-besten-online-power-stars-pc-slots-casinos-2025/feed/ HTTP/1.1" 200 522 "-" "Mozilla/5.0 (Macintosh; Intel Mac OS X 10_15_7) AppleWebKit/537.36 (KHTML, like Gecko) Chrome/135.0.0.0 Safari/537.36" 128 **0/128721**
74.7.227.158 - - [14/Mar/2026:05:28:38 -0700] "GET /had-been-sie-inoffizieller-mitarbeiter-osterreichischen-android-spielcasino-erreichbar-mitbekommen-sollen/ HTTP/2.0" 200 16440 "https://indiabettingexchange.in/articles/page/662/" "Mozilla/5.0 AppleWebKit/537.36 (KHTML, like Gecko; compatible; GPTBot/1.3; +https://openai.com/gptbot)" 185 **0/185255**
85.208.96.212 - - [14/Mar/2026:05:28:38 -0700] "GET /jeux-dargent-decouvrez-ma-chance-pour-gagner-gros/ HTTP/1.1" 200 17528 "-" "Mozilla/5.0 (compatible; SemrushBot/7~bl; +http://www.semrush.com/bot.html)" 235 **0/235171**
74.7.227.158 - - [14/Mar/2026:05:28:38 -0700] "GET /how-to-play-the-black-colored-diamond-video-slot/ HTTP/2.0" 200 15602 "https://indiabettingexchange.in/articles/page/662/" "Mozilla/5.0 AppleWebKit/537.36 (KHTML, like Gecko; compatible; GPTBot/1.3; +https://openai.com/gptbot)" 241 **0/241225**
74.7.227.158 - - [14/Mar/2026:05:28:39 -0700] "GET /1xslots-skachat-na-mobilnoe-ustrojstvo-oficialnyj/ HTTP/2.0" 200 16832 "https://indiabettingexchange.in/articles/page/662/" "Mozilla/5.0 AppleWebKit/537.36 (KHTML, like Gecko; compatible; GPTBot/1.3; +https://openai.com/gptbot)" 211 **0/211720**
74.7.227.158 - - [14/Mar/2026:05:28:39 -0700] "GET /die-welt-des-glucksspiels-ein-umfassender-2/ HTTP/2.0" 200 16308 "https://indiabettingexchange.in/articles/page/662/" "Mozilla/5.0 AppleWebKit/537.36 (KHTML, like Gecko; compatible; GPTBot/1.3; +https://openai.com/gptbot)" 197 **0/197713**
74.7.227.158 - - [14/Mar/2026:05:28:40 -0700] "GET /possible-usually-see-our-very-own-current-guidance-towards-the-top-of-new-page/ HTTP/2.0" 200 15552 "https://indiabettingexchange.in/articles/page/662/" "Mozilla/5.0 AppleWebKit/537.36 (KHTML, like Gecko; compatible; GPTBot/1.3; +https://openai.com/gptbot)" 208 **0/208744**
74.7.227.158 - - [14/Mar/2026:05:28:40 -0700] "GET /leovegas-freispiele-bonusgeld-%ef%bf%bd-ended-up-being-kommt-noch-zeitnah-2/ HTTP/2.0" 200 16579 "https://indiabettingexchange.in/articles/page/665/" "Mozilla/5.0 AppleWebKit/537.36 (KHTML, like Gecko; compatible; GPTBot/1.3; +https://openai.com/gptbot)" 189 **0/189092**
74.7.227.158 - - [14/Mar/2026:05:28:41 -0700] "GET /registrierung-oder-verifizierung-in-three-schritten-zum-spielerkonto-40-freie-spins-nach-columbus-deluxe-geben/ HTTP/2.0" 200 17366 "https://indiabettingexchange.in/articles/page/662/" "Mozilla/5.0 AppleWebKit/537.36 (KHTML, like Gecko; compatible; GPTBot/1.3; +https://openai.com/gptbot)" 223 **0/223068**
74.7.227.158 - - [14/Mar/2026:05:28:41 -0700] "GET /verpont-erfordert-als-aufregendes-gesellschaftsspiel-rasche-denkleistung-unter-anderem-kommunikationsfahigkeiten/ HTTP/2.0" 200 16341 "https://indiabettingexchange.in/articles/page/662/" "Mozilla/5.0 AppleWebKit/537.36 (KHTML, like Gecko; compatible; GPTBot/1.3; +https://openai.com/gptbot)" 193 **0/193884**
