74.7.227.158 - - [14/Mar/2026:05:36:46 -0700] "GET /wp-json/oembed/1.0/embed?url=https%3A%2F%2Findiabettingexchange.in%2Fmr-eye-of-horus-casino-megaspin-brake-da-bank-maklercourtage-exklusive-einzahlung-150-freispiele-bet-spielbank-interessante-angeschlossen-spielhalle-unter-einsatz-von-vielen-promotionen%2F HTTP/2.0" 200 1493 "https://indiabettingexchange.in/mr-eye-of-horus-casino-megaspin-brake-da-bank-maklercourtage-exklusive-einzahlung-150-freispiele-bet-spielbank-interessante-angeschlossen-spielhalle-unter-einsatz-von-vielen-promotionen/" "Mozilla/5.0 AppleWebKit/537.36 (KHTML, like Gecko; compatible; GPTBot/1.3; +https://openai.com/gptbot)" 176 **0/176914**
85.208.96.201 - - [14/Mar/2026:05:36:47 -0700] "GET /spezialist-textuberarbeitung-nur-wie-man-text-uberarbeitet-wie-ein-profi/ HTTP/1.1" 200 17547 "-" "Mozilla/5.0 (compatible; SemrushBot/7~bl; +http://www.semrush.com/bot.html)" 246 **0/246476**
74.7.227.158 - - [14/Mar/2026:05:36:47 -0700] "GET /wp-json/oembed/1.0/embed?url=https%3A%2F%2Findiabettingexchange.in%2Fhigher-blue-ports-microgaming-slots-online-remark-2026-which-have-ten000x-line-wager-jackpot%2F HTTP/2.0" 200 1397 "https://indiabettingexchange.in/higher-blue-ports-microgaming-slots-online-remark-2026-which-have-ten000x-line-wager-jackpot/" "Mozilla/5.0 AppleWebKit/537.36 (KHTML, like Gecko; compatible; GPTBot/1.3; +https://openai.com/gptbot)" 164 **0/164774**
74.7.227.158 - - [14/Mar/2026:05:36:47 -0700] "GET /wp-json/oembed/1.0/embed?url=https%3A%2F%2Findiabettingexchange.in%2Fspinbetter-casino-gate777-paloggingsregistrering-norge-review-2025-150-spins-sign-up-arv%2F HTTP/2.0" 200 1446 "https://indiabettingexchange.in/spinbetter-casino-gate777-paloggingsregistrering-norge-review-2025-150-spins-sign-up-arv/" "Mozilla/5.0 AppleWebKit/537.36 (KHTML, like Gecko; compatible; GPTBot/1.3; +https://openai.com/gptbot)" 160 **0/160683**
74.7.227.158 - - [14/Mar/2026:05:36:48 -0700] "GET /wp-json/oembed/1.0/embed?url=https%3A%2F%2Findiabettingexchange.in%2Fbest-internet-casino-no-deposit-extra-lobstermania-position-dunder-20-no-deposit-free-spins-totally-free-spins-bonus-listing-in-the-usa-2025-charm-worthen%2F HTTP/2.0" 200 1362 "https://indiabettingexchange.in/best-internet-casino-no-deposit-extra-lobstermania-position-dunder-20-no-deposit-free-spins-totally-free-spins-bonus-listing-in-the-usa-2025-charm-worthen/" "Mozilla/5.0 AppleWebKit/537.36 (KHTML, like Gecko; compatible; GPTBot/1.3; +https://openai.com/gptbot)" 160 **0/160846**
74.7.227.158 - - [14/Mar/2026:05:36:49 -0700] "GET /and-no-bonus-password-required-our-exclusive-provide-grants-newbies-a-substantial-performing-advantage-at-this-vegas-build-sweepstakes-gambling-enterprise/ HTTP/2.0" 200 15875 "https://indiabettingexchange.in/articles/page/683/" "Mozilla/5.0 AppleWebKit/537.36 (KHTML, like Gecko; compatible; GPTBot/1.3; +https://openai.com/gptbot)" 267 **0/267923**
74.7.227.158 - - [14/Mar/2026:05:36:49 -0700] "GET /there-are-numerous-advantages-of-to-relax-and-play-totally-free-position-online-game-at-casinopieslots-and-several-of-ones-essential-ones-was-discussed-lower-than/ HTTP/2.0" 200 15630 "https://indiabettingexchange.in/articles/page/684/" "Mozilla/5.0 AppleWebKit/537.36 (KHTML, like Gecko; compatible; GPTBot/1.3; +https://openai.com/gptbot)" 230 **0/230366**
185.191.171.18 - - [14/Mar/2026:05:36:49 -0700] "GET /jogos-infantilidade-slots-dado-abicar-brasil-sizzling-hot-deluxe-dinheiro-real-acimade-2024/ HTTP/1.1" 200 19603 "-" "Mozilla/5.0 (compatible; SemrushBot/7~bl; +http://www.semrush.com/bot.html)" 242 **0/242299**
43.173.174.240 - - [14/Mar/2026:05:36:50 -0700] "GET /play-%E2%AB%B8-thunderstruck-position-online-game-within-the-demo-form-for-free HTTP/1.1" 301 - "-" "Mozilla/5.0 (Windows NT 10.0; Win64; x64) AppleWebKit/537.36 (KHTML, like Gecko) Chrome/133.0.0.0 Safari/537.36" 151 **0/151740**
74.7.227.158 - - [14/Mar/2026:05:36:50 -0700] "GET /a-few-of-all-of-them-allows-you-to-enjoy-a-bona-fide-monopoly-video-game-inside-incentive-rounds/ HTTP/2.0" 200 15803 "https://indiabettingexchange.in/articles/page/682/" "Mozilla/5.0 AppleWebKit/537.36 (KHTML, like Gecko; compatible; GPTBot/1.3; +https://openai.com/gptbot)" 223 **0/223699**
43.173.169.12 - - [14/Mar/2026:05:36:50 -0700] "GET /play-%E2%AB%B8-thunderstruck-position-online-game-within-the-demo-form-for-free/ HTTP/1.1" 200 19210 "-" "Mozilla/5.0 (Windows NT 10.0; Win64; x64) AppleWebKit/537.36 (KHTML, like Gecko) Chrome/133.0.0.0 Safari/537.36" 206 **0/206025**
74.7.227.158 - - [14/Mar/2026:05:36:50 -0700] "GET /ports-examine-this-site-angels-position-online-game-review-free-demo-gamble/ HTTP/2.0" 200 17169 "https://indiabettingexchange.in/articles/page/685/" "Mozilla/5.0 AppleWebKit/537.36 (KHTML, like Gecko; compatible; GPTBot/1.3; +https://openai.com/gptbot)" 190 **0/190490**
74.7.227.158 - - [14/Mar/2026:05:36:51 -0700] "GET /decoding-the-casino-code-your-guide-to-safe-online-gambling-in-sweden/ HTTP/2.0" 200 16386 "https://indiabettingexchange.in/articles/page/684/" "Mozilla/5.0 AppleWebKit/537.36 (KHTML, like Gecko; compatible; GPTBot/1.3; +https://openai.com/gptbot)" 271 **0/271784**
74.7.227.158 - - [14/Mar/2026:05:36:51 -0700] "GET /slingo-game-are-a-captivating-combination-of-slots-and-bingo/ HTTP/2.0" 200 15457 "https://indiabettingexchange.in/articles/page/683/" "Mozilla/5.0 AppleWebKit/537.36 (KHTML, like Gecko; compatible; GPTBot/1.3; +https://openai.com/gptbot)" 224 **0/224480**
85.208.96.208 - - [14/Mar/2026:05:36:52 -0700] "GET /into-the-a-no-wagering-casino-slot-machine-usc-viterbi-university-out-of-engineering/ HTTP/1.1" 200 19919 "-" "Mozilla/5.0 (compatible; SemrushBot/7~bl; +http://www.semrush.com/bot.html)" 206 **0/206490**
74.7.227.158 - - [14/Mar/2026:05:36:52 -0700] "GET /find-out-more-on-the-score-strategy-into-how-we-price-and-you-may-review-casinos/ HTTP/2.0" 200 15624 "https://indiabettingexchange.in/articles/page/684/" "Mozilla/5.0 AppleWebKit/537.36 (KHTML, like Gecko; compatible; GPTBot/1.3; +https://openai.com/gptbot)" 192 **0/192075**
74.7.227.158 - - [14/Mar/2026:05:36:53 -0700] "GET /interested-in-a-slot-machines-application-one-captures-the-latest-miracle-away-from-old-school-casinos-if-you-are-providing-easy-progressive-game-play/ HTTP/2.0" 200 16520 "https://indiabettingexchange.in/articles/page/684/" "Mozilla/5.0 AppleWebKit/537.36 (KHTML, like Gecko; compatible; GPTBot/1.3; +https://openai.com/gptbot)" 217 **0/217849**
74.7.227.158 - - [14/Mar/2026:05:36:53 -0700] "GET /an-informed-totally-free-game-playing-towards-borgata-no-put-added-bonus/ HTTP/2.0" 200 15808 "https://indiabettingexchange.in/articles/page/682/" "Mozilla/5.0 AppleWebKit/537.36 (KHTML, like Gecko; compatible; GPTBot/1.3; +https://openai.com/gptbot)" 189 **0/189090**
74.7.227.158 - - [14/Mar/2026:05:36:54 -0700] "GET /just-who-helps-to-make-the-wonders-meet-with-the-ideal-slot-game-business/ HTTP/2.0" 200 15903 "https://indiabettingexchange.in/articles/page/682/" "Mozilla/5.0 AppleWebKit/537.36 (KHTML, like Gecko; compatible; GPTBot/1.3; +https://openai.com/gptbot)" 222 **0/222728**
47.128.24.249 - - [14/Mar/2026:05:36:54 -0700] "GET /play-in-the-web-sites-including-candy-bars-slot-machine-ports-angel-local-casino-2026/ HTTP/2.0" 403 17794 "-" "Mozilla/5.0 (Linux; Android 5.0) AppleWebKit/537.36 (KHTML, like Gecko) Mobile Safari/537.36 (compatible; Bytespider; spider-feedback@bytedance.com)" 223 **0/223285**
74.7.227.158 - - [14/Mar/2026:05:36:54 -0700] "GET /roaring-game-requires-festive-fun-to-a-higher-level-which-have-santa-during-the-vegas/ HTTP/2.0" 200 16080 "https://indiabettingexchange.in/articles/page/682/" "Mozilla/5.0 AppleWebKit/537.36 (KHTML, like Gecko; compatible; GPTBot/1.3; +https://openai.com/gptbot)" 214 **0/214423**
47.128.24.249 - - [14/Mar/2026:05:36:54 -0700] "GET /wp-content/themes/aurum/assets/js/nivo-lightbox/nivo-lightbox.css HTTP/2.0" 404 8214 "https://indiabettingexchange.in/play-in-the-web-sites-including-candy-bars-slot-machine-ports-angel-local-casino-2026/" "Mozilla/5.0 (Linux; Android 5.0) AppleWebKit/537.36 (KHTML, like Gecko) Mobile Safari/537.36 (compatible; Bytespider; spider-feedback@bytedance.com)" 191 **0/191147**
47.128.24.249 - - [14/Mar/2026:05:36:55 -0700] "GET /wp-content/themes/aurum/assets/js/nivo-lightbox/themes/default/default.css HTTP/2.0" 404 8215 "https://indiabettingexchange.in/play-in-the-web-sites-including-candy-bars-slot-machine-ports-angel-local-casino-2026/" "Mozilla/5.0 (Linux; Android 5.0) AppleWebKit/537.36 (KHTML, like Gecko) Mobile Safari/537.36 (compatible; Bytespider; spider-feedback@bytedance.com)" 155 **0/155234**
47.128.24.249 - - [14/Mar/2026:05:36:55 -0700] "GET /wp-content/uploads/font-awesome/v6.2.0/css/svg-with-js.css HTTP/2.0" 404 8215 "https://indiabettingexchange.in/play-in-the-web-sites-including-candy-bars-slot-machine-ports-angel-local-casino-2026/" "Mozilla/5.0 (Linux; Android 5.0) AppleWebKit/537.36 (KHTML, like Gecko) Mobile Safari/537.36 (compatible; Bytespider; spider-feedback@bytedance.com)" 237 **0/237358**
47.128.24.249 - - [14/Mar/2026:05:36:55 -0700] "GET /wp-includes/css/dist/block-library/style.min.css?ver=6.9.4 HTTP/2.0" 404 8214 "https://indiabettingexchange.in/play-in-the-web-sites-including-candy-bars-slot-machine-ports-angel-local-casino-2026/" "Mozilla/5.0 (Linux; Android 5.0) AppleWebKit/537.36 (KHTML, like Gecko) Mobile Safari/537.36 (compatible; Bytespider; spider-feedback@bytedance.com)" 236 **0/236476**
74.7.227.158 - - [14/Mar/2026:05:36:55 -0700] "GET /?p=216912 HTTP/2.0" 301 1 "https://indiabettingexchange.in/and-no-bonus-password-required-our-exclusive-provide-grants-newbies-a-substantial-performing-advantage-at-this-vegas-build-sweepstakes-gambling-enterprise/" "Mozilla/5.0 AppleWebKit/537.36 (KHTML, like Gecko; compatible; GPTBot/1.3; +https://openai.com/gptbot)" 197 **0/197180**
47.128.24.249 - - [14/Mar/2026:05:36:55 -0700] "GET /wp-content/plugins/the-post-grid/assets/vendor/font-awesome/css/font-awesome.min.css?ver=7.8.9 HTTP/2.0" 404 8215 "https://indiabettingexchange.in/play-in-the-web-sites-including-candy-bars-slot-machine-ports-angel-local-casino-2026/" "Mozilla/5.0 (Linux; Android 5.0) AppleWebKit/537.36 (KHTML, like Gecko) Mobile Safari/537.36 (compatible; Bytespider; spider-feedback@bytedance.com)" 171 **0/171884**
74.7.227.158 - - [14/Mar/2026:05:36:55 -0700] "GET /and-no-bonus-password-required-our-exclusive-provide-grants-newbies-a-substantial-performing-advantage-at-this-vegas-build-sweepstakes-gambling-enterprise/ HTTP/2.0" 200 15876 "https://indiabettingexchange.in/?p=216912" "Mozilla/5.0 AppleWebKit/537.36 (KHTML, like Gecko; compatible; GPTBot/1.3; +https://openai.com/gptbot)" 206 **0/206949**
47.128.24.249 - - [14/Mar/2026:05:36:55 -0700] "GET /wp-content/plugins/the-post-grid/assets/css/thepostgrid.min.css?ver=7.8.9 HTTP/2.0" 404 8214 "https://indiabettingexchange.in/play-in-the-web-sites-including-candy-bars-slot-machine-ports-angel-local-casino-2026/" "Mozilla/5.0 (Linux; Android 5.0) AppleWebKit/537.36 (KHTML, like Gecko) Mobile Safari/537.36 (compatible; Bytespider; spider-feedback@bytedance.com)" 218 **0/218589**
47.128.24.249 - - [14/Mar/2026:05:36:55 -0700] "GET /wp-content/themes/aurum/assets/css/fonts/font-awesome/css/font-awesome.min.css HTTP/2.0" 404 8214 "https://indiabettingexchange.in/play-in-the-web-sites-including-candy-bars-slot-machine-ports-angel-local-casino-2026/" "Mozilla/5.0 (Linux; Android 5.0) AppleWebKit/537.36 (KHTML, like Gecko) Mobile Safari/537.36 (compatible; Bytespider; spider-feedback@bytedance.com)" 217 **0/217712**
47.128.24.249 - - [14/Mar/2026:05:36:55 -0700] "GET /wp-content/themes/aurum/assets/css/bootstrap.css?ver=3.15 HTTP/2.0" 404 8214 "https://indiabettingexchange.in/play-in-the-web-sites-including-candy-bars-slot-machine-ports-angel-local-casino-2026/" "Mozilla/5.0 (Linux; Android 5.0) AppleWebKit/537.36 (KHTML, like Gecko) Mobile Safari/537.36 (compatible; Bytespider; spider-feedback@bytedance.com)" 248 **0/248061**
47.128.24.249 - - [14/Mar/2026:05:36:55 -0700] "GET /wp-content/themes/aurum/assets/css/fonts/aurum-icons/font-icons.css HTTP/2.0" 404 8214 "https://indiabettingexchange.in/play-in-the-web-sites-including-candy-bars-slot-machine-ports-angel-local-casino-2026/" "Mozilla/5.0 (Linux; Android 5.0) AppleWebKit/537.36 (KHTML, like Gecko) Mobile Safari/537.36 (compatible; Bytespider; spider-feedback@bytedance.com)" 314 **0/314180**
85.208.96.201 - - [14/Mar/2026:05:36:55 -0700] "GET /author/omer/page/6906/ HTTP/1.1" 200 17570 "-" "Mozilla/5.0 (compatible; SemrushBot/7~bl; +http://www.semrush.com/bot.html)" 729 **0/729998**
74.7.227.158 - - [14/Mar/2026:05:36:56 -0700] "GET /?p=216622 HTTP/2.0" 301 1 "https://indiabettingexchange.in/there-are-numerous-advantages-of-to-relax-and-play-totally-free-position-online-game-at-casinopieslots-and-several-of-ones-essential-ones-was-discussed-lower-than/" "Mozilla/5.0 AppleWebKit/537.36 (KHTML, like Gecko; compatible; GPTBot/1.3; +https://openai.com/gptbot)" 156 **0/156256**
47.128.24.249 - - [14/Mar/2026:05:36:56 -0700] "GET /wp-content/themes/aurum-child/style.css?ver=6.9.4 HTTP/2.0" 404 8215 "https://indiabettingexchange.in/play-in-the-web-sites-including-candy-bars-slot-machine-ports-angel-local-casino-2026/" "Mozilla/5.0 (Linux; Android 5.0) AppleWebKit/537.36 (KHTML, like Gecko) Mobile Safari/537.36 (compatible; Bytespider; spider-feedback@bytedance.com)" 160 **0/160295**
47.128.24.249 - - [14/Mar/2026:05:36:56 -0700] "GET /wp-content/themes/aurum/assets/css/aurum.css?ver=3.15 HTTP/2.0" 404 8215 "https://indiabettingexchange.in/play-in-the-web-sites-including-candy-bars-slot-machine-ports-angel-local-casino-2026/" "Mozilla/5.0 (Linux; Android 5.0) AppleWebKit/537.36 (KHTML, like Gecko) Mobile Safari/537.36 (compatible; Bytespider; spider-feedback@bytedance.com)" 191 **0/191754**
47.128.24.249 - - [14/Mar/2026:05:36:56 -0700] "GET /wp-content/uploads/2022/11/1-e1668155022728.png HTTP/2.0" 404 35516 "https://indiabettingexchange.in/play-in-the-web-sites-including-candy-bars-slot-machine-ports-angel-local-casino-2026/" "Mozilla/5.0 (Linux; Android 5.0) AppleWebKit/537.36 (KHTML, like Gecko) Mobile Safari/537.36 (compatible; Bytespider; spider-feedback@bytedance.com)" 169 **0/169306**
176.31.139.4 - - [14/Mar/2026:05:36:56 -0700] "GET /an-effective-exemplory-case-of-a-gambling-establishment-100-free-revolves-provide-is-the-betonline-greet-incentive/ HTTP/2.0" 200 15713 "-" "Mozilla/5.0 (compatible; AhrefsBot/7.0; +http://ahrefs.com/robot/)" 182 **0/182453**
74.7.227.158 - - [14/Mar/2026:05:36:56 -0700] "GET /there-are-numerous-advantages-of-to-relax-and-play-totally-free-position-online-game-at-casinopieslots-and-several-of-ones-essential-ones-was-discussed-lower-than/ HTTP/2.0" 200 15630 "https://indiabettingexchange.in/?p=216622" "Mozilla/5.0 AppleWebKit/537.36 (KHTML, like Gecko; compatible; GPTBot/1.3; +https://openai.com/gptbot)" 210 **0/210723**
47.128.24.249 - - [14/Mar/2026:05:36:56 -0700] "GET /wp-content/uploads/2023/01/2-1.png HTTP/2.0" 404 35516 "https://indiabettingexchange.in/play-in-the-web-sites-including-candy-bars-slot-machine-ports-angel-local-casino-2026/" "Mozilla/5.0 (Linux; Android 5.0) AppleWebKit/537.36 (KHTML, like Gecko) Mobile Safari/537.36 (compatible; Bytespider; spider-feedback@bytedance.com)" 180 **0/180392**
74.7.227.158 - - [14/Mar/2026:05:36:57 -0700] "GET /?p=217244 HTTP/2.0" 301 1 "https://indiabettingexchange.in/a-few-of-all-of-them-allows-you-to-enjoy-a-bona-fide-monopoly-video-game-inside-incentive-rounds/" "Mozilla/5.0 AppleWebKit/537.36 (KHTML, like Gecko; compatible; GPTBot/1.3; +https://openai.com/gptbot)" 132 **0/132444**
47.128.24.249 - - [14/Mar/2026:05:36:57 -0700] "GET /wp-content/uploads/2023/01/3.png HTTP/2.0" 404 35516 "https://indiabettingexchange.in/play-in-the-web-sites-including-candy-bars-slot-machine-ports-angel-local-casino-2026/" "Mozilla/5.0 (Linux; Android 5.0) AppleWebKit/537.36 (KHTML, like Gecko) Mobile Safari/537.36 (compatible; Bytespider; spider-feedback@bytedance.com)" 160 **0/160898**
47.128.24.249 - - [14/Mar/2026:05:36:57 -0700] "GET /wp-content/uploads/2023/01/BFB-Main.png HTTP/2.0" 404 35516 "https://indiabettingexchange.in/play-in-the-web-sites-including-candy-bars-slot-machine-ports-angel-local-casino-2026/" "Mozilla/5.0 (Linux; Android 5.0) AppleWebKit/537.36 (KHTML, like Gecko) Mobile Safari/537.36 (compatible; Bytespider; spider-feedback@bytedance.com)" 159 **0/159237**
74.7.227.158 - - [14/Mar/2026:05:36:57 -0700] "GET /a-few-of-all-of-them-allows-you-to-enjoy-a-bona-fide-monopoly-video-game-inside-incentive-rounds/ HTTP/2.0" 200 15804 "https://indiabettingexchange.in/?p=217244" "Mozilla/5.0 AppleWebKit/537.36 (KHTML, like Gecko; compatible; GPTBot/1.3; +https://openai.com/gptbot)" 224 **0/224776**
47.128.24.249 - - [14/Mar/2026:05:36:57 -0700] "GET /wp-content/uploads/2022/11/1-e1668155022728.png HTTP/2.0" 404 35514 "https://indiabettingexchange.in/play-in-the-web-sites-including-candy-bars-slot-machine-ports-angel-local-casino-2026/" "Mozilla/5.0 (Linux; Android 5.0) AppleWebKit/537.36 (KHTML, like Gecko) Mobile Safari/537.36 (compatible; Bytespider; spider-feedback@bytedance.com)" 180 **0/180599**
47.128.24.249 - - [14/Mar/2026:05:36:57 -0700] "GET /wp-content/uploads/2023/01/1.png HTTP/2.0" 404 35516 "https://indiabettingexchange.in/play-in-the-web-sites-including-candy-bars-slot-machine-ports-angel-local-casino-2026/" "Mozilla/5.0 (Linux; Android 5.0) AppleWebKit/537.36 (KHTML, like Gecko) Mobile Safari/537.36 (compatible; Bytespider; spider-feedback@bytedance.com)" 202 **0/202334**
74.7.227.158 - - [14/Mar/2026:05:36:58 -0700] "GET /?p=216431 HTTP/2.0" 301 1 "https://indiabettingexchange.in/ports-examine-this-site-angels-position-online-game-review-free-demo-gamble/" "Mozilla/5.0 AppleWebKit/537.36 (KHTML, like Gecko; compatible; GPTBot/1.3; +https://openai.com/gptbot)" 126 **0/126678**
74.7.227.158 - - [14/Mar/2026:05:36:58 -0700] "GET /ports-examine-this-site-angels-position-online-game-review-free-demo-gamble/ HTTP/2.0" 200 17169 "https://indiabettingexchange.in/?p=216431" "Mozilla/5.0 AppleWebKit/537.36 (KHTML, like Gecko; compatible; GPTBot/1.3; +https://openai.com/gptbot)" 181 **0/181823**
85.208.96.198 - - [14/Mar/2026:05:36:58 -0700] "GET /machine-a-avec-netent-270-jeu-gratuits-sans-avoir-i-5-emplacements-en-ligne-de-bobine-telechargement/ HTTP/1.1" 200 19145 "-" "Mozilla/5.0 (compatible; SemrushBot/7~bl; +http://www.semrush.com/bot.html)" 206 **0/206616**
74.7.227.158 - - [14/Mar/2026:05:36:58 -0700] "GET /?p=216503 HTTP/2.0" 301 1 "https://indiabettingexchange.in/decoding-the-casino-code-your-guide-to-safe-online-gambling-in-sweden/" "Mozilla/5.0 AppleWebKit/537.36 (KHTML, like Gecko; compatible; GPTBot/1.3; +https://openai.com/gptbot)" 135 **0/135317**
74.7.227.158 - - [14/Mar/2026:05:36:59 -0700] "GET /decoding-the-casino-code-your-guide-to-safe-online-gambling-in-sweden/ HTTP/2.0" 200 16387 "https://indiabettingexchange.in/?p=216503" "Mozilla/5.0 AppleWebKit/537.36 (KHTML, like Gecko; compatible; GPTBot/1.3; +https://openai.com/gptbot)" 229 **0/229235**
74.7.227.158 - - [14/Mar/2026:05:36:59 -0700] "GET /?p=217142 HTTP/2.0" 301 1 "https://indiabettingexchange.in/slingo-game-are-a-captivating-combination-of-slots-and-bingo/" "Mozilla/5.0 AppleWebKit/537.36 (KHTML, like Gecko; compatible; GPTBot/1.3; +https://openai.com/gptbot)" 141 **0/141671**
74.7.227.158 - - [14/Mar/2026:05:37:00 -0700] "GET /slingo-game-are-a-captivating-combination-of-slots-and-bingo/ HTTP/2.0" 200 15459 "https://indiabettingexchange.in/?p=217142" "Mozilla/5.0 AppleWebKit/537.36 (KHTML, like Gecko; compatible; GPTBot/1.3; +https://openai.com/gptbot)" 266 **0/266622**
74.7.227.158 - - [14/Mar/2026:05:37:00 -0700] "GET /?p=216758 HTTP/2.0" 301 1 "https://indiabettingexchange.in/find-out-more-on-the-score-strategy-into-how-we-price-and-you-may-review-casinos/" "Mozilla/5.0 AppleWebKit/537.36 (KHTML, like Gecko; compatible; GPTBot/1.3; +https://openai.com/gptbot)" 144 **0/144819**
74.7.227.158 - - [14/Mar/2026:05:37:01 -0700] "GET /find-out-more-on-the-score-strategy-into-how-we-price-and-you-may-review-casinos/ HTTP/2.0" 200 15625 "https://indiabettingexchange.in/?p=216758" "Mozilla/5.0 AppleWebKit/537.36 (KHTML, like Gecko; compatible; GPTBot/1.3; +https://openai.com/gptbot)" 194 **0/194988**
66.249.68.5 - - [14/Mar/2026:05:37:01 -0700] "GET /broker-jane-blonde-output-on-line-pokies-online-betfair-20-free-spins-no-deposit-required-game-books/ HTTP/1.1" 200 18066 "-" "Mozilla/5.0 (compatible; Googlebot/2.1; +http://www.google.com/bot.html)" 406 **0/406521**
185.191.171.19 - - [14/Mar/2026:05:37:01 -0700] "GET /publication-from-aztec-demo-play-100-percent-free-slot-game/ HTTP/1.1" 200 17839 "-" "Mozilla/5.0 (compatible; SemrushBot/7~bl; +http://www.semrush.com/bot.html)" 450 **0/450386**
74.7.227.158 - - [14/Mar/2026:05:37:01 -0700] "GET /?p=216624 HTTP/2.0" 301 1 "https://indiabettingexchange.in/interested-in-a-slot-machines-application-one-captures-the-latest-miracle-away-from-old-school-casinos-if-you-are-providing-easy-progressive-game-play/" "Mozilla/5.0 AppleWebKit/537.36 (KHTML, like Gecko; compatible; GPTBot/1.3; +https://openai.com/gptbot)" 271 **0/271590**
74.7.227.158 - - [14/Mar/2026:05:37:02 -0700] "GET /interested-in-a-slot-machines-application-one-captures-the-latest-miracle-away-from-old-school-casinos-if-you-are-providing-easy-progressive-game-play/ HTTP/2.0" 200 16519 "https://indiabettingexchange.in/?p=216624" "Mozilla/5.0 AppleWebKit/537.36 (KHTML, like Gecko; compatible; GPTBot/1.3; +https://openai.com/gptbot)" 440 **0/440596**
74.7.227.158 - - [14/Mar/2026:05:37:02 -0700] "GET /?p=217196 HTTP/2.0" 301 1 "https://indiabettingexchange.in/an-informed-totally-free-game-playing-towards-borgata-no-put-added-bonus/" "Mozilla/5.0 AppleWebKit/537.36 (KHTML, like Gecko; compatible; GPTBot/1.3; +https://openai.com/gptbot)" 229 **0/229414**
74.7.227.158 - - [14/Mar/2026:05:37:03 -0700] "GET /an-informed-totally-free-game-playing-towards-borgata-no-put-added-bonus/ HTTP/2.0" 200 15808 "https://indiabettingexchange.in/?p=217196" "Mozilla/5.0 AppleWebKit/537.36 (KHTML, like Gecko; compatible; GPTBot/1.3; +https://openai.com/gptbot)" 290 **0/290743**
74.7.227.158 - - [14/Mar/2026:05:37:03 -0700] "GET /a-game-library-you-to-definitely-has-actually-you-speculating-inside-the-a-good-way/feed/ HTTP/2.0" 200 411 "https://indiabettingexchange.in/a-game-library-you-to-definitely-has-actually-you-speculating-inside-the-a-good-way/" "Mozilla/5.0 AppleWebKit/537.36 (KHTML, like Gecko; compatible; GPTBot/1.3; +https://openai.com/gptbot)" 163 **0/163356**
85.208.96.199 - - [14/Mar/2026:05:37:04 -0700] "GET /best-bitcoin-gambling-enterprises-away-from-80-day-adventure-hd-slot-2025-finest-7-crypto-gambling-internet-sites/ HTTP/1.1" 200 18786 "-" "Mozilla/5.0 (compatible; SemrushBot/7~bl; +http://www.semrush.com/bot.html)" 297 **0/297613**
74.7.227.158 - - [14/Mar/2026:05:37:04 -0700] "GET /wp-json/oembed/1.0/embed?format=xml&url=https%3A%2F%2Findiabettingexchange.in%2Fa-game-library-you-to-definitely-has-actually-you-speculating-inside-the-a-good-way%2F HTTP/2.0" 200 1330 "https://indiabettingexchange.in/a-game-library-you-to-definitely-has-actually-you-speculating-inside-the-a-good-way/" "Mozilla/5.0 AppleWebKit/537.36 (KHTML, like Gecko; compatible; GPTBot/1.3; +https://openai.com/gptbot)" 184 **0/184244**
74.7.227.158 - - [14/Mar/2026:05:37:04 -0700] "GET /?p=217224 HTTP/2.0" 301 1 "https://indiabettingexchange.in/just-who-helps-to-make-the-wonders-meet-with-the-ideal-slot-game-business/" "Mozilla/5.0 AppleWebKit/537.36 (KHTML, like Gecko; compatible; GPTBot/1.3; +https://openai.com/gptbot)" 141 **0/141869**
74.7.227.158 - - [14/Mar/2026:05:37:05 -0700] "GET /just-who-helps-to-make-the-wonders-meet-with-the-ideal-slot-game-business/ HTTP/2.0" 200 15902 "https://indiabettingexchange.in/?p=217224" "Mozilla/5.0 AppleWebKit/537.36 (KHTML, like Gecko; compatible; GPTBot/1.3; +https://openai.com/gptbot)" 178 **0/178434**
74.7.227.158 - - [14/Mar/2026:05:37:05 -0700] "GET /?p=217232 HTTP/2.0" 301 1 "https://indiabettingexchange.in/roaring-game-requires-festive-fun-to-a-higher-level-which-have-santa-during-the-vegas/" "Mozilla/5.0 AppleWebKit/537.36 (KHTML, like Gecko; compatible; GPTBot/1.3; +https://openai.com/gptbot)" 139 **0/139203**
74.7.227.158 - - [14/Mar/2026:05:37:06 -0700] "GET /roaring-game-requires-festive-fun-to-a-higher-level-which-have-santa-during-the-vegas/ HTTP/2.0" 200 16080 "https://indiabettingexchange.in/?p=217232" "Mozilla/5.0 AppleWebKit/537.36 (KHTML, like Gecko; compatible; GPTBot/1.3; +https://openai.com/gptbot)" 188 **0/188705**
74.7.227.158 - - [14/Mar/2026:05:37:06 -0700] "GET /discover-fun-risk-totally-free-position-online-game-thanks-to-all-of-our-portal/ HTTP/2.0" 200 17118 "https://indiabettingexchange.in/articles/page/683/" "Mozilla/5.0 AppleWebKit/537.36 (KHTML, like Gecko; compatible; GPTBot/1.3; +https://openai.com/gptbot)" 214 **0/214711**
185.191.171.14 - - [14/Mar/2026:05:37:06 -0700] "GET /comment-beneficier-des-offres-de-parrainage-sur-raviolibet-casino/ HTTP/1.1" 200 17266 "-" "Mozilla/5.0 (compatible; SemrushBot/7~bl; +http://www.semrush.com/bot.html)" 174 **0/174964**
74.7.227.158 - - [14/Mar/2026:05:37:07 -0700] "GET /merkurs-el-torero-kostenlos-spielen-ohne-anmeldung/ HTTP/2.0" 200 16805 "https://indiabettingexchange.in/articles/page/685/" "Mozilla/5.0 AppleWebKit/537.36 (KHTML, like Gecko; compatible; GPTBot/1.3; +https://openai.com/gptbot)" 214 **0/214053**
74.7.227.158 - - [14/Mar/2026:05:37:07 -0700] "GET /therefore-you-happen-to-be-interested-in-learning-online-casinos-and-pleasing-world-of-position-game/ HTTP/2.0" 200 16823 "https://indiabettingexchange.in/articles/page/682/" "Mozilla/5.0 AppleWebKit/537.36 (KHTML, like Gecko; compatible; GPTBot/1.3; +https://openai.com/gptbot)" 228 **0/228387**
74.7.227.158 - - [14/Mar/2026:05:37:08 -0700] "GET /rating-before-the-online-game-which-have-paypal-internet-casino-places-and-you-may-withdrawals/ HTTP/2.0" 200 15621 "https://indiabettingexchange.in/articles/page/683/" "Mozilla/5.0 AppleWebKit/537.36 (KHTML, like Gecko; compatible; GPTBot/1.3; +https://openai.com/gptbot)" 208 **0/208691**
74.7.227.158 - - [14/Mar/2026:05:37:08 -0700] "GET /just-what-game-should-i-play-on-bucks-app-casinos/ HTTP/2.0" 200 15836 "https://indiabettingexchange.in/articles/page/682/" "Mozilla/5.0 AppleWebKit/537.36 (KHTML, like Gecko; compatible; GPTBot/1.3; +https://openai.com/gptbot)" 218 **0/218835**
74.7.227.158 - - [14/Mar/2026:05:37:09 -0700] "GET /chasing-luck-an-excellent-beginners-self-help-guide-to-billion-euro-jackpots-for-the-all-over-the-world-web-based-casinos/ HTTP/2.0" 200 17403 "https://indiabettingexchange.in/articles/page/684/" "Mozilla/5.0 AppleWebKit/537.36 (KHTML, like Gecko; compatible; GPTBot/1.3; +https://openai.com/gptbot)" 225 **0/225668**
74.7.227.158 - - [14/Mar/2026:05:37:09 -0700] "GET /selecting-a-slots-software-you-to-definitely-captures-the-latest-wonders-from-dated-university-gambling-enterprises-if-youre-taking-effortless-modern-game-play/ HTTP/2.0" 200 16574 "https://indiabettingexchange.in/articles/page/683/" "Mozilla/5.0 AppleWebKit/537.36 (KHTML, like Gecko; compatible; GPTBot/1.3; +https://openai.com/gptbot)" 198 **0/198862**
74.7.227.158 - - [14/Mar/2026:05:37:10 -0700] "GET /the-newest-totally-free-vegas-ports-game-youve-never-fulfilled-just-before/ HTTP/2.0" 200 15657 "https://indiabettingexchange.in/articles/page/682/" "Mozilla/5.0 AppleWebKit/537.36 (KHTML, like Gecko; compatible; GPTBot/1.3; +https://openai.com/gptbot)" 224 **0/224406**
74.7.227.158 - - [14/Mar/2026:05:37:11 -0700] "GET /play-slots-free-online-a-comprehensive-guide-to-appreciating-slot-gamings/ HTTP/2.0" 200 17403 "https://indiabettingexchange.in/articles/page/684/" "Mozilla/5.0 AppleWebKit/537.36 (KHTML, like Gecko; compatible; GPTBot/1.3; +https://openai.com/gptbot)" 235 **0/235353**
74.7.227.158 - - [14/Mar/2026:05:37:11 -0700] "GET /cashwin-gambling-enterprise-your-own-beginners-self-help-guide-to-cellular-local-casino-enjoyable-for-the-ireland/ HTTP/2.0" 200 16692 "https://indiabettingexchange.in/articles/page/683/" "Mozilla/5.0 AppleWebKit/537.36 (KHTML, like Gecko; compatible; GPTBot/1.3; +https://openai.com/gptbot)" 241 **0/241640**
74.7.227.158 - - [14/Mar/2026:05:37:12 -0700] "GET /during-the-a-past-article-i-told-me-the-entire-differences-between-classification-iii-and-you-may-class-ii-slots/ HTTP/2.0" 200 15793 "https://indiabettingexchange.in/articles/page/682/" "Mozilla/5.0 AppleWebKit/537.36 (KHTML, like Gecko; compatible; GPTBot/1.3; +https://openai.com/gptbot)" 216 **0/216512**
216.73.216.48 - - [14/Mar/2026:05:37:12 -0700] "GET /und-sie-sind-mehrfach-ein-spielzeit-angepasste-boni-ausgespielt/feed HTTP/2.0" 301 1 "-" "Mozilla/5.0 AppleWebKit/537.36 (KHTML, like Gecko; compatible; ClaudeBot/1.0; +claudebot@anthropic.com)" 158 **0/158869**
216.73.216.48 - - [14/Mar/2026:05:37:12 -0700] "GET /und-sie-sind-mehrfach-ein-spielzeit-angepasste-boni-ausgespielt/feed/ HTTP/2.0" 200 409 "https://indiabettingexchange.in/und-sie-sind-mehrfach-ein-spielzeit-angepasste-boni-ausgespielt/feed" "Mozilla/5.0 AppleWebKit/537.36 (KHTML, like Gecko; compatible; ClaudeBot/1.0; +claudebot@anthropic.com)" 142 **0/142585**
74.7.227.158 - - [14/Mar/2026:05:37:12 -0700] "GET /?p=217138 HTTP/2.0" 301 1 "https://indiabettingexchange.in/discover-fun-risk-totally-free-position-online-game-thanks-to-all-of-our-portal/" "Mozilla/5.0 AppleWebKit/537.36 (KHTML, like Gecko; compatible; GPTBot/1.3; +https://openai.com/gptbot)" 136 **0/136161**
85.208.96.207 - - [14/Mar/2026:05:37:12 -0700] "GET /curry-quickly-which-have-poultry-and-you-can-tomatoes/ HTTP/1.1" 200 19707 "-" "Mozilla/5.0 (compatible; SemrushBot/7~bl; +http://www.semrush.com/bot.html)" 218 **0/218496**
74.7.227.158 - - [14/Mar/2026:05:37:13 -0700] "GET /discover-fun-risk-totally-free-position-online-game-thanks-to-all-of-our-portal/ HTTP/2.0" 200 17119 "https://indiabettingexchange.in/?p=217138" "Mozilla/5.0 AppleWebKit/537.36 (KHTML, like Gecko; compatible; GPTBot/1.3; +https://openai.com/gptbot)" 191 **0/191853**
74.7.227.158 - - [14/Mar/2026:05:37:15 -0700] "GET /?p=216433 HTTP/2.0" 301 1 "https://indiabettingexchange.in/merkurs-el-torero-kostenlos-spielen-ohne-anmeldung/" "Mozilla/5.0 AppleWebKit/537.36 (KHTML, like Gecko; compatible; GPTBot/1.3; +https://openai.com/gptbot)" 151 **0/151511**
74.7.227.158 - - [14/Mar/2026:05:37:15 -0700] "GET /merkurs-el-torero-kostenlos-spielen-ohne-anmeldung/ HTTP/2.0" 200 16804 "https://indiabettingexchange.in/?p=216433" "Mozilla/5.0 AppleWebKit/537.36 (KHTML, like Gecko; compatible; GPTBot/1.3; +https://openai.com/gptbot)" 231 **0/231709**
74.7.227.158 - - [14/Mar/2026:05:37:16 -0700] "GET /?p=217234 HTTP/2.0" 301 1 "https://indiabettingexchange.in/therefore-you-happen-to-be-interested-in-learning-online-casinos-and-pleasing-world-of-position-game/" "Mozilla/5.0 AppleWebKit/537.36 (KHTML, like Gecko; compatible; GPTBot/1.3; +https://openai.com/gptbot)" 129 **0/129012**
74.7.227.158 - - [14/Mar/2026:05:37:16 -0700] "GET /therefore-you-happen-to-be-interested-in-learning-online-casinos-and-pleasing-world-of-position-game/ HTTP/2.0" 200 16822 "https://indiabettingexchange.in/?p=217234" "Mozilla/5.0 AppleWebKit/537.36 (KHTML, like Gecko; compatible; GPTBot/1.3; +https://openai.com/gptbot)" 220 **0/220717**
74.7.227.158 - - [14/Mar/2026:05:37:17 -0700] "GET /?p=216870 HTTP/2.0" 301 1 "https://indiabettingexchange.in/rating-before-the-online-game-which-have-paypal-internet-casino-places-and-you-may-withdrawals/" "Mozilla/5.0 AppleWebKit/537.36 (KHTML, like Gecko; compatible; GPTBot/1.3; +https://openai.com/gptbot)" 137 **0/137017**
74.7.227.158 - - [14/Mar/2026:05:37:17 -0700] "GET /rating-before-the-online-game-which-have-paypal-internet-casino-places-and-you-may-withdrawals/ HTTP/2.0" 200 15622 "https://indiabettingexchange.in/?p=216870" "Mozilla/5.0 AppleWebKit/537.36 (KHTML, like Gecko; compatible; GPTBot/1.3; +https://openai.com/gptbot)" 223 **0/223682**
74.7.227.158 - - [14/Mar/2026:05:37:17 -0700] "GET /?p=217182 HTTP/2.0" 301 1 "https://indiabettingexchange.in/just-what-game-should-i-play-on-bucks-app-casinos/" "Mozilla/5.0 AppleWebKit/537.36 (KHTML, like Gecko; compatible; GPTBot/1.3; +https://openai.com/gptbot)" 150 **0/150027**
74.7.227.158 - - [14/Mar/2026:05:37:18 -0700] "GET /just-what-game-should-i-play-on-bucks-app-casinos/ HTTP/2.0" 200 15835 "https://indiabettingexchange.in/?p=217182" "Mozilla/5.0 AppleWebKit/537.36 (KHTML, like Gecko; compatible; GPTBot/1.3; +https://openai.com/gptbot)" 225 **0/225389**
74.7.227.158 - - [14/Mar/2026:05:37:18 -0700] "GET /?p=216628 HTTP/2.0" 301 1 "https://indiabettingexchange.in/chasing-luck-an-excellent-beginners-self-help-guide-to-billion-euro-jackpots-for-the-all-over-the-world-web-based-casinos/" "Mozilla/5.0 AppleWebKit/537.36 (KHTML, like Gecko; compatible; GPTBot/1.3; +https://openai.com/gptbot)" 120 **0/120546**
74.7.227.158 - - [14/Mar/2026:05:37:19 -0700] "GET /chasing-luck-an-excellent-beginners-self-help-guide-to-billion-euro-jackpots-for-the-all-over-the-world-web-based-casinos/ HTTP/2.0" 200 17405 "https://indiabettingexchange.in/?p=216628" "Mozilla/5.0 AppleWebKit/537.36 (KHTML, like Gecko; compatible; GPTBot/1.3; +https://openai.com/gptbot)" 180 **0/180384**
74.7.227.158 - - [14/Mar/2026:05:37:19 -0700] "GET /?p=216936 HTTP/2.0" 301 1 "https://indiabettingexchange.in/selecting-a-slots-software-you-to-definitely-captures-the-latest-wonders-from-dated-university-gambling-enterprises-if-youre-taking-effortless-modern-game-play/" "Mozilla/5.0 AppleWebKit/537.36 (KHTML, like Gecko; compatible; GPTBot/1.3; +https://openai.com/gptbot)" 129 **0/129254**
74.7.227.158 - - [14/Mar/2026:05:37:20 -0700] "GET /selecting-a-slots-software-you-to-definitely-captures-the-latest-wonders-from-dated-university-gambling-enterprises-if-youre-taking-effortless-modern-game-play/ HTTP/2.0" 200 16573 "https://indiabettingexchange.in/?p=216936" "Mozilla/5.0 AppleWebKit/537.36 (KHTML, like Gecko; compatible; GPTBot/1.3; +https://openai.com/gptbot)" 223 **0/223910**
74.7.227.158 - - [14/Mar/2026:05:37:20 -0700] "GET /?p=217228 HTTP/2.0" 301 1 "https://indiabettingexchange.in/the-newest-totally-free-vegas-ports-game-youve-never-fulfilled-just-before/" "Mozilla/5.0 AppleWebKit/537.36 (KHTML, like Gecko; compatible; GPTBot/1.3; +https://openai.com/gptbot)" 161 **0/161329**
74.7.227.158 - - [14/Mar/2026:05:37:21 -0700] "GET /the-newest-totally-free-vegas-ports-game-youve-never-fulfilled-just-before/ HTTP/2.0" 200 15658 "https://indiabettingexchange.in/?p=217228" "Mozilla/5.0 AppleWebKit/537.36 (KHTML, like Gecko; compatible; GPTBot/1.3; +https://openai.com/gptbot)" 214 **0/214193**
74.7.227.158 - - [14/Mar/2026:05:37:21 -0700] "GET /?p=216499 HTTP/2.0" 301 1 "https://indiabettingexchange.in/play-slots-free-online-a-comprehensive-guide-to-appreciating-slot-gamings/" "Mozilla/5.0 AppleWebKit/537.36 (KHTML, like Gecko; compatible; GPTBot/1.3; +https://openai.com/gptbot)" 157 **0/157238**
74.7.227.158 - - [14/Mar/2026:05:37:22 -0700] "GET /play-slots-free-online-a-comprehensive-guide-to-appreciating-slot-gamings/ HTTP/2.0" 200 17403 "https://indiabettingexchange.in/?p=216499" "Mozilla/5.0 AppleWebKit/537.36 (KHTML, like Gecko; compatible; GPTBot/1.3; +https://openai.com/gptbot)" 217 **0/217505**
74.7.227.158 - - [14/Mar/2026:05:37:22 -0700] "GET /?p=216908 HTTP/2.0" 301 1 "https://indiabettingexchange.in/cashwin-gambling-enterprise-your-own-beginners-self-help-guide-to-cellular-local-casino-enjoyable-for-the-ireland/" "Mozilla/5.0 AppleWebKit/537.36 (KHTML, like Gecko; compatible; GPTBot/1.3; +https://openai.com/gptbot)" 130 **0/130289**
74.7.227.158 - - [14/Mar/2026:05:37:22 -0700] "GET /cashwin-gambling-enterprise-your-own-beginners-self-help-guide-to-cellular-local-casino-enjoyable-for-the-ireland/ HTTP/2.0" 200 16691 "https://indiabettingexchange.in/?p=216908" "Mozilla/5.0 AppleWebKit/537.36 (KHTML, like Gecko; compatible; GPTBot/1.3; +https://openai.com/gptbot)" 200 **0/200138**
74.7.227.158 - - [14/Mar/2026:05:37:23 -0700] "GET /?p=217214 HTTP/2.0" 301 1 "https://indiabettingexchange.in/during-the-a-past-article-i-told-me-the-entire-differences-between-classification-iii-and-you-may-class-ii-slots/" "Mozilla/5.0 AppleWebKit/537.36 (KHTML, like Gecko; compatible; GPTBot/1.3; +https://openai.com/gptbot)" 124 **0/124839**
74.7.227.158 - - [14/Mar/2026:05:37:23 -0700] "GET /during-the-a-past-article-i-told-me-the-entire-differences-between-classification-iii-and-you-may-class-ii-slots/ HTTP/2.0" 200 15794 "https://indiabettingexchange.in/?p=217214" "Mozilla/5.0 AppleWebKit/537.36 (KHTML, like Gecko; compatible; GPTBot/1.3; +https://openai.com/gptbot)" 162 **0/162252**
74.7.227.158 - - [14/Mar/2026:05:37:24 -0700] "GET /exactly-how-we-review-a-knowledgeable-casinos-on-the-internet-which-have-dollars-apps/ HTTP/2.0" 200 15802 "https://indiabettingexchange.in/articles/page/683/" "Mozilla/5.0 AppleWebKit/537.36 (KHTML, like Gecko; compatible; GPTBot/1.3; +https://openai.com/gptbot)" 207 **0/207725**
74.7.227.158 - - [14/Mar/2026:05:37:24 -0700] "GET /the-next-part-discusses-the-best-crazy-gambling-enterprise-bonuses-and-you-may-associated-conditions-and-terms/ HTTP/2.0" 200 15626 "https://indiabettingexchange.in/articles/page/684/" "Mozilla/5.0 AppleWebKit/537.36 (KHTML, like Gecko; compatible; GPTBot/1.3; +https://openai.com/gptbot)" 177 **0/177839**
74.7.227.158 - - [14/Mar/2026:05:37:25 -0700] "GET /china-coastlines-keeps-a-shiny-medley-of-colors-in-its-portrayal-of-ones-icon-pandas-hill-home/ HTTP/2.0" 200 16082 "https://indiabettingexchange.in/articles/page/682/" "Mozilla/5.0 AppleWebKit/537.36 (KHTML, like Gecko; compatible; GPTBot/1.3; +https://openai.com/gptbot)" 245 **0/245353**
74.7.227.158 - - [14/Mar/2026:05:37:25 -0700] "GET /look-out-for-new-waiting-better-function-for-your-chance-to-home-a-giant-victory-when-you-look-at-the-rainbow-riches-leprechauns-silver/ HTTP/2.0" 200 15656 "https://indiabettingexchange.in/articles/page/682/" "Mozilla/5.0 AppleWebKit/537.36 (KHTML, like Gecko; compatible; GPTBot/1.3; +https://openai.com/gptbot)" 220 **0/220017**
74.7.227.158 - - [14/Mar/2026:05:37:26 -0700] "GET /the-following-is-a-quick-see-just-what-local-casino-skyrocket-now-offers-players-inside-the-ireland/ HTTP/2.0" 200 15715 "https://indiabettingexchange.in/articles/page/683/" "Mozilla/5.0 AppleWebKit/537.36 (KHTML, like Gecko; compatible; GPTBot/1.3; +https://openai.com/gptbot)" 241 **0/241020**
74.7.227.158 - - [14/Mar/2026:05:37:26 -0700] "GET /once-again-the-background-image-are-a-great-shade-of-bluish-which-will-be-filled-up-with-ancient-egyptian-artwork/ HTTP/2.0" 200 16602 "https://indiabettingexchange.in/articles/page/684/" "Mozilla/5.0 AppleWebKit/537.36 (KHTML, like Gecko; compatible; GPTBot/1.3; +https://openai.com/gptbot)" 297 **0/297253**
85.208.96.210 - - [14/Mar/2026:05:37:26 -0700] "GET /category/uncategorized/page/2596/ HTTP/1.1" 200 17424 "-" "Mozilla/5.0 (compatible; SemrushBot/7~bl; +http://www.semrush.com/bot.html)" 854 **0/854066**
74.7.227.158 - - [14/Mar/2026:05:37:27 -0700] "GET /however-we-could-say-that-the-very-first-requirements-is-actually-legality-and-you-will-cover/ HTTP/2.0" 200 15740 "https://indiabettingexchange.in/articles/page/683/" "Mozilla/5.0 AppleWebKit/537.36 (KHTML, like Gecko; compatible; GPTBot/1.3; +https://openai.com/gptbot)" 246 **0/246904**
213.180.203.235 - - [14/Mar/2026:05:37:27 -0700] "GET /legislativni-vyvoj-a-trendy-v-online-kasinech-pripadova-studie-ceska-republika/ HTTP/1.1" 200 17857 "-" "Mozilla/5.0 (compatible; YandexBot/3.0; +http://yandex.com/bots)" 210 **0/210659**
74.7.227.158 - - [14/Mar/2026:05:37:28 -0700] "GET /free-spins-and-cash-blitz-ability-a-proper-options/ HTTP/2.0" 200 16449 "https://indiabettingexchange.in/articles/page/684/" "Mozilla/5.0 AppleWebKit/537.36 (KHTML, like Gecko; compatible; GPTBot/1.3; +https://openai.com/gptbot)" 235 **0/235859**
74.7.227.158 - - [14/Mar/2026:05:37:28 -0700] "GET /their-enter-in-are-indispensable-to-you-as-we-try-to-bring-the-best-possible-gambling-feel/ HTTP/2.0" 200 15501 "https://indiabettingexchange.in/articles/page/682/" "Mozilla/5.0 AppleWebKit/537.36 (KHTML, like Gecko; compatible; GPTBot/1.3; +https://openai.com/gptbot)" 205 **0/205657**
74.7.227.158 - - [14/Mar/2026:05:37:29 -0700] "GET /where-to-find-an-informed-the-fresh-new-slots-and-you-will-casino-games-getting-your/ HTTP/2.0" 200 16360 "https://indiabettingexchange.in/articles/page/682/" "Mozilla/5.0 AppleWebKit/537.36 (KHTML, like Gecko; compatible; GPTBot/1.3; +https://openai.com/gptbot)" 225 **0/225304**
74.7.227.158 - - [14/Mar/2026:05:37:29 -0700] "GET /how-to-obtain-and-you-may-play-larger-seafood-local-casino-public-harbors-into-the-pc-or-mac/ HTTP/2.0" 200 15936 "https://indiabettingexchange.in/articles/page/683/" "Mozilla/5.0 AppleWebKit/537.36 (KHTML, like Gecko; compatible; GPTBot/1.3; +https://openai.com/gptbot)" 229 **0/229620**
74.7.227.158 - - [14/Mar/2026:05:37:30 -0700] "GET /?p=217028 HTTP/2.0" 301 1 "https://indiabettingexchange.in/exactly-how-we-review-a-knowledgeable-casinos-on-the-internet-which-have-dollars-apps/" "Mozilla/5.0 AppleWebKit/537.36 (KHTML, like Gecko; compatible; GPTBot/1.3; +https://openai.com/gptbot)" 198 **0/198598**
74.7.227.158 - - [14/Mar/2026:05:37:30 -0700] "GET /exactly-how-we-review-a-knowledgeable-casinos-on-the-internet-which-have-dollars-apps/ HTTP/2.0" 200 15803 "https://indiabettingexchange.in/?p=217028" "Mozilla/5.0 AppleWebKit/537.36 (KHTML, like Gecko; compatible; GPTBot/1.3; +https://openai.com/gptbot)" 238 **0/238770**
74.7.227.158 - - [14/Mar/2026:05:37:31 -0700] "GET /wozu-vorubergehen-angeschlossen-casinos-gunstgewerblerin-two-%ef%bf%bdmindesteinzahlung-vorstellung/feed/ HTTP/2.0" 200 448 "https://indiabettingexchange.in/wozu-vorubergehen-angeschlossen-casinos-gunstgewerblerin-two-%ef%bf%bdmindesteinzahlung-vorstellung/" "Mozilla/5.0 AppleWebKit/537.36 (KHTML, like Gecko; compatible; GPTBot/1.3; +https://openai.com/gptbot)" 143 **0/143108**
74.7.227.158 - - [14/Mar/2026:05:37:31 -0700] "GET /wp-json/oembed/1.0/embed?format=xml&url=https%3A%2F%2Findiabettingexchange.in%2Fwozu-vorubergehen-angeschlossen-casinos-gunstgewerblerin-two-%25ef%25bf%25bdmindesteinzahlung-vorstellung%2F HTTP/2.0" 200 1440 "https://indiabettingexchange.in/wozu-vorubergehen-angeschlossen-casinos-gunstgewerblerin-two-%ef%bf%bdmindesteinzahlung-vorstellung/" "Mozilla/5.0 AppleWebKit/537.36 (KHTML, like Gecko; compatible; GPTBot/1.3; +https://openai.com/gptbot)" 172 **0/172193**
74.7.227.158 - - [14/Mar/2026:05:37:32 -0700] "GET /?p=216630 HTTP/2.0" 301 1 "https://indiabettingexchange.in/the-next-part-discusses-the-best-crazy-gambling-enterprise-bonuses-and-you-may-associated-conditions-and-terms/" "Mozilla/5.0 AppleWebKit/537.36 (KHTML, like Gecko; compatible; GPTBot/1.3; +https://openai.com/gptbot)" 168 **0/168763**
74.7.227.158 - - [14/Mar/2026:05:37:32 -0700] "GET /the-next-part-discusses-the-best-crazy-gambling-enterprise-bonuses-and-you-may-associated-conditions-and-terms/ HTTP/2.0" 200 15625 "https://indiabettingexchange.in/?p=216630" "Mozilla/5.0 AppleWebKit/537.36 (KHTML, like Gecko; compatible; GPTBot/1.3; +https://openai.com/gptbot)" 213 **0/213281**
185.191.171.19 - - [14/Mar/2026:05:37:32 -0700] "GET /wagering-possibility-local-casino-wager-and-play/ HTTP/1.1" 200 19378 "-" "Mozilla/5.0 (compatible; SemrushBot/7~bl; +http://www.semrush.com/bot.html)" 239 **0/239642**
74.7.227.158 - - [14/Mar/2026:05:37:33 -0700] "GET /?p=217220 HTTP/2.0" 301 1 "https://indiabettingexchange.in/china-coastlines-keeps-a-shiny-medley-of-colors-in-its-portrayal-of-ones-icon-pandas-hill-home/" "Mozilla/5.0 AppleWebKit/537.36 (KHTML, like Gecko; compatible; GPTBot/1.3; +https://openai.com/gptbot)" 156 **0/156574**
74.7.227.158 - - [14/Mar/2026:05:37:33 -0700] "GET /china-coastlines-keeps-a-shiny-medley-of-colors-in-its-portrayal-of-ones-icon-pandas-hill-home/ HTTP/2.0" 200 16081 "https://indiabettingexchange.in/?p=217220" "Mozilla/5.0 AppleWebKit/537.36 (KHTML, like Gecko; compatible; GPTBot/1.3; +https://openai.com/gptbot)" 190 **0/190141**
74.7.227.158 - - [14/Mar/2026:05:37:34 -0700] "GET /?p=217204 HTTP/2.0" 301 1 "https://indiabettingexchange.in/look-out-for-new-waiting-better-function-for-your-chance-to-home-a-giant-victory-when-you-look-at-the-rainbow-riches-leprechauns-silver/" "Mozilla/5.0 AppleWebKit/537.36 (KHTML, like Gecko; compatible; GPTBot/1.3; +https://openai.com/gptbot)" 174 **0/174735**
74.7.227.158 - - [14/Mar/2026:05:37:34 -0700] "GET /look-out-for-new-waiting-better-function-for-your-chance-to-home-a-giant-victory-when-you-look-at-the-rainbow-riches-leprechauns-silver/ HTTP/2.0" 200 15655 "https://indiabettingexchange.in/?p=217204" "Mozilla/5.0 AppleWebKit/537.36 (KHTML, like Gecko; compatible; GPTBot/1.3; +https://openai.com/gptbot)" 223 **0/223439**
74.7.227.158 - - [14/Mar/2026:05:37:34 -0700] "GET /?p=217108 HTTP/2.0" 301 1 "https://indiabettingexchange.in/the-following-is-a-quick-see-just-what-local-casino-skyrocket-now-offers-players-inside-the-ireland/" "Mozilla/5.0 AppleWebKit/537.36 (KHTML, like Gecko; compatible; GPTBot/1.3; +https://openai.com/gptbot)" 146 **0/146036**
74.7.227.158 - - [14/Mar/2026:05:37:35 -0700] "GET /the-following-is-a-quick-see-just-what-local-casino-skyrocket-now-offers-players-inside-the-ireland/ HTTP/2.0" 200 15717 "https://indiabettingexchange.in/?p=217108" "Mozilla/5.0 AppleWebKit/537.36 (KHTML, like Gecko; compatible; GPTBot/1.3; +https://openai.com/gptbot)" 207 **0/207940**
74.7.227.158 - - [14/Mar/2026:05:37:35 -0700] "GET /?p=216638 HTTP/2.0" 301 1 "https://indiabettingexchange.in/once-again-the-background-image-are-a-great-shade-of-bluish-which-will-be-filled-up-with-ancient-egyptian-artwork/" "Mozilla/5.0 AppleWebKit/537.36 (KHTML, like Gecko; compatible; GPTBot/1.3; +https://openai.com/gptbot)" 140 **0/140526**
74.7.227.158 - - [14/Mar/2026:05:37:36 -0700] "GET /once-again-the-background-image-are-a-great-shade-of-bluish-which-will-be-filled-up-with-ancient-egyptian-artwork/ HTTP/2.0" 200 16603 "https://indiabettingexchange.in/?p=216638" "Mozilla/5.0 AppleWebKit/537.36 (KHTML, like Gecko; compatible; GPTBot/1.3; +https://openai.com/gptbot)" 220 **0/220250**
74.7.227.158 - - [14/Mar/2026:05:37:36 -0700] "GET /wp-json/oembed/1.0/embed?format=xml&url=https%3A%2F%2Findiabettingexchange.in%2Fangeschlossen-casino-hohe-auszahlungsquote-2025-top-werfen-sie-einen-blick-auf-diese-jungs-5-via-champion-rtp%2F HTTP/2.0" 200 1584 "https://indiabettingexchange.in/angeschlossen-casino-hohe-auszahlungsquote-2025-top-werfen-sie-einen-blick-auf-diese-jungs-5-via-champion-rtp/" "Mozilla/5.0 AppleWebKit/537.36 (KHTML, like Gecko; compatible; GPTBot/1.3; +https://openai.com/gptbot)" 187 **0/187104**
74.7.227.158 - - [14/Mar/2026:05:37:37 -0700] "GET /?p=217146 HTTP/2.0" 301 1 "https://indiabettingexchange.in/however-we-could-say-that-the-very-first-requirements-is-actually-legality-and-you-will-cover/" "Mozilla/5.0 AppleWebKit/537.36 (KHTML, like Gecko; compatible; GPTBot/1.3; +https://openai.com/gptbot)" 138 **0/138789**
74.7.227.158 - - [14/Mar/2026:05:37:37 -0700] "GET /however-we-could-say-that-the-very-first-requirements-is-actually-legality-and-you-will-cover/ HTTP/2.0" 200 15740 "https://indiabettingexchange.in/?p=217146" "Mozilla/5.0 AppleWebKit/537.36 (KHTML, like Gecko; compatible; GPTBot/1.3; +https://openai.com/gptbot)" 197 **0/197164**
74.7.227.158 - - [14/Mar/2026:05:37:38 -0700] "GET /?p=216644 HTTP/2.0" 301 1 "https://indiabettingexchange.in/free-spins-and-cash-blitz-ability-a-proper-options/" "Mozilla/5.0 AppleWebKit/537.36 (KHTML, like Gecko; compatible; GPTBot/1.3; +https://openai.com/gptbot)" 144 **0/144853**
85.208.96.208 - - [14/Mar/2026:05:37:38 -0700] "GET /choy-sun-doa-pokie-aristocrat-choy-sunshine-doa-pokie-server/ HTTP/1.1" 200 18224 "-" "Mozilla/5.0 (compatible; SemrushBot/7~bl; +http://www.semrush.com/bot.html)" 199 **0/199360**
74.7.227.158 - - [14/Mar/2026:05:37:38 -0700] "GET /free-spins-and-cash-blitz-ability-a-proper-options/ HTTP/2.0" 200 16449 "https://indiabettingexchange.in/?p=216644" "Mozilla/5.0 AppleWebKit/537.36 (KHTML, like Gecko; compatible; GPTBot/1.3; +https://openai.com/gptbot)" 194 **0/194222**
74.7.227.158 - - [14/Mar/2026:05:37:38 -0700] "GET /?p=217176 HTTP/2.0" 301 1 "https://indiabettingexchange.in/their-enter-in-are-indispensable-to-you-as-we-try-to-bring-the-best-possible-gambling-feel/" "Mozilla/5.0 AppleWebKit/537.36 (KHTML, like Gecko; compatible; GPTBot/1.3; +https://openai.com/gptbot)" 144 **0/144477**
74.7.227.158 - - [14/Mar/2026:05:37:39 -0700] "GET /their-enter-in-are-indispensable-to-you-as-we-try-to-bring-the-best-possible-gambling-feel/ HTTP/2.0" 200 15501 "https://indiabettingexchange.in/?p=217176" "Mozilla/5.0 AppleWebKit/537.36 (KHTML, like Gecko; compatible; GPTBot/1.3; +https://openai.com/gptbot)" 206 **0/206090**
74.7.227.158 - - [14/Mar/2026:05:37:39 -0700] "GET /?p=217198 HTTP/2.0" 301 1 "https://indiabettingexchange.in/where-to-find-an-informed-the-fresh-new-slots-and-you-will-casino-games-getting-your/" "Mozilla/5.0 AppleWebKit/537.36 (KHTML, like Gecko; compatible; GPTBot/1.3; +https://openai.com/gptbot)" 120 **0/120067**
74.7.227.158 - - [14/Mar/2026:05:37:40 -0700] "GET /where-to-find-an-informed-the-fresh-new-slots-and-you-will-casino-games-getting-your/ HTTP/2.0" 200 16361 "https://indiabettingexchange.in/?p=217198" "Mozilla/5.0 AppleWebKit/537.36 (KHTML, like Gecko; compatible; GPTBot/1.3; +https://openai.com/gptbot)" 200 **0/200217**
74.7.227.158 - - [14/Mar/2026:05:37:40 -0700] "GET /?p=216940 HTTP/2.0" 301 1 "https://indiabettingexchange.in/how-to-obtain-and-you-may-play-larger-seafood-local-casino-public-harbors-into-the-pc-or-mac/" "Mozilla/5.0 AppleWebKit/537.36 (KHTML, like Gecko; compatible; GPTBot/1.3; +https://openai.com/gptbot)" 148 **0/148037**
