74.7.227.158 - - [14/Mar/2026:05:41:48 -0700] "GET /wp-json/oembed/1.0/embed?url=https%3A%2F%2Findiabettingexchange.in%2Fgamble-lifeless-1-free-with-10x-multiplier-online-casino-otherwise-real-time-2-local-casino-slot-machine-inside-canada-on-the-internet%2F HTTP/2.0" 200 1374 "https://indiabettingexchange.in/gamble-lifeless-1-free-with-10x-multiplier-online-casino-otherwise-real-time-2-local-casino-slot-machine-inside-canada-on-the-internet/" "Mozilla/5.0 AppleWebKit/537.36 (KHTML, like Gecko; compatible; GPTBot/1.3; +https://openai.com/gptbot)" 164 **0/164199**
74.7.227.158 - - [14/Mar/2026:05:41:49 -0700] "GET /wp-json/oembed/1.0/embed?url=https%3A%2F%2Findiabettingexchange.in%2Fonline-casino-southern-area-africa-score-a-keen-r11500-greeting-added-bonus-100-percent-free-in-the-springbok-rabbit-in-the-hat-slot-free-spins-gambling-enterprise%2F HTTP/2.0" 200 1460 "https://indiabettingexchange.in/online-casino-southern-area-africa-score-a-keen-r11500-greeting-added-bonus-100-percent-free-in-the-springbok-rabbit-in-the-hat-slot-free-spins-gambling-enterprise/" "Mozilla/5.0 AppleWebKit/537.36 (KHTML, like Gecko; compatible; GPTBot/1.3; +https://openai.com/gptbot)" 209 **0/209808**
74.7.227.158 - - [14/Mar/2026:05:41:49 -0700] "GET /wp-json/oembed/1.0/embed?url=https%3A%2F%2Findiabettingexchange.in%2Fgreatest-casinos-on-the-internet-united-states-2025-finest-ranked-casino-spinfields-casino-top-real-cash-web-sites%2F HTTP/2.0" 200 1459 "https://indiabettingexchange.in/greatest-casinos-on-the-internet-united-states-2025-finest-ranked-casino-spinfields-casino-top-real-cash-web-sites/" "Mozilla/5.0 AppleWebKit/537.36 (KHTML, like Gecko; compatible; GPTBot/1.3; +https://openai.com/gptbot)" 186 **0/186313**
74.7.227.158 - - [14/Mar/2026:05:41:50 -0700] "GET /wp-json/oembed/1.0/embed?url=https%3A%2F%2Findiabettingexchange.in%2Funa-perduracion-judicial-de-cooperar-acerca-de-juegos-sobre-suerte-acerca-de-paraguay-es-sobre-dieciocho-anos%2F HTTP/2.0" 200 1366 "https://indiabettingexchange.in/una-perduracion-judicial-de-cooperar-acerca-de-juegos-sobre-suerte-acerca-de-paraguay-es-sobre-dieciocho-anos/" "Mozilla/5.0 AppleWebKit/537.36 (KHTML, like Gecko; compatible; GPTBot/1.3; +https://openai.com/gptbot)" 170 **0/170725**
74.7.227.158 - - [14/Mar/2026:05:41:50 -0700] "GET /wp-json/oembed/1.0/embed?url=https%3A%2F%2Findiabettingexchange.in%2Fthunderstruck-harbors-checklist-dragon-slayers-offers-exciting-viking-inspired-slots%2F HTTP/2.0" 200 1392 "https://indiabettingexchange.in/thunderstruck-harbors-checklist-dragon-slayers-offers-exciting-viking-inspired-slots/" "Mozilla/5.0 AppleWebKit/537.36 (KHTML, like Gecko; compatible; GPTBot/1.3; +https://openai.com/gptbot)" 190 **0/190272**
74.7.227.158 - - [14/Mar/2026:05:41:51 -0700] "GET /wp-json/oembed/1.0/embed?url=https%3A%2F%2Findiabettingexchange.in%2Fdass-respons-atomar-gangbar-spielsaal-bargeld-bekommst-war-vielmehr-unwahrscheinlich%2F HTTP/2.0" 200 1409 "https://indiabettingexchange.in/dass-respons-atomar-gangbar-spielsaal-bargeld-bekommst-war-vielmehr-unwahrscheinlich/" "Mozilla/5.0 AppleWebKit/537.36 (KHTML, like Gecko; compatible; GPTBot/1.3; +https://openai.com/gptbot)" 182 **0/182495**
74.7.227.158 - - [14/Mar/2026:05:41:51 -0700] "GET /the-new-signs-have-various-other-values-when-landing-on-it/ HTTP/2.0" 200 15594 "https://indiabettingexchange.in/articles/page/693/" "Mozilla/5.0 AppleWebKit/537.36 (KHTML, like Gecko; compatible; GPTBot/1.3; +https://openai.com/gptbot)" 213 **0/213882**
74.7.227.158 - - [14/Mar/2026:05:41:52 -0700] "GET /wp-json/oembed/1.0/embed?format=xml&url=https%3A%2F%2Findiabettingexchange.in%2Fil-gioco-della-fortuna-al-casino-bello%2F HTTP/2.0" 200 1051 "https://indiabettingexchange.in/il-gioco-della-fortuna-al-casino-bello/" "Mozilla/5.0 AppleWebKit/537.36 (KHTML, like Gecko; compatible; GPTBot/1.3; +https://openai.com/gptbot)" 167 **0/167629**
74.7.227.158 - - [14/Mar/2026:05:41:53 -0700] "GET /football-gamblers-provides-a-new-desired-provide-having-additional-funds-getting-accumulators-and-alive-bets/ HTTP/2.0" 200 15830 "https://indiabettingexchange.in/articles/page/692/" "Mozilla/5.0 AppleWebKit/537.36 (KHTML, like Gecko; compatible; GPTBot/1.3; +https://openai.com/gptbot)" 210 **0/210038**
74.7.227.158 - - [14/Mar/2026:05:41:53 -0700] "GET /ignore-in-the-event-your-climate-is-bad-therefore-the-home-are-historic-and-you-may-well-preserved/ HTTP/2.0" 200 15883 "https://indiabettingexchange.in/articles/page/691/" "Mozilla/5.0 AppleWebKit/537.36 (KHTML, like Gecko; compatible; GPTBot/1.3; +https://openai.com/gptbot)" 187 **0/187427**
74.7.227.158 - - [14/Mar/2026:05:41:54 -0700] "GET /what-you-comes-how-it-happens-in-a-bona-fide-on-line-local-casino-place-in-which-even-in-the-event-real-money-required/ HTTP/2.0" 200 16590 "https://indiabettingexchange.in/articles/page/690/" "Mozilla/5.0 AppleWebKit/537.36 (KHTML, like Gecko; compatible; GPTBot/1.3; +https://openai.com/gptbot)" 255 **0/255558**
74.7.227.158 - - [14/Mar/2026:05:41:54 -0700] "GET /the-yorkers-may-look-for-slot-design-game-with-the-parimutuel-driven-betting-systems-including-horseplay-and-you-can-giddyup/ HTTP/2.0" 200 15654 "https://indiabettingexchange.in/articles/page/690/" "Mozilla/5.0 AppleWebKit/537.36 (KHTML, like Gecko; compatible; GPTBot/1.3; +https://openai.com/gptbot)" 226 **0/226626**
43.173.180.126 - - [14/Mar/2026:05:41:55 -0700] "GET /cinq-ecrire-un-texte-sur-quil-sagisse-de-ce-casino-admis-securise HTTP/1.1" 301 - "-" "Mozilla/5.0 (Windows NT 10.0; Win64; x64) AppleWebKit/537.36 (KHTML, like Gecko) Chrome/109.0.0.0 Safari/537.36" 131 **0/131474**
74.7.227.158 - - [14/Mar/2026:05:41:55 -0700] "GET /numerous-casino-games-was-basically-effective-throughout-the-on-line-arena-plus-black-jack-roulette-and-other-desk-game/ HTTP/2.0" 200 15713 "https://indiabettingexchange.in/articles/page/692/" "Mozilla/5.0 AppleWebKit/537.36 (KHTML, like Gecko; compatible; GPTBot/1.3; +https://openai.com/gptbot)" 234 **0/234655**
43.173.180.56 - - [14/Mar/2026:05:41:55 -0700] "GET /cinq-ecrire-un-texte-sur-quil-sagisse-de-ce-casino-admis-securise/ HTTP/1.1" 200 18031 "-" "Mozilla/5.0 (Windows NT 10.0; Win64; x64) AppleWebKit/537.36 (KHTML, like Gecko) Chrome/109.0.0.0 Safari/537.36" 195 **0/195030**
43.173.179.168 - - [14/Mar/2026:05:41:55 -0700] "GET /you-highly-recommend-us-to-toss-up-a-money-and-you-may-choice-%ef%bf%bd1-the-thoughts-have-a-tendency-to-fall-out HTTP/1.1" 301 - "-" "Mozilla/5.0 (Windows NT 10.0; Win64; x64) AppleWebKit/537.36 (KHTML, like Gecko) Chrome/104.0.5112.81 Safari/537.36" 129 **0/129434**
43.173.182.118 - - [14/Mar/2026:05:41:55 -0700] "GET /other-types-of-gambling-establishment-incentives-you-might-claim-on-the-internet HTTP/1.1" 301 - "-" "Mozilla/5.0 (Windows NT 10.0; Win64; x64) AppleWebKit/537.36 (KHTML, like Gecko) Chrome/103.0.0.0 Safari/537.36" 144 **0/144370**
43.173.178.31 - - [14/Mar/2026:05:41:55 -0700] "GET /enjoy-the-game-which-have-betmgm-on-line-casino-incentives/ HTTP/1.1" 200 17904 "-" "Mozilla/5.0 (Windows NT 10.0; Win64; x64) AppleWebKit/537.36 (KHTML, like Gecko) Chrome/103.0.0.0 Safari/537.36" 201 **0/201506**
43.173.181.107 - - [14/Mar/2026:05:41:55 -0700] "GET /you-highly-recommend-us-to-toss-up-a-money-and-you-may-choice-%ef%bf%bd1-the-thoughts-have-a-tendency-to-fall-out/ HTTP/1.1" 200 17093 "-" "Mozilla/5.0 (Windows NT 10.0; Win64; x64) AppleWebKit/537.36 (KHTML, like Gecko) Chrome/104.0.5112.81 Safari/537.36" 215 **0/215600**
43.173.179.144 - - [14/Mar/2026:05:41:55 -0700] "GET /other-types-of-gambling-establishment-incentives-you-might-claim-on-the-internet/ HTTP/1.1" 200 17079 "-" "Mozilla/5.0 (Windows NT 10.0; Win64; x64) AppleWebKit/537.36 (KHTML, like Gecko) Chrome/103.0.0.0 Safari/537.36" 241 **0/241424**
74.7.227.158 - - [14/Mar/2026:05:41:55 -0700] "GET /and-this-online-casino-games-have-the-higher-payment-rates/ HTTP/2.0" 200 15757 "https://indiabettingexchange.in/articles/page/690/" "Mozilla/5.0 AppleWebKit/537.36 (KHTML, like Gecko; compatible; GPTBot/1.3; +https://openai.com/gptbot)" 235 **0/235432**
43.173.182.210 - - [14/Mar/2026:05:41:56 -0700] "GET /twist-palace-gambling-enterprise-provides-participants-off-new-jersey-that-have-usage-of-120-online-slots HTTP/1.1" 301 - "-" "Mozilla/5.0 (Windows NT 10.0; Win64; x64) AppleWebKit/537.36 (KHTML, like Gecko) Chrome/117.0.0.0 Safari/537.36" 128 **0/128884**
43.173.174.240 - - [14/Mar/2026:05:41:56 -0700] "GET /resenas-honradas-sobre-casinos-en-linea-en-compania-de-facultad-dgoj HTTP/1.1" 301 - "-" "Mozilla/5.0 (Windows NT 10.0; Win64; x64) AppleWebKit/537.36 (KHTML, like Gecko) Chrome/131.0.0.0 Safari/537.36" 126 **0/126048**
43.173.178.4 - - [14/Mar/2026:05:41:56 -0700] "GET /resenas-honradas-sobre-casinos-en-linea-en-compania-de-facultad-dgoj/ HTTP/1.1" 200 17441 "-" "Mozilla/5.0 (Windows NT 10.0; Win64; x64) AppleWebKit/537.36 (KHTML, like Gecko) Chrome/131.0.0.0 Safari/537.36" 203 **0/203195**
74.7.227.158 - - [14/Mar/2026:05:41:56 -0700] "GET /wp-json/wp/v2/posts/296549 HTTP/2.0" 200 4514 "https://indiabettingexchange.in/aloha-cluster-pays-spilleautomat-spill-nextgen-spilleautomater-online-prov-den-gratis-her/" "Mozilla/5.0 AppleWebKit/537.36 (KHTML, like Gecko; compatible; GPTBot/1.3; +https://openai.com/gptbot)" 218 **0/218414**
43.173.173.8 - - [14/Mar/2026:05:41:56 -0700] "GET /twist-palace-gambling-enterprise-provides-participants-off-new-jersey-that-have-usage-of-120-online-slots/ HTTP/1.1" 200 17250 "-" "Mozilla/5.0 (Windows NT 10.0; Win64; x64) AppleWebKit/537.36 (KHTML, like Gecko) Chrome/117.0.0.0 Safari/537.36" 223 **0/223026**
74.7.227.158 - - [14/Mar/2026:05:41:56 -0700] "GET /this-new-symbols-has-other-viewpoints-when-obtaining-to-them/ HTTP/2.0" 200 15590 "https://indiabettingexchange.in/articles/page/690/" "Mozilla/5.0 AppleWebKit/537.36 (KHTML, like Gecko; compatible; GPTBot/1.3; +https://openai.com/gptbot)" 249 **0/249382**
43.173.180.234 - - [14/Mar/2026:05:41:57 -0700] "GET /tragamonedas-baywatch-openbet-95-48-rtp HTTP/1.1" 301 - "-" "Mozilla/5.0 (Windows NT 10.0; Win64; x64) AppleWebKit/537.36 (KHTML, like Gecko) Chrome/106.0.5249.119 Safari/537.36" 163 **0/163714**
43.173.180.60 - - [14/Mar/2026:05:41:57 -0700] "GET /tragamonedas-baywatch-openbet-95-48-rtp/ HTTP/1.1" 200 22074 "-" "Mozilla/5.0 (Windows NT 10.0; Win64; x64) AppleWebKit/537.36 (KHTML, like Gecko) Chrome/106.0.5249.119 Safari/537.36" 191 **0/191951**
74.7.227.158 - - [14/Mar/2026:05:41:57 -0700] "GET /wp-json/oembed/1.0/embed?url=https%3A%2F%2Findiabettingexchange.in%2Faloha-cluster-pays-spilleautomat-spill-nextgen-spilleautomater-online-prov-den-gratis-her%2F HTTP/2.0" 200 1410 "https://indiabettingexchange.in/aloha-cluster-pays-spilleautomat-spill-nextgen-spilleautomater-online-prov-den-gratis-her/" "Mozilla/5.0 AppleWebKit/537.36 (KHTML, like Gecko; compatible; GPTBot/1.3; +https://openai.com/gptbot)" 156 **0/156242**
43.173.180.127 - - [14/Mar/2026:05:41:57 -0700] "GET /jet-x-revisao-clique-em-referencia-infantilidade-slots-corretora-criancice-seguros HTTP/1.1" 301 - "-" "Mozilla/5.0 (Windows NT 10.0; Win64; x64) AppleWebKit/537.36 (KHTML, like Gecko) Chrome/111.0.0.0 Safari/537.36" 136 **0/136204**
43.173.179.57 - - [14/Mar/2026:05:41:57 -0700] "GET /jet-x-revisao-clique-em-referencia-infantilidade-slots-corretora-criancice-seguros/ HTTP/1.1" 200 18626 "-" "Mozilla/5.0 (Windows NT 10.0; Win64; x64) AppleWebKit/537.36 (KHTML, like Gecko) Chrome/111.0.0.0 Safari/537.36" 205 **0/205725**
74.7.227.158 - - [14/Mar/2026:05:41:58 -0700] "GET /wp-json/oembed/1.0/embed?format=xml&url=https%3A%2F%2Findiabettingexchange.in%2Faloha-cluster-pays-spilleautomat-spill-nextgen-spilleautomater-online-prov-den-gratis-her%2F HTTP/2.0" 200 1422 "https://indiabettingexchange.in/aloha-cluster-pays-spilleautomat-spill-nextgen-spilleautomater-online-prov-den-gratis-her/" "Mozilla/5.0 AppleWebKit/537.36 (KHTML, like Gecko; compatible; GPTBot/1.3; +https://openai.com/gptbot)" 158 **0/158594**
74.7.227.158 - - [14/Mar/2026:05:41:58 -0700] "GET /aloha-cluster-pays-spilleautomat-spill-nextgen-spilleautomater-online-prov-den-gratis-her/feed/ HTTP/2.0" 200 432 "https://indiabettingexchange.in/aloha-cluster-pays-spilleautomat-spill-nextgen-spilleautomater-online-prov-den-gratis-her/" "Mozilla/5.0 AppleWebKit/537.36 (KHTML, like Gecko; compatible; GPTBot/1.3; +https://openai.com/gptbot)" 141 **0/141331**
74.7.227.158 - - [14/Mar/2026:05:41:59 -0700] "GET /wp-json/oembed/1.0/embed?format=xml&url=https%3A%2F%2Findiabettingexchange.in%2Fgreatest-internet-casino-no-deposit-extra-rating-twenty-five-instantaneously-dec-12th%2F HTTP/2.0" 200 1487 "https://indiabettingexchange.in/greatest-internet-casino-no-deposit-extra-rating-twenty-five-instantaneously-dec-12th/" "Mozilla/5.0 AppleWebKit/537.36 (KHTML, like Gecko; compatible; GPTBot/1.3; +https://openai.com/gptbot)" 146 **0/146415**
74.7.227.158 - - [14/Mar/2026:05:41:59 -0700] "GET /keep-in-mind-that-this-is-the-time-once-you-tend-to-should-allege-bonuses/ HTTP/2.0" 200 16580 "https://indiabettingexchange.in/articles/page/693/" "Mozilla/5.0 AppleWebKit/537.36 (KHTML, like Gecko; compatible; GPTBot/1.3; +https://openai.com/gptbot)" 218 **0/218067**
74.7.227.158 - - [14/Mar/2026:05:42:00 -0700] "GET /feel-just-like-going-out-of-the-slot-machines-therefore-the-classics/ HTTP/2.0" 200 15930 "https://indiabettingexchange.in/articles/page/692/" "Mozilla/5.0 AppleWebKit/537.36 (KHTML, like Gecko; compatible; GPTBot/1.3; +https://openai.com/gptbot)" 288 **0/288961**
74.7.227.158 - - [14/Mar/2026:05:42:00 -0700] "GET /how-do-no-deposit-bonuses-and-you-will-incentive-codes-functions/ HTTP/2.0" 200 15504 "https://indiabettingexchange.in/articles/page/690/" "Mozilla/5.0 AppleWebKit/537.36 (KHTML, like Gecko; compatible; GPTBot/1.3; +https://openai.com/gptbot)" 252 **0/252427**
74.7.227.158 - - [14/Mar/2026:05:42:01 -0700] "GET /wp-json/oembed/1.0/embed?format=xml&url=https%3A%2F%2Findiabettingexchange.in%2Fbook-of-ra-gratis-spielen-sieh-dir-das-an-exklusive-anmeldung-rechtskraftig-kostenfrei%2F HTTP/2.0" 200 1458 "https://indiabettingexchange.in/book-of-ra-gratis-spielen-sieh-dir-das-an-exklusive-anmeldung-rechtskraftig-kostenfrei/" "Mozilla/5.0 AppleWebKit/537.36 (KHTML, like Gecko; compatible; GPTBot/1.3; +https://openai.com/gptbot)" 226 **0/226403**
74.7.227.158 - - [14/Mar/2026:05:42:01 -0700] "GET /how-to-locate-an-educated-brand-new-no-deposit-incentive/ HTTP/2.0" 200 15664 "https://indiabettingexchange.in/articles/page/690/" "Mozilla/5.0 AppleWebKit/537.36 (KHTML, like Gecko; compatible; GPTBot/1.3; +https://openai.com/gptbot)" 417 **0/417547**
74.7.227.158 - - [14/Mar/2026:05:42:02 -0700] "GET /guide-having-information-tips-winnings-in-no-install-position-video-game/ HTTP/2.0" 200 16100 "https://indiabettingexchange.in/articles/page/690/" "Mozilla/5.0 AppleWebKit/537.36 (KHTML, like Gecko; compatible; GPTBot/1.3; +https://openai.com/gptbot)" 462 **0/462568**
216.73.216.48 - - [14/Mar/2026:05:42:03 -0700] "GET /category/betcasino3 HTTP/2.0" 301 1 "-" "Mozilla/5.0 AppleWebKit/537.36 (KHTML, like Gecko; compatible; ClaudeBot/1.0; +claudebot@anthropic.com)" 268 **0/268275**
74.7.227.158 - - [14/Mar/2026:05:42:03 -0700] "GET /perhaps-you-have-considered-why-online-slots-games-are-very-common/ HTTP/2.0" 200 16559 "https://indiabettingexchange.in/articles/page/690/" "Mozilla/5.0 AppleWebKit/537.36 (KHTML, like Gecko; compatible; GPTBot/1.3; +https://openai.com/gptbot)" 419 **0/419377**
216.73.216.48 - - [14/Mar/2026:05:42:03 -0700] "GET /category/betcasino3/ HTTP/2.0" 200 14029 "https://indiabettingexchange.in/category/betcasino3" "Mozilla/5.0 AppleWebKit/537.36 (KHTML, like Gecko; compatible; ClaudeBot/1.0; +claudebot@anthropic.com)" 316 **0/316249**
74.7.227.158 - - [14/Mar/2026:05:42:04 -0700] "GET /methods-for-choosing-the-best-adult-slot-to-you-personally/ HTTP/2.0" 200 15535 "https://indiabettingexchange.in/articles/page/693/" "Mozilla/5.0 AppleWebKit/537.36 (KHTML, like Gecko; compatible; GPTBot/1.3; +https://openai.com/gptbot)" 354 **0/354933**
74.7.227.158 - - [14/Mar/2026:05:42:04 -0700] "GET /games-options-does-freeze-local-casino-has-what-you-are-searching-for/ HTTP/2.0" 200 15922 "https://indiabettingexchange.in/articles/page/690/" "Mozilla/5.0 AppleWebKit/537.36 (KHTML, like Gecko; compatible; GPTBot/1.3; +https://openai.com/gptbot)" 243 **0/243097**
74.7.227.158 - - [14/Mar/2026:05:42:05 -0700] "GET /with-so-many-available-options-it-may-be-daunting-to-find-the-correct-one/ HTTP/2.0" 200 15409 "https://indiabettingexchange.in/articles/page/693/" "Mozilla/5.0 AppleWebKit/537.36 (KHTML, like Gecko; compatible; GPTBot/1.3; +https://openai.com/gptbot)" 242 **0/242517**
74.7.227.158 - - [14/Mar/2026:05:42:06 -0700] "GET /sadly-there-are-not-any-live-online-casino-games-for-the-program/ HTTP/2.0" 200 15822 "https://indiabettingexchange.in/articles/page/691/" "Mozilla/5.0 AppleWebKit/537.36 (KHTML, like Gecko; compatible; GPTBot/1.3; +https://openai.com/gptbot)" 242 **0/242974**
74.7.227.158 - - [14/Mar/2026:05:42:06 -0700] "GET /tips-allege-this-new-mcluck-casino-no-deposit-added-bonus/ HTTP/2.0" 200 15561 "https://indiabettingexchange.in/articles/page/690/" "Mozilla/5.0 AppleWebKit/537.36 (KHTML, like Gecko; compatible; GPTBot/1.3; +https://openai.com/gptbot)" 189 **0/189581**
74.7.227.158 - - [14/Mar/2026:05:42:07 -0700] "GET /on-correct-credit-online-game-fan-truth-be-told-there-is-really-only-games-one-stands-that-beats-all-others-and-you-will-which-is-blackjack-on-line/ HTTP/2.0" 200 15807 "https://indiabettingexchange.in/articles/page/690/" "Mozilla/5.0 AppleWebKit/537.36 (KHTML, like Gecko; compatible; GPTBot/1.3; +https://openai.com/gptbot)" 215 **0/215675**
185.191.171.8 - - [14/Mar/2026:05:42:07 -0700] "GET /las-mas-nachrichten-giros-sin-ranura-grandes-tragamonedas-sobre-iv-big-time-gaming-2025-slotsrank/ HTTP/1.1" 200 19572 "-" "Mozilla/5.0 (compatible; SemrushBot/7~bl; +http://www.semrush.com/bot.html)" 199 **0/199413**
74.7.227.158 - - [14/Mar/2026:05:42:07 -0700] "GET /the-way-to-select-an-educated-cellular-casino-for-you/ HTTP/2.0" 200 15629 "https://indiabettingexchange.in/articles/page/692/" "Mozilla/5.0 AppleWebKit/537.36 (KHTML, like Gecko; compatible; GPTBot/1.3; +https://openai.com/gptbot)" 209 **0/209980**
74.7.227.158 - - [14/Mar/2026:05:42:08 -0700] "GET /wp-json/oembed/1.0/embed?format=xml&url=https%3A%2F%2Findiabettingexchange.in%2Fbetter-real-cash-web-based-casinos-top-10-inside-december-2025%2F HTTP/2.0" 200 1396 "https://indiabettingexchange.in/better-real-cash-web-based-casinos-top-10-inside-december-2025/" "Mozilla/5.0 AppleWebKit/537.36 (KHTML, like Gecko; compatible; GPTBot/1.3; +https://openai.com/gptbot)" 159 **0/159256**
74.7.227.158 - - [14/Mar/2026:05:42:08 -0700] "GET /eye-of-horus-hydrargyrum-gewinnchancen-book-of-ra-gebuhrenfrei-zum-besten-geben-abzuglich-registration/ HTTP/2.0" 200 17331 "https://indiabettingexchange.in/articles/page/692/" "Mozilla/5.0 AppleWebKit/537.36 (KHTML, like Gecko; compatible; GPTBot/1.3; +https://openai.com/gptbot)" 229 **0/229096**
74.7.227.158 - - [14/Mar/2026:05:42:09 -0700] "GET /click-on-a-certain-date-in-almost-any-offered-month/ HTTP/2.0" 200 15777 "https://indiabettingexchange.in/articles/page/690/" "Mozilla/5.0 AppleWebKit/537.36 (KHTML, like Gecko; compatible; GPTBot/1.3; +https://openai.com/gptbot)" 256 **0/256364**
74.7.227.158 - - [14/Mar/2026:05:42:09 -0700] "GET /book-of-dead-der-klassische-playn-magic-love-slot-casino-sites-go-online-slot/ HTTP/2.0" 200 17215 "https://indiabettingexchange.in/articles/page/691/" "Mozilla/5.0 AppleWebKit/537.36 (KHTML, like Gecko; compatible; GPTBot/1.3; +https://openai.com/gptbot)" 227 **0/227116**
74.7.227.158 - - [14/Mar/2026:05:42:10 -0700] "GET /book-of-dead-playn-go-gebuhrenfrei-bingo-boom-slots-online-auffuhren-demo-slot/ HTTP/2.0" 200 17491 "https://indiabettingexchange.in/articles/page/691/" "Mozilla/5.0 AppleWebKit/537.36 (KHTML, like Gecko; compatible; GPTBot/1.3; +https://openai.com/gptbot)" 215 **0/215814**
74.7.227.158 - - [14/Mar/2026:05:42:10 -0700] "GET /regrettably-there-are-not-any-live-casino-games-toward-program/ HTTP/2.0" 200 15847 "https://indiabettingexchange.in/articles/page/690/" "Mozilla/5.0 AppleWebKit/537.36 (KHTML, like Gecko; compatible; GPTBot/1.3; +https://openai.com/gptbot)" 207 **0/207640**
74.7.227.158 - - [14/Mar/2026:05:42:11 -0700] "GET /repaired-jackpot-harbors-also-are-ready-handing-big-wins/ HTTP/2.0" 200 15758 "https://indiabettingexchange.in/articles/page/690/" "Mozilla/5.0 AppleWebKit/537.36 (KHTML, like Gecko; compatible; GPTBot/1.3; +https://openai.com/gptbot)" 205 **0/205606**
43.173.177.125 - - [14/Mar/2026:05:42:12 -0700] "GET /jet-x-revisao-clique-em-referencia-infantilidade-slots-corretora-criancice-seguros HTTP/1.1" 301 - "-" "Mozilla/5.0 (Windows NT 10.0; Win64; x64) AppleWebKit/537.36 (KHTML, like Gecko) Chrome/111.0.0.0 Safari/537.36" 165 **0/165988**
74.7.227.158 - - [14/Mar/2026:05:42:12 -0700] "GET /freeslotshub-also-offers-a-massive-collection-of-two-hundred-the-latest-the-best-online-harbors-for-fun/ HTTP/2.0" 200 15786 "https://indiabettingexchange.in/articles/page/693/" "Mozilla/5.0 AppleWebKit/537.36 (KHTML, like Gecko; compatible; GPTBot/1.3; +https://openai.com/gptbot)" 207 **0/207149**
43.173.177.125 - - [14/Mar/2026:05:42:12 -0700] "GET /jet-x-revisao-clique-em-referencia-infantilidade-slots-corretora-criancice-seguros/ HTTP/1.1" 200 18625 "https://indiabettingexchange.in/jet-x-revisao-clique-em-referencia-infantilidade-slots-corretora-criancice-seguros" "Mozilla/5.0 (Windows NT 10.0; Win64; x64) AppleWebKit/537.36 (KHTML, like Gecko) Chrome/111.0.0.0 Safari/537.36" 180 **0/180823**
74.7.227.158 - - [14/Mar/2026:05:42:12 -0700] "GET /do-you-really-use-real-cash-having-neverland-gambling-establishment/ HTTP/2.0" 200 15852 "https://indiabettingexchange.in/articles/page/692/" "Mozilla/5.0 AppleWebKit/537.36 (KHTML, like Gecko; compatible; GPTBot/1.3; +https://openai.com/gptbot)" 227 **0/227812**
74.7.227.158 - - [14/Mar/2026:05:42:13 -0700] "GET /online-casino-games-with-ideal-opportunity-ranked-from-the-house-border/ HTTP/2.0" 200 15595 "https://indiabettingexchange.in/articles/page/693/" "Mozilla/5.0 AppleWebKit/537.36 (KHTML, like Gecko; compatible; GPTBot/1.3; +https://openai.com/gptbot)" 192 **0/192138**
74.7.227.158 - - [14/Mar/2026:05:42:13 -0700] "GET /concurrently-better-doing-work-and-you-may-effortlessly-run-site-you-to-receives-masses-off-supplement-out-of-people/ HTTP/2.0" 200 15916 "https://indiabettingexchange.in/articles/page/693/" "Mozilla/5.0 AppleWebKit/537.36 (KHTML, like Gecko; compatible; GPTBot/1.3; +https://openai.com/gptbot)" 204 **0/204008**
74.7.227.158 - - [14/Mar/2026:05:42:14 -0700] "GET /pays-try-provided-from-leftover-so-youre-able-to-greatest-beginning-with-the-newest-furthermost-kept-reel/ HTTP/2.0" 200 15412 "https://indiabettingexchange.in/articles/page/693/" "Mozilla/5.0 AppleWebKit/537.36 (KHTML, like Gecko; compatible; GPTBot/1.3; +https://openai.com/gptbot)" 186 **0/186022**
74.7.227.158 - - [14/Mar/2026:05:42:14 -0700] "GET /low-gamstop-casinos-perform-away-from-uk-and-are-generally-perhaps-not-topic-toward-same-laws-and-regulations/ HTTP/2.0" 200 16028 "https://indiabettingexchange.in/articles/page/690/" "Mozilla/5.0 AppleWebKit/537.36 (KHTML, like Gecko; compatible; GPTBot/1.3; +https://openai.com/gptbot)" 194 **0/194449**
74.7.227.158 - - [14/Mar/2026:05:42:15 -0700] "GET /we-as-well-as-now-have-real-time-broker-online-game-available-on-an-option-in-our-most-widely-used-dining-table-games/ HTTP/2.0" 200 15541 "https://indiabettingexchange.in/articles/page/691/" "Mozilla/5.0 AppleWebKit/537.36 (KHTML, like Gecko; compatible; GPTBot/1.3; +https://openai.com/gptbot)" 244 **0/244623**
74.7.227.158 - - [14/Mar/2026:05:42:15 -0700] "GET /once-i-checked-out-so-it-personal-casinos-payment-actions-i-found-myself-disappointed-from-the-solutions-to-buy-a-money-package/ HTTP/2.0" 200 15660 "https://indiabettingexchange.in/articles/page/693/" "Mozilla/5.0 AppleWebKit/537.36 (KHTML, like Gecko; compatible; GPTBot/1.3; +https://openai.com/gptbot)" 219 **0/219497**
74.7.227.158 - - [14/Mar/2026:05:42:16 -0700] "GET /discover-nj-online-casino-no-deposit-bonus-at-lukki-casino/ HTTP/2.0" 200 15885 "https://indiabettingexchange.in/articles/page/693/" "Mozilla/5.0 AppleWebKit/537.36 (KHTML, like Gecko; compatible; GPTBot/1.3; +https://openai.com/gptbot)" 201 **0/201145**
74.7.227.158 - - [14/Mar/2026:05:42:16 -0700] "GET /new-buffalo-casino-slot-games-is-actually-certainly-typically-the-most-popular-in-the-vegas/ HTTP/2.0" 200 15513 "https://indiabettingexchange.in/articles/page/692/" "Mozilla/5.0 AppleWebKit/537.36 (KHTML, like Gecko; compatible; GPTBot/1.3; +https://openai.com/gptbot)" 182 **0/182649**
74.7.227.158 - - [14/Mar/2026:05:42:17 -0700] "GET /udenlandske-casinoer-jeres-guide-til-globale/ HTTP/2.0" 200 17127 "https://indiabettingexchange.in/articles/page/692/" "Mozilla/5.0 AppleWebKit/537.36 (KHTML, like Gecko; compatible; GPTBot/1.3; +https://openai.com/gptbot)" 205 **0/205694**
74.7.227.158 - - [14/Mar/2026:05:42:18 -0700] "GET /carry-out-slots-spend-more-frequently-that-have-highest-wagers/ HTTP/2.0" 200 15859 "https://indiabettingexchange.in/articles/page/690/" "Mozilla/5.0 AppleWebKit/537.36 (KHTML, like Gecko; compatible; GPTBot/1.3; +https://openai.com/gptbot)" 240 **0/240145**
74.7.227.158 - - [14/Mar/2026:05:42:18 -0700] "GET /gambling-enterprise-rockets-deals-with-the-best-providers-on-the-galaxy/ HTTP/2.0" 200 15528 "https://indiabettingexchange.in/articles/page/691/" "Mozilla/5.0 AppleWebKit/537.36 (KHTML, like Gecko; compatible; GPTBot/1.3; +https://openai.com/gptbot)" 230 **0/230299**
92.222.108.122 - - [14/Mar/2026:05:42:19 -0700] "GET /ultimat-utlandska-casino-2025-jamfor-bonusar-and-rapp-uttag/ HTTP/2.0" 200 16858 "-" "Mozilla/5.0 (compatible; AhrefsBot/7.0; +http://ahrefs.com/robot/)" 235 **0/235334**
74.7.227.158 - - [14/Mar/2026:05:42:19 -0700] "GET /ports-have-actually-been-a-staple-in-gambling-enterprise-web-sites-for-a-long-time-providing-endless-activity-plus-the-possible-opportunity-to-profit-large/ HTTP/2.0" 200 16527 "https://indiabettingexchange.in/articles/page/690/" "Mozilla/5.0 AppleWebKit/537.36 (KHTML, like Gecko; compatible; GPTBot/1.3; +https://openai.com/gptbot)" 253 **0/253139**
185.191.171.3 - - [14/Mar/2026:05:42:19 -0700] "GET /better-step-1-trinocasino-mobile-casino-deposit-online-casinos-best-lower-lowest-put-websites/ HTTP/1.1" 200 19771 "-" "Mozilla/5.0 (compatible; SemrushBot/7~bl; +http://www.semrush.com/bot.html)" 265 **0/265517**
74.7.227.158 - - [14/Mar/2026:05:42:19 -0700] "GET /there-is-no-doubt-that-your-financing-is-safe-inside-your-local-casino-bag-and-you-can-completely-at-the-very-own-convenience/ HTTP/2.0" 200 15891 "https://indiabettingexchange.in/articles/page/690/" "Mozilla/5.0 AppleWebKit/537.36 (KHTML, like Gecko; compatible; GPTBot/1.3; +https://openai.com/gptbot)" 248 **0/248992**
74.7.227.158 - - [14/Mar/2026:05:42:20 -0700] "GET /wp-json/oembed/1.0/embed?format=xml&url=https%3A%2F%2Findiabettingexchange.in%2Fpirots-simple-rewarding-and-captivating%2F HTTP/2.0" 200 1348 "https://indiabettingexchange.in/pirots-simple-rewarding-and-captivating/" "Mozilla/5.0 AppleWebKit/537.36 (KHTML, like Gecko; compatible; GPTBot/1.3; +https://openai.com/gptbot)" 188 **0/188297**
74.7.227.158 - - [14/Mar/2026:05:42:20 -0700] "GET /gaming-on-cellphones-enjoys-turned-the-way-members-engage-with-online-casinos/ HTTP/2.0" 200 16051 "https://indiabettingexchange.in/articles/page/693/" "Mozilla/5.0 AppleWebKit/537.36 (KHTML, like Gecko; compatible; GPTBot/1.3; +https://openai.com/gptbot)" 250 **0/250936**
74.7.227.158 - - [14/Mar/2026:05:42:21 -0700] "GET /we-know-the-thrill-of-the-twist-this-new-anticipation-of-notes-therefore-the-sweet-liking-from-earn/ HTTP/2.0" 200 15927 "https://indiabettingexchange.in/articles/page/692/" "Mozilla/5.0 AppleWebKit/537.36 (KHTML, like Gecko; compatible; GPTBot/1.3; +https://openai.com/gptbot)" 291 **0/291312**
74.7.227.158 - - [14/Mar/2026:05:42:21 -0700] "GET /join-the-thrill-during-the-live-local-casino-in-the-united-kingdom/ HTTP/2.0" 200 15582 "https://indiabettingexchange.in/articles/page/690/" "Mozilla/5.0 AppleWebKit/537.36 (KHTML, like Gecko; compatible; GPTBot/1.3; +https://openai.com/gptbot)" 236 **0/236737**
74.7.227.158 - - [14/Mar/2026:05:42:22 -0700] "GET /wager-sizing-and-money-administration-playing-with-probability-to-handle-exposure-and-you-will-reward/ HTTP/2.0" 200 15968 "https://indiabettingexchange.in/articles/page/693/" "Mozilla/5.0 AppleWebKit/537.36 (KHTML, like Gecko; compatible; GPTBot/1.3; +https://openai.com/gptbot)" 239 **0/239092**
74.7.227.158 - - [14/Mar/2026:05:42:23 -0700] "GET /seriose-online-casinos-deutsche-burning-hot-angebote-versorger-im-grosen-daten-check/ HTTP/2.0" 200 17144 "https://indiabettingexchange.in/articles/page/692/" "Mozilla/5.0 AppleWebKit/537.36 (KHTML, like Gecko; compatible; GPTBot/1.3; +https://openai.com/gptbot)" 211 **0/211356**
74.7.227.158 - - [14/Mar/2026:05:42:23 -0700] "GET /unser-kostenlose-lucky-haunter-slot-erreichbar-casino-jetzt-auffuhren/ HTTP/2.0" 200 18611 "https://indiabettingexchange.in/totally-free-greeting-added-bonus-no-deposit-expected-a-real-income/" "Mozilla/5.0 AppleWebKit/537.36 (KHTML, like Gecko; compatible; GPTBot/1.3; +https://openai.com/gptbot)" 201 **0/201981**
74.7.227.158 - - [14/Mar/2026:05:42:24 -0700] "GET /build-and-you-will-change-your-city-to-earn-significantly-more-perks/ HTTP/2.0" 200 15997 "https://indiabettingexchange.in/articles/page/691/" "Mozilla/5.0 AppleWebKit/537.36 (KHTML, like Gecko; compatible; GPTBot/1.3; +https://openai.com/gptbot)" 220 **0/220096**
74.7.227.158 - - [14/Mar/2026:05:42:24 -0700] "GET /shortly-after-a-comulsive-gambler-closes-gaming-its-attention-looks-better-so-it-not%ef%bf%bdce-a-whole-lot-more/ HTTP/2.0" 200 16873 "https://indiabettingexchange.in/articles/page/693/" "Mozilla/5.0 AppleWebKit/537.36 (KHTML, like Gecko; compatible; GPTBot/1.3; +https://openai.com/gptbot)" 223 **0/223006**
74.7.227.158 - - [14/Mar/2026:05:42:25 -0700] "GET /casino-bonuser-uten-innskudd-bred-bonuser-igang-spinson-casino-casino/ HTTP/2.0" 200 16471 "https://indiabettingexchange.in/totally-free-greeting-added-bonus-no-deposit-expected-a-real-income/" "Mozilla/5.0 AppleWebKit/537.36 (KHTML, like Gecko; compatible; GPTBot/1.3; +https://openai.com/gptbot)" 203 **0/203699**
74.7.227.158 - - [14/Mar/2026:05:42:25 -0700] "GET /amusnet-interactive-videos-ports-usually-attract-punters-partial-to-so-much-more-progressive-styled-video-game/ HTTP/2.0" 200 15967 "https://indiabettingexchange.in/articles/page/691/" "Mozilla/5.0 AppleWebKit/537.36 (KHTML, like Gecko; compatible; GPTBot/1.3; +https://openai.com/gptbot)" 190 **0/190970**
74.7.227.158 - - [14/Mar/2026:05:42:26 -0700] "GET /megaways-slots-features-revolutionized-the-web-betting-landscape-with-regards-to-ineplay-feel/ HTTP/2.0" 200 16367 "https://indiabettingexchange.in/articles/page/690/" "Mozilla/5.0 AppleWebKit/537.36 (KHTML, like Gecko; compatible; GPTBot/1.3; +https://openai.com/gptbot)" 210 **0/210504**
74.7.227.158 - - [14/Mar/2026:05:42:26 -0700] "GET /legendary-titles-particularly-starburst-guide-from-dead-and-you-will-88-luck-can-be-played-instantaneously/ HTTP/2.0" 200 15746 "https://indiabettingexchange.in/articles/page/690/" "Mozilla/5.0 AppleWebKit/537.36 (KHTML, like Gecko; compatible; GPTBot/1.3; +https://openai.com/gptbot)" 193 **0/193211**
74.7.227.158 - - [14/Mar/2026:05:42:27 -0700] "GET /%ef%bf%bdalles-zum-pramie-in-feuer-speiender-berg-sin-city-%ef%bf%bd-braucht-das-den-vulkan-sin-city-additional-provision-quelltext/feed/ HTTP/2.0" 200 478 "https://indiabettingexchange.in/%ef%bf%bdalles-zum-pramie-in-feuer-speiender-berg-sin-city-%ef%bf%bd-braucht-das-den-vulkan-sin-city-additional-provision-quelltext/" "Mozilla/5.0 AppleWebKit/537.36 (KHTML, like Gecko; compatible; GPTBot/1.3; +https://openai.com/gptbot)" 147 **0/147788**
74.7.227.158 - - [14/Mar/2026:05:42:27 -0700] "GET /tomb-live-slot-1-deposit-raider-definitive-survivor-trilogy-manage-flames-joker-position-100-percent-free-spins-odebrania-bezplatnie-przy-unbelievable-online-game-shop/ HTTP/2.0" 200 17147 "https://indiabettingexchange.in/spinanga-jatektermi-kinalata-a-siker-kulcsa/" "Mozilla/5.0 AppleWebKit/537.36 (KHTML, like Gecko; compatible; GPTBot/1.3; +https://openai.com/gptbot)" 203 **0/203517**
74.7.227.158 - - [14/Mar/2026:05:42:28 -0700] "GET /wp-json/oembed/1.0/embed?format=xml&url=https%3A%2F%2Findiabettingexchange.in%2F%25ef%25bf%25bdalles-zum-pramie-in-feuer-speiender-berg-sin-city-%25ef%25bf%25bd-braucht-das-den-vulkan-sin-city-additional-provision-quelltext%2F HTTP/2.0" 200 1496 "https://indiabettingexchange.in/%ef%bf%bdalles-zum-pramie-in-feuer-speiender-berg-sin-city-%ef%bf%bd-braucht-das-den-vulkan-sin-city-additional-provision-quelltext/" "Mozilla/5.0 AppleWebKit/537.36 (KHTML, like Gecko; compatible; GPTBot/1.3; +https://openai.com/gptbot)" 172 **0/172315**
74.7.227.158 - - [14/Mar/2026:05:42:29 -0700] "GET /h1-the-legal-landscape-of-casinos-in-different-countries-h1/ HTTP/2.0" 200 15171 "https://indiabettingexchange.in/articles/page/693/" "Mozilla/5.0 AppleWebKit/537.36 (KHTML, like Gecko; compatible; GPTBot/1.3; +https://openai.com/gptbot)" 207 **0/207018**
74.7.227.158 - - [14/Mar/2026:05:42:29 -0700] "GET /actually-ever-experienced-the-newest-adventure-off-a-winning-hands-and-or-adventure-out-of-a-spinning-video-slot/ HTTP/2.0" 200 16717 "https://indiabettingexchange.in/articles/page/690/" "Mozilla/5.0 AppleWebKit/537.36 (KHTML, like Gecko; compatible; GPTBot/1.3; +https://openai.com/gptbot)" 214 **0/214801**
74.7.227.158 - - [14/Mar/2026:05:42:30 -0700] "GET /erreichbar-spielbank-freispiele-2026-sugar-trail-bewertung-gratis-spielen/ HTTP/2.0" 200 17628 "https://indiabettingexchange.in/articles/page/691/" "Mozilla/5.0 AppleWebKit/537.36 (KHTML, like Gecko; compatible; GPTBot/1.3; +https://openai.com/gptbot)" 300 **0/300911**
74.7.227.158 - - [14/Mar/2026:05:42:30 -0700] "GET /eye-sizzling-hot-deluxe-app-store-of-horus-gebuhrenfrei-zum-besten-geben-tagesordnungspunkt-merkur-spiele-2026/ HTTP/2.0" 200 17859 "https://indiabettingexchange.in/articles/page/692/" "Mozilla/5.0 AppleWebKit/537.36 (KHTML, like Gecko; compatible; GPTBot/1.3; +https://openai.com/gptbot)" 245 **0/245001**
74.7.227.158 - - [14/Mar/2026:05:42:31 -0700] "GET /claim-your-merhabet-casino-2026-welcome-offer-a-8/ HTTP/2.0" 200 15446 "https://indiabettingexchange.in/articles/page/690/" "Mozilla/5.0 AppleWebKit/537.36 (KHTML, like Gecko; compatible; GPTBot/1.3; +https://openai.com/gptbot)" 206 **0/206973**
74.7.227.158 - - [14/Mar/2026:05:42:31 -0700] "GET /wager-freewatch-real-time-streamview-screenshotswatch-trailerplay-gamalyze100-totally-free-no-limits/ HTTP/2.0" 200 15812 "https://indiabettingexchange.in/articles/page/690/" "Mozilla/5.0 AppleWebKit/537.36 (KHTML, like Gecko; compatible; GPTBot/1.3; +https://openai.com/gptbot)" 228 **0/228033**
74.7.227.158 - - [14/Mar/2026:05:42:32 -0700] "GET /casinos-casino-tiplix-freie-spins-unter-einsatz-von-startguthaben-ohne-einzahlung-2026-im-kollation/ HTTP/2.0" 200 16793 "https://indiabettingexchange.in/articles/page/691/" "Mozilla/5.0 AppleWebKit/537.36 (KHTML, like Gecko; compatible; GPTBot/1.3; +https://openai.com/gptbot)" 239 **0/239892**
74.7.227.158 - - [14/Mar/2026:05:42:33 -0700] "GET /4-chief-jack-gambling-enterprise-%ef%bf%bd-fast-expenses-local-casino-which-have-a-vintage-vegas-be/ HTTP/2.0" 200 15987 "https://indiabettingexchange.in/articles/page/693/" "Mozilla/5.0 AppleWebKit/537.36 (KHTML, like Gecko; compatible; GPTBot/1.3; +https://openai.com/gptbot)" 271 **0/271970**
74.7.227.158 - - [14/Mar/2026:05:42:33 -0700] "GET /freispiele-abzuglich-einzahlung-2026-spielautomaten-lesen-sie-den-artikel-in-teutonia-vortragen/ HTTP/2.0" 200 17368 "https://indiabettingexchange.in/articles/page/692/" "Mozilla/5.0 AppleWebKit/537.36 (KHTML, like Gecko; compatible; GPTBot/1.3; +https://openai.com/gptbot)" 234 **0/234517**
74.7.227.158 - - [14/Mar/2026:05:42:34 -0700] "GET /freispiele-ohne-einzahlung-tagliche-spielhalle-unter-anderem-spielbank-free-spins-erster-monat-des-jahres-casino-mr-bet-casino-2026/ HTTP/2.0" 200 17322 "https://indiabettingexchange.in/articles/page/691/" "Mozilla/5.0 AppleWebKit/537.36 (KHTML, like Gecko; compatible; GPTBot/1.3; +https://openai.com/gptbot)" 235 **0/235542**
74.7.227.158 - - [14/Mar/2026:05:42:34 -0700] "GET /wp-json/oembed/1.0/embed?format=xml&url=https%3A%2F%2Findiabettingexchange.in%2Fgreatest-online-slots-games-real-money-2026-help-wild-panda-slot-machines-guide-to-higher-rtp-position-games%2F HTTP/2.0" 200 1419 "https://indiabettingexchange.in/greatest-online-slots-games-real-money-2026-help-wild-panda-slot-machines-guide-to-higher-rtp-position-games/" "Mozilla/5.0 AppleWebKit/537.36 (KHTML, like Gecko; compatible; GPTBot/1.3; +https://openai.com/gptbot)" 167 **0/167259**
74.7.227.158 - - [14/Mar/2026:05:42:35 -0700] "GET /free-spins-premie-2026-dead-or-alive-2-slotvrije-spins-top-10-gratis-spins-bonussen/ HTTP/2.0" 200 16207 "https://indiabettingexchange.in/attributes-of-the-fresh-captain-cooks-mobile-software/" "Mozilla/5.0 AppleWebKit/537.36 (KHTML, like Gecko; compatible; GPTBot/1.3; +https://openai.com/gptbot)" 218 **0/218968**
74.7.227.158 - - [14/Mar/2026:05:42:35 -0700] "GET /echtgeld-casinos-bestes-online-casino-no-einzahlung-oscar-spin-inside-teutonia-2026-online-um-echtes-geld-vortragen/ HTTP/2.0" 200 18268 "https://indiabettingexchange.in/aloha-cluster-pays-spilleautomat-spill-nextgen-spilleautomater-online-prov-den-gratis-her/" "Mozilla/5.0 AppleWebKit/537.36 (KHTML, like Gecko; compatible; GPTBot/1.3; +https://openai.com/gptbot)" 238 **0/238422**
74.7.227.158 - - [14/Mar/2026:05:42:36 -0700] "GET /better-real-money-local-space-battle-casino-casino-programs-2026-better-mobile-casinos-online/ HTTP/2.0" 200 16753 "https://indiabettingexchange.in/totally-free-greeting-added-bonus-no-deposit-expected-a-real-income/" "Mozilla/5.0 AppleWebKit/537.36 (KHTML, like Gecko; compatible; GPTBot/1.3; +https://openai.com/gptbot)" 247 **0/247248**
74.7.227.158 - - [14/Mar/2026:05:42:37 -0700] "GET /wp-json/oembed/1.0/embed?format=xml&url=https%3A%2F%2Findiabettingexchange.in%2Fgreatest-on-line-casino-sites-casino-sizzling-hot-cheats-in-the-bangladesh-analyzed-feb-23%2F HTTP/2.0" 200 1438 "https://indiabettingexchange.in/greatest-on-line-casino-sites-casino-sizzling-hot-cheats-in-the-bangladesh-analyzed-feb-23/" "Mozilla/5.0 AppleWebKit/537.36 (KHTML, like Gecko; compatible; GPTBot/1.3; +https://openai.com/gptbot)" 156 **0/156742**
74.7.227.158 - - [14/Mar/2026:05:42:37 -0700] "GET /ultimata-casino-extra-2026-topplista-over-svenska-sprake-casino-bonusar/ HTTP/2.0" 200 17024 "https://indiabettingexchange.in/totally-free-greeting-added-bonus-no-deposit-expected-a-real-income/" "Mozilla/5.0 AppleWebKit/537.36 (KHTML, like Gecko; compatible; GPTBot/1.3; +https://openai.com/gptbot)" 227 **0/227635**
74.7.227.158 - - [14/Mar/2026:05:42:38 -0700] "GET /56-new-no-abschlagzahlung-bonus-codes-for-jan-2026-updated-casino-hugo-daily/ HTTP/2.0" 200 17358 "https://indiabettingexchange.in/articles/page/691/" "Mozilla/5.0 AppleWebKit/537.36 (KHTML, like Gecko; compatible; GPTBot/1.3; +https://openai.com/gptbot)" 227 **0/227537**
74.7.227.158 - - [14/Mar/2026:05:42:38 -0700] "GET /spielbank-provision-amuns-book-hd-150-kostenlose-spins-bewertungen-ohne-einzahlung-tagesordnungspunkt-no-deposite-boni-2026/ HTTP/2.0" 200 17705 "https://indiabettingexchange.in/articles/page/692/" "Mozilla/5.0 AppleWebKit/537.36 (KHTML, like Gecko; compatible; GPTBot/1.3; +https://openai.com/gptbot)" 227 **0/227346**
74.7.227.158 - - [14/Mar/2026:05:42:39 -0700] "GET /starburst-slot-erreichbar-50-kostenlose-spins-halloween-bei-registrierung-ohne-einzahlung-gratis-auffuhren-2026/ HTTP/2.0" 200 17154 "https://indiabettingexchange.in/articles/page/692/" "Mozilla/5.0 AppleWebKit/537.36 (KHTML, like Gecko; compatible; GPTBot/1.3; +https://openai.com/gptbot)" 266 **0/266142**
74.7.227.158 - - [14/Mar/2026:05:42:39 -0700] "GET /wp-json/oembed/1.0/embed?format=xml&url=https%3A%2F%2Findiabettingexchange.in%2Fbest-on-line-casino-welcome-bonus-indication-up-and-assert-your-bonus-2025-2%2F HTTP/2.0" 200 1332 "https://indiabettingexchange.in/best-on-line-casino-welcome-bonus-indication-up-and-assert-your-bonus-2025-2/" "Mozilla/5.0 AppleWebKit/537.36 (KHTML, like Gecko; compatible; GPTBot/1.3; +https://openai.com/gptbot)" 148 **0/148365**
74.7.227.158 - - [14/Mar/2026:05:42:40 -0700] "GET /welches-book-of-ra-magic-erreichbar-zum-besten-geben-echtgeld-kostenlose-groser-hyperlink-erreichbar-crystal-tanzfest-150-freispiele-spielbank/ HTTP/2.0" 200 17587 "https://indiabettingexchange.in/articles/page/691/" "Mozilla/5.0 AppleWebKit/537.36 (KHTML, like Gecko; compatible; GPTBot/1.3; +https://openai.com/gptbot)" 209 **0/209363**
74.7.227.158 - - [14/Mar/2026:05:42:40 -0700] "GET /players-is-welcomed-which-have-a-beneficial-100-deposit-added-bonus-one-astonishingly-arrives-without-any-roof-along-with-an-additional-100-free-revolves/ HTTP/2.0" 200 16037 "https://indiabettingexchange.in/articles/page/692/" "Mozilla/5.0 AppleWebKit/537.36 (KHTML, like Gecko; compatible; GPTBot/1.3; +https://openai.com/gptbot)" 188 **0/188221**
74.7.227.158 - - [14/Mar/2026:05:42:41 -0700] "GET /best-on-line-casino-canada-2025-top-10-fastest-alice-in-wonderland-slot-free-spins-payment-gambling-enterprises/ HTTP/2.0" 200 17069 "https://indiabettingexchange.in/greatest-online-slots-games-real-money-2026-help-wild-panda-slot-machines-guide-to-higher-rtp-position-games/" "Mozilla/5.0 AppleWebKit/537.36 (KHTML, like Gecko; compatible; GPTBot/1.3; +https://openai.com/gptbot)" 188 **0/188747**
74.7.227.158 - - [14/Mar/2026:05:42:41 -0700] "GET /nederlandse-codes-voor-roulette-online-casino-gokhuis-bonussen-buitenshuis-stortin-ervoor-2026/ HTTP/2.0" 200 15908 "https://indiabettingexchange.in/greatest-online-slots-games-real-money-2026-help-wild-panda-slot-machines-guide-to-higher-rtp-position-games/" "Mozilla/5.0 AppleWebKit/537.36 (KHTML, like Gecko; compatible; GPTBot/1.3; +https://openai.com/gptbot)" 224 **0/224561**
74.7.227.158 - - [14/Mar/2026:05:42:42 -0700] "GET /kostenlose-slots-32178-5-reel-drive-slot-bonus-slots-vergebens-vortragen-blos-registration/ HTTP/2.0" 200 18313 "https://indiabettingexchange.in/better-real-cash-web-based-casinos-top-10-inside-december-2025/" "Mozilla/5.0 AppleWebKit/537.36 (KHTML, like Gecko; compatible; GPTBot/1.3; +https://openai.com/gptbot)" 233 **0/233329**
74.7.227.158 - - [14/Mar/2026:05:42:43 -0700] "GET /freispiele-abzuglich-einzahlung-tagliche-spielholle-spielsaal-free-spins-erster-monat-des-letzte-no-einzahlung-vulkan-spiele-jahres-2026/ HTTP/2.0" 200 17170 "https://indiabettingexchange.in/articles/page/691/" "Mozilla/5.0 AppleWebKit/537.36 (KHTML, like Gecko; compatible; GPTBot/1.3; +https://openai.com/gptbot)" 233 **0/233553**
74.7.227.158 - - [14/Mar/2026:05:42:43 -0700] "GET /100-euroletten-bonus-exklusive-majestic-forest-kostenlose-spins-keine-einzahlung-einzahlung-im-spielsaal-sichern-verkettete-liste-praxis/ HTTP/2.0" 200 17044 "https://indiabettingexchange.in/articles/page/692/" "Mozilla/5.0 AppleWebKit/537.36 (KHTML, like Gecko; compatible; GPTBot/1.3; +https://openai.com/gptbot)" 194 **0/194178**
213.180.203.51 - - [14/Mar/2026:05:42:43 -0700] "GET /zum-einstieg-vermag-playio-mit-einem-100-solange-bis-three-hundred-willkommensbonus-aufwarten/ HTTP/1.1" 200 17887 "-" "Mozilla/5.0 (compatible; YandexBot/3.0; +http://yandex.com/bots)" 223 **0/223624**
74.7.227.158 - - [14/Mar/2026:05:42:44 -0700] "GET /fri-skrapelodd-addert-gratisspinn-admiral-nelson-casino-guts-spill-blood-suckers-spilleautomater-ektefodt-eiendom-1-almisse-uten-gave-inni-2025-daniel-sanchez/ HTTP/2.0" 200 16424 "https://indiabettingexchange.in/aloha-cluster-pays-spilleautomat-spill-nextgen-spilleautomater-online-prov-den-gratis-her/" "Mozilla/5.0 AppleWebKit/537.36 (KHTML, like Gecko; compatible; GPTBot/1.3; +https://openai.com/gptbot)" 212 **0/212553**
74.7.227.158 - - [14/Mar/2026:05:42:44 -0700] "GET /addisjon-nominaler-100-kr-bred-casino-betsson-ingen-innskuddsbonus-casino-akkvisisjon/ HTTP/2.0" 200 16434 "https://indiabettingexchange.in/aloha-cluster-pays-spilleautomat-spill-nextgen-spilleautomater-online-prov-den-gratis-her/" "Mozilla/5.0 AppleWebKit/537.36 (KHTML, like Gecko; compatible; GPTBot/1.3; +https://openai.com/gptbot)" 201 **0/201498**
74.7.227.158 - - [14/Mar/2026:05:42:45 -0700] "GET /all-of-the-games-on-this-page-had-been-checked-by-the-the-team-here-at-slotshawk/ HTTP/2.0" 200 15584 "https://indiabettingexchange.in/articles/page/690/" "Mozilla/5.0 AppleWebKit/537.36 (KHTML, like Gecko; compatible; GPTBot/1.3; +https://openai.com/gptbot)" 240 **0/240307**
74.7.227.158 - - [14/Mar/2026:05:42:45 -0700] "GET /real-time-broker-froulette-will-bring-members-having-authentic-gaming-experience-betclic-gambling-enterprise-100-free-gambling-enterprise-extra/ HTTP/2.0" 200 16023 "https://indiabettingexchange.in/articles/page/693/" "Mozilla/5.0 AppleWebKit/537.36 (KHTML, like Gecko; compatible; GPTBot/1.3; +https://openai.com/gptbot)" 186 **0/186138**
74.7.227.158 - - [14/Mar/2026:05:42:46 -0700] "GET /wager-freewatch-live-streamview-screenshotswatch-trailerplay-gamalyze100-100-free-no-restrictions/ HTTP/2.0" 200 15815 "https://indiabettingexchange.in/articles/page/693/" "Mozilla/5.0 AppleWebKit/537.36 (KHTML, like Gecko; compatible; GPTBot/1.3; +https://openai.com/gptbot)" 199 **0/199727**
52.167.144.173 - - [14/Mar/2026:05:42:46 -0700] "GET /betzest-local-casino-opinion-and-incentive-also-provides-2026-ratings-and-you-will-slot-napoleon-rtp-promotions/ HTTP/2.0" 200 16574 "-" "Mozilla/5.0 AppleWebKit/537.36 (KHTML, like Gecko; compatible; bingbot/2.0; +http://www.bing.com/bingbot.htm) Chrome/116.0.1938.76 Safari/537.36" 203 **0/203191**
74.7.227.158 - - [14/Mar/2026:05:42:46 -0700] "GET /20-freispiele-exklusive-einzahlung-within-diesen-link-jetzt-prufen-online-casinos-inoffizieller-mitarbeiter-january-2026/ HTTP/2.0" 200 17478 "https://indiabettingexchange.in/articles/page/692/" "Mozilla/5.0 AppleWebKit/537.36 (KHTML, like Gecko; compatible; GPTBot/1.3; +https://openai.com/gptbot)" 257 **0/257913**
52.167.144.173 - - [14/Mar/2026:05:42:47 -0700] "GET /body-weight-santa-on-the-web-fool-around-with-best-blackjack-real-money-crypto/ HTTP/2.0" 200 16833 "-" "Mozilla/5.0 AppleWebKit/537.36 (KHTML, like Gecko; compatible; bingbot/2.0; +http://www.bing.com/bingbot.htm) Chrome/116.0.1938.76 Safari/537.36" 206 **0/206631**
74.7.227.158 - - [14/Mar/2026:05:42:47 -0700] "GET /fre-gratis-spins-lucky-8-line-geen-deposito-spins-toeslag-2026-bergtop-10-gratis-spins-bonussen/ HTTP/2.0" 200 16063 "https://indiabettingexchange.in/spinanga-jatektermi-kinalata-a-siker-kulcsa/" "Mozilla/5.0 AppleWebKit/537.36 (KHTML, like Gecko; compatible; GPTBot/1.3; +https://openai.com/gptbot)" 252 **0/252917**
74.7.227.158 - - [14/Mar/2026:05:42:48 -0700] "GET /mobile-verbunden-casino-2026-tagesordnungspunkt-casinos-je-riches-of-india-slot-casino-sites-welches-taschentelefon/ HTTP/2.0" 200 17343 "https://indiabettingexchange.in/articles/page/693/" "Mozilla/5.0 AppleWebKit/537.36 (KHTML, like Gecko; compatible; GPTBot/1.3; +https://openai.com/gptbot)" 221 **0/221185**
74.7.227.158 - - [14/Mar/2026:05:42:48 -0700] "GET /the-video-game-on-this-page-was-in-fact-tested-from-the-the-team-at-slotshawk/ HTTP/2.0" 200 15598 "https://indiabettingexchange.in/articles/page/693/" "Mozilla/5.0 AppleWebKit/537.36 (KHTML, like Gecko; compatible; GPTBot/1.3; +https://openai.com/gptbot)" 226 **0/226076**
74.7.227.158 - - [14/Mar/2026:05:42:49 -0700] "GET /fire-joker-penalty-duel-spilleautomat-100-ma-bedste-spilleautomater-bland-onecasino/ HTTP/2.0" 200 16475 "https://indiabettingexchange.in/attributes-of-the-fresh-captain-cooks-mobile-software/" "Mozilla/5.0 AppleWebKit/537.36 (KHTML, like Gecko; compatible; GPTBot/1.3; +https://openai.com/gptbot)" 192 **0/192218**
74.7.227.158 - - [14/Mar/2026:05:42:49 -0700] "GET /100-valmaende-casino-erbjudanden-bonusar-innan-2025/ HTTP/2.0" 200 17110 "https://indiabettingexchange.in/greatest-online-slots-games-real-money-2026-help-wild-panda-slot-machines-guide-to-higher-rtp-position-games/" "Mozilla/5.0 AppleWebKit/537.36 (KHTML, like Gecko; compatible; GPTBot/1.3; +https://openai.com/gptbot)" 194 **0/194067**
74.7.227.158 - - [14/Mar/2026:05:42:50 -0700] "GET /leovegas-pramie-abzuglich-einzahlung-spielen-sie-video-slots-online-fur-geld-2025-beste-leu-vegas-freispiele-bonus-pro-bestandskunden/ HTTP/2.0" 200 17379 "https://indiabettingexchange.in/articles/page/692/" "Mozilla/5.0 AppleWebKit/537.36 (KHTML, like Gecko; compatible; GPTBot/1.3; +https://openai.com/gptbot)" 227 **0/227388**
74.7.227.158 - - [14/Mar/2026:05:42:50 -0700] "GET /it-is-easy-download-and-run-harbors-and-you-will-gamble-out-of-your-laptop-computer-pill-otherwise-mobile-in-the-place-of-a-connection-to-the-internet/ HTTP/2.0" 200 15603 "https://indiabettingexchange.in/articles/page/693/" "Mozilla/5.0 AppleWebKit/537.36 (KHTML, like Gecko; compatible; GPTBot/1.3; +https://openai.com/gptbot)" 226 **0/226200**
85.208.96.195 - - [14/Mar/2026:05:42:50 -0700] "GET /die-zukunft-der-anonymen-online-casinos-chancen-risiken-und-regulatorische-entwicklungen/ HTTP/1.1" 200 18153 "-" "Mozilla/5.0 (compatible; SemrushBot/7~bl; +http://www.semrush.com/bot.html)" 208 **0/208929**
74.7.227.158 - - [14/Mar/2026:05:42:51 -0700] "GET /play-jumanji-symbols-32178-100-percent-free-ports-fun-india-local-casino-demo-position-games/ HTTP/2.0" 200 17303 "https://indiabettingexchange.in/%ef%bf%bdalles-zum-pramie-in-feuer-speiender-berg-sin-city-%ef%bf%bd-braucht-das-den-vulkan-sin-city-additional-provision-quelltext/" "Mozilla/5.0 AppleWebKit/537.36 (KHTML, like Gecko; compatible; GPTBot/1.3; +https://openai.com/gptbot)" 232 **0/232527**
