47.128.24.35 - - [14/Mar/2026:05:17:03 -0700] "GET /wp-content/uploads/2023/01/1.png HTTP/2.0" 404 35520 "https://indiabettingexchange.in/thunderstruck-ii-position-witch-of-the-west-slot-machine-opinion-better-online-casinos-inside-the-canada/" "Mozilla/5.0 (Linux; Android 5.0) AppleWebKit/537.36 (KHTML, like Gecko) Mobile Safari/537.36 (compatible; Bytespider; spider-feedback@bytedance.com)" 361 **0/361464**
74.7.227.158 - - [14/Mar/2026:05:17:04 -0700] "GET /slots-is-available-at-just-on-the-casino-on-the-web/ HTTP/2.0" 200 15578 "https://indiabettingexchange.in/articles/page/645/" "Mozilla/5.0 AppleWebKit/537.36 (KHTML, like Gecko; compatible; GPTBot/1.3; +https://openai.com/gptbot)" 351 **0/351182**
47.128.24.253 - - [14/Mar/2026:05:17:04 -0700] "GET /kronos-jackpotcity-casino-tragamonedas/ HTTP/2.0" 403 18769 "-" "Mozilla/5.0 (Linux; Android 5.0) AppleWebKit/537.36 (KHTML, like Gecko) Mobile Safari/537.36 (compatible; Bytespider; spider-feedback@bytedance.com)" 389 **0/389560**
47.128.24.253 - - [14/Mar/2026:05:17:05 -0700] "GET /wp-content/themes/aurum/assets/js/nivo-lightbox/themes/default/default.css HTTP/2.0" 404 8216 "https://indiabettingexchange.in/kronos-jackpotcity-casino-tragamonedas/" "Mozilla/5.0 (Linux; Android 5.0) AppleWebKit/537.36 (KHTML, like Gecko) Mobile Safari/537.36 (compatible; Bytespider; spider-feedback@bytedance.com)" 266 **0/266081**
47.128.24.253 - - [14/Mar/2026:05:17:05 -0700] "GET /wp-content/themes/aurum/assets/js/nivo-lightbox/nivo-lightbox.css HTTP/2.0" 404 8217 "https://indiabettingexchange.in/kronos-jackpotcity-casino-tragamonedas/" "Mozilla/5.0 (Linux; Android 5.0) AppleWebKit/537.36 (KHTML, like Gecko) Mobile Safari/537.36 (compatible; Bytespider; spider-feedback@bytedance.com)" 339 **0/339163**
47.128.24.253 - - [14/Mar/2026:05:17:05 -0700] "GET /wp-content/uploads/font-awesome/v6.2.0/css/svg-with-js.css HTTP/2.0" 404 8216 "https://indiabettingexchange.in/kronos-jackpotcity-casino-tragamonedas/" "Mozilla/5.0 (Linux; Android 5.0) AppleWebKit/537.36 (KHTML, like Gecko) Mobile Safari/537.36 (compatible; Bytespider; spider-feedback@bytedance.com)" 348 **0/348133**
47.128.24.253 - - [14/Mar/2026:05:17:05 -0700] "GET /wp-includes/css/dist/block-library/style.min.css?ver=6.9.4 HTTP/2.0" 404 8217 "https://indiabettingexchange.in/kronos-jackpotcity-casino-tragamonedas/" "Mozilla/5.0 (Linux; Android 5.0) AppleWebKit/537.36 (KHTML, like Gecko) Mobile Safari/537.36 (compatible; Bytespider; spider-feedback@bytedance.com)" 357 **0/357362**
47.128.24.253 - - [14/Mar/2026:05:17:05 -0700] "GET /wp-content/plugins/the-post-grid/assets/css/thepostgrid.min.css?ver=7.8.9 HTTP/2.0" 404 8216 "https://indiabettingexchange.in/kronos-jackpotcity-casino-tragamonedas/" "Mozilla/5.0 (Linux; Android 5.0) AppleWebKit/537.36 (KHTML, like Gecko) Mobile Safari/537.36 (compatible; Bytespider; spider-feedback@bytedance.com)" 338 **0/338648**
47.128.24.253 - - [14/Mar/2026:05:17:05 -0700] "GET /wp-content/plugins/the-post-grid/assets/vendor/font-awesome/css/font-awesome.min.css?ver=7.8.9 HTTP/2.0" 404 8217 "https://indiabettingexchange.in/kronos-jackpotcity-casino-tragamonedas/" "Mozilla/5.0 (Linux; Android 5.0) AppleWebKit/537.36 (KHTML, like Gecko) Mobile Safari/537.36 (compatible; Bytespider; spider-feedback@bytedance.com)" 365 **0/365349**
47.128.24.253 - - [14/Mar/2026:05:17:05 -0700] "GET /wp-content/themes/aurum/assets/css/aurum.css?ver=3.15 HTTP/2.0" 404 8217 "https://indiabettingexchange.in/kronos-jackpotcity-casino-tragamonedas/" "Mozilla/5.0 (Linux; Android 5.0) AppleWebKit/537.36 (KHTML, like Gecko) Mobile Safari/537.36 (compatible; Bytespider; spider-feedback@bytedance.com)" 321 **0/321473**
47.128.24.253 - - [14/Mar/2026:05:17:05 -0700] "GET /wp-content/themes/aurum/assets/css/fonts/aurum-icons/font-icons.css HTTP/2.0" 404 8216 "https://indiabettingexchange.in/kronos-jackpotcity-casino-tragamonedas/" "Mozilla/5.0 (Linux; Android 5.0) AppleWebKit/537.36 (KHTML, like Gecko) Mobile Safari/537.36 (compatible; Bytespider; spider-feedback@bytedance.com)" 389 **0/389659**
47.128.24.253 - - [14/Mar/2026:05:17:05 -0700] "GET /wp-content/themes/aurum/assets/css/fonts/font-awesome/css/font-awesome.min.css HTTP/2.0" 404 8217 "https://indiabettingexchange.in/kronos-jackpotcity-casino-tragamonedas/" "Mozilla/5.0 (Linux; Android 5.0) AppleWebKit/537.36 (KHTML, like Gecko) Mobile Safari/537.36 (compatible; Bytespider; spider-feedback@bytedance.com)" 387 **0/387650**
47.128.24.253 - - [14/Mar/2026:05:17:05 -0700] "GET /wp-content/themes/aurum/assets/css/bootstrap.css?ver=3.15 HTTP/2.0" 404 8216 "https://indiabettingexchange.in/kronos-jackpotcity-casino-tragamonedas/" "Mozilla/5.0 (Linux; Android 5.0) AppleWebKit/537.36 (KHTML, like Gecko) Mobile Safari/537.36 (compatible; Bytespider; spider-feedback@bytedance.com)" 371 **0/371735**
47.128.24.253 - - [14/Mar/2026:05:17:06 -0700] "GET /wp-content/themes/aurum-child/style.css?ver=6.9.4 HTTP/2.0" 404 8217 "https://indiabettingexchange.in/kronos-jackpotcity-casino-tragamonedas/" "Mozilla/5.0 (Linux; Android 5.0) AppleWebKit/537.36 (KHTML, like Gecko) Mobile Safari/537.36 (compatible; Bytespider; spider-feedback@bytedance.com)" 299 **0/299175**
74.7.227.158 - - [14/Mar/2026:05:17:06 -0700] "GET /villento-gambling-establishment-was-a-part-of-the-fresh-perspectives-ltd/ HTTP/2.0" 200 15666 "https://indiabettingexchange.in/articles/page/642/" "Mozilla/5.0 AppleWebKit/537.36 (KHTML, like Gecko; compatible; GPTBot/1.3; +https://openai.com/gptbot)" 333 **0/333736**
47.128.24.253 - - [14/Mar/2026:05:17:06 -0700] "GET /wp-content/uploads/2022/11/1-e1668155022728.png HTTP/2.0" 404 35521 "https://indiabettingexchange.in/kronos-jackpotcity-casino-tragamonedas/" "Mozilla/5.0 (Linux; Android 5.0) AppleWebKit/537.36 (KHTML, like Gecko) Mobile Safari/537.36 (compatible; Bytespider; spider-feedback@bytedance.com)" 159 **0/159814**
47.128.24.253 - - [14/Mar/2026:05:17:06 -0700] "GET /wp-content/uploads/2023/01/2-1.png HTTP/2.0" 404 35522 "https://indiabettingexchange.in/kronos-jackpotcity-casino-tragamonedas/" "Mozilla/5.0 (Linux; Android 5.0) AppleWebKit/537.36 (KHTML, like Gecko) Mobile Safari/537.36 (compatible; Bytespider; spider-feedback@bytedance.com)" 171 **0/171952**
47.128.24.253 - - [14/Mar/2026:05:17:06 -0700] "GET /wp-content/uploads/2023/01/3.png HTTP/2.0" 404 35522 "https://indiabettingexchange.in/kronos-jackpotcity-casino-tragamonedas/" "Mozilla/5.0 (Linux; Android 5.0) AppleWebKit/537.36 (KHTML, like Gecko) Mobile Safari/537.36 (compatible; Bytespider; spider-feedback@bytedance.com)" 193 **0/193389**
47.128.24.253 - - [14/Mar/2026:05:17:06 -0700] "GET /wp-content/uploads/2023/01/BFB-Main.png HTTP/2.0" 404 35521 "https://indiabettingexchange.in/kronos-jackpotcity-casino-tragamonedas/" "Mozilla/5.0 (Linux; Android 5.0) AppleWebKit/537.36 (KHTML, like Gecko) Mobile Safari/537.36 (compatible; Bytespider; spider-feedback@bytedance.com)" 244 **0/244199**
47.128.24.253 - - [14/Mar/2026:05:17:06 -0700] "GET /wp-content/uploads/2023/01/1.png HTTP/2.0" 404 35521 "https://indiabettingexchange.in/kronos-jackpotcity-casino-tragamonedas/" "Mozilla/5.0 (Linux; Android 5.0) AppleWebKit/537.36 (KHTML, like Gecko) Mobile Safari/537.36 (compatible; Bytespider; spider-feedback@bytedance.com)" 246 **0/246402**
74.7.227.158 - - [14/Mar/2026:05:17:07 -0700] "GET /ah-modern-jackpots-the-newest-dear-and-you-may-loved-highlight-of-any-casino/ HTTP/2.0" 200 15861 "https://indiabettingexchange.in/articles/page/642/" "Mozilla/5.0 AppleWebKit/537.36 (KHTML, like Gecko; compatible; GPTBot/1.3; +https://openai.com/gptbot)" 226 **0/226543**
54.37.118.82 - - [14/Mar/2026:05:17:08 -0700] "GET /did-our-ancestors-enjoy-at-casinos-2/ HTTP/2.0" 200 26390 "-" "Mozilla/5.0 (compatible; AhrefsBot/7.0; +http://ahrefs.com/robot/)" 325 **0/325180**
74.7.227.158 - - [14/Mar/2026:05:17:09 -0700] "GET /these-guys-services-numerous-casinos-on-the-internet-and-its-really-not-surprising-these-are-generally-doing-a-fantastic-job/ HTTP/2.0" 200 15864 "https://indiabettingexchange.in/articles/page/645/" "Mozilla/5.0 AppleWebKit/537.36 (KHTML, like Gecko; compatible; GPTBot/1.3; +https://openai.com/gptbot)" 196 **0/196964**
74.7.227.158 - - [14/Mar/2026:05:17:10 -0700] "GET /rocketplay-the-best-player-one-of-crypto-gambling-enterprises-for-the-australia-market/ HTTP/2.0" 200 15662 "https://indiabettingexchange.in/articles/page/642/" "Mozilla/5.0 AppleWebKit/537.36 (KHTML, like Gecko; compatible; GPTBot/1.3; +https://openai.com/gptbot)" 228 **0/228077**
79.144.14.37 - - [14/Mar/2026:05:17:10 -0700] "GET /amplifiez-votre-performance-avec-le-peptide-de-glutamine/ HTTP/1.1" 200 67357 "-" "GuzzleHttp/7" 818 **0/818689**
74.7.227.158 - - [14/Mar/2026:05:17:12 -0700] "GET /some-video-game-to-your-platform-sign-up-to-the-fresh-new-playthrough-requirements-within-differing-costs/ HTTP/2.0" 200 15838 "https://indiabettingexchange.in/articles/page/643/" "Mozilla/5.0 AppleWebKit/537.36 (KHTML, like Gecko; compatible; GPTBot/1.3; +https://openai.com/gptbot)" 230 **0/230749**
74.7.227.158 - - [14/Mar/2026:05:17:13 -0700] "GET /pressing-the-fresh-new-position-tab-commonly-monitor-the-new-readily-available-pokies-and-switch-between-groups/ HTTP/2.0" 200 15723 "https://indiabettingexchange.in/articles/page/644/" "Mozilla/5.0 AppleWebKit/537.36 (KHTML, like Gecko; compatible; GPTBot/1.3; +https://openai.com/gptbot)" 227 **0/227454**
74.7.227.158 - - [14/Mar/2026:05:17:15 -0700] "GET /micro-fridges-are-available-in-all-of-the-space-however-no-exterior-eating-otherwise-beverages-are-permitted-to-the/ HTTP/2.0" 200 15947 "https://indiabettingexchange.in/articles/page/645/" "Mozilla/5.0 AppleWebKit/537.36 (KHTML, like Gecko; compatible; GPTBot/1.3; +https://openai.com/gptbot)" 254 **0/254773**
74.7.227.158 - - [14/Mar/2026:05:17:16 -0700] "GET /ruby-chance-christian-fire-joker-dazzles-during-the-ruby-chance/ HTTP/2.0" 200 15768 "https://indiabettingexchange.in/articles/page/645/" "Mozilla/5.0 AppleWebKit/537.36 (KHTML, like Gecko; compatible; GPTBot/1.3; +https://openai.com/gptbot)" 191 **0/191932**
74.7.227.158 - - [14/Mar/2026:05:17:18 -0700] "GET /rocketplay-a-knowledgeable-pro-one-of-crypto-gambling-enterprises-towards-australian-continent-markets/ HTTP/2.0" 200 15685 "https://indiabettingexchange.in/articles/page/643/" "Mozilla/5.0 AppleWebKit/537.36 (KHTML, like Gecko; compatible; GPTBot/1.3; +https://openai.com/gptbot)" 243 **0/243985**
74.7.227.158 - - [14/Mar/2026:05:17:19 -0700] "GET /canadas-liberal-position-towards-internet-poker-provides-participants-having-plenty-away-from-possibilities/ HTTP/2.0" 200 16709 "https://indiabettingexchange.in/articles/page/644/" "Mozilla/5.0 AppleWebKit/537.36 (KHTML, like Gecko; compatible; GPTBot/1.3; +https://openai.com/gptbot)" 281 **0/281655**
107.152.47.63 - - [14/Mar/2026:05:17:21 -0700] "GET /kazino-beton-vash-put-k-uspehu-v-igrovom-mire/ HTTP/1.1" 200 17578 "https://indiabettingexchange.in/" "Mozilla/5.0 (Windows NT 10.0; Win64; x64) AppleWebKit/537.36 (KHTML, like Gecko) Chrome/114.0.0.0 YaBrowser/22.7.0 Yowser/2.5 Safari/537.36" 363 **0/363298**
66.249.68.4 - - [14/Mar/2026:05:17:21 -0700] "GET /wp-content/uploads/2026/03/discover-the-best-roulette-casinos-for-an_2.jpg HTTP/1.1" 200 6969 "-" "Googlebot-Image/1.0" 10 **0/10089**
74.7.227.158 - - [14/Mar/2026:05:17:21 -0700] "GET /you-might-play-on-your-computer-otherwise-desktop-computer-aside-from-that-you-prefer/ HTTP/2.0" 200 15779 "https://indiabettingexchange.in/articles/page/645/" "Mozilla/5.0 AppleWebKit/537.36 (KHTML, like Gecko; compatible; GPTBot/1.3; +https://openai.com/gptbot)" 229 **0/229404**
74.7.227.158 - - [14/Mar/2026:05:17:23 -0700] "GET /these-video-game-happened-to-be-pokies-real-time-agent-titles-and-dining-table-video-game/ HTTP/2.0" 200 16014 "https://indiabettingexchange.in/articles/page/642/" "Mozilla/5.0 AppleWebKit/537.36 (KHTML, like Gecko; compatible; GPTBot/1.3; +https://openai.com/gptbot)" 230 **0/230055**
74.7.227.158 - - [14/Mar/2026:05:17:24 -0700] "GET /definitely-one-of-the-top-the-brand-new-gambling-enterprises-nowadays%ef%bf%bd-mutual-a-great-canadian-representative/ HTTP/2.0" 200 16133 "https://indiabettingexchange.in/articles/page/644/" "Mozilla/5.0 AppleWebKit/537.36 (KHTML, like Gecko; compatible; GPTBot/1.3; +https://openai.com/gptbot)" 284 **0/284303**
107.152.47.63 - - [14/Mar/2026:05:17:24 -0700] "POST /wp-comments-post.php HTTP/1.1" 404 8217 "https://indiabettingexchange.in/kazino-beton-vash-put-k-uspehu-v-igrovom-mire/" "Mozilla/5.0 (Windows NT 10.0; Win64; x64) AppleWebKit/537.36 (KHTML, like Gecko) Chrome/114.0.0.0 YaBrowser/22.7.0 Yowser/2.5 Safari/537.36" 542 **0/542073**
107.152.47.63 - - [14/Mar/2026:05:17:26 -0700] "POST /wp-comments-post.php HTTP/1.1" 404 8217 "https://indiabettingexchange.in/kazino-beton-vash-put-k-uspehu-v-igrovom-mire/" "Mozilla/5.0 (Windows NT 10.0; Win64; x64) AppleWebKit/537.36 (KHTML, like Gecko) Chrome/114.0.0.0 YaBrowser/22.7.0 Yowser/2.5 Safari/537.36" 185 **0/185511**
74.7.227.158 - - [14/Mar/2026:05:17:26 -0700] "GET /deposit-incentives-try-most-frequently-offered-to-earliest-go-out-depositors/ HTTP/2.0" 200 15426 "https://indiabettingexchange.in/articles/page/642/" "Mozilla/5.0 AppleWebKit/537.36 (KHTML, like Gecko; compatible; GPTBot/1.3; +https://openai.com/gptbot)" 199 **0/199198**
107.152.47.63 - - [14/Mar/2026:05:17:27 -0700] "POST /wp-comments-post.php HTTP/1.1" 404 8217 "https://indiabettingexchange.in/kazino-beton-vash-put-k-uspehu-v-igrovom-mire/" "Mozilla/5.0 (Windows NT 10.0; Win64; x64) AppleWebKit/537.36 (KHTML, like Gecko) Chrome/114.0.0.0 YaBrowser/22.7.0 Yowser/2.5 Safari/537.36" 190 **0/190491**
74.7.227.158 - - [14/Mar/2026:05:17:27 -0700] "GET /chief-chefs-gambling-enterprise-is-recognized-for-their-excellent-critiques-to-your-trustpilot-and-you-will-similar-networks/ HTTP/2.0" 200 15851 "https://indiabettingexchange.in/articles/page/643/" "Mozilla/5.0 AppleWebKit/537.36 (KHTML, like Gecko; compatible; GPTBot/1.3; +https://openai.com/gptbot)" 250 **0/250993**
107.152.47.63 - - [14/Mar/2026:05:17:28 -0700] "POST /wp-comments-post.php HTTP/1.1" 404 8217 "https://indiabettingexchange.in/kazino-beton-vash-put-k-uspehu-v-igrovom-mire/" "Mozilla/5.0 (Windows NT 10.0; Win64; x64) AppleWebKit/537.36 (KHTML, like Gecko) Chrome/114.0.0.0 YaBrowser/22.7.0 Yowser/2.5 Safari/537.36" 187 **0/187426**
74.7.227.158 - - [14/Mar/2026:05:17:29 -0700] "GET /repayments-cashouts-ideal-alternatives-for-the-fresh-zealand-comparison/ HTTP/2.0" 200 16087 "https://indiabettingexchange.in/articles/page/643/" "Mozilla/5.0 AppleWebKit/537.36 (KHTML, like Gecko; compatible; GPTBot/1.3; +https://openai.com/gptbot)" 209 **0/209350**
107.152.47.63 - - [14/Mar/2026:05:17:29 -0700] "GET /kazino-beton-vash-put-k-uspehu-v-igrovom-mire/ HTTP/1.1" 200 17577 "-" "Mozilla/5.0 (Windows NT 10.0; Win64; x64) AppleWebKit/537.36 (KHTML, like Gecko) Chrome/114.0.0.0 YaBrowser/22.7.0 Yowser/2.5 Safari/537.36" 219 **0/219311**
74.7.227.158 - - [14/Mar/2026:05:17:31 -0700] "GET /it-is-well-worth-noting-that-platform-will-bring-particular-industry-classics-particularly/ HTTP/2.0" 200 15677 "https://indiabettingexchange.in/articles/page/643/" "Mozilla/5.0 AppleWebKit/537.36 (KHTML, like Gecko; compatible; GPTBot/1.3; +https://openai.com/gptbot)" 225 **0/225485**
74.7.227.158 - - [14/Mar/2026:05:17:32 -0700] "GET /usefully-villento-vegas-brings-an-explanation-each-video-game-it-carries/ HTTP/2.0" 200 16283 "https://indiabettingexchange.in/articles/page/644/" "Mozilla/5.0 AppleWebKit/537.36 (KHTML, like Gecko; compatible; GPTBot/1.3; +https://openai.com/gptbot)" 222 **0/222842**
43.173.181.195 - - [14/Mar/2026:05:17:33 -0700] "GET /prova-slots-pa-do-basta-moby-dick-gratis-80-snurr-casinona-sv/ HTTP/1.1" 200 17815 "-" "Mozilla/5.0 (Windows NT 10.0; Win64; x64) AppleWebKit/537.36 (KHTML, like Gecko) Chrome/133.0.0.0 Safari/537.36" 255 **0/255700**
43.173.181.111 - - [14/Mar/2026:05:17:33 -0700] "GET /il-miglior-messo-del-bisca-a-agire-alle-slot-e-azzardare-le-scommesse-sportive/ HTTP/1.1" 200 18108 "-" "Mozilla/5.0 (Windows NT 10.0; Win64; x64) AppleWebKit/537.36 (KHTML, like Gecko) Chrome/112.0.0.0 Safari/537.36" 278 **0/278843**
43.173.178.59 - - [14/Mar/2026:05:17:33 -0700] "GET /book-of-slots-spielo-gaming-keine-einzahlung-400-casino-bonus-2024-30-freie-spins-resident-ra-deluxe-folgende-kampagne-des-fav-pforzheim/feed/ HTTP/1.1" 200 557 "-" "Mozilla/5.0 (Windows NT 10.0; Win64; x64) AppleWebKit/537.36 (KHTML, like Gecko) Chrome/103.0.0.0 Safari/537.36" 163 **0/163655**
43.173.180.63 - - [14/Mar/2026:05:17:33 -0700] "GET /better-alive-gambling-enterprises-step-casino-hello-mobile-casino-one-real-time-broker-web-sites-score-to-possess-2025/ HTTP/1.1" 200 19664 "-" "Mozilla/5.0 (Windows NT 10.0; Win64; x64) AppleWebKit/537.36 (KHTML, like Gecko) Chrome/108.0.0.0 Safari/537.36" 300 **0/300921**
74.7.227.158 - - [14/Mar/2026:05:17:34 -0700] "GET /wonderful-tiger-is-limited-in-a-few-nations-however-specifically-the-usa-continental-european-countries-and-you-may-australian-continent/ HTTP/2.0" 200 15839 "https://indiabettingexchange.in/articles/page/645/" "Mozilla/5.0 AppleWebKit/537.36 (KHTML, like Gecko; compatible; GPTBot/1.3; +https://openai.com/gptbot)" 192 **0/192798**
74.7.227.158 - - [14/Mar/2026:05:17:35 -0700] "GET /landing-in-mozambique-opportunities-challenges-and-strategic-insights/ HTTP/2.0" 200 16400 "https://indiabettingexchange.in/articles/page/643/" "Mozilla/5.0 AppleWebKit/537.36 (KHTML, like Gecko; compatible; GPTBot/1.3; +https://openai.com/gptbot)" 184 **0/184179**
66.249.68.4 - - [14/Mar/2026:05:17:36 -0700] "GET /vox-casino-jocuri-de-noroc-pentru-toti/ HTTP/1.1" 200 15342 "-" "Mozilla/5.0 (Linux; Android 6.0.1; Nexus 5X Build/MMB29P) AppleWebKit/537.36 (KHTML, like Gecko) Chrome/145.0.7632.116 Mobile Safari/537.36 (compatible; Googlebot/2.1; +http://www.google.com/bot.html)" 194 **0/194593**
74.7.227.158 - - [14/Mar/2026:05:17:37 -0700] "GET /cellular-playing-choice-%ef%bf%bd-is-there-a-grand-mondial-gambling-enterprise-app/ HTTP/2.0" 200 15674 "https://indiabettingexchange.in/articles/page/642/" "Mozilla/5.0 AppleWebKit/537.36 (KHTML, like Gecko; compatible; GPTBot/1.3; +https://openai.com/gptbot)" 267 **0/267408**
213.180.203.247 - - [14/Mar/2026:05:17:37 -0700] "GET /zusammenfassung-dahinter-seriose-ferner-passende-moglich-casinos-in-der-helvetia/ HTTP/1.1" 200 18851 "-" "Mozilla/5.0 (compatible; YandexBot/3.0; +http://yandex.com/bots)" 269 **0/269473**
74.7.227.158 - - [14/Mar/2026:05:17:39 -0700] "GET /casino-online-brasil-guia-completo-para-jogos-e-promocoes-2026/ HTTP/2.0" 200 16666 "https://indiabettingexchange.in/articles/page/643/" "Mozilla/5.0 AppleWebKit/537.36 (KHTML, like Gecko; compatible; GPTBot/1.3; +https://openai.com/gptbot)" 227 **0/227505**
74.7.227.158 - - [14/Mar/2026:05:17:40 -0700] "GET /seamless-repayments-which-have-leading-procedures-%ef%bf%bd-effortless-peasy-real-money-transactions-no-worries/ HTTP/2.0" 200 15827 "https://indiabettingexchange.in/articles/page/643/" "Mozilla/5.0 AppleWebKit/537.36 (KHTML, like Gecko; compatible; GPTBot/1.3; +https://openai.com/gptbot)" 240 **0/240916**
74.7.227.158 - - [14/Mar/2026:05:17:42 -0700] "GET /gain-benefit-from-the-awesome-thrill-out-of-to-try-out-your-chosen-video-game-which-have-rocketplay-casino-bonuses/ HTTP/2.0" 200 16155 "https://indiabettingexchange.in/articles/page/642/" "Mozilla/5.0 AppleWebKit/537.36 (KHTML, like Gecko; compatible; GPTBot/1.3; +https://openai.com/gptbot)" 220 **0/220539**
52.167.144.19 - - [14/Mar/2026:05:17:42 -0700] "GET /lietuvisku-internetiniu-kazino-atsiliepimai-ir-vadovas-geriausios-losimo-svetaines-2026-metais-3/ HTTP/2.0" 200 16651 "-" "Mozilla/5.0 AppleWebKit/537.36 (KHTML, like Gecko; compatible; bingbot/2.0; +http://www.bing.com/bingbot.htm) Chrome/116.0.1938.76 Safari/537.36" 266 **0/266767**
74.7.227.158 - - [14/Mar/2026:05:17:43 -0700] "GET /ready-yourself-so-you-can-twist-your-way-in-order-to-fortune-during-the-betty-casino/ HTTP/2.0" 200 16622 "https://indiabettingexchange.in/articles/page/642/" "Mozilla/5.0 AppleWebKit/537.36 (KHTML, like Gecko; compatible; GPTBot/1.3; +https://openai.com/gptbot)" 265 **0/265719**
74.7.227.158 - - [14/Mar/2026:05:17:45 -0700] "GET /thus-the-variety-of-online-game-is-bound-compared-to-internet-supplied-by-50-brands/ HTTP/2.0" 200 15811 "https://indiabettingexchange.in/articles/page/644/" "Mozilla/5.0 AppleWebKit/537.36 (KHTML, like Gecko; compatible; GPTBot/1.3; +https://openai.com/gptbot)" 194 **0/194399**
74.7.227.158 - - [14/Mar/2026:05:17:46 -0700] "GET /all-of-our-shot-of-ones-ultra-gambling-establishment-gambling-establishment-in-the-canada/ HTTP/2.0" 200 16165 "https://indiabettingexchange.in/articles/page/642/" "Mozilla/5.0 AppleWebKit/537.36 (KHTML, like Gecko; compatible; GPTBot/1.3; +https://openai.com/gptbot)" 248 **0/248519**
74.7.227.158 - - [14/Mar/2026:05:17:48 -0700] "GET /without-difficulty-withdraw-your-own-winnings-anytime-that-have-ruby-luck-mobile/ HTTP/2.0" 200 15844 "https://indiabettingexchange.in/articles/page/644/" "Mozilla/5.0 AppleWebKit/537.36 (KHTML, like Gecko; compatible; GPTBot/1.3; +https://openai.com/gptbot)" 171 **0/171113**
45.3.45.35 - - [14/Mar/2026:05:17:48 -0700] "GET /wp-login.php HTTP/2.0" 200 2058 "-" "Mozilla/5.0 (Windows NT 10.0; Win64; x64) AppleWebKit/537.36 (KHTML, like Gecko) Chrome/124.0.6367.207 Safari/537.36" 135 **0/135282**
45.3.45.35 - - [14/Mar/2026:05:17:49 -0700] "GET /wp-login.php?wp_lang=en_US HTTP/2.0" 200 2062 "-" "Mozilla/5.0 (Windows NT 10.0; Win64; x64) AppleWebKit/537.36 (KHTML, like Gecko) Chrome/124.0.6367.207 Safari/537.36" 176 **0/176715**
74.7.227.158 - - [14/Mar/2026:05:17:50 -0700] "GET /the-new-gambling-establishment-frequently-releases-themed-situations-associated-with-vacations-the-new-video-game-releases-or-big-dressed-in-season/ HTTP/2.0" 200 15965 "https://indiabettingexchange.in/articles/page/644/" "Mozilla/5.0 AppleWebKit/537.36 (KHTML, like Gecko; compatible; GPTBot/1.3; +https://openai.com/gptbot)" 258 **0/258158**
45.3.45.35 - - [14/Mar/2026:05:17:50 -0700] "POST /wp-login.php?wp_lang=en_US HTTP/2.0" 302 1 "https://indiabettingexchange.in/wp-login.php?wp_lang=en_US" "Mozilla/5.0 (Windows NT 10.0; Win64; x64) AppleWebKit/537.36 (KHTML, like Gecko) Chrome/124.0.6367.207 Safari/537.36" 269 **0/269984**
118.139.180.95 - - [14/Mar/2026:05:17:50 -0700] "HEAD /wp-content/uploads/font-awesome/v6.2.0/css/svg-with-js.css HTTP/1.1" 200 - "-" "WordPress/6.9.4; https://indiabettingexchange.in" 8 **0/8248**
45.3.45.35 - - [14/Mar/2026:05:17:50 -0700] "GET /wp-admin/ HTTP/2.0" 200 22928 "https://indiabettingexchange.in/wp-login.php?wp_lang=en_US" "Mozilla/5.0 (Windows NT 10.0; Win64; x64) AppleWebKit/537.36 (KHTML, like Gecko) Chrome/124.0.6367.207 Safari/537.36" 465 **0/465788**
118.139.180.95 - - [14/Mar/2026:05:17:51 -0700] "HEAD /wp-content/uploads/font-awesome/v6.2.0/css/svg-with-js.css HTTP/1.1" 200 - "-" "WordPress/6.9.4; https://indiabettingexchange.in" 9 **0/9555**
74.7.227.158 - - [14/Mar/2026:05:17:51 -0700] "GET /our-very-own-sample-of-the-ultra-gambling-enterprise-gambling-enterprise-in-the-canada/ HTTP/2.0" 200 16146 "https://indiabettingexchange.in/articles/page/642/" "Mozilla/5.0 AppleWebKit/537.36 (KHTML, like Gecko; compatible; GPTBot/1.3; +https://openai.com/gptbot)" 290 **0/290017**
45.3.45.35 - - [14/Mar/2026:05:17:51 -0700] "GET /wp-admin/plugins.php HTTP/2.0" 403 854 "-" "Mozilla/5.0 (Windows NT 10.0; Win64; x64) AppleWebKit/537.36 (KHTML, like Gecko) Chrome/124.0.6367.207 Safari/537.36" 198 **0/198928**
118.139.180.95 - - [14/Mar/2026:05:17:52 -0700] "HEAD /wp-content/uploads/font-awesome/v6.2.0/css/svg-with-js.css HTTP/1.1" 200 - "-" "WordPress/6.9.4; https://indiabettingexchange.in" 7 **0/7376**
45.3.45.35 - - [14/Mar/2026:05:17:52 -0700] "GET /wp-admin/plugins.php HTTP/2.0" 403 854 "-" "Mozilla/5.0 (Windows NT 10.0; Win64; x64) AppleWebKit/537.36 (KHTML, like Gecko) Chrome/124.0.6367.207 Safari/537.36" 185 **0/185779**
118.139.180.95 - - [14/Mar/2026:05:17:52 -0700] "HEAD /wp-content/uploads/font-awesome/v6.2.0/css/svg-with-js.css HTTP/1.1" 200 - "-" "WordPress/6.9.4; https://indiabettingexchange.in" 8 **0/8590**
45.3.45.35 - - [14/Mar/2026:05:17:52 -0700] "GET /wp-admin/plugins.php HTTP/2.0" 403 854 "-" "Mozilla/5.0 (Windows NT 10.0; Win64; x64) AppleWebKit/537.36 (KHTML, like Gecko) Chrome/124.0.6367.207 Safari/537.36" 171 **0/171092**
74.7.227.158 - - [14/Mar/2026:05:17:53 -0700] "GET /euro-palace-gambling-enterprise-is-yet-another-leading-internet-casino-particularly-ruby-luck-gambling-establishment/ HTTP/2.0" 200 15738 "https://indiabettingexchange.in/articles/page/642/" "Mozilla/5.0 AppleWebKit/537.36 (KHTML, like Gecko; compatible; GPTBot/1.3; +https://openai.com/gptbot)" 217 **0/217824**
118.139.180.95 - - [14/Mar/2026:05:17:53 -0700] "HEAD /wp-content/uploads/font-awesome/v6.2.0/css/svg-with-js.css HTTP/1.1" 200 - "-" "WordPress/6.9.4; https://indiabettingexchange.in" 10 **0/10352**
45.3.45.35 - - [14/Mar/2026:05:17:53 -0700] "GET /wp-admin/plugins.php HTTP/2.0" 403 854 "-" "Mozilla/5.0 (Windows NT 10.0; Win64; x64) AppleWebKit/537.36 (KHTML, like Gecko) Chrome/124.0.6367.207 Safari/537.36" 176 **0/176326**
118.139.180.95 - - [14/Mar/2026:05:17:53 -0700] "HEAD /wp-content/uploads/font-awesome/v6.2.0/css/svg-with-js.css HTTP/1.1" 200 - "-" "WordPress/6.9.4; https://indiabettingexchange.in" 7 **0/7081**
45.3.45.35 - - [14/Mar/2026:05:17:53 -0700] "GET /wp-admin/plugins.php HTTP/2.0" 403 854 "-" "Mozilla/5.0 (Windows NT 10.0; Win64; x64) AppleWebKit/537.36 (KHTML, like Gecko) Chrome/124.0.6367.207 Safari/537.36" 193 **0/193105**
118.139.180.95 - - [14/Mar/2026:05:17:54 -0700] "HEAD /wp-content/uploads/font-awesome/v6.2.0/css/svg-with-js.css HTTP/1.1" 200 - "-" "WordPress/6.9.4; https://indiabettingexchange.in" 9 **0/9931**
45.3.45.35 - - [14/Mar/2026:05:17:54 -0700] "GET /wp-admin/plugins.php HTTP/2.0" 403 854 "-" "Mozilla/5.0 (Windows NT 10.0; Win64; x64) AppleWebKit/537.36 (KHTML, like Gecko) Chrome/124.0.6367.207 Safari/537.36" 176 **0/176405**
118.139.180.95 - - [14/Mar/2026:05:17:54 -0700] "HEAD /wp-content/uploads/font-awesome/v6.2.0/css/svg-with-js.css HTTP/1.1" 200 - "-" "WordPress/6.9.4; https://indiabettingexchange.in" 9 **0/9949**
74.7.227.158 - - [14/Mar/2026:05:17:54 -0700] "GET /this-type-of-online-game-happened-to-be-pokies-live-dealer-headings-and-you-can-table-games/ HTTP/2.0" 200 16051 "https://indiabettingexchange.in/articles/page/645/" "Mozilla/5.0 AppleWebKit/537.36 (KHTML, like Gecko; compatible; GPTBot/1.3; +https://openai.com/gptbot)" 225 **0/225358**
45.3.45.35 - - [14/Mar/2026:05:17:54 -0700] "GET /wp-admin/plugins.php HTTP/2.0" 403 854 "-" "Mozilla/5.0 (Windows NT 10.0; Win64; x64) AppleWebKit/537.36 (KHTML, like Gecko) Chrome/124.0.6367.207 Safari/537.36" 176 **0/176308**
118.139.180.95 - - [14/Mar/2026:05:17:55 -0700] "HEAD /wp-content/uploads/font-awesome/v6.2.0/css/svg-with-js.css HTTP/1.1" 200 - "-" "WordPress/6.9.4; https://indiabettingexchange.in" 7 **0/7846**
45.3.45.35 - - [14/Mar/2026:05:17:55 -0700] "GET /wp-admin/plugins.php HTTP/2.0" 403 854 "-" "Mozilla/5.0 (Windows NT 10.0; Win64; x64) AppleWebKit/537.36 (KHTML, like Gecko) Chrome/124.0.6367.207 Safari/537.36" 176 **0/176862**
118.139.180.95 - - [14/Mar/2026:05:17:55 -0700] "HEAD /wp-content/uploads/font-awesome/v6.2.0/css/svg-with-js.css HTTP/1.1" 200 - "-" "WordPress/6.9.4; https://indiabettingexchange.in" 12 **0/12388**
45.3.45.35 - - [14/Mar/2026:05:17:55 -0700] "GET /wp-admin/plugins.php HTTP/2.0" 403 854 "-" "Mozilla/5.0 (Windows NT 10.0; Win64; x64) AppleWebKit/537.36 (KHTML, like Gecko) Chrome/124.0.6367.207 Safari/537.36" 189 **0/189544**
118.139.180.95 - - [14/Mar/2026:05:17:56 -0700] "HEAD /wp-content/uploads/font-awesome/v6.2.0/css/svg-with-js.css HTTP/1.1" 200 - "-" "WordPress/6.9.4; https://indiabettingexchange.in" 8 **0/8711**
45.3.45.35 - - [14/Mar/2026:05:17:56 -0700] "GET /wp-admin/plugins.php HTTP/2.0" 403 854 "-" "Mozilla/5.0 (Windows NT 10.0; Win64; x64) AppleWebKit/537.36 (KHTML, like Gecko) Chrome/124.0.6367.207 Safari/537.36" 168 **0/168849**
74.7.227.158 - - [14/Mar/2026:05:17:56 -0700] "GET /villento-gambling-establishment-20-fs-added-bonus-conditions-and-terms/ HTTP/2.0" 200 15721 "https://indiabettingexchange.in/articles/page/642/" "Mozilla/5.0 AppleWebKit/537.36 (KHTML, like Gecko; compatible; GPTBot/1.3; +https://openai.com/gptbot)" 219 **0/219421**
107.152.47.63 - - [14/Mar/2026:05:17:56 -0700] "GET /kazino-beton-vash-put-k-uspehu-v-igrovom-mire/ HTTP/1.1" 200 17578 "-" "Mozilla/5.0 (X11; Fedora; Linux x86_64; rv:114.0) Gecko/20100101 Firefox/114.0" 217 **0/217584**
118.139.180.95 - - [14/Mar/2026:05:17:56 -0700] "HEAD /wp-content/uploads/font-awesome/v6.2.0/css/svg-with-js.css HTTP/1.1" 200 - "-" "WordPress/6.9.4; https://indiabettingexchange.in" 8 **0/8681**
45.3.45.35 - - [14/Mar/2026:05:17:56 -0700] "GET /wp-admin/plugins.php HTTP/2.0" 403 854 "-" "Mozilla/5.0 (Windows NT 10.0; Win64; x64) AppleWebKit/537.36 (KHTML, like Gecko) Chrome/124.0.6367.207 Safari/537.36" 163 **0/163166**
118.139.180.95 - - [14/Mar/2026:05:17:56 -0700] "HEAD /wp-content/uploads/font-awesome/v6.2.0/css/svg-with-js.css HTTP/1.1" 200 - "-" "WordPress/6.9.4; https://indiabettingexchange.in" 8 **0/8474**
45.3.45.35 - - [14/Mar/2026:05:17:56 -0700] "GET /wp-admin/themes.php HTTP/2.0" 403 854 "-" "Mozilla/5.0 (Windows NT 10.0; Win64; x64) AppleWebKit/537.36 (KHTML, like Gecko) Chrome/124.0.6367.207 Safari/537.36" 163 **0/163596**
118.139.180.95 - - [14/Mar/2026:05:17:57 -0700] "HEAD /wp-content/uploads/font-awesome/v6.2.0/css/svg-with-js.css HTTP/1.1" 200 - "-" "WordPress/6.9.4; https://indiabettingexchange.in" 8 **0/8495**
45.3.45.35 - - [14/Mar/2026:05:17:57 -0700] "GET /wp-admin/themes.php HTTP/2.0" 403 854 "-" "Mozilla/5.0 (Windows NT 10.0; Win64; x64) AppleWebKit/537.36 (KHTML, like Gecko) Chrome/124.0.6367.207 Safari/537.36" 191 **0/191967**
176.31.139.7 - - [14/Mar/2026:05:17:57 -0700] "GET /simply-how-much-psi-to-have-a-happy-hour-rtp-slot-big-win-great-jack-hammer/ HTTP/2.0" 200 17713 "-" "Mozilla/5.0 (compatible; AhrefsBot/7.0; +http://ahrefs.com/robot/)" 220 **0/220013**
118.139.180.95 - - [14/Mar/2026:05:17:57 -0700] "HEAD /wp-content/uploads/font-awesome/v6.2.0/css/svg-with-js.css HTTP/1.1" 200 - "-" "WordPress/6.9.4; https://indiabettingexchange.in" 8 **0/8943**
45.3.45.35 - - [14/Mar/2026:05:17:57 -0700] "GET /wp-admin/themes.php HTTP/2.0" 403 854 "-" "Mozilla/5.0 (Windows NT 10.0; Win64; x64) AppleWebKit/537.36 (KHTML, like Gecko) Chrome/124.0.6367.207 Safari/537.36" 192 **0/192528**
74.7.227.158 - - [14/Mar/2026:05:17:57 -0700] "GET /first-time-i-had-it-immediately-2nd-are-for-the-sept-20th-and-still-nothing/ HTTP/2.0" 200 15670 "https://indiabettingexchange.in/articles/page/644/" "Mozilla/5.0 AppleWebKit/537.36 (KHTML, like Gecko; compatible; GPTBot/1.3; +https://openai.com/gptbot)" 196 **0/196814**
118.139.180.95 - - [14/Mar/2026:05:17:58 -0700] "HEAD /wp-content/uploads/font-awesome/v6.2.0/css/svg-with-js.css HTTP/1.1" 200 - "-" "WordPress/6.9.4; https://indiabettingexchange.in" 11 **0/11666**
45.3.45.35 - - [14/Mar/2026:05:17:58 -0700] "GET /wp-admin/themes.php HTTP/2.0" 403 854 "-" "Mozilla/5.0 (Windows NT 10.0; Win64; x64) AppleWebKit/537.36 (KHTML, like Gecko) Chrome/124.0.6367.207 Safari/537.36" 199 **0/199177**
118.139.180.95 - - [14/Mar/2026:05:17:58 -0700] "HEAD /wp-content/uploads/font-awesome/v6.2.0/css/svg-with-js.css HTTP/1.1" 200 - "-" "WordPress/6.9.4; https://indiabettingexchange.in" 11 **0/11106**
45.3.45.35 - - [14/Mar/2026:05:17:58 -0700] "GET /wp-admin/themes.php HTTP/2.0" 403 854 "-" "Mozilla/5.0 (Windows NT 10.0; Win64; x64) AppleWebKit/537.36 (KHTML, like Gecko) Chrome/124.0.6367.207 Safari/537.36" 191 **0/191552**
118.139.180.95 - - [14/Mar/2026:05:17:59 -0700] "HEAD /wp-content/uploads/font-awesome/v6.2.0/css/svg-with-js.css HTTP/1.1" 200 - "-" "WordPress/6.9.4; https://indiabettingexchange.in" 10 **0/10036**
45.3.45.35 - - [14/Mar/2026:05:17:58 -0700] "GET /wp-admin/themes.php HTTP/2.0" 403 854 "-" "Mozilla/5.0 (Windows NT 10.0; Win64; x64) AppleWebKit/537.36 (KHTML, like Gecko) Chrome/124.0.6367.207 Safari/537.36" 180 **0/180673**
118.139.180.95 - - [14/Mar/2026:05:17:59 -0700] "HEAD /wp-content/uploads/font-awesome/v6.2.0/css/svg-with-js.css HTTP/1.1" 200 - "-" "WordPress/6.9.4; https://indiabettingexchange.in" 8 **0/8468**
45.3.45.35 - - [14/Mar/2026:05:17:59 -0700] "GET /wp-admin/themes.php HTTP/2.0" 403 854 "-" "Mozilla/5.0 (Windows NT 10.0; Win64; x64) AppleWebKit/537.36 (KHTML, like Gecko) Chrome/124.0.6367.207 Safari/537.36" 210 **0/210029**
74.7.227.158 - - [14/Mar/2026:05:17:59 -0700] "GET /next-and-you-can-3rd-places-come-that-have-a-good-100-meets-extra-per-as-much-as-cthree-hundred/ HTTP/2.0" 200 15866 "https://indiabettingexchange.in/articles/page/644/" "Mozilla/5.0 AppleWebKit/537.36 (KHTML, like Gecko; compatible; GPTBot/1.3; +https://openai.com/gptbot)" 247 **0/247811**
118.139.180.95 - - [14/Mar/2026:05:17:59 -0700] "HEAD /wp-content/uploads/font-awesome/v6.2.0/css/svg-with-js.css HTTP/1.1" 200 - "-" "WordPress/6.9.4; https://indiabettingexchange.in" 7 **0/7875**
45.3.45.35 - - [14/Mar/2026:05:17:59 -0700] "GET /wp-admin/themes.php HTTP/2.0" 403 854 "-" "Mozilla/5.0 (Windows NT 10.0; Win64; x64) AppleWebKit/537.36 (KHTML, like Gecko) Chrome/124.0.6367.207 Safari/537.36" 174 **0/174772**
118.139.180.95 - - [14/Mar/2026:05:18:00 -0700] "HEAD /wp-content/uploads/font-awesome/v6.2.0/css/svg-with-js.css HTTP/1.1" 200 - "-" "WordPress/6.9.4; https://indiabettingexchange.in" 11 **0/11708**
45.3.45.35 - - [14/Mar/2026:05:18:00 -0700] "GET /wp-admin/themes.php HTTP/2.0" 403 854 "-" "Mozilla/5.0 (Windows NT 10.0; Win64; x64) AppleWebKit/537.36 (KHTML, like Gecko) Chrome/124.0.6367.207 Safari/537.36" 234 **0/234648**
118.139.180.95 - - [14/Mar/2026:05:18:00 -0700] "HEAD /wp-content/uploads/font-awesome/v6.2.0/css/svg-with-js.css HTTP/1.1" 200 - "-" "WordPress/6.9.4; https://indiabettingexchange.in" 10 **0/10111**
45.3.45.35 - - [14/Mar/2026:05:18:00 -0700] "GET /wp-admin/themes.php HTTP/2.0" 403 854 "-" "Mozilla/5.0 (Windows NT 10.0; Win64; x64) AppleWebKit/537.36 (KHTML, like Gecko) Chrome/124.0.6367.207 Safari/537.36" 191 **0/191712**
74.7.227.158 - - [14/Mar/2026:05:18:00 -0700] "GET /very-first-time-i-got-they-right-away-second-try-for-the-sept-20th-whilst-still-being-nothing/ HTTP/2.0" 200 15725 "https://indiabettingexchange.in/articles/page/643/" "Mozilla/5.0 AppleWebKit/537.36 (KHTML, like Gecko; compatible; GPTBot/1.3; +https://openai.com/gptbot)" 240 **0/240671**
118.139.180.95 - - [14/Mar/2026:05:18:01 -0700] "HEAD /wp-content/uploads/font-awesome/v6.2.0/css/svg-with-js.css HTTP/1.1" 200 - "-" "WordPress/6.9.4; https://indiabettingexchange.in" 10 **0/10809**
45.3.45.35 - - [14/Mar/2026:05:18:01 -0700] "GET /wp-admin/plugins.php HTTP/2.0" 403 854 "-" "Mozilla/5.0 (Windows NT 10.0; Win64; x64) AppleWebKit/537.36 (KHTML, like Gecko) Chrome/124.0.6367.207 Safari/537.36" 206 **0/206786**
118.139.180.95 - - [14/Mar/2026:05:18:01 -0700] "HEAD /wp-content/uploads/font-awesome/v6.2.0/css/svg-with-js.css HTTP/1.1" 200 - "-" "WordPress/6.9.4; https://indiabettingexchange.in" 12 **0/12202**
45.3.45.35 - - [14/Mar/2026:05:18:01 -0700] "GET /wp-admin/plugins.php HTTP/2.0" 403 854 "-" "Mozilla/5.0 (Windows NT 10.0; Win64; x64) AppleWebKit/537.36 (KHTML, like Gecko) Chrome/124.0.6367.207 Safari/537.36" 288 **0/288573**
118.139.180.95 - - [14/Mar/2026:05:18:02 -0700] "HEAD /wp-content/uploads/font-awesome/v6.2.0/css/svg-with-js.css HTTP/1.1" 200 - "-" "WordPress/6.9.4; https://indiabettingexchange.in" 11 **0/11898**
45.3.45.35 - - [14/Mar/2026:05:18:01 -0700] "GET /wp-admin/plugins.php HTTP/2.0" 403 854 "-" "Mozilla/5.0 (Windows NT 10.0; Win64; x64) AppleWebKit/537.36 (KHTML, like Gecko) Chrome/124.0.6367.207 Safari/537.36" 375 **0/375461**
118.139.180.95 - - [14/Mar/2026:05:18:02 -0700] "HEAD /wp-content/uploads/font-awesome/v6.2.0/css/svg-with-js.css HTTP/1.1" 200 - "-" "WordPress/6.9.4; https://indiabettingexchange.in" 12 **0/12128**
74.7.227.158 - - [14/Mar/2026:05:18:02 -0700] "GET /that-it-non-british-local-casino-constantly-procedure-cashout-demands-within-this-2-days/ HTTP/2.0" 200 15904 "https://indiabettingexchange.in/articles/page/644/" "Mozilla/5.0 AppleWebKit/537.36 (KHTML, like Gecko; compatible; GPTBot/1.3; +https://openai.com/gptbot)" 349 **0/349373**
45.3.45.35 - - [14/Mar/2026:05:18:02 -0700] "GET /wp-admin/plugins.php HTTP/2.0" 403 854 "-" "Mozilla/5.0 (Windows NT 10.0; Win64; x64) AppleWebKit/537.36 (KHTML, like Gecko) Chrome/124.0.6367.207 Safari/537.36" 285 **0/285528**
118.139.180.95 - - [14/Mar/2026:05:18:03 -0700] "HEAD /wp-content/uploads/font-awesome/v6.2.0/css/svg-with-js.css HTTP/1.1" 200 - "-" "WordPress/6.9.4; https://indiabettingexchange.in" 10 **0/10695**
45.3.45.35 - - [14/Mar/2026:05:18:03 -0700] "GET /wp-admin/plugins.php HTTP/2.0" 403 854 "-" "Mozilla/5.0 (Windows NT 10.0; Win64; x64) AppleWebKit/537.36 (KHTML, like Gecko) Chrome/124.0.6367.207 Safari/537.36" 223 **0/223570**
118.139.180.95 - - [14/Mar/2026:05:18:03 -0700] "HEAD /wp-content/uploads/font-awesome/v6.2.0/css/svg-with-js.css HTTP/1.1" 200 - "-" "WordPress/6.9.4; https://indiabettingexchange.in" 12 **0/12778**
45.3.45.35 - - [14/Mar/2026:05:18:03 -0700] "GET /wp-admin/plugins.php HTTP/2.0" 403 854 "-" "Mozilla/5.0 (Windows NT 10.0; Win64; x64) AppleWebKit/537.36 (KHTML, like Gecko) Chrome/124.0.6367.207 Safari/537.36" 220 **0/220694**
118.139.180.95 - - [14/Mar/2026:05:18:04 -0700] "HEAD /wp-content/uploads/font-awesome/v6.2.0/css/svg-with-js.css HTTP/1.1" 200 - "-" "WordPress/6.9.4; https://indiabettingexchange.in" 12 **0/12317**
45.3.45.35 - - [14/Mar/2026:05:18:03 -0700] "GET /wp-admin/plugins.php HTTP/2.0" 403 854 "-" "Mozilla/5.0 (Windows NT 10.0; Win64; x64) AppleWebKit/537.36 (KHTML, like Gecko) Chrome/124.0.6367.207 Safari/537.36" 215 **0/215757**
74.7.227.158 - - [14/Mar/2026:05:18:04 -0700] "GET /40-years-out-of-legal-sports-betting-betonline-ag-bitcoin-bitcoin-casino-in-australia-points-to-threats-for-people-gamblers-and-you-may-tips-for-bodies/ HTTP/2.0" 200 18585 "https://indiabettingexchange.in/articles/page/645/" "Mozilla/5.0 AppleWebKit/537.36 (KHTML, like Gecko; compatible; GPTBot/1.3; +https://openai.com/gptbot)" 278 **0/278672**
118.139.180.95 - - [14/Mar/2026:05:18:04 -0700] "HEAD /wp-content/uploads/font-awesome/v6.2.0/css/svg-with-js.css HTTP/1.1" 200 - "-" "WordPress/6.9.4; https://indiabettingexchange.in" 9 **0/9256**
45.3.45.35 - - [14/Mar/2026:05:18:04 -0700] "GET /wp-admin/plugins.php HTTP/2.0" 403 854 "-" "Mozilla/5.0 (Windows NT 10.0; Win64; x64) AppleWebKit/537.36 (KHTML, like Gecko) Chrome/124.0.6367.207 Safari/537.36" 191 **0/191801**
118.139.180.95 - - [14/Mar/2026:05:18:04 -0700] "HEAD /wp-content/uploads/font-awesome/v6.2.0/css/svg-with-js.css HTTP/1.1" 200 - "-" "WordPress/6.9.4; https://indiabettingexchange.in" 9 **0/9043**
45.3.45.35 - - [14/Mar/2026:05:18:04 -0700] "GET /wp-admin/plugins.php HTTP/2.0" 403 854 "-" "Mozilla/5.0 (Windows NT 10.0; Win64; x64) AppleWebKit/537.36 (KHTML, like Gecko) Chrome/124.0.6367.207 Safari/537.36" 170 **0/170659**
118.139.180.95 - - [14/Mar/2026:05:18:05 -0700] "HEAD /wp-content/uploads/font-awesome/v6.2.0/css/svg-with-js.css HTTP/1.1" 200 - "-" "WordPress/6.9.4; https://indiabettingexchange.in" 12 **0/12441**
45.3.45.35 - - [14/Mar/2026:05:18:05 -0700] "GET /wp-admin/plugins.php HTTP/2.0" 403 854 "-" "Mozilla/5.0 (Windows NT 10.0; Win64; x64) AppleWebKit/537.36 (KHTML, like Gecko) Chrome/124.0.6367.207 Safari/537.36" 185 **0/185232**
74.7.227.158 - - [14/Mar/2026:05:18:05 -0700] "GET /rocketplay-local-casino-australia-are-an-internet-gambling-establishment-introduced-inside-2021-and-you-will-operate-because-of-the-direx-n/ HTTP/2.0" 200 16003 "https://indiabettingexchange.in/articles/page/642/" "Mozilla/5.0 AppleWebKit/537.36 (KHTML, like Gecko; compatible; GPTBot/1.3; +https://openai.com/gptbot)" 237 **0/237753**
45.3.54.196 - - [14/Mar/2026:05:18:06 -0700] "GET /wp-login.php HTTP/2.0" 200 2058 "-" "Mozilla/5.0 (Windows NT 10.0; Win64; x64) AppleWebKit/537.36 (KHTML, like Gecko) Chrome/124.0.6367.207 Safari/537.36" 147 **0/147916**
74.7.227.158 - - [14/Mar/2026:05:18:07 -0700] "GET /it-low-british-gambling-establishment-always-procedure-cashout-needs-within-2-days/ HTTP/2.0" 200 15876 "https://indiabettingexchange.in/articles/page/645/" "Mozilla/5.0 AppleWebKit/537.36 (KHTML, like Gecko; compatible; GPTBot/1.3; +https://openai.com/gptbot)" 227 **0/227914**
45.3.54.196 - - [14/Mar/2026:05:18:07 -0700] "GET /wp-login.php?wp_lang=en_US HTTP/2.0" 200 2062 "-" "Mozilla/5.0 (Windows NT 10.0; Win64; x64) AppleWebKit/537.36 (KHTML, like Gecko) Chrome/124.0.6367.207 Safari/537.36" 165 **0/165982**
45.3.54.196 - - [14/Mar/2026:05:18:08 -0700] "POST /wp-login.php?wp_lang=en_US HTTP/2.0" 302 1 "https://indiabettingexchange.in/wp-login.php?wp_lang=en_US" "Mozilla/5.0 (Windows NT 10.0; Win64; x64) AppleWebKit/537.36 (KHTML, like Gecko) Chrome/124.0.6367.207 Safari/537.36" 286 **0/286133**
118.139.180.95 - - [14/Mar/2026:05:18:08 -0700] "HEAD /wp-content/uploads/font-awesome/v6.2.0/css/svg-with-js.css HTTP/1.1" 200 - "-" "WordPress/6.9.4; https://indiabettingexchange.in" 12 **0/12100**
74.7.227.158 - - [14/Mar/2026:05:18:08 -0700] "GET /what-type-is-the-best-gambling-establishment-to-own-canadian-users/ HTTP/2.0" 200 15697 "https://indiabettingexchange.in/articles/page/642/" "Mozilla/5.0 AppleWebKit/537.36 (KHTML, like Gecko; compatible; GPTBot/1.3; +https://openai.com/gptbot)" 297 **0/297308**
45.3.54.196 - - [14/Mar/2026:05:18:08 -0700] "GET /wp-admin/ HTTP/2.0" 200 22912 "https://indiabettingexchange.in/wp-login.php?wp_lang=en_US" "Mozilla/5.0 (Windows NT 10.0; Win64; x64) AppleWebKit/537.36 (KHTML, like Gecko) Chrome/124.0.6367.207 Safari/537.36" 367 **0/367148**
118.139.180.95 - - [14/Mar/2026:05:18:09 -0700] "HEAD /wp-content/uploads/font-awesome/v6.2.0/css/svg-with-js.css HTTP/1.1" 200 - "-" "WordPress/6.9.4; https://indiabettingexchange.in" 9 **0/9849**
45.3.54.196 - - [14/Mar/2026:05:18:09 -0700] "GET /wp-admin/plugins.php HTTP/2.0" 403 854 "-" "Mozilla/5.0 (Windows NT 10.0; Win64; x64) AppleWebKit/537.36 (KHTML, like Gecko) Chrome/124.0.6367.207 Safari/537.36" 200 **0/200401**
118.139.180.95 - - [14/Mar/2026:05:18:10 -0700] "HEAD /wp-content/uploads/font-awesome/v6.2.0/css/svg-with-js.css HTTP/1.1" 200 - "-" "WordPress/6.9.4; https://indiabettingexchange.in" 8 **0/8388**
45.3.54.196 - - [14/Mar/2026:05:18:10 -0700] "GET /wp-admin/plugins.php HTTP/2.0" 403 854 "-" "Mozilla/5.0 (Windows NT 10.0; Win64; x64) AppleWebKit/537.36 (KHTML, like Gecko) Chrome/124.0.6367.207 Safari/537.36" 174 **0/174945**
74.7.227.158 - - [14/Mar/2026:05:18:10 -0700] "GET /simple-tips-to-register-and-you-may-play-within-villento-casino-to-the-android-ios/ HTTP/2.0" 200 15693 "https://indiabettingexchange.in/articles/page/645/" "Mozilla/5.0 AppleWebKit/537.36 (KHTML, like Gecko; compatible; GPTBot/1.3; +https://openai.com/gptbot)" 224 **0/224368**
118.139.180.95 - - [14/Mar/2026:05:18:10 -0700] "HEAD /wp-content/uploads/font-awesome/v6.2.0/css/svg-with-js.css HTTP/1.1" 200 - "-" "WordPress/6.9.4; https://indiabettingexchange.in" 7 **0/7487**
45.3.54.196 - - [14/Mar/2026:05:18:10 -0700] "GET /wp-admin/plugins.php HTTP/2.0" 403 854 "-" "Mozilla/5.0 (Windows NT 10.0; Win64; x64) AppleWebKit/537.36 (KHTML, like Gecko) Chrome/124.0.6367.207 Safari/537.36" 177 **0/177714**
118.139.180.95 - - [14/Mar/2026:05:18:11 -0700] "HEAD /wp-content/uploads/font-awesome/v6.2.0/css/svg-with-js.css HTTP/1.1" 200 - "-" "WordPress/6.9.4; https://indiabettingexchange.in" 9 **0/9331**
45.3.54.196 - - [14/Mar/2026:05:18:11 -0700] "GET /wp-admin/plugins.php HTTP/2.0" 403 854 "-" "Mozilla/5.0 (Windows NT 10.0; Win64; x64) AppleWebKit/537.36 (KHTML, like Gecko) Chrome/124.0.6367.207 Safari/537.36" 151 **0/151034**
118.139.180.95 - - [14/Mar/2026:05:18:12 -0700] "HEAD /wp-content/uploads/font-awesome/v6.2.0/css/svg-with-js.css HTTP/1.1" 200 - "-" "WordPress/6.9.4; https://indiabettingexchange.in" 8 **0/8532**
45.3.54.196 - - [14/Mar/2026:05:18:11 -0700] "GET /wp-admin/plugins.php HTTP/2.0" 403 854 "-" "Mozilla/5.0 (Windows NT 10.0; Win64; x64) AppleWebKit/537.36 (KHTML, like Gecko) Chrome/124.0.6367.207 Safari/537.36" 210 **0/210904**
74.7.227.158 - - [14/Mar/2026:05:18:12 -0700] "GET /allege-a-great-100-2nd-put-extra-all-the-way-to-250-within-ruby-luck-casino/ HTTP/2.0" 200 15418 "https://indiabettingexchange.in/articles/page/644/" "Mozilla/5.0 AppleWebKit/537.36 (KHTML, like Gecko; compatible; GPTBot/1.3; +https://openai.com/gptbot)" 266 **0/266885**
118.139.180.95 - - [14/Mar/2026:05:18:12 -0700] "HEAD /wp-content/uploads/font-awesome/v6.2.0/css/svg-with-js.css HTTP/1.1" 200 - "-" "WordPress/6.9.4; https://indiabettingexchange.in" 10 **0/10309**
45.3.54.196 - - [14/Mar/2026:05:18:12 -0700] "GET /wp-admin/plugins.php HTTP/2.0" 403 854 "-" "Mozilla/5.0 (Windows NT 10.0; Win64; x64) AppleWebKit/537.36 (KHTML, like Gecko) Chrome/124.0.6367.207 Safari/537.36" 166 **0/166197**
118.139.180.95 - - [14/Mar/2026:05:18:13 -0700] "HEAD /wp-content/uploads/font-awesome/v6.2.0/css/svg-with-js.css HTTP/1.1" 200 - "-" "WordPress/6.9.4; https://indiabettingexchange.in" 12 **0/12086**
45.3.54.196 - - [14/Mar/2026:05:18:12 -0700] "GET /wp-admin/plugins.php HTTP/2.0" 403 854 "-" "Mozilla/5.0 (Windows NT 10.0; Win64; x64) AppleWebKit/537.36 (KHTML, like Gecko) Chrome/124.0.6367.207 Safari/537.36" 184 **0/184583**
118.139.180.95 - - [14/Mar/2026:05:18:13 -0700] "HEAD /wp-content/uploads/font-awesome/v6.2.0/css/svg-with-js.css HTTP/1.1" 200 - "-" "WordPress/6.9.4; https://indiabettingexchange.in" 8 **0/8172**
45.3.54.196 - - [14/Mar/2026:05:18:13 -0700] "GET /wp-admin/plugins.php HTTP/2.0" 403 854 "-" "Mozilla/5.0 (Windows NT 10.0; Win64; x64) AppleWebKit/537.36 (KHTML, like Gecko) Chrome/124.0.6367.207 Safari/537.36" 176 **0/176954**
74.7.227.158 - - [14/Mar/2026:05:18:13 -0700] "GET /online-casino-british-150-local-casino-added-davinci-diamond-fixed-slot-machine-real-money-bonus/ HTTP/2.0" 200 20462 "https://indiabettingexchange.in/articles/page/645/" "Mozilla/5.0 AppleWebKit/537.36 (KHTML, like Gecko; compatible; GPTBot/1.3; +https://openai.com/gptbot)" 196 **0/196648**
118.139.180.95 - - [14/Mar/2026:05:18:14 -0700] "HEAD /wp-content/uploads/font-awesome/v6.2.0/css/svg-with-js.css HTTP/1.1" 200 - "-" "WordPress/6.9.4; https://indiabettingexchange.in" 9 **0/9574**
45.3.54.196 - - [14/Mar/2026:05:18:13 -0700] "GET /wp-admin/plugins.php HTTP/2.0" 403 854 "-" "Mozilla/5.0 (Windows NT 10.0; Win64; x64) AppleWebKit/537.36 (KHTML, like Gecko) Chrome/124.0.6367.207 Safari/537.36" 203 **0/203397**
118.139.180.95 - - [14/Mar/2026:05:18:14 -0700] "HEAD /wp-content/uploads/font-awesome/v6.2.0/css/svg-with-js.css HTTP/1.1" 200 - "-" "WordPress/6.9.4; https://indiabettingexchange.in" 10 **0/10642**
45.3.54.196 - - [14/Mar/2026:05:18:14 -0700] "GET /wp-admin/plugins.php HTTP/2.0" 403 854 "-" "Mozilla/5.0 (Windows NT 10.0; Win64; x64) AppleWebKit/537.36 (KHTML, like Gecko) Chrome/124.0.6367.207 Safari/537.36" 191 **0/191119**
118.139.180.95 - - [14/Mar/2026:05:18:15 -0700] "HEAD /wp-content/uploads/font-awesome/v6.2.0/css/svg-with-js.css HTTP/1.1" 200 - "-" "WordPress/6.9.4; https://indiabettingexchange.in" 9 **0/9367**
45.3.54.196 - - [14/Mar/2026:05:18:14 -0700] "GET /wp-admin/plugins.php HTTP/2.0" 403 854 "-" "Mozilla/5.0 (Windows NT 10.0; Win64; x64) AppleWebKit/537.36 (KHTML, like Gecko) Chrome/124.0.6367.207 Safari/537.36" 170 **0/170187**
74.7.227.158 - - [14/Mar/2026:05:18:15 -0700] "GET /grand-mondial-local-casino-could-have-been-giving-internet-casino-gaming-since-its-founding-inside-2018/ HTTP/2.0" 200 16742 "https://indiabettingexchange.in/articles/page/645/" "Mozilla/5.0 AppleWebKit/537.36 (KHTML, like Gecko; compatible; GPTBot/1.3; +https://openai.com/gptbot)" 201 **0/201621**
185.191.171.10 - - [14/Mar/2026:05:18:15 -0700] "GET /plus-performants-collegues-de-gaming-i%EF%BF%BD-propos-des-casinos-hexagonal/ HTTP/1.1" 200 17442 "-" "Mozilla/5.0 (compatible; SemrushBot/7~bl; +http://www.semrush.com/bot.html)" 197 **0/197914**
118.139.180.95 - - [14/Mar/2026:05:18:15 -0700] "HEAD /wp-content/uploads/font-awesome/v6.2.0/css/svg-with-js.css HTTP/1.1" 200 - "-" "WordPress/6.9.4; https://indiabettingexchange.in" 7 **0/7995**
45.3.54.196 - - [14/Mar/2026:05:18:15 -0700] "GET /wp-admin/themes.php HTTP/2.0" 403 854 "-" "Mozilla/5.0 (Windows NT 10.0; Win64; x64) AppleWebKit/537.36 (KHTML, like Gecko) Chrome/124.0.6367.207 Safari/537.36" 160 **0/160947**
118.139.180.95 - - [14/Mar/2026:05:18:15 -0700] "HEAD /wp-content/uploads/font-awesome/v6.2.0/css/svg-with-js.css HTTP/1.1" 200 - "-" "WordPress/6.9.4; https://indiabettingexchange.in" 10 **0/10449**
45.3.54.196 - - [14/Mar/2026:05:18:15 -0700] "GET /wp-admin/themes.php HTTP/2.0" 403 854 "-" "Mozilla/5.0 (Windows NT 10.0; Win64; x64) AppleWebKit/537.36 (KHTML, like Gecko) Chrome/124.0.6367.207 Safari/537.36" 159 **0/159569**
118.139.180.95 - - [14/Mar/2026:05:18:16 -0700] "HEAD /wp-content/uploads/font-awesome/v6.2.0/css/svg-with-js.css HTTP/1.1" 200 - "-" "WordPress/6.9.4; https://indiabettingexchange.in" 8 **0/8783**
45.3.54.196 - - [14/Mar/2026:05:18:16 -0700] "GET /wp-admin/themes.php HTTP/2.0" 403 854 "-" "Mozilla/5.0 (Windows NT 10.0; Win64; x64) AppleWebKit/537.36 (KHTML, like Gecko) Chrome/124.0.6367.207 Safari/537.36" 191 **0/191071**
74.7.227.158 - - [14/Mar/2026:05:18:16 -0700] "GET /type-of-no-deposit-bonuses-given-by-rocketplay-gambling-enterprise/ HTTP/2.0" 200 15597 "https://indiabettingexchange.in/articles/page/643/" "Mozilla/5.0 AppleWebKit/537.36 (KHTML, like Gecko; compatible; GPTBot/1.3; +https://openai.com/gptbot)" 189 **0/189165**
118.139.180.95 - - [14/Mar/2026:05:18:17 -0700] "HEAD /wp-content/uploads/font-awesome/v6.2.0/css/svg-with-js.css HTTP/1.1" 200 - "-" "WordPress/6.9.4; https://indiabettingexchange.in" 9 **0/9716**
