74.7.227.158 - - [14/Mar/2026:05:21:13 -0700] "GET /wp-json/oembed/1.0/embed?url=https%3A%2F%2Findiabettingexchange.in%2Fparticular-biggest-rocketplay-gambling-enterprise-cellular-adaptation-incentives-are-a-welcome-package-per-week-merchandise-and-you-can-promotions%2F HTTP/2.0" 200 1356 "https://indiabettingexchange.in/particular-biggest-rocketplay-gambling-enterprise-cellular-adaptation-incentives-are-a-welcome-package-per-week-merchandise-and-you-can-promotions/" "Mozilla/5.0 AppleWebKit/537.36 (KHTML, like Gecko; compatible; GPTBot/1.3; +https://openai.com/gptbot)" 166 **0/166935**
47.128.24.25 - - [14/Mar/2026:05:21:13 -0700] "GET /wp-content/uploads/2023/01/BFB-Main.png HTTP/2.0" 404 35516 "https://indiabettingexchange.in/theres-not-an-individual-on-line-casino-all-over-you-to-wont-offer-position-game/" "Mozilla/5.0 (Linux; Android 5.0) AppleWebKit/537.36 (KHTML, like Gecko) Mobile Safari/537.36 (compatible; Bytespider; spider-feedback@bytedance.com)" 149 **0/149775**
47.128.24.25 - - [14/Mar/2026:05:21:13 -0700] "GET /wp-content/uploads/2023/01/3.png HTTP/2.0" 404 35516 "https://indiabettingexchange.in/theres-not-an-individual-on-line-casino-all-over-you-to-wont-offer-position-game/" "Mozilla/5.0 (Linux; Android 5.0) AppleWebKit/537.36 (KHTML, like Gecko) Mobile Safari/537.36 (compatible; Bytespider; spider-feedback@bytedance.com)" 190 **0/190854**
118.139.180.95 - - [14/Mar/2026:05:21:13 -0700] "HEAD /wp-content/uploads/font-awesome/v6.2.0/css/svg-with-js.css HTTP/1.1" 200 - "-" "WordPress/6.9.4; https://indiabettingexchange.in" 10 **0/10504**
104.207.55.202 - - [14/Mar/2026:05:21:13 -0700] "GET /wp-admin/plugins.php HTTP/2.0" 403 854 "-" "Mozilla/5.0 (Windows NT 10.0; Win64; x64) AppleWebKit/537.36 (KHTML, like Gecko) Chrome/124.0.6367.207 Safari/537.36" 154 **0/154320**
74.7.227.158 - - [14/Mar/2026:05:21:13 -0700] "GET /wp-json/oembed/1.0/embed?url=https%3A%2F%2Findiabettingexchange.in%2Fgolden-tiger-is-limited-in-a-number-of-regions-however-specifically-the-united-states-continental-european-countries-and-you-may-australian-continent%2F HTTP/2.0" 200 1331 "https://indiabettingexchange.in/golden-tiger-is-limited-in-a-number-of-regions-however-specifically-the-united-states-continental-european-countries-and-you-may-australian-continent/" "Mozilla/5.0 AppleWebKit/537.36 (KHTML, like Gecko; compatible; GPTBot/1.3; +https://openai.com/gptbot)" 150 **0/150362**
47.128.24.25 - - [14/Mar/2026:05:21:13 -0700] "GET /wp-content/uploads/2022/11/1-e1668155022728.png HTTP/2.0" 404 35516 "https://indiabettingexchange.in/theres-not-an-individual-on-line-casino-all-over-you-to-wont-offer-position-game/" "Mozilla/5.0 (Linux; Android 5.0) AppleWebKit/537.36 (KHTML, like Gecko) Mobile Safari/537.36 (compatible; Bytespider; spider-feedback@bytedance.com)" 180 **0/180285**
47.128.24.25 - - [14/Mar/2026:05:21:13 -0700] "GET /wp-content/uploads/2023/01/1.png HTTP/2.0" 404 35515 "https://indiabettingexchange.in/theres-not-an-individual-on-line-casino-all-over-you-to-wont-offer-position-game/" "Mozilla/5.0 (Linux; Android 5.0) AppleWebKit/537.36 (KHTML, like Gecko) Mobile Safari/537.36 (compatible; Bytespider; spider-feedback@bytedance.com)" 184 **0/184152**
118.139.180.95 - - [14/Mar/2026:05:21:14 -0700] "HEAD /wp-content/uploads/font-awesome/v6.2.0/css/svg-with-js.css HTTP/1.1" 200 - "-" "WordPress/6.9.4; https://indiabettingexchange.in" 9 **0/9336**
104.207.55.202 - - [14/Mar/2026:05:21:13 -0700] "GET /wp-admin/plugins.php HTTP/2.0" 403 854 "-" "Mozilla/5.0 (Windows NT 10.0; Win64; x64) AppleWebKit/537.36 (KHTML, like Gecko) Chrome/124.0.6367.207 Safari/537.36" 185 **0/185138**
118.139.180.95 - - [14/Mar/2026:05:21:14 -0700] "HEAD /wp-content/uploads/font-awesome/v6.2.0/css/svg-with-js.css HTTP/1.1" 200 - "-" "WordPress/6.9.4; https://indiabettingexchange.in" 9 **0/9083**
74.7.227.158 - - [14/Mar/2026:05:21:14 -0700] "GET /rocket-popiplay-prize-pond-twenty-three-000-eur-skyrocket-fresh-spins-honor-pond-5-000-eur/feed/ HTTP/2.0" 200 432 "https://indiabettingexchange.in/rocket-popiplay-prize-pond-twenty-three-000-eur-skyrocket-fresh-spins-honor-pond-5-000-eur/" "Mozilla/5.0 AppleWebKit/537.36 (KHTML, like Gecko; compatible; GPTBot/1.3; +https://openai.com/gptbot)" 164 **0/164722**
104.207.55.202 - - [14/Mar/2026:05:21:14 -0700] "GET /wp-admin/plugins.php HTTP/2.0" 403 854 "-" "Mozilla/5.0 (Windows NT 10.0; Win64; x64) AppleWebKit/537.36 (KHTML, like Gecko) Chrome/124.0.6367.207 Safari/537.36" 183 **0/183901**
118.139.180.95 - - [14/Mar/2026:05:21:15 -0700] "HEAD /wp-content/uploads/font-awesome/v6.2.0/css/svg-with-js.css HTTP/1.1" 200 - "-" "WordPress/6.9.4; https://indiabettingexchange.in" 7 **0/7893**
104.207.55.202 - - [14/Mar/2026:05:21:14 -0700] "GET /wp-admin/plugins.php HTTP/2.0" 403 854 "-" "Mozilla/5.0 (Windows NT 10.0; Win64; x64) AppleWebKit/537.36 (KHTML, like Gecko) Chrome/124.0.6367.207 Safari/537.36" 174 **0/174230**
74.7.227.158 - - [14/Mar/2026:05:21:14 -0700] "GET /articles/page/651/ HTTP/2.0" 200 16783 "https://indiabettingexchange.in/articles/page/647/" "Mozilla/5.0 AppleWebKit/537.36 (KHTML, like Gecko; compatible; GPTBot/1.3; +https://openai.com/gptbot)" 494 **0/494277**
118.139.180.95 - - [14/Mar/2026:05:21:15 -0700] "HEAD /wp-content/uploads/font-awesome/v6.2.0/css/svg-with-js.css HTTP/1.1" 200 - "-" "WordPress/6.9.4; https://indiabettingexchange.in" 9 **0/9382**
74.7.241.143 - - [14/Mar/2026:05:21:15 -0700] "GET /robots.txt HTTP/2.0" 200 75 "-" "Mozilla/5.0 (Macintosh; Intel Mac OS X 10_15_7) AppleWebKit/537.36 (KHTML, like Gecko) Chrome/131.0.0.0 Safari/537.36; compatible; OAI-SearchBot/1.3; robots.txt; +https://openai.com/searchbot" 10 **0/10328**
104.207.55.202 - - [14/Mar/2026:05:21:15 -0700] "GET /wp-admin/plugins.php HTTP/2.0" 403 854 "-" "Mozilla/5.0 (Windows NT 10.0; Win64; x64) AppleWebKit/537.36 (KHTML, like Gecko) Chrome/124.0.6367.207 Safari/537.36" 194 **0/194222**
40.77.167.49 - - [14/Mar/2026:05:21:15 -0700] "GET /pokerstars-best-extra-codes-2025-nights-of-fortune-free-spins-150-get-the-ps-incentive-now/ HTTP/2.0" 200 17555 "-" "Mozilla/5.0 AppleWebKit/537.36 (KHTML, like Gecko; compatible; bingbot/2.0; +http://www.bing.com/bingbot.htm) Chrome/116.0.1938.76 Safari/537.36" 212 **0/212471**
118.139.180.95 - - [14/Mar/2026:05:21:16 -0700] "HEAD /wp-content/uploads/font-awesome/v6.2.0/css/svg-with-js.css HTTP/1.1" 200 - "-" "WordPress/6.9.4; https://indiabettingexchange.in" 7 **0/7414**
104.207.55.202 - - [14/Mar/2026:05:21:15 -0700] "GET /wp-admin/plugins.php HTTP/2.0" 403 854 "-" "Mozilla/5.0 (Windows NT 10.0; Win64; x64) AppleWebKit/537.36 (KHTML, like Gecko) Chrome/124.0.6367.207 Safari/537.36" 146 **0/146492**
74.7.227.158 - - [14/Mar/2026:05:21:15 -0700] "GET /articles/page/652/ HTTP/2.0" 200 17148 "https://indiabettingexchange.in/articles/page/649/" "Mozilla/5.0 AppleWebKit/537.36 (KHTML, like Gecko; compatible; GPTBot/1.3; +https://openai.com/gptbot)" 425 **0/425714**
118.139.180.95 - - [14/Mar/2026:05:21:16 -0700] "HEAD /wp-content/uploads/font-awesome/v6.2.0/css/svg-with-js.css HTTP/1.1" 200 - "-" "WordPress/6.9.4; https://indiabettingexchange.in" 7 **0/7320**
104.207.55.202 - - [14/Mar/2026:05:21:16 -0700] "GET /wp-admin/plugins.php HTTP/2.0" 403 854 "-" "Mozilla/5.0 (Windows NT 10.0; Win64; x64) AppleWebKit/537.36 (KHTML, like Gecko) Chrome/124.0.6367.207 Safari/537.36" 146 **0/146371**
118.139.180.95 - - [14/Mar/2026:05:21:16 -0700] "HEAD /wp-content/uploads/font-awesome/v6.2.0/css/svg-with-js.css HTTP/1.1" 200 - "-" "WordPress/6.9.4; https://indiabettingexchange.in" 8 **0/8116**
104.207.55.202 - - [14/Mar/2026:05:21:16 -0700] "GET /wp-admin/themes.php HTTP/2.0" 403 854 "-" "Mozilla/5.0 (Windows NT 10.0; Win64; x64) AppleWebKit/537.36 (KHTML, like Gecko) Chrome/124.0.6367.207 Safari/537.36" 161 **0/161852**
74.7.227.158 - - [14/Mar/2026:05:21:16 -0700] "GET /articles/page/653/ HTTP/2.0" 200 17029 "https://indiabettingexchange.in/articles/page/649/" "Mozilla/5.0 AppleWebKit/537.36 (KHTML, like Gecko; compatible; GPTBot/1.3; +https://openai.com/gptbot)" 451 **0/451989**
118.139.180.95 - - [14/Mar/2026:05:21:17 -0700] "HEAD /wp-content/uploads/font-awesome/v6.2.0/css/svg-with-js.css HTTP/1.1" 200 - "-" "WordPress/6.9.4; https://indiabettingexchange.in" 9 **0/9729**
104.207.55.202 - - [14/Mar/2026:05:21:17 -0700] "GET /wp-admin/themes.php HTTP/2.0" 403 854 "-" "Mozilla/5.0 (Windows NT 10.0; Win64; x64) AppleWebKit/537.36 (KHTML, like Gecko) Chrome/124.0.6367.207 Safari/537.36" 177 **0/177610**
185.191.171.1 - - [14/Mar/2026:05:21:17 -0700] "GET /cleopatra-gold-enjoy-cleopatra-silver-slot-machines-on-line-100-percent-free/ HTTP/1.1" 200 17823 "-" "Mozilla/5.0 (compatible; SemrushBot/7~bl; +http://www.semrush.com/bot.html)" 237 **0/237864**
118.139.180.95 - - [14/Mar/2026:05:21:17 -0700] "HEAD /wp-content/uploads/font-awesome/v6.2.0/css/svg-with-js.css HTTP/1.1" 200 - "-" "WordPress/6.9.4; https://indiabettingexchange.in" 7 **0/7840**
74.7.227.158 - - [14/Mar/2026:05:21:17 -0700] "GET /articles/page/650/ HTTP/2.0" 200 16841 "https://indiabettingexchange.in/articles/page/647/" "Mozilla/5.0 AppleWebKit/537.36 (KHTML, like Gecko; compatible; GPTBot/1.3; +https://openai.com/gptbot)" 554 **0/554460**
114.119.140.21 - - [14/Mar/2026:05:21:17 -0700] "GET /unser-kasino-festspielstadt-wird-vermessen-uff-seine-river-vielfia%EF%BF%BDltigsten-sonderveranstaltungen-weiters-turniere-vorweg/ HTTP/1.1" 200 17991 "https://indiabettingexchange.in/unser-kasino-festspielstadt-wird-vermessen-uff-seine-river-vielfia%ef%bf%bdltigsten-sonderveranstaltungen-weiters-turniere-vorweg" "Mozilla/5.0 (Linux; Android 7.0;) AppleWebKit/537.36 (KHTML, like Gecko) Mobile Safari/537.36 (compatible; PetalBot;+https://webmaster.petalsearch.com/site/petalbot)" 232 **0/232845**
104.207.55.202 - - [14/Mar/2026:05:21:17 -0700] "GET /wp-admin/themes.php HTTP/2.0" 403 854 "-" "Mozilla/5.0 (Windows NT 10.0; Win64; x64) AppleWebKit/537.36 (KHTML, like Gecko) Chrome/124.0.6367.207 Safari/537.36" 184 **0/184226**
118.139.180.95 - - [14/Mar/2026:05:21:18 -0700] "HEAD /wp-content/uploads/font-awesome/v6.2.0/css/svg-with-js.css HTTP/1.1" 200 - "-" "WordPress/6.9.4; https://indiabettingexchange.in" 10 **0/10914**
74.7.227.158 - - [14/Mar/2026:05:21:18 -0700] "GET /wp-json/oembed/1.0/embed?url=https%3A%2F%2Findiabettingexchange.in%2Fthis-can-be-among-the-many-earliest-casino-poker-clubs-for-the-toronto-that-youll-discover%2F HTTP/2.0" 200 1321 "https://indiabettingexchange.in/this-can-be-among-the-many-earliest-casino-poker-clubs-for-the-toronto-that-youll-discover/" "Mozilla/5.0 AppleWebKit/537.36 (KHTML, like Gecko; compatible; GPTBot/1.3; +https://openai.com/gptbot)" 155 **0/155885**
104.207.55.202 - - [14/Mar/2026:05:21:18 -0700] "GET /wp-admin/themes.php HTTP/2.0" 403 854 "-" "Mozilla/5.0 (Windows NT 10.0; Win64; x64) AppleWebKit/537.36 (KHTML, like Gecko) Chrome/124.0.6367.207 Safari/537.36" 180 **0/180074**
118.139.180.95 - - [14/Mar/2026:05:21:18 -0700] "HEAD /wp-content/uploads/font-awesome/v6.2.0/css/svg-with-js.css HTTP/1.1" 200 - "-" "WordPress/6.9.4; https://indiabettingexchange.in" 10 **0/10237**
104.207.55.202 - - [14/Mar/2026:05:21:18 -0700] "GET /wp-admin/themes.php HTTP/2.0" 403 854 "-" "Mozilla/5.0 (Windows NT 10.0; Win64; x64) AppleWebKit/537.36 (KHTML, like Gecko) Chrome/124.0.6367.207 Safari/537.36" 181 **0/181843**
74.7.227.158 - - [14/Mar/2026:05:21:18 -0700] "GET /wp-json/oembed/1.0/embed?url=https%3A%2F%2Findiabettingexchange.in%2Fbecause-of-so-many-gaming-internet-in-the-canada-particular-reviews-are-bound-to-be-produced%2F HTTP/2.0" 200 1323 "https://indiabettingexchange.in/because-of-so-many-gaming-internet-in-the-canada-particular-reviews-are-bound-to-be-produced/" "Mozilla/5.0 AppleWebKit/537.36 (KHTML, like Gecko; compatible; GPTBot/1.3; +https://openai.com/gptbot)" 184 **0/184314**
118.139.180.95 - - [14/Mar/2026:05:21:19 -0700] "HEAD /wp-content/uploads/font-awesome/v6.2.0/css/svg-with-js.css HTTP/1.1" 200 - "-" "WordPress/6.9.4; https://indiabettingexchange.in" 10 **0/10951**
104.207.55.202 - - [14/Mar/2026:05:21:19 -0700] "GET /wp-admin/themes.php HTTP/2.0" 403 854 "-" "Mozilla/5.0 (Windows NT 10.0; Win64; x64) AppleWebKit/537.36 (KHTML, like Gecko) Chrome/124.0.6367.207 Safari/537.36" 198 **0/198770**
74.7.227.158 - - [14/Mar/2026:05:21:19 -0700] "GET /wp-json/oembed/1.0/embed?url=https%3A%2F%2Findiabettingexchange.in%2Fyou-may-be-banged-out-without-the-cautions-as-well-as-have-their-currency-stuck-in-there%2F HTTP/2.0" 200 1296 "https://indiabettingexchange.in/you-may-be-banged-out-without-the-cautions-as-well-as-have-their-currency-stuck-in-there/" "Mozilla/5.0 AppleWebKit/537.36 (KHTML, like Gecko; compatible; GPTBot/1.3; +https://openai.com/gptbot)" 163 **0/163381**
118.139.180.95 - - [14/Mar/2026:05:21:19 -0700] "HEAD /wp-content/uploads/font-awesome/v6.2.0/css/svg-with-js.css HTTP/1.1" 200 - "-" "WordPress/6.9.4; https://indiabettingexchange.in" 7 **0/7502**
104.207.55.202 - - [14/Mar/2026:05:21:19 -0700] "GET /wp-admin/themes.php HTTP/2.0" 403 854 "-" "Mozilla/5.0 (Windows NT 10.0; Win64; x64) AppleWebKit/537.36 (KHTML, like Gecko) Chrome/124.0.6367.207 Safari/537.36" 158 **0/158850**
74.7.227.158 - - [14/Mar/2026:05:21:19 -0700] "GET /wp-json/oembed/1.0/embed?url=https%3A%2F%2Findiabettingexchange.in%2Fthis-is-why-the-variety-of-games-is-limited-as-compared-to-web-sites-offered-by-fifty-labels%2F HTTP/2.0" 200 1321 "https://indiabettingexchange.in/this-is-why-the-variety-of-games-is-limited-as-compared-to-web-sites-offered-by-fifty-labels/" "Mozilla/5.0 AppleWebKit/537.36 (KHTML, like Gecko; compatible; GPTBot/1.3; +https://openai.com/gptbot)" 141 **0/141013**
118.139.180.95 - - [14/Mar/2026:05:21:20 -0700] "HEAD /wp-content/uploads/font-awesome/v6.2.0/css/svg-with-js.css HTTP/1.1" 200 - "-" "WordPress/6.9.4; https://indiabettingexchange.in" 8 **0/8971**
104.207.55.202 - - [14/Mar/2026:05:21:19 -0700] "GET /wp-admin/themes.php HTTP/2.0" 403 854 "-" "Mozilla/5.0 (Windows NT 10.0; Win64; x64) AppleWebKit/537.36 (KHTML, like Gecko) Chrome/124.0.6367.207 Safari/537.36" 197 **0/197437**
118.139.180.95 - - [14/Mar/2026:05:21:20 -0700] "HEAD /wp-content/uploads/font-awesome/v6.2.0/css/svg-with-js.css HTTP/1.1" 200 - "-" "WordPress/6.9.4; https://indiabettingexchange.in" 10 **0/10182**
104.207.55.202 - - [14/Mar/2026:05:21:20 -0700] "GET /wp-admin/themes.php HTTP/2.0" 403 854 "-" "Mozilla/5.0 (Windows NT 10.0; Win64; x64) AppleWebKit/537.36 (KHTML, like Gecko) Chrome/124.0.6367.207 Safari/537.36" 214 **0/214767**
118.139.180.95 - - [14/Mar/2026:05:21:21 -0700] "HEAD /wp-content/uploads/font-awesome/v6.2.0/css/svg-with-js.css HTTP/1.1" 200 - "-" "WordPress/6.9.4; https://indiabettingexchange.in" 10 **0/10437**
104.207.55.202 - - [14/Mar/2026:05:21:20 -0700] "GET /wp-admin/themes.php HTTP/2.0" 403 854 "-" "Mozilla/5.0 (Windows NT 10.0; Win64; x64) AppleWebKit/537.36 (KHTML, like Gecko) Chrome/124.0.6367.207 Safari/537.36" 174 **0/174808**
118.139.180.95 - - [14/Mar/2026:05:21:21 -0700] "HEAD /wp-content/uploads/font-awesome/v6.2.0/css/svg-with-js.css HTTP/1.1" 200 - "-" "WordPress/6.9.4; https://indiabettingexchange.in" 7 **0/7061**
104.207.55.202 - - [14/Mar/2026:05:21:21 -0700] "GET /wp-admin/plugins.php HTTP/2.0" 403 854 "-" "Mozilla/5.0 (Windows NT 10.0; Win64; x64) AppleWebKit/537.36 (KHTML, like Gecko) Chrome/124.0.6367.207 Safari/537.36" 150 **0/150057**
74.7.227.158 - - [14/Mar/2026:05:21:21 -0700] "GET /wp-json/oembed/1.0/embed?url=https%3A%2F%2Findiabettingexchange.in%2Fthe-website-try-cellular-receptive-giving-a-seamless-and-you-can-fun-sense-wherever-you-are%2F HTTP/2.0" 200 1312 "https://indiabettingexchange.in/the-website-try-cellular-receptive-giving-a-seamless-and-you-can-fun-sense-wherever-you-are/" "Mozilla/5.0 AppleWebKit/537.36 (KHTML, like Gecko; compatible; GPTBot/1.3; +https://openai.com/gptbot)" 163 **0/163754**
185.191.171.12 - - [14/Mar/2026:05:21:21 -0700] "GET /stavka-tv-prognozy-a-sport-i-soobshchestva-kapperov/ HTTP/1.1" 200 27182 "-" "Mozilla/5.0 (compatible; SemrushBot/7~bl; +http://www.semrush.com/bot.html)" 214 **0/214752**
118.139.180.95 - - [14/Mar/2026:05:21:21 -0700] "HEAD /wp-content/uploads/font-awesome/v6.2.0/css/svg-with-js.css HTTP/1.1" 200 - "-" "WordPress/6.9.4; https://indiabettingexchange.in" 7 **0/7967**
104.207.55.202 - - [14/Mar/2026:05:21:21 -0700] "GET /wp-admin/plugins.php HTTP/2.0" 403 854 "-" "Mozilla/5.0 (Windows NT 10.0; Win64; x64) AppleWebKit/537.36 (KHTML, like Gecko) Chrome/124.0.6367.207 Safari/537.36" 156 **0/156124**
74.7.227.158 - - [14/Mar/2026:05:21:22 -0700] "GET /wp-json/oembed/1.0/embed?url=https%3A%2F%2Findiabettingexchange.in%2Freally-does-mro-local-casino-offer-a-no-deposit-extra-password-or-perhaps-is-they-a-key%2F HTTP/2.0" 200 1328 "https://indiabettingexchange.in/really-does-mro-local-casino-offer-a-no-deposit-extra-password-or-perhaps-is-they-a-key/" "Mozilla/5.0 AppleWebKit/537.36 (KHTML, like Gecko; compatible; GPTBot/1.3; +https://openai.com/gptbot)" 145 **0/145772**
118.139.180.95 - - [14/Mar/2026:05:21:22 -0700] "HEAD /wp-content/uploads/font-awesome/v6.2.0/css/svg-with-js.css HTTP/1.1" 200 - "-" "WordPress/6.9.4; https://indiabettingexchange.in" 9 **0/9746**
104.207.55.202 - - [14/Mar/2026:05:21:22 -0700] "GET /wp-admin/plugins.php HTTP/2.0" 403 854 "-" "Mozilla/5.0 (Windows NT 10.0; Win64; x64) AppleWebKit/537.36 (KHTML, like Gecko) Chrome/124.0.6367.207 Safari/537.36" 179 **0/179963**
74.7.227.158 - - [14/Mar/2026:05:21:22 -0700] "GET /wp-json/oembed/1.0/embed?url=https%3A%2F%2Findiabettingexchange.in%2Fhowever-they-very-value-the-fresh-new-casinos-venture-with-over-thirty-five-top-notch-team%2F HTTP/2.0" 200 1342 "https://indiabettingexchange.in/however-they-very-value-the-fresh-new-casinos-venture-with-over-thirty-five-top-notch-team/" "Mozilla/5.0 AppleWebKit/537.36 (KHTML, like Gecko; compatible; GPTBot/1.3; +https://openai.com/gptbot)" 116 **0/116902**
118.139.180.95 - - [14/Mar/2026:05:21:22 -0700] "HEAD /wp-content/uploads/font-awesome/v6.2.0/css/svg-with-js.css HTTP/1.1" 200 - "-" "WordPress/6.9.4; https://indiabettingexchange.in" 6 **0/6746**
104.207.55.202 - - [14/Mar/2026:05:21:22 -0700] "GET /wp-admin/plugins.php HTTP/2.0" 403 854 "-" "Mozilla/5.0 (Windows NT 10.0; Win64; x64) AppleWebKit/537.36 (KHTML, like Gecko) Chrome/124.0.6367.207 Safari/537.36" 129 **0/129769**
118.139.180.95 - - [14/Mar/2026:05:21:23 -0700] "HEAD /wp-content/uploads/font-awesome/v6.2.0/css/svg-with-js.css HTTP/1.1" 200 - "-" "WordPress/6.9.4; https://indiabettingexchange.in" 7 **0/7773**
74.7.227.158 - - [14/Mar/2026:05:21:23 -0700] "GET /red-dog-gambling-establishment-complete-opinion-2022-score-no-deposit-incentive-totally-free-microgaming-casino-slots-revolves/ HTTP/2.0" 200 18375 "https://indiabettingexchange.in/articles/page/651/" "Mozilla/5.0 AppleWebKit/537.36 (KHTML, like Gecko; compatible; GPTBot/1.3; +https://openai.com/gptbot)" 212 **0/212198**
104.207.55.202 - - [14/Mar/2026:05:21:23 -0700] "GET /wp-admin/plugins.php HTTP/2.0" 403 854 "-" "Mozilla/5.0 (Windows NT 10.0; Win64; x64) AppleWebKit/537.36 (KHTML, like Gecko) Chrome/124.0.6367.207 Safari/537.36" 155 **0/155622**
118.139.180.95 - - [14/Mar/2026:05:21:23 -0700] "HEAD /wp-content/uploads/font-awesome/v6.2.0/css/svg-with-js.css HTTP/1.1" 200 - "-" "WordPress/6.9.4; https://indiabettingexchange.in" 8 **0/8574**
104.207.55.202 - - [14/Mar/2026:05:21:23 -0700] "GET /wp-admin/plugins.php HTTP/2.0" 403 854 "-" "Mozilla/5.0 (Windows NT 10.0; Win64; x64) AppleWebKit/537.36 (KHTML, like Gecko) Chrome/124.0.6367.207 Safari/537.36" 163 **0/163773**
74.7.227.158 - - [14/Mar/2026:05:21:23 -0700] "GET /bethard-gambling-establishment-incentive-and-online-casino-welcome-bonuses-you-can-remark-2026-subscribe-give-and-totally-free-revolves/ HTTP/2.0" 200 16681 "https://indiabettingexchange.in/articles/page/652/" "Mozilla/5.0 AppleWebKit/537.36 (KHTML, like Gecko; compatible; GPTBot/1.3; +https://openai.com/gptbot)" 215 **0/215641**
118.139.180.95 - - [14/Mar/2026:05:21:24 -0700] "HEAD /wp-content/uploads/font-awesome/v6.2.0/css/svg-with-js.css HTTP/1.1" 200 - "-" "WordPress/6.9.4; https://indiabettingexchange.in" 8 **0/8999**
104.207.55.202 - - [14/Mar/2026:05:21:24 -0700] "GET /wp-admin/plugins.php HTTP/2.0" 403 854 "-" "Mozilla/5.0 (Windows NT 10.0; Win64; x64) AppleWebKit/537.36 (KHTML, like Gecko) Chrome/124.0.6367.207 Safari/537.36" 200 **0/200404**
74.7.227.158 - - [14/Mar/2026:05:21:24 -0700] "GET /the-new-mobile-client-rocketplay-is-designed-first-of-all-to-the-capability-of-all-affiliate/ HTTP/2.0" 200 15549 "https://indiabettingexchange.in/articles/page/651/" "Mozilla/5.0 AppleWebKit/537.36 (KHTML, like Gecko; compatible; GPTBot/1.3; +https://openai.com/gptbot)" 244 **0/244226**
118.139.180.95 - - [14/Mar/2026:05:21:24 -0700] "HEAD /wp-content/uploads/font-awesome/v6.2.0/css/svg-with-js.css HTTP/1.1" 200 - "-" "WordPress/6.9.4; https://indiabettingexchange.in" 9 **0/9621**
104.207.55.202 - - [14/Mar/2026:05:21:24 -0700] "GET /wp-admin/plugins.php HTTP/2.0" 403 854 "-" "Mozilla/5.0 (Windows NT 10.0; Win64; x64) AppleWebKit/537.36 (KHTML, like Gecko) Chrome/124.0.6367.207 Safari/537.36" 196 **0/196200**
74.7.227.158 - - [14/Mar/2026:05:21:24 -0700] "GET /kann-kicken-p-detta-fantastiska-casino-er-guide/ HTTP/2.0" 200 16887 "https://indiabettingexchange.in/articles/page/653/" "Mozilla/5.0 AppleWebKit/537.36 (KHTML, like Gecko; compatible; GPTBot/1.3; +https://openai.com/gptbot)" 216 **0/216013**
118.139.180.95 - - [14/Mar/2026:05:21:25 -0700] "HEAD /wp-content/uploads/font-awesome/v6.2.0/css/svg-with-js.css HTTP/1.1" 200 - "-" "WordPress/6.9.4; https://indiabettingexchange.in" 10 **0/10639**
104.207.55.202 - - [14/Mar/2026:05:21:25 -0700] "GET /wp-admin/plugins.php HTTP/2.0" 403 854 "-" "Mozilla/5.0 (Windows NT 10.0; Win64; x64) AppleWebKit/537.36 (KHTML, like Gecko) Chrome/124.0.6367.207 Safari/537.36" 185 **0/185639**
74.7.227.158 - - [14/Mar/2026:05:21:25 -0700] "GET /to-your-software-is-a-small-number-of-control-included-in-to-play-the-game/ HTTP/2.0" 200 15619 "https://indiabettingexchange.in/articles/page/651/" "Mozilla/5.0 AppleWebKit/537.36 (KHTML, like Gecko; compatible; GPTBot/1.3; +https://openai.com/gptbot)" 254 **0/254073**
118.139.180.95 - - [14/Mar/2026:05:21:25 -0700] "HEAD /wp-content/uploads/font-awesome/v6.2.0/css/svg-with-js.css HTTP/1.1" 200 - "-" "WordPress/6.9.4; https://indiabettingexchange.in" 8 **0/8610**
104.207.55.202 - - [14/Mar/2026:05:21:25 -0700] "GET /wp-admin/plugins.php HTTP/2.0" 403 854 "-" "Mozilla/5.0 (Windows NT 10.0; Win64; x64) AppleWebKit/537.36 (KHTML, like Gecko) Chrome/124.0.6367.207 Safari/537.36" 192 **0/192298**
74.7.227.158 - - [14/Mar/2026:05:21:25 -0700] "GET /making-facts-is-not-difficult-and-you-can-enjoyable-only-gamble-your-favorite-game/ HTTP/2.0" 200 15816 "https://indiabettingexchange.in/articles/page/651/" "Mozilla/5.0 AppleWebKit/537.36 (KHTML, like Gecko; compatible; GPTBot/1.3; +https://openai.com/gptbot)" 248 **0/248863**
74.7.227.158 - - [14/Mar/2026:05:21:26 -0700] "GET /a-players-help-guide-to-an-educated-internet-casino-web-sites-in-the-canada/ HTTP/2.0" 200 15743 "https://indiabettingexchange.in/articles/page/652/" "Mozilla/5.0 AppleWebKit/537.36 (KHTML, like Gecko; compatible; GPTBot/1.3; +https://openai.com/gptbot)" 225 **0/225716**
74.7.227.158 - - [14/Mar/2026:05:21:26 -0700] "GET /heres-a-leap-by-move-help-guide-to-help-you-navigate-the-fresh-new-log-on-techniques-effortlessly/ HTTP/2.0" 200 15982 "https://indiabettingexchange.in/articles/page/650/" "Mozilla/5.0 AppleWebKit/537.36 (KHTML, like Gecko; compatible; GPTBot/1.3; +https://openai.com/gptbot)" 197 **0/197386**
51.75.236.157 - - [14/Mar/2026:05:21:27 -0700] "GET /gros-deflagration-appareil-a-avec-un-brin-dolphin-cash-revue-du-jeu-de-machines-a-sous-gratuite-sans-nul-telechargement/ HTTP/2.0" 200 19480 "-" "Mozilla/5.0 (compatible; AhrefsBot/7.0; +http://ahrefs.com/robot/)" 212 **0/212596**
74.7.227.158 - - [14/Mar/2026:05:21:27 -0700] "GET /having-a-person-amicable-interface-and-easy-navigation-anywhere-between-dining-tables-users-can-very-quickly-pick-the-common-online-game/ HTTP/2.0" 200 15807 "https://indiabettingexchange.in/articles/page/650/" "Mozilla/5.0 AppleWebKit/537.36 (KHTML, like Gecko; compatible; GPTBot/1.3; +https://openai.com/gptbot)" 224 **0/224886**
185.191.171.17 - - [14/Mar/2026:05:21:27 -0700] "GET /les-ecellents-casinos-un-eye-of-ra-slot-reel-tantinet-quickspin-en-turquie/ HTTP/1.1" 200 20712 "-" "Mozilla/5.0 (compatible; SemrushBot/7~bl; +http://www.semrush.com/bot.html)" 214 **0/214772**
74.7.227.158 - - [14/Mar/2026:05:21:27 -0700] "GET /is-a-step-by-move-help-guide-to-help-you-browse-the-fresh-log-on-processes-effortlessly/ HTTP/2.0" 200 15901 "https://indiabettingexchange.in/articles/page/651/" "Mozilla/5.0 AppleWebKit/537.36 (KHTML, like Gecko; compatible; GPTBot/1.3; +https://openai.com/gptbot)" 193 **0/193214**
74.7.227.158 - - [14/Mar/2026:05:21:28 -0700] "GET /game-here-are-primarily-of-onair-enjoyment-microgaming-progression-and-practical-gamble/ HTTP/2.0" 200 15838 "https://indiabettingexchange.in/articles/page/651/" "Mozilla/5.0 AppleWebKit/537.36 (KHTML, like Gecko; compatible; GPTBot/1.3; +https://openai.com/gptbot)" 230 **0/230249**
74.7.227.158 - - [14/Mar/2026:05:21:28 -0700] "GET /?p=220538 HTTP/2.0" 301 1 "https://indiabettingexchange.in/red-dog-gambling-establishment-complete-opinion-2022-score-no-deposit-incentive-totally-free-microgaming-casino-slots-revolves/" "Mozilla/5.0 AppleWebKit/537.36 (KHTML, like Gecko; compatible; GPTBot/1.3; +https://openai.com/gptbot)" 131 **0/131018**
74.7.227.158 - - [14/Mar/2026:05:21:29 -0700] "GET /red-dog-gambling-establishment-complete-opinion-2022-score-no-deposit-incentive-totally-free-microgaming-casino-slots-revolves/ HTTP/2.0" 200 18375 "https://indiabettingexchange.in/?p=220538" "Mozilla/5.0 AppleWebKit/537.36 (KHTML, like Gecko; compatible; GPTBot/1.3; +https://openai.com/gptbot)" 209 **0/209607**
74.7.227.158 - - [14/Mar/2026:05:21:29 -0700] "GET /?p=220482 HTTP/2.0" 301 1 "https://indiabettingexchange.in/bethard-gambling-establishment-incentive-and-online-casino-welcome-bonuses-you-can-remark-2026-subscribe-give-and-totally-free-revolves/" "Mozilla/5.0 AppleWebKit/537.36 (KHTML, like Gecko; compatible; GPTBot/1.3; +https://openai.com/gptbot)" 134 **0/134863**
185.191.171.2 - - [14/Mar/2026:05:21:30 -0700] "GET /pick-100-free-revolves-towards-lowest-betting-criteria/ HTTP/1.1" 200 16900 "-" "Mozilla/5.0 (compatible; SemrushBot/7~bl; +http://www.semrush.com/bot.html)" 257 **0/257977**
74.7.227.158 - - [14/Mar/2026:05:21:30 -0700] "GET /bethard-gambling-establishment-incentive-and-online-casino-welcome-bonuses-you-can-remark-2026-subscribe-give-and-totally-free-revolves/ HTTP/2.0" 200 16681 "https://indiabettingexchange.in/?p=220482" "Mozilla/5.0 AppleWebKit/537.36 (KHTML, like Gecko; compatible; GPTBot/1.3; +https://openai.com/gptbot)" 255 **0/255554**
74.7.227.158 - - [14/Mar/2026:05:21:30 -0700] "GET /?p=220536 HTTP/2.0" 301 1 "https://indiabettingexchange.in/the-new-mobile-client-rocketplay-is-designed-first-of-all-to-the-capability-of-all-affiliate/" "Mozilla/5.0 AppleWebKit/537.36 (KHTML, like Gecko; compatible; GPTBot/1.3; +https://openai.com/gptbot)" 168 **0/168678**
74.7.227.158 - - [14/Mar/2026:05:21:31 -0700] "GET /the-new-mobile-client-rocketplay-is-designed-first-of-all-to-the-capability-of-all-affiliate/ HTTP/2.0" 200 15549 "https://indiabettingexchange.in/?p=220536" "Mozilla/5.0 AppleWebKit/537.36 (KHTML, like Gecko; compatible; GPTBot/1.3; +https://openai.com/gptbot)" 193 **0/193392**
74.7.227.158 - - [14/Mar/2026:05:21:31 -0700] "GET /?p=221611 HTTP/2.0" 301 1 "https://indiabettingexchange.in/kann-kicken-p-detta-fantastiska-casino-er-guide/" "Mozilla/5.0 AppleWebKit/537.36 (KHTML, like Gecko; compatible; GPTBot/1.3; +https://openai.com/gptbot)" 159 **0/159556**
74.7.227.158 - - [14/Mar/2026:05:21:32 -0700] "GET /kann-kicken-p-detta-fantastiska-casino-er-guide/ HTTP/2.0" 200 16888 "https://indiabettingexchange.in/?p=221611" "Mozilla/5.0 AppleWebKit/537.36 (KHTML, like Gecko; compatible; GPTBot/1.3; +https://openai.com/gptbot)" 190 **0/190600**
74.7.227.158 - - [14/Mar/2026:05:21:32 -0700] "GET /?p=220624 HTTP/2.0" 301 1 "https://indiabettingexchange.in/to-your-software-is-a-small-number-of-control-included-in-to-play-the-game/" "Mozilla/5.0 AppleWebKit/537.36 (KHTML, like Gecko; compatible; GPTBot/1.3; +https://openai.com/gptbot)" 139 **0/139463**
185.191.171.17 - - [14/Mar/2026:05:21:32 -0700] "GET /freecash-is-a-superb-treatment-for-secure-more-money-of-the-finishing-different-opportunities-online/ HTTP/1.1" 200 16952 "-" "Mozilla/5.0 (compatible; SemrushBot/7~bl; +http://www.semrush.com/bot.html)" 220 **0/220501**
74.7.227.158 - - [14/Mar/2026:05:21:32 -0700] "GET /to-your-software-is-a-small-number-of-control-included-in-to-play-the-game/ HTTP/2.0" 200 15618 "https://indiabettingexchange.in/?p=220624" "Mozilla/5.0 AppleWebKit/537.36 (KHTML, like Gecko; compatible; GPTBot/1.3; +https://openai.com/gptbot)" 200 **0/200771**
74.7.227.158 - - [14/Mar/2026:05:21:33 -0700] "GET /?p=220614 HTTP/2.0" 301 1 "https://indiabettingexchange.in/making-facts-is-not-difficult-and-you-can-enjoyable-only-gamble-your-favorite-game/" "Mozilla/5.0 AppleWebKit/537.36 (KHTML, like Gecko; compatible; GPTBot/1.3; +https://openai.com/gptbot)" 131 **0/131715**
74.7.227.158 - - [14/Mar/2026:05:21:33 -0700] "GET /making-facts-is-not-difficult-and-you-can-enjoyable-only-gamble-your-favorite-game/ HTTP/2.0" 200 15816 "https://indiabettingexchange.in/?p=220614" "Mozilla/5.0 AppleWebKit/537.36 (KHTML, like Gecko; compatible; GPTBot/1.3; +https://openai.com/gptbot)" 191 **0/191827**
74.7.227.158 - - [14/Mar/2026:05:21:34 -0700] "GET /?p=220464 HTTP/2.0" 301 1 "https://indiabettingexchange.in/a-players-help-guide-to-an-educated-internet-casino-web-sites-in-the-canada/" "Mozilla/5.0 AppleWebKit/537.36 (KHTML, like Gecko; compatible; GPTBot/1.3; +https://openai.com/gptbot)" 122 **0/122499**
74.7.227.158 - - [14/Mar/2026:05:21:34 -0700] "GET /a-players-help-guide-to-an-educated-internet-casino-web-sites-in-the-canada/ HTTP/2.0" 200 15743 "https://indiabettingexchange.in/?p=220464" "Mozilla/5.0 AppleWebKit/537.36 (KHTML, like Gecko; compatible; GPTBot/1.3; +https://openai.com/gptbot)" 159 **0/159291**
74.7.227.158 - - [14/Mar/2026:05:21:35 -0700] "GET /?p=220694 HTTP/2.0" 301 1 "https://indiabettingexchange.in/heres-a-leap-by-move-help-guide-to-help-you-navigate-the-fresh-new-log-on-techniques-effortlessly/" "Mozilla/5.0 AppleWebKit/537.36 (KHTML, like Gecko; compatible; GPTBot/1.3; +https://openai.com/gptbot)" 134 **0/134935**
85.208.96.193 - - [14/Mar/2026:05:21:35 -0700] "GET /quel-gambling-establishment-quelque-peu-profitable-ajouter-suivant-le-pourtour-comparatif/ HTTP/1.1" 200 17354 "-" "Mozilla/5.0 (compatible; SemrushBot/7~bl; +http://www.semrush.com/bot.html)" 196 **0/196730**
74.7.227.158 - - [14/Mar/2026:05:21:35 -0700] "GET /heres-a-leap-by-move-help-guide-to-help-you-navigate-the-fresh-new-log-on-techniques-effortlessly/ HTTP/2.0" 200 15983 "https://indiabettingexchange.in/?p=220694" "Mozilla/5.0 AppleWebKit/537.36 (KHTML, like Gecko; compatible; GPTBot/1.3; +https://openai.com/gptbot)" 192 **0/192970**
74.7.227.158 - - [14/Mar/2026:05:21:35 -0700] "GET /?p=220642 HTTP/2.0" 301 1 "https://indiabettingexchange.in/having-a-person-amicable-interface-and-easy-navigation-anywhere-between-dining-tables-users-can-very-quickly-pick-the-common-online-game/" "Mozilla/5.0 AppleWebKit/537.36 (KHTML, like Gecko; compatible; GPTBot/1.3; +https://openai.com/gptbot)" 114 **0/114987**
74.7.227.158 - - [14/Mar/2026:05:21:36 -0700] "GET /having-a-person-amicable-interface-and-easy-navigation-anywhere-between-dining-tables-users-can-very-quickly-pick-the-common-online-game/ HTTP/2.0" 200 15807 "https://indiabettingexchange.in/?p=220642" "Mozilla/5.0 AppleWebKit/537.36 (KHTML, like Gecko; compatible; GPTBot/1.3; +https://openai.com/gptbot)" 186 **0/186107**
74.7.227.158 - - [14/Mar/2026:05:21:36 -0700] "GET /?p=220562 HTTP/2.0" 301 1 "https://indiabettingexchange.in/is-a-step-by-move-help-guide-to-help-you-browse-the-fresh-log-on-processes-effortlessly/" "Mozilla/5.0 AppleWebKit/537.36 (KHTML, like Gecko; compatible; GPTBot/1.3; +https://openai.com/gptbot)" 139 **0/139475**
74.7.227.158 - - [14/Mar/2026:05:21:37 -0700] "GET /is-a-step-by-move-help-guide-to-help-you-browse-the-fresh-log-on-processes-effortlessly/ HTTP/2.0" 200 15901 "https://indiabettingexchange.in/?p=220562" "Mozilla/5.0 AppleWebKit/537.36 (KHTML, like Gecko; compatible; GPTBot/1.3; +https://openai.com/gptbot)" 202 **0/202044**
74.7.227.158 - - [14/Mar/2026:05:21:37 -0700] "GET /?p=220632 HTTP/2.0" 301 1 "https://indiabettingexchange.in/game-here-are-primarily-of-onair-enjoyment-microgaming-progression-and-practical-gamble/" "Mozilla/5.0 AppleWebKit/537.36 (KHTML, like Gecko; compatible; GPTBot/1.3; +https://openai.com/gptbot)" 137 **0/137099**
85.208.96.207 - - [14/Mar/2026:05:21:37 -0700] "GET /angeschlossen-spielbank-freispiele-aktuelle-angebote-casino-paysafecard-app-2024/ HTTP/1.1" 200 17920 "-" "Mozilla/5.0 (compatible; SemrushBot/7~bl; +http://www.semrush.com/bot.html)" 232 **0/232487**
74.7.227.158 - - [14/Mar/2026:05:21:37 -0700] "GET /game-here-are-primarily-of-onair-enjoyment-microgaming-progression-and-practical-gamble/ HTTP/2.0" 200 15837 "https://indiabettingexchange.in/?p=220632" "Mozilla/5.0 AppleWebKit/537.36 (KHTML, like Gecko; compatible; GPTBot/1.3; +https://openai.com/gptbot)" 216 **0/216301**
74.7.227.158 - - [14/Mar/2026:05:21:38 -0700] "GET /we-have-not-starred-for-some-time-nevertheless-now-i-can-not-rating-in-the/ HTTP/2.0" 200 15662 "https://indiabettingexchange.in/articles/page/650/" "Mozilla/5.0 AppleWebKit/537.36 (KHTML, like Gecko; compatible; GPTBot/1.3; +https://openai.com/gptbot)" 205 **0/205829**
74.7.227.158 - - [14/Mar/2026:05:21:38 -0700] "GET /the-fresh-new-cellular-visitors-rocketplay-is-designed-firstly-for-the-capability-of-every-affiliate/ HTTP/2.0" 200 15566 "https://indiabettingexchange.in/articles/page/650/" "Mozilla/5.0 AppleWebKit/537.36 (KHTML, like Gecko; compatible; GPTBot/1.3; +https://openai.com/gptbot)" 190 **0/190433**
74.7.227.158 - - [14/Mar/2026:05:21:39 -0700] "GET /listed-here-are-a-few-of-the-most-well-known-rocket-crash-games-and-you-can-exactly-why-are-them-excel/ HTTP/2.0" 200 15907 "https://indiabettingexchange.in/articles/page/652/" "Mozilla/5.0 AppleWebKit/537.36 (KHTML, like Gecko; compatible; GPTBot/1.3; +https://openai.com/gptbot)" 205 **0/205592**
74.7.227.158 - - [14/Mar/2026:05:21:40 -0700] "GET /the-brand-new-ruby-fortune-acceptance-extra-was-a-personal-offer-for-new-people-exactly-who-get-in-on-the-gambling-establishment/ HTTP/2.0" 200 15687 "https://indiabettingexchange.in/articles/page/652/" "Mozilla/5.0 AppleWebKit/537.36 (KHTML, like Gecko; compatible; GPTBot/1.3; +https://openai.com/gptbot)" 185 **0/185178**
74.7.227.158 - - [14/Mar/2026:05:21:40 -0700] "GET /but-still-no-cash-deposited-into-the-my-account-nor-pending-withdrawl-neither-in-my-own-casino-membership/ HTTP/2.0" 200 15431 "https://indiabettingexchange.in/articles/page/652/" "Mozilla/5.0 AppleWebKit/537.36 (KHTML, like Gecko; compatible; GPTBot/1.3; +https://openai.com/gptbot)" 179 **0/179790**
185.191.171.5 - - [14/Mar/2026:05:21:40 -0700] "GET /latifa-casinoclub-online-casino-real-cash-bint-mohammed-inaugurates-larger-bad-wolf-books-2023-inside-the-dubai-degree/ HTTP/1.1" 200 23271 "-" "Mozilla/5.0 (compatible; SemrushBot/7~bl; +http://www.semrush.com/bot.html)" 178 **0/178025**
74.7.227.158 - - [14/Mar/2026:05:21:41 -0700] "GET /you-wont-discover-the-rocketplay-gambling-enterprise-app-around-the-newest-tabs-as-it-does-not-exists-yet/ HTTP/2.0" 200 15842 "https://indiabettingexchange.in/articles/page/651/" "Mozilla/5.0 AppleWebKit/537.36 (KHTML, like Gecko; compatible; GPTBot/1.3; +https://openai.com/gptbot)" 215 **0/215081**
74.7.227.158 - - [14/Mar/2026:05:21:41 -0700] "GET /online-game-listed-here-are-primarily-out-of-onair-enjoyment-microgaming-development-and-practical-enjoy/ HTTP/2.0" 200 15793 "https://indiabettingexchange.in/articles/page/651/" "Mozilla/5.0 AppleWebKit/537.36 (KHTML, like Gecko; compatible; GPTBot/1.3; +https://openai.com/gptbot)" 213 **0/213705**
74.7.227.158 - - [14/Mar/2026:05:21:42 -0700] "GET /this-is-what-amazed-me-and-you-may-just-what-nearly-helped-me-prevent/ HTTP/2.0" 200 16038 "https://indiabettingexchange.in/articles/page/652/" "Mozilla/5.0 AppleWebKit/537.36 (KHTML, like Gecko; compatible; GPTBot/1.3; +https://openai.com/gptbot)" 198 **0/198452**
74.7.227.158 - - [14/Mar/2026:05:21:42 -0700] "GET /dropbet-online-spelsajt-ditt-nya-favorit-for-spel/ HTTP/2.0" 200 17300 "https://indiabettingexchange.in/articles/page/653/" "Mozilla/5.0 AppleWebKit/537.36 (KHTML, like Gecko; compatible; GPTBot/1.3; +https://openai.com/gptbot)" 221 **0/221218**
74.7.227.158 - - [14/Mar/2026:05:21:43 -0700] "GET /to-play-rocket-gamble-all-it-takes-to-begin-with/ HTTP/2.0" 200 16493 "https://indiabettingexchange.in/articles/page/652/" "Mozilla/5.0 AppleWebKit/537.36 (KHTML, like Gecko; compatible; GPTBot/1.3; +https://openai.com/gptbot)" 208 **0/208114**
74.7.227.158 - - [14/Mar/2026:05:21:43 -0700] "GET /spinning-success-a-deep-dive-into-mega-fire-blaze-roulette-for-the-canadian-market/ HTTP/2.0" 200 16546 "https://indiabettingexchange.in/articles/page/652/" "Mozilla/5.0 AppleWebKit/537.36 (KHTML, like Gecko; compatible; GPTBot/1.3; +https://openai.com/gptbot)" 196 **0/196609**
185.191.171.16 - - [14/Mar/2026:05:21:44 -0700] "GET /better-5-reduced-set-gambling-enterprises-within-the-2025-ranked-and-also-you-often-secret-of-the-stones-slot-machine-bikini-party-step-one-put-examined/ HTTP/1.1" 200 18242 "-" "Mozilla/5.0 (compatible; SemrushBot/7~bl; +http://www.semrush.com/bot.html)" 202 **0/202601**
74.7.227.158 - - [14/Mar/2026:05:21:44 -0700] "GET /?p=220662 HTTP/2.0" 301 1 "https://indiabettingexchange.in/we-have-not-starred-for-some-time-nevertheless-now-i-can-not-rating-in-the/" "Mozilla/5.0 AppleWebKit/537.36 (KHTML, like Gecko; compatible; GPTBot/1.3; +https://openai.com/gptbot)" 141 **0/141786**
74.7.227.158 - - [14/Mar/2026:05:21:44 -0700] "GET /we-have-not-starred-for-some-time-nevertheless-now-i-can-not-rating-in-the/ HTTP/2.0" 200 15662 "https://indiabettingexchange.in/?p=220662" "Mozilla/5.0 AppleWebKit/537.36 (KHTML, like Gecko; compatible; GPTBot/1.3; +https://openai.com/gptbot)" 185 **0/185321**
74.7.227.158 - - [14/Mar/2026:05:21:45 -0700] "GET /?p=220702 HTTP/2.0" 301 1 "https://indiabettingexchange.in/the-fresh-new-cellular-visitors-rocketplay-is-designed-firstly-for-the-capability-of-every-affiliate/" "Mozilla/5.0 AppleWebKit/537.36 (KHTML, like Gecko; compatible; GPTBot/1.3; +https://openai.com/gptbot)" 114 **0/114210**
74.7.227.158 - - [14/Mar/2026:05:21:45 -0700] "GET /the-fresh-new-cellular-visitors-rocketplay-is-designed-firstly-for-the-capability-of-every-affiliate/ HTTP/2.0" 200 15569 "https://indiabettingexchange.in/?p=220702" "Mozilla/5.0 AppleWebKit/537.36 (KHTML, like Gecko; compatible; GPTBot/1.3; +https://openai.com/gptbot)" 185 **0/185086**
74.7.227.158 - - [14/Mar/2026:05:21:46 -0700] "GET /?p=220470 HTTP/2.0" 301 1 "https://indiabettingexchange.in/listed-here-are-a-few-of-the-most-well-known-rocket-crash-games-and-you-can-exactly-why-are-them-excel/" "Mozilla/5.0 AppleWebKit/537.36 (KHTML, like Gecko; compatible; GPTBot/1.3; +https://openai.com/gptbot)" 142 **0/142094**
74.7.227.158 - - [14/Mar/2026:05:21:46 -0700] "GET /listed-here-are-a-few-of-the-most-well-known-rocket-crash-games-and-you-can-exactly-why-are-them-excel/ HTTP/2.0" 200 15909 "https://indiabettingexchange.in/?p=220470" "Mozilla/5.0 AppleWebKit/537.36 (KHTML, like Gecko; compatible; GPTBot/1.3; +https://openai.com/gptbot)" 183 **0/183919**
74.7.227.158 - - [14/Mar/2026:05:21:46 -0700] "GET /?p=220496 HTTP/2.0" 301 1 "https://indiabettingexchange.in/the-brand-new-ruby-fortune-acceptance-extra-was-a-personal-offer-for-new-people-exactly-who-get-in-on-the-gambling-establishment/" "Mozilla/5.0 AppleWebKit/537.36 (KHTML, like Gecko; compatible; GPTBot/1.3; +https://openai.com/gptbot)" 174 **0/174810**
85.208.96.210 - - [14/Mar/2026:05:21:46 -0700] "GET /tiradas-sobre-casino-gratuito-a-traves-de-programas-de-fidelizacion/ HTTP/1.1" 200 17099 "-" "Mozilla/5.0 (compatible; SemrushBot/7~bl; +http://www.semrush.com/bot.html)" 243 **0/243624**
74.7.227.158 - - [14/Mar/2026:05:21:47 -0700] "GET /the-brand-new-ruby-fortune-acceptance-extra-was-a-personal-offer-for-new-people-exactly-who-get-in-on-the-gambling-establishment/ HTTP/2.0" 200 15689 "https://indiabettingexchange.in/?p=220496" "Mozilla/5.0 AppleWebKit/537.36 (KHTML, like Gecko; compatible; GPTBot/1.3; +https://openai.com/gptbot)" 238 **0/238018**
74.7.227.158 - - [14/Mar/2026:05:21:47 -0700] "GET /?p=220472 HTTP/2.0" 301 1 "https://indiabettingexchange.in/but-still-no-cash-deposited-into-the-my-account-nor-pending-withdrawl-neither-in-my-own-casino-membership/" "Mozilla/5.0 AppleWebKit/537.36 (KHTML, like Gecko; compatible; GPTBot/1.3; +https://openai.com/gptbot)" 141 **0/141344**
74.7.227.158 - - [14/Mar/2026:05:21:48 -0700] "GET /but-still-no-cash-deposited-into-the-my-account-nor-pending-withdrawl-neither-in-my-own-casino-membership/ HTTP/2.0" 200 15431 "https://indiabettingexchange.in/?p=220472" "Mozilla/5.0 AppleWebKit/537.36 (KHTML, like Gecko; compatible; GPTBot/1.3; +https://openai.com/gptbot)" 207 **0/207788**
74.7.227.158 - - [14/Mar/2026:05:21:48 -0700] "GET /?p=220554 HTTP/2.0" 301 1 "https://indiabettingexchange.in/you-wont-discover-the-rocketplay-gambling-enterprise-app-around-the-newest-tabs-as-it-does-not-exists-yet/" "Mozilla/5.0 AppleWebKit/537.36 (KHTML, like Gecko; compatible; GPTBot/1.3; +https://openai.com/gptbot)" 113 **0/113160**
74.7.227.158 - - [14/Mar/2026:05:21:49 -0700] "GET /you-wont-discover-the-rocketplay-gambling-enterprise-app-around-the-newest-tabs-as-it-does-not-exists-yet/ HTTP/2.0" 200 15843 "https://indiabettingexchange.in/?p=220554" "Mozilla/5.0 AppleWebKit/537.36 (KHTML, like Gecko; compatible; GPTBot/1.3; +https://openai.com/gptbot)" 173 **0/173602**
74.7.227.158 - - [14/Mar/2026:05:21:49 -0700] "GET /?p=220528 HTTP/2.0" 301 1 "https://indiabettingexchange.in/online-game-listed-here-are-primarily-out-of-onair-enjoyment-microgaming-development-and-practical-enjoy/" "Mozilla/5.0 AppleWebKit/537.36 (KHTML, like Gecko; compatible; GPTBot/1.3; +https://openai.com/gptbot)" 110 **0/110524**
74.7.227.158 - - [14/Mar/2026:05:21:49 -0700] "GET /online-game-listed-here-are-primarily-out-of-onair-enjoyment-microgaming-development-and-practical-enjoy/ HTTP/2.0" 200 15792 "https://indiabettingexchange.in/?p=220528" "Mozilla/5.0 AppleWebKit/537.36 (KHTML, like Gecko; compatible; GPTBot/1.3; +https://openai.com/gptbot)" 214 **0/214758**
74.7.227.158 - - [14/Mar/2026:05:21:50 -0700] "GET /?p=220466 HTTP/2.0" 301 1 "https://indiabettingexchange.in/this-is-what-amazed-me-and-you-may-just-what-nearly-helped-me-prevent/" "Mozilla/5.0 AppleWebKit/537.36 (KHTML, like Gecko; compatible; GPTBot/1.3; +https://openai.com/gptbot)" 140 **0/140871**
185.191.171.10 - - [14/Mar/2026:05:21:50 -0700] "GET /just-what-games-must-i-use-a-gambling-establishment-software/ HTTP/1.1" 200 17290 "-" "Mozilla/5.0 (compatible; SemrushBot/7~bl; +http://www.semrush.com/bot.html)" 220 **0/220751**
74.7.227.158 - - [14/Mar/2026:05:21:50 -0700] "GET /this-is-what-amazed-me-and-you-may-just-what-nearly-helped-me-prevent/ HTTP/2.0" 200 16038 "https://indiabettingexchange.in/?p=220466" "Mozilla/5.0 AppleWebKit/537.36 (KHTML, like Gecko; compatible; GPTBot/1.3; +https://openai.com/gptbot)" 173 **0/173678**
74.7.227.158 - - [14/Mar/2026:05:21:51 -0700] "GET /?p=226741 HTTP/2.0" 301 1 "https://indiabettingexchange.in/dropbet-online-spelsajt-ditt-nya-favorit-for-spel/" "Mozilla/5.0 AppleWebKit/537.36 (KHTML, like Gecko; compatible; GPTBot/1.3; +https://openai.com/gptbot)" 124 **0/124111**
74.7.227.158 - - [14/Mar/2026:05:21:51 -0700] "GET /dropbet-online-spelsajt-ditt-nya-favorit-for-spel/ HTTP/2.0" 200 17300 "https://indiabettingexchange.in/?p=226741" "Mozilla/5.0 AppleWebKit/537.36 (KHTML, like Gecko; compatible; GPTBot/1.3; +https://openai.com/gptbot)" 204 **0/204421**
74.7.227.158 - - [14/Mar/2026:05:21:52 -0700] "GET /?p=220456 HTTP/2.0" 301 1 "https://indiabettingexchange.in/to-play-rocket-gamble-all-it-takes-to-begin-with/" "Mozilla/5.0 AppleWebKit/537.36 (KHTML, like Gecko; compatible; GPTBot/1.3; +https://openai.com/gptbot)" 110 **0/110077**
74.7.227.158 - - [14/Mar/2026:05:21:52 -0700] "GET /to-play-rocket-gamble-all-it-takes-to-begin-with/ HTTP/2.0" 200 16494 "https://indiabettingexchange.in/?p=220456" "Mozilla/5.0 AppleWebKit/537.36 (KHTML, like Gecko; compatible; GPTBot/1.3; +https://openai.com/gptbot)" 168 **0/168958**
74.7.227.158 - - [14/Mar/2026:05:21:52 -0700] "GET /?p=220421 HTTP/2.0" 301 1 "https://indiabettingexchange.in/spinning-success-a-deep-dive-into-mega-fire-blaze-roulette-for-the-canadian-market/" "Mozilla/5.0 AppleWebKit/537.36 (KHTML, like Gecko; compatible; GPTBot/1.3; +https://openai.com/gptbot)" 116 **0/116130**
74.7.230.51 - - [14/Mar/2026:05:21:53 -0700] "GET /robots.txt HTTP/2.0" 200 75 "-" "Mozilla/5.0 (Macintosh; Intel Mac OS X 10_15_7) AppleWebKit/537.36 (KHTML, like Gecko) Chrome/131.0.0.0 Safari/537.36; compatible; OAI-SearchBot/1.3; robots.txt; +https://openai.com/searchbot" 9 **0/9953**
74.7.227.158 - - [14/Mar/2026:05:21:53 -0700] "GET /spinning-success-a-deep-dive-into-mega-fire-blaze-roulette-for-the-canadian-market/ HTTP/2.0" 200 16546 "https://indiabettingexchange.in/?p=220421" "Mozilla/5.0 AppleWebKit/537.36 (KHTML, like Gecko; compatible; GPTBot/1.3; +https://openai.com/gptbot)" 168 **0/168795**
74.7.227.158 - - [14/Mar/2026:05:21:53 -0700] "GET /all-of-our-to-the-the-go-program-is-different-easy-and-simple-towards-attention/ HTTP/2.0" 200 15764 "https://indiabettingexchange.in/articles/page/652/" "Mozilla/5.0 AppleWebKit/537.36 (KHTML, like Gecko; compatible; GPTBot/1.3; +https://openai.com/gptbot)" 175 **0/175723**
74.7.227.158 - - [14/Mar/2026:05:21:54 -0700] "GET /which-non-uk-local-casino-always-procedure-cashout-needs-within-a-couple-of-days/ HTTP/2.0" 200 15887 "https://indiabettingexchange.in/articles/page/652/" "Mozilla/5.0 AppleWebKit/537.36 (KHTML, like Gecko; compatible; GPTBot/1.3; +https://openai.com/gptbot)" 262 **0/262076**
185.191.171.10 - - [14/Mar/2026:05:21:54 -0700] "GET /communicating-to-have-help-isnt-an-indication-of-beat-or-exhaustion-its-just-in-charge/ HTTP/1.1" 200 17114 "-" "Mozilla/5.0 (compatible; SemrushBot/7~bl; +http://www.semrush.com/bot.html)" 192 **0/192539**
74.7.227.158 - - [14/Mar/2026:05:21:54 -0700] "GET /variety-of-no-deposit-incentives-offered-by-rocketplay-local-casino/ HTTP/2.0" 200 15672 "https://indiabettingexchange.in/articles/page/651/" "Mozilla/5.0 AppleWebKit/537.36 (KHTML, like Gecko; compatible; GPTBot/1.3; +https://openai.com/gptbot)" 207 **0/207867**
74.7.227.158 - - [14/Mar/2026:05:21:55 -0700] "GET /your-age-away-from-thrones-thunderstruck-ii-immortal-romance-and-you-will-tomb-raider-among-others/ HTTP/2.0" 200 16116 "https://indiabettingexchange.in/articles/page/652/" "Mozilla/5.0 AppleWebKit/537.36 (KHTML, like Gecko; compatible; GPTBot/1.3; +https://openai.com/gptbot)" 189 **0/189557**
74.7.227.158 - - [14/Mar/2026:05:21:55 -0700] "GET /the-fresh-greeting-package-are-generous-the-standard-on-the-gameplay-continue-to-be-calling-for-improvement/ HTTP/2.0" 200 15984 "https://indiabettingexchange.in/articles/page/651/" "Mozilla/5.0 AppleWebKit/537.36 (KHTML, like Gecko; compatible; GPTBot/1.3; +https://openai.com/gptbot)" 219 **0/219258**
74.7.227.158 - - [14/Mar/2026:05:21:56 -0700] "GET /introducing-rocketplay-in-which-aussie-users-can-take-advantage-of-the-greatest-on-line-casino-sense/ HTTP/2.0" 200 15704 "https://indiabettingexchange.in/articles/page/650/" "Mozilla/5.0 AppleWebKit/537.36 (KHTML, like Gecko; compatible; GPTBot/1.3; +https://openai.com/gptbot)" 218 **0/218996**
74.7.227.158 - - [14/Mar/2026:05:21:56 -0700] "GET /the-fresh-new-greeting-plan-was-big-the-traditional-from-the-gameplay-remain-calling-for-enhancement/ HTTP/2.0" 200 16053 "https://indiabettingexchange.in/articles/page/650/" "Mozilla/5.0 AppleWebKit/537.36 (KHTML, like Gecko; compatible; GPTBot/1.3; +https://openai.com/gptbot)" 202 **0/202215**
74.7.227.158 - - [14/Mar/2026:05:21:57 -0700] "GET /gioca-online-con-premio-di-nuovo-luckycrypto-codigos-de-bonus-sem-deposito-decisione/ HTTP/2.0" 200 16864 "https://indiabettingexchange.in/articles/page/653/" "Mozilla/5.0 AppleWebKit/537.36 (KHTML, like Gecko; compatible; GPTBot/1.3; +https://openai.com/gptbot)" 217 **0/217209**
74.7.227.158 - - [14/Mar/2026:05:21:57 -0700] "GET /ruby-fortune-religious-fire-joker-dazzles-during-the-ruby-luck/ HTTP/2.0" 200 15888 "https://indiabettingexchange.in/articles/page/652/" "Mozilla/5.0 AppleWebKit/537.36 (KHTML, like Gecko; compatible; GPTBot/1.3; +https://openai.com/gptbot)" 213 **0/213253**
74.7.227.158 - - [14/Mar/2026:05:21:58 -0700] "GET /as-stated-above-simply-finest-group-detachment-steps-are-around-for-ruby-fortune-members/ HTTP/2.0" 200 15743 "https://indiabettingexchange.in/articles/page/650/" "Mozilla/5.0 AppleWebKit/537.36 (KHTML, like Gecko; compatible; GPTBot/1.3; +https://openai.com/gptbot)" 192 **0/192203**
74.7.227.158 - - [14/Mar/2026:05:21:59 -0700] "GET /the-mobile-gambling-establishment-is-going-to-run-on-the-all-types-of-mobile-devices-and-tablets/ HTTP/2.0" 200 15656 "https://indiabettingexchange.in/articles/page/650/" "Mozilla/5.0 AppleWebKit/537.36 (KHTML, like Gecko; compatible; GPTBot/1.3; +https://openai.com/gptbot)" 216 **0/216966**
