74.7.227.158 - - [14/Mar/2026:05:14:14 -0700] "GET /video-game-at-extreme-local-casino-%ef%bf%bd-slots-dining-tables-plus/ HTTP/2.0" 200 15947 "https://indiabettingexchange.in/articles/page/635/" "Mozilla/5.0 AppleWebKit/537.36 (KHTML, like Gecko; compatible; GPTBot/1.3; +https://openai.com/gptbot)" 195 **0/195779**
54.37.118.68 - - [14/Mar/2026:05:14:15 -0700] "GET /briga-elevado-cassino-online-esfogiteado-brasil-apostas-e-jogos-puerilidade-acidente/ HTTP/2.0" 200 16702 "-" "Mozilla/5.0 (compatible; AhrefsBot/7.0; +http://ahrefs.com/robot/)" 206 **0/206191**
74.7.227.158 - - [14/Mar/2026:05:14:15 -0700] "GET /casino-with-lots-of-online-game-choices-%ef%bf%bd-gambling-establishment-wonderful-tiger-mobile/ HTTP/2.0" 200 15703 "https://indiabettingexchange.in/articles/page/635/" "Mozilla/5.0 AppleWebKit/537.36 (KHTML, like Gecko; compatible; GPTBot/1.3; +https://openai.com/gptbot)" 225 **0/225117**
74.7.227.158 - - [14/Mar/2026:05:14:15 -0700] "GET /the-better-the-fresh-percentage-the-higher-it-is-for-you/ HTTP/2.0" 200 15398 "https://indiabettingexchange.in/articles/page/635/" "Mozilla/5.0 AppleWebKit/537.36 (KHTML, like Gecko; compatible; GPTBot/1.3; +https://openai.com/gptbot)" 189 **0/189049**
74.7.227.158 - - [14/Mar/2026:05:14:16 -0700] "GET /best-casinos-to-tackle-spirit-of-egypt-keep-and-you-can-victory/ HTTP/2.0" 200 16163 "https://indiabettingexchange.in/articles/page/634/" "Mozilla/5.0 AppleWebKit/537.36 (KHTML, like Gecko; compatible; GPTBot/1.3; +https://openai.com/gptbot)" 213 **0/213004**
74.7.227.158 - - [14/Mar/2026:05:14:16 -0700] "GET /telephone-call-the-time-of-your-life-a-draw-or-a-sweepstakes-experiences/ HTTP/2.0" 200 15537 "https://indiabettingexchange.in/articles/page/634/" "Mozilla/5.0 AppleWebKit/537.36 (KHTML, like Gecko; compatible; GPTBot/1.3; +https://openai.com/gptbot)" 211 **0/211929**
74.7.227.158 - - [14/Mar/2026:05:14:17 -0700] "GET /join-risk-india-now-for-a-vibrant-and-you-will-fulfilling-sense/ HTTP/2.0" 200 15747 "https://indiabettingexchange.in/articles/page/635/" "Mozilla/5.0 AppleWebKit/537.36 (KHTML, like Gecko; compatible; GPTBot/1.3; +https://openai.com/gptbot)" 210 **0/210478**
74.7.227.158 - - [14/Mar/2026:05:14:17 -0700] "GET /interface-useful-but-would-it-not-eliminate-them-to-increase-style/ HTTP/2.0" 200 17266 "https://indiabettingexchange.in/articles/page/635/" "Mozilla/5.0 AppleWebKit/537.36 (KHTML, like Gecko; compatible; GPTBot/1.3; +https://openai.com/gptbot)" 228 **0/228145**
74.7.227.158 - - [14/Mar/2026:05:14:18 -0700] "GET /the-last-vip-function-is-the-time-in-your-life-sweepstakes/ HTTP/2.0" 200 15569 "https://indiabettingexchange.in/articles/page/636/" "Mozilla/5.0 AppleWebKit/537.36 (KHTML, like Gecko; compatible; GPTBot/1.3; +https://openai.com/gptbot)" 251 **0/251520**
216.73.216.48 - - [14/Mar/2026:05:14:18 -0700] "GET /?p=230116 HTTP/2.0" 301 1 "-" "Mozilla/5.0 AppleWebKit/537.36 (KHTML, like Gecko; compatible; ClaudeBot/1.0; +claudebot@anthropic.com)" 153 **0/153360**
216.73.216.48 - - [14/Mar/2026:05:14:18 -0700] "GET /?p=230122 HTTP/2.0" 301 1 "-" "Mozilla/5.0 AppleWebKit/537.36 (KHTML, like Gecko; compatible; ClaudeBot/1.0; +claudebot@anthropic.com)" 211 **0/211978**
216.73.216.48 - - [14/Mar/2026:05:14:18 -0700] "GET /diese-strengeren-regeln-fur-auszahlungen-schmalern-unsrige-moglichkeiten-bei-folgenden-serviceleistungen-nachdem-gewinnen-unplanmaig/ HTTP/2.0" 200 16238 "https://indiabettingexchange.in/?p=230116" "Mozilla/5.0 AppleWebKit/537.36 (KHTML, like Gecko; compatible; ClaudeBot/1.0; +claudebot@anthropic.com)" 256 **0/256816**
216.73.216.48 - - [14/Mar/2026:05:14:18 -0700] "GET /der-wettanbieter-verlangt-im-augenblick-die-eine-freebet-gratiswette-in-betrieb/ HTTP/2.0" 200 16195 "https://indiabettingexchange.in/?p=230122" "Mozilla/5.0 AppleWebKit/537.36 (KHTML, like Gecko; compatible; ClaudeBot/1.0; +claudebot@anthropic.com)" 254 **0/254447**
74.7.227.158 - - [14/Mar/2026:05:14:19 -0700] "GET /really-does-st-croix-casino-turtle-river-has-a-good-sportsbook/ HTTP/2.0" 200 15634 "https://indiabettingexchange.in/articles/page/636/" "Mozilla/5.0 AppleWebKit/537.36 (KHTML, like Gecko; compatible; GPTBot/1.3; +https://openai.com/gptbot)" 303 **0/303795**
74.7.227.158 - - [14/Mar/2026:05:14:19 -0700] "GET /the-past-vip-function-its-time-you-will-ever-have-sweepstakes/ HTTP/2.0" 200 15626 "https://indiabettingexchange.in/articles/page/635/" "Mozilla/5.0 AppleWebKit/537.36 (KHTML, like Gecko; compatible; GPTBot/1.3; +https://openai.com/gptbot)" 231 **0/231649**
74.7.227.158 - - [14/Mar/2026:05:14:20 -0700] "GET /bonus-possess-and-vip-perks-getting-plinko-at-risk/ HTTP/2.0" 200 17316 "https://indiabettingexchange.in/articles/page/635/" "Mozilla/5.0 AppleWebKit/537.36 (KHTML, like Gecko; compatible; GPTBot/1.3; +https://openai.com/gptbot)" 273 **0/273641**
74.7.227.158 - - [14/Mar/2026:05:14:20 -0700] "GET /we-will-have-dedicated-personnel-to-assists-the-fresh-new-confirmation/ HTTP/2.0" 200 15484 "https://indiabettingexchange.in/articles/page/636/" "Mozilla/5.0 AppleWebKit/537.36 (KHTML, like Gecko; compatible; GPTBot/1.3; +https://openai.com/gptbot)" 236 **0/236988**
43.173.180.92 - - [14/Mar/2026:05:14:21 -0700] "GET /ihr-triftiger-spielsalon-bonus-wird-banner-und-echt-erfullbar-werden/ HTTP/1.1" 200 18171 "-" "Mozilla/5.0 (Windows NT 10.0; Win64; x64) AppleWebKit/537.36 (KHTML, like Gecko) Chrome/109.0.0.0 Safari/537.36" 220 **0/220943**
43.173.178.196 - - [14/Mar/2026:05:14:21 -0700] "GET /the-latest-insane-wolf-casino-slot-games-from-the-igt-possess-a-good-image-in-the-a-local-western-theme/ HTTP/1.1" 200 17226 "-" "Mozilla/5.0 (Windows NT 10.0; Win64; x64) AppleWebKit/537.36 (KHTML, like Gecko) Chrome/133.0.0.0 Safari/537.36" 253 **0/253639**
43.173.173.12 - - [14/Mar/2026:05:14:21 -0700] "GET /giros-sin-cargo-carente-deposito-acerca-de-espana-2026-obten-25-tiradas-regalado/ HTTP/1.1" 200 19364 "-" "Mozilla/5.0 (Windows NT 10.0; Win64; x64) AppleWebKit/537.36 (KHTML, like Gecko) Chrome/131.0.0.0 Safari/537.36" 305 **0/305583**
74.7.227.158 - - [14/Mar/2026:05:14:21 -0700] "GET /ranks-of-the-greatest-and-most-safer-gambling-enterprises-for-canadians/ HTTP/2.0" 200 15670 "https://indiabettingexchange.in/articles/page/635/" "Mozilla/5.0 AppleWebKit/537.36 (KHTML, like Gecko; compatible; GPTBot/1.3; +https://openai.com/gptbot)" 237 **0/237502**
43.173.173.192 - - [14/Mar/2026:05:14:21 -0700] "GET /freespins-exklusive-einzahlung-angeschlossen-spielbank-unter-einsatz-von-freispielen-casino-boo-bewertungen-online-spielen/ HTTP/1.1" 200 18476 "-" "Mozilla/5.0 (Windows NT 10.0; Win64; x64) AppleWebKit/537.36 (KHTML, like Gecko) Chrome/133.0.0.0 Safari/537.36" 212 **0/212726**
74.7.227.158 - - [14/Mar/2026:05:14:22 -0700] "GET /it-does-not-matter-whether-you-are-in-the-office-otherwise-enjoy-it-is-wise-to-demand-the-real-deal/ HTTP/2.0" 200 16149 "https://indiabettingexchange.in/articles/page/636/" "Mozilla/5.0 AppleWebKit/537.36 (KHTML, like Gecko; compatible; GPTBot/1.3; +https://openai.com/gptbot)" 235 **0/235902**
74.7.227.158 - - [14/Mar/2026:05:14:22 -0700] "GET /the-fresh-new-local-casino-has-a-huge-band-of-higher-top-quality-online-game-away-from-award-winning-real-time-betting/ HTTP/2.0" 200 15775 "https://indiabettingexchange.in/articles/page/634/" "Mozilla/5.0 AppleWebKit/537.36 (KHTML, like Gecko; compatible; GPTBot/1.3; +https://openai.com/gptbot)" 201 **0/201984**
74.7.227.158 - - [14/Mar/2026:05:14:23 -0700] "GET /states-where-you-could-gamble-managed-online-casino-games/ HTTP/2.0" 200 15681 "https://indiabettingexchange.in/articles/page/634/" "Mozilla/5.0 AppleWebKit/537.36 (KHTML, like Gecko; compatible; GPTBot/1.3; +https://openai.com/gptbot)" 168 **0/168500**
74.7.227.158 - - [14/Mar/2026:05:14:23 -0700] "GET /do-st-croix-casino-turtle-lake-enjoys-an-excellent-sportsbook/ HTTP/2.0" 200 15582 "https://indiabettingexchange.in/articles/page/635/" "Mozilla/5.0 AppleWebKit/537.36 (KHTML, like Gecko; compatible; GPTBot/1.3; +https://openai.com/gptbot)" 209 **0/209877**
74.7.227.158 - - [14/Mar/2026:05:14:24 -0700] "GET /all-of-our-top-twenty-three-needed-casinos-on-the-internet-for-the-france-to-have/ HTTP/2.0" 200 15731 "https://indiabettingexchange.in/articles/page/635/" "Mozilla/5.0 AppleWebKit/537.36 (KHTML, like Gecko; compatible; GPTBot/1.3; +https://openai.com/gptbot)" 257 **0/257323**
74.7.227.158 - - [14/Mar/2026:05:14:24 -0700] "GET /becoming-a-member-of-our-very-own-really-good-online-casino-doesnt-capture-much/ HTTP/2.0" 200 15794 "https://indiabettingexchange.in/articles/page/636/" "Mozilla/5.0 AppleWebKit/537.36 (KHTML, like Gecko; compatible; GPTBot/1.3; +https://openai.com/gptbot)" 211 **0/211389**
74.7.227.158 - - [14/Mar/2026:05:14:25 -0700] "GET /so-it-paved-ways-for-ontario-to-establish-its-own-managed-online-gambling-business/ HTTP/2.0" 200 16248 "https://indiabettingexchange.in/articles/page/637/" "Mozilla/5.0 AppleWebKit/537.36 (KHTML, like Gecko; compatible; GPTBot/1.3; +https://openai.com/gptbot)" 198 **0/198998**
74.7.227.158 - - [14/Mar/2026:05:14:25 -0700] "GET /it-does-not-matter-whether-you-are-at-work-otherwise-enjoy-it-is-best-to-consult-genuine/ HTTP/2.0" 200 16096 "https://indiabettingexchange.in/articles/page/636/" "Mozilla/5.0 AppleWebKit/537.36 (KHTML, like Gecko; compatible; GPTBot/1.3; +https://openai.com/gptbot)" 224 **0/224165**
74.7.227.158 - - [14/Mar/2026:05:14:26 -0700] "GET /which-ensures-that-the-twist-retains-the-fresh-new-guarantee-away-from-big-benefits/ HTTP/2.0" 200 15635 "https://indiabettingexchange.in/articles/page/637/" "Mozilla/5.0 AppleWebKit/537.36 (KHTML, like Gecko; compatible; GPTBot/1.3; +https://openai.com/gptbot)" 176 **0/176397**
74.7.227.158 - - [14/Mar/2026:05:14:26 -0700] "GET /our-very-own-experience-has-revealed-one-stake-help-is-a-fantastic-money-in-such-cases/ HTTP/2.0" 200 15721 "https://indiabettingexchange.in/articles/page/635/" "Mozilla/5.0 AppleWebKit/537.36 (KHTML, like Gecko; compatible; GPTBot/1.3; +https://openai.com/gptbot)" 212 **0/212293**
74.7.227.158 - - [14/Mar/2026:05:14:27 -0700] "GET /it-a-pleasant-bring-weekly-and-other-variety-of-campaign/ HTTP/2.0" 200 15409 "https://indiabettingexchange.in/articles/page/635/" "Mozilla/5.0 AppleWebKit/537.36 (KHTML, like Gecko; compatible; GPTBot/1.3; +https://openai.com/gptbot)" 227 **0/227633**
74.7.227.158 - - [14/Mar/2026:05:14:28 -0700] "GET /the-new-gambling-establishment-is-actually-during-the-eastern-hazel-crest-and-you-can-adjoining-vehicle-parking-garages-have-been-in-homewood/ HTTP/2.0" 200 17146 "https://indiabettingexchange.in/articles/page/636/" "Mozilla/5.0 AppleWebKit/537.36 (KHTML, like Gecko; compatible; GPTBot/1.3; +https://openai.com/gptbot)" 212 **0/212539**
74.7.227.158 - - [14/Mar/2026:05:14:28 -0700] "GET /a-zero-max-added-bonus-form-there-is-no-restrict-detachment-limitation-while-using-the-incentive/ HTTP/2.0" 200 15629 "https://indiabettingexchange.in/articles/page/636/" "Mozilla/5.0 AppleWebKit/537.36 (KHTML, like Gecko; compatible; GPTBot/1.3; +https://openai.com/gptbot)" 203 **0/203144**
74.7.227.158 - - [14/Mar/2026:05:14:29 -0700] "GET /when-you-find-yourself-certain-elements-hold-guarantee-anyone-else-want-improvement-to-reach-the-top-level-of-online-casinos/ HTTP/2.0" 200 16450 "https://indiabettingexchange.in/articles/page/635/" "Mozilla/5.0 AppleWebKit/537.36 (KHTML, like Gecko; compatible; GPTBot/1.3; +https://openai.com/gptbot)" 211 **0/211433**
74.7.227.158 - - [14/Mar/2026:05:14:29 -0700] "GET /as-with-any-online-gambling-system-there-is-a-potential-danger-of-development-betting-addiction/ HTTP/2.0" 200 15693 "https://indiabettingexchange.in/articles/page/634/" "Mozilla/5.0 AppleWebKit/537.36 (KHTML, like Gecko; compatible; GPTBot/1.3; +https://openai.com/gptbot)" 169 **0/169928**
185.191.171.14 - - [14/Mar/2026:05:14:30 -0700] "GET /video-va-tout-minimum-gaming-uniques-keno-bingo-cartes-dans-nettoyer/ HTTP/1.1" 200 17045 "-" "Mozilla/5.0 (compatible; SemrushBot/7~bl; +http://www.semrush.com/bot.html)" 246 **0/246765**
74.7.227.158 - - [14/Mar/2026:05:14:30 -0700] "GET /states-where-you-can-gamble-regulated-casino-games/ HTTP/2.0" 200 15704 "https://indiabettingexchange.in/articles/page/635/" "Mozilla/5.0 AppleWebKit/537.36 (KHTML, like Gecko; compatible; GPTBot/1.3; +https://openai.com/gptbot)" 247 **0/247984**
74.7.227.158 - - [14/Mar/2026:05:14:30 -0700] "GET /along-with-deluxe-suites-heated-pools-and-you-may-gambling-enterprises-the-on-one-webpages/ HTTP/2.0" 200 16047 "https://indiabettingexchange.in/articles/page/636/" "Mozilla/5.0 AppleWebKit/537.36 (KHTML, like Gecko; compatible; GPTBot/1.3; +https://openai.com/gptbot)" 206 **0/206741**
74.7.227.158 - - [14/Mar/2026:05:14:31 -0700] "GET /so-it-means-that-all-of-the-twist-retains-the-latest-promise-regarding-generous-advantages/ HTTP/2.0" 200 15656 "https://indiabettingexchange.in/articles/page/634/" "Mozilla/5.0 AppleWebKit/537.36 (KHTML, like Gecko; compatible; GPTBot/1.3; +https://openai.com/gptbot)" 222 **0/222985**
74.7.227.158 - - [14/Mar/2026:05:14:31 -0700] "GET /creating-your-spirit-casino-membership-what-you-need-to-learn/ HTTP/2.0" 200 16014 "https://indiabettingexchange.in/articles/page/634/" "Mozilla/5.0 AppleWebKit/537.36 (KHTML, like Gecko; compatible; GPTBot/1.3; +https://openai.com/gptbot)" 187 **0/187471**
74.7.227.158 - - [14/Mar/2026:05:14:32 -0700] "GET /wonderful-pokies-local-casino-ideas-on-how-to-appreciate-miracle-mirror-luxury-slot/ HTTP/2.0" 200 15341 "https://indiabettingexchange.in/articles/page/636/" "Mozilla/5.0 AppleWebKit/537.36 (KHTML, like Gecko; compatible; GPTBot/1.3; +https://openai.com/gptbot)" 201 **0/201013**
74.7.227.158 - - [14/Mar/2026:05:14:32 -0700] "GET /exactly-how-we-ensure-reasonable-and-you-can-honest-us-gambling-enterprise-ranks/ HTTP/2.0" 200 15645 "https://indiabettingexchange.in/articles/page/635/" "Mozilla/5.0 AppleWebKit/537.36 (KHTML, like Gecko; compatible; GPTBot/1.3; +https://openai.com/gptbot)" 202 **0/202856**
74.7.227.158 - - [14/Mar/2026:05:14:33 -0700] "GET /stake-is-a-superb-option-for-somebody-trying-to-make-instant-distributions/ HTTP/2.0" 200 15691 "https://indiabettingexchange.in/articles/page/634/" "Mozilla/5.0 AppleWebKit/537.36 (KHTML, like Gecko; compatible; GPTBot/1.3; +https://openai.com/gptbot)" 222 **0/222834**
74.7.227.158 - - [14/Mar/2026:05:14:33 -0700] "GET /we-all-know-gambling-enterprises-we-realize-exactly-why-are-them-tick-and-then-we-understand-what-tends-to-make-all-of-them-safe/ HTTP/2.0" 200 15927 "https://indiabettingexchange.in/articles/page/636/" "Mozilla/5.0 AppleWebKit/537.36 (KHTML, like Gecko; compatible; GPTBot/1.3; +https://openai.com/gptbot)" 225 **0/225226**
43.173.175.207 - - [14/Mar/2026:05:14:34 -0700] "GET /jumpstart-that-have-chumbas-100-free-gold-coins-sweeps-gold-coins/ HTTP/1.1" 200 18408 "-" "Mozilla/5.0 (Windows NT 10.0; Win64; x64) AppleWebKit/537.36 (KHTML, like Gecko) Chrome/104.0.5112.81 Safari/537.36" 206 **0/206314**
74.7.227.158 - - [14/Mar/2026:05:14:34 -0700] "GET /are-there-credible-and-you-may-repeating-member-grievances-from-the-stake/ HTTP/2.0" 200 15735 "https://indiabettingexchange.in/articles/page/635/" "Mozilla/5.0 AppleWebKit/537.36 (KHTML, like Gecko; compatible; GPTBot/1.3; +https://openai.com/gptbot)" 189 **0/189980**
74.7.227.158 - - [14/Mar/2026:05:14:35 -0700] "GET /grand-mondial-means-that-you-should-buy-assist-when-you-really-need-it/ HTTP/2.0" 200 15804 "https://indiabettingexchange.in/articles/page/634/" "Mozilla/5.0 AppleWebKit/537.36 (KHTML, like Gecko; compatible; GPTBot/1.3; +https://openai.com/gptbot)" 188 **0/188690**
74.7.227.158 - - [14/Mar/2026:05:14:35 -0700] "GET /some-software-organization-extremely-stand-out-from-the-crowd-during-the-on-the-internet-playing/ HTTP/2.0" 200 15785 "https://indiabettingexchange.in/articles/page/635/" "Mozilla/5.0 AppleWebKit/537.36 (KHTML, like Gecko; compatible; GPTBot/1.3; +https://openai.com/gptbot)" 195 **0/195278**
74.7.227.158 - - [14/Mar/2026:05:14:36 -0700] "GET /select-the-wonderful-key-to-discover-the-new-magical-wealth-in-book-away-from-perks/ HTTP/2.0" 200 15798 "https://indiabettingexchange.in/articles/page/634/" "Mozilla/5.0 AppleWebKit/537.36 (KHTML, like Gecko; compatible; GPTBot/1.3; +https://openai.com/gptbot)" 226 **0/226470**
74.7.227.158 - - [14/Mar/2026:05:14:36 -0700] "GET /stay-tuned-observe-the-brand-new-personal-attributes-i-give-the-new-desk/ HTTP/2.0" 200 15600 "https://indiabettingexchange.in/articles/page/636/" "Mozilla/5.0 AppleWebKit/537.36 (KHTML, like Gecko; compatible; GPTBot/1.3; +https://openai.com/gptbot)" 221 **0/221467**
74.7.227.158 - - [14/Mar/2026:05:14:37 -0700] "GET /minimal-deposit-try-ten-or-another-currency-comparable/ HTTP/2.0" 200 15772 "https://indiabettingexchange.in/articles/page/635/" "Mozilla/5.0 AppleWebKit/537.36 (KHTML, like Gecko; compatible; GPTBot/1.3; +https://openai.com/gptbot)" 216 **0/216666**
74.7.227.158 - - [14/Mar/2026:05:14:37 -0700] "GET /canadian-casinos-on-the-internet-is-deemed-reliable-must-showcase-clear-and-fair-extra-practices/ HTTP/2.0" 200 15910 "https://indiabettingexchange.in/articles/page/635/" "Mozilla/5.0 AppleWebKit/537.36 (KHTML, like Gecko; compatible; GPTBot/1.3; +https://openai.com/gptbot)" 188 **0/188944**
74.7.227.158 - - [14/Mar/2026:05:14:38 -0700] "GET /the-latest-gambling-enterprise-itself-is-for-the-eastern-hazel-crest-and-you-will-adjacent-vehicle-parking-garages-have-homewood/ HTTP/2.0" 200 17113 "https://indiabettingexchange.in/articles/page/637/" "Mozilla/5.0 AppleWebKit/537.36 (KHTML, like Gecko; compatible; GPTBot/1.3; +https://openai.com/gptbot)" 200 **0/200021**
74.7.227.158 - - [14/Mar/2026:05:14:38 -0700] "GET /looking-for-a-modern-gambling-platform-that-have-numerous-amusement-and-you-can-opportunities-to-winnings/ HTTP/2.0" 200 15811 "https://indiabettingexchange.in/articles/page/637/" "Mozilla/5.0 AppleWebKit/537.36 (KHTML, like Gecko; compatible; GPTBot/1.3; +https://openai.com/gptbot)" 188 **0/188395**
74.7.227.158 - - [14/Mar/2026:05:14:39 -0700] "GET /are-you-searching-for-a-modern-playing-program-which-have-several-entertainment-and-you-may-opportunities-to-winnings/ HTTP/2.0" 200 15774 "https://indiabettingexchange.in/articles/page/637/" "Mozilla/5.0 AppleWebKit/537.36 (KHTML, like Gecko; compatible; GPTBot/1.3; +https://openai.com/gptbot)" 212 **0/212937**
74.7.227.158 - - [14/Mar/2026:05:14:39 -0700] "GET /the-latest-cellular-software-build-is-aesthetically-enticing-with-a-high-high-quality-picture-and-you-may-bright-colour/ HTTP/2.0" 200 15653 "https://indiabettingexchange.in/articles/page/637/" "Mozilla/5.0 AppleWebKit/537.36 (KHTML, like Gecko; compatible; GPTBot/1.3; +https://openai.com/gptbot)" 232 **0/232979**
74.7.227.158 - - [14/Mar/2026:05:14:40 -0700] "GET /some-application-organization-really-stand-out-from-the-crowd-for-the-on-the-internet-playing/ HTTP/2.0" 200 15781 "https://indiabettingexchange.in/articles/page/637/" "Mozilla/5.0 AppleWebKit/537.36 (KHTML, like Gecko; compatible; GPTBot/1.3; +https://openai.com/gptbot)" 198 **0/198021**
74.7.227.158 - - [14/Mar/2026:05:14:41 -0700] "GET /future-trends-in-gambling-what-aviator-predicts/ HTTP/2.0" 200 16391 "https://indiabettingexchange.in/articles/page/637/" "Mozilla/5.0 AppleWebKit/537.36 (KHTML, like Gecko; compatible; GPTBot/1.3; +https://openai.com/gptbot)" 182 **0/182618**
74.7.227.158 - - [14/Mar/2026:05:14:41 -0700] "GET /does-st-croix-gambling-establishment-turtle-lake-features-a-sportsbook/ HTTP/2.0" 200 15540 "https://indiabettingexchange.in/articles/page/636/" "Mozilla/5.0 AppleWebKit/537.36 (KHTML, like Gecko; compatible; GPTBot/1.3; +https://openai.com/gptbot)" 211 **0/211257**
185.191.171.3 - - [14/Mar/2026:05:14:41 -0700] "GET /no-deposit-incentives-nz-rating-5-for-free/ HTTP/1.1" 200 18815 "-" "Mozilla/5.0 (compatible; SemrushBot/7~bl; +http://www.semrush.com/bot.html)" 190 **0/190651**
74.7.227.158 - - [14/Mar/2026:05:14:42 -0700] "GET /wonderful-pokies-gambling-enterprise-ideas-on-how-to-appreciate-magic-reflect-deluxe-position/ HTTP/2.0" 200 15418 "https://indiabettingexchange.in/articles/page/635/" "Mozilla/5.0 AppleWebKit/537.36 (KHTML, like Gecko; compatible; GPTBot/1.3; +https://openai.com/gptbot)" 178 **0/178676**
74.7.227.158 - - [14/Mar/2026:05:14:42 -0700] "GET /article-on-fintracs-data-of-doubtful-purchase-account-or-other-supplies-regarding-online-gambling/ HTTP/2.0" 200 16331 "https://indiabettingexchange.in/articles/page/636/" "Mozilla/5.0 AppleWebKit/537.36 (KHTML, like Gecko; compatible; GPTBot/1.3; +https://openai.com/gptbot)" 190 **0/190484**
74.7.227.158 - - [14/Mar/2026:05:14:43 -0700] "GET /spin-gambling-enterprise-is-a-historical-driver-backed-by-thousands-of-members-all-over-the-world-generating-itself-good-four/ HTTP/2.0" 200 15870 "https://indiabettingexchange.in/articles/page/634/" "Mozilla/5.0 AppleWebKit/537.36 (KHTML, like Gecko; compatible; GPTBot/1.3; +https://openai.com/gptbot)" 204 **0/204006**
74.7.227.158 - - [14/Mar/2026:05:14:43 -0700] "GET /many-gambling-enthusiasts-like-the-convenience-of-to-experience-casino-games-towards-the-cellphones/ HTTP/2.0" 200 15594 "https://indiabettingexchange.in/articles/page/636/" "Mozilla/5.0 AppleWebKit/537.36 (KHTML, like Gecko; compatible; GPTBot/1.3; +https://openai.com/gptbot)" 217 **0/217114**
74.7.227.158 - - [14/Mar/2026:05:14:44 -0700] "GET /play-online-casino-games-at-no-cost-in-the-spin-local-casino-internet-casino/ HTTP/2.0" 200 15512 "https://indiabettingexchange.in/articles/page/636/" "Mozilla/5.0 AppleWebKit/537.36 (KHTML, like Gecko; compatible; GPTBot/1.3; +https://openai.com/gptbot)" 223 **0/223594**
185.191.171.17 - - [14/Mar/2026:05:14:44 -0700] "GET /20-african-magic-step-slot-bar-bar-black-sheep-one-deposit-best-bitcoin-wagering-sites-more-than-2025-guide/ HTTP/1.1" 200 20002 "-" "Mozilla/5.0 (compatible; SemrushBot/7~bl; +http://www.semrush.com/bot.html)" 218 **0/218992**
74.7.227.158 - - [14/Mar/2026:05:14:44 -0700] "GET /and-your-confidentiality-and-you-may-safety-is-actually-important-thanks-to-state-of-the-art-security-application/ HTTP/2.0" 200 15559 "https://indiabettingexchange.in/articles/page/635/" "Mozilla/5.0 AppleWebKit/537.36 (KHTML, like Gecko; compatible; GPTBot/1.3; +https://openai.com/gptbot)" 222 **0/222441**
74.7.227.158 - - [14/Mar/2026:05:14:45 -0700] "GET /signing-to-your-zodiac-gambling-establishment-membership-is-quick-and-you-can-quick/ HTTP/2.0" 200 15772 "https://indiabettingexchange.in/articles/page/636/" "Mozilla/5.0 AppleWebKit/537.36 (KHTML, like Gecko; compatible; GPTBot/1.3; +https://openai.com/gptbot)" 220 **0/220732**
74.7.227.158 - - [14/Mar/2026:05:14:45 -0700] "GET /this-is-quatro-gambling-establishment-online-%ef%bf%bdthe-fresh-software%ef%bf%bd-otherwise-%ef%bf%bdi%ef%bf%bd-%ef%bf%bdunited-states%ef%bf%bd-%ef%bf%bdour%ef%bf%bd/ HTTP/2.0" 200 16357 "https://indiabettingexchange.in/articles/page/635/" "Mozilla/5.0 AppleWebKit/537.36 (KHTML, like Gecko; compatible; GPTBot/1.3; +https://openai.com/gptbot)" 232 **0/232343**
74.7.227.158 - - [14/Mar/2026:05:14:46 -0700] "GET /spin-local-casino-provides-an-initial-speed-mobile-offering-that-you-could-appreciate-from-anywhere-at-all/ HTTP/2.0" 200 15592 "https://indiabettingexchange.in/articles/page/635/" "Mozilla/5.0 AppleWebKit/537.36 (KHTML, like Gecko; compatible; GPTBot/1.3; +https://openai.com/gptbot)" 247 **0/247861**
66.249.68.4 - - [14/Mar/2026:05:14:46 -0700] "GET /vyvoj-online-hazardniho-prumyslu-strategie-a-inovace-v-digitalnim-kasinu/ HTTP/1.1" 200 16293 "-" "Mozilla/5.0 (Linux; Android 6.0.1; Nexus 5X Build/MMB29P) AppleWebKit/537.36 (KHTML, like Gecko) Chrome/145.0.7632.116 Mobile Safari/537.36 (compatible; Googlebot/2.1; +http://www.google.com/bot.html)" 269 **0/269250**
74.7.227.158 - - [14/Mar/2026:05:14:47 -0700] "GET /we-understand-casinos-we-realize-why-are-all-of-them-tick-and-we-understand-what-tends-to-make-all-of-them-safer/ HTTP/2.0" 200 15858 "https://indiabettingexchange.in/articles/page/635/" "Mozilla/5.0 AppleWebKit/537.36 (KHTML, like Gecko; compatible; GPTBot/1.3; +https://openai.com/gptbot)" 253 **0/253195**
74.7.227.158 - - [14/Mar/2026:05:14:47 -0700] "GET /the-fresh-new-cellular-software-design-was-visually-enticing-with-high-high-quality-picture-and-you-may-vibrant-tones/ HTTP/2.0" 200 15670 "https://indiabettingexchange.in/articles/page/636/" "Mozilla/5.0 AppleWebKit/537.36 (KHTML, like Gecko; compatible; GPTBot/1.3; +https://openai.com/gptbot)" 186 **0/186876**
74.7.227.158 - - [14/Mar/2026:05:14:48 -0700] "GET /a-good-a-real-income-gambling-enterprises-hire-real-pros-having-service/ HTTP/2.0" 200 15649 "https://indiabettingexchange.in/articles/page/635/" "Mozilla/5.0 AppleWebKit/537.36 (KHTML, like Gecko; compatible; GPTBot/1.3; +https://openai.com/gptbot)" 228 **0/228553**
74.7.227.158 - - [14/Mar/2026:05:14:48 -0700] "GET /review-of-fintracs-research-from-skeptical-purchase-profile-or-any-other-supply-linked-to-online-gambling/ HTTP/2.0" 200 16249 "https://indiabettingexchange.in/articles/page/635/" "Mozilla/5.0 AppleWebKit/537.36 (KHTML, like Gecko; compatible; GPTBot/1.3; +https://openai.com/gptbot)" 192 **0/192725**
74.7.227.158 - - [14/Mar/2026:05:14:49 -0700] "GET /advantages-disadvantages-getting-playing-on-the-line-gambling-enterprise/ HTTP/2.0" 200 15771 "https://indiabettingexchange.in/articles/page/634/" "Mozilla/5.0 AppleWebKit/537.36 (KHTML, like Gecko; compatible; GPTBot/1.3; +https://openai.com/gptbot)" 245 **0/245707**
74.7.227.158 - - [14/Mar/2026:05:14:49 -0700] "GET /promote-vegas-to-the-2nd-knowledge-with-local-casino-people-accommodations-inside-chi-town-il/ HTTP/2.0" 200 16064 "https://indiabettingexchange.in/articles/page/637/" "Mozilla/5.0 AppleWebKit/537.36 (KHTML, like Gecko; compatible; GPTBot/1.3; +https://openai.com/gptbot)" 242 **0/242547**
74.7.227.158 - - [14/Mar/2026:05:14:50 -0700] "GET /an-excellent-grand-mondial-local-casino-incentive-s-the-local-casino-benefits-commitment-program/ HTTP/2.0" 200 15814 "https://indiabettingexchange.in/articles/page/637/" "Mozilla/5.0 AppleWebKit/537.36 (KHTML, like Gecko; compatible; GPTBot/1.3; +https://openai.com/gptbot)" 252 **0/252076**
74.7.227.158 - - [14/Mar/2026:05:14:51 -0700] "GET /agent-ing-offering-four-reels-and-you-can-fifteen-paylines-having-an-excellent-96-rtp/ HTTP/2.0" 200 16009 "https://indiabettingexchange.in/articles/page/636/" "Mozilla/5.0 AppleWebKit/537.36 (KHTML, like Gecko; compatible; GPTBot/1.3; +https://openai.com/gptbot)" 218 **0/218644**
74.7.227.158 - - [14/Mar/2026:05:14:51 -0700] "GET /how-do-i-profit-100-free-gold-coins-to-tackle-jackpot-team-local-casino/ HTTP/2.0" 200 15891 "https://indiabettingexchange.in/articles/page/635/" "Mozilla/5.0 AppleWebKit/537.36 (KHTML, like Gecko; compatible; GPTBot/1.3; +https://openai.com/gptbot)" 209 **0/209307**
51.68.247.200 - - [14/Mar/2026:05:14:51 -0700] "GET /warum-die-spannung-des-spielens-des-book-of-ra-slots-casinos-deutschlands-pragt/feed/ HTTP/2.0" 200 428 "-" "Mozilla/5.0 (compatible; AhrefsBot/7.0; +http://ahrefs.com/robot/)" 172 **0/172114**
114.119.139.102 - - [14/Mar/2026:05:14:51 -0700] "GET /vip-programs-providing-rakeback-5-20-cashback-into-the-loss-and-you-can-shorter-betting-multipliers-25x-in-lieu-of-35x-give-enough-time-name-worth/ HTTP/1.1" 200 17693 "https://indiabettingexchange.in/vip-programs-providing-rakeback-5-20-cashback-into-the-loss-and-you-can-shorter-betting-multipliers-25x-in-lieu-of-35x-give-enough-time-name-worth/" "Mozilla/5.0 (Linux; Android 7.0;) AppleWebKit/537.36 (KHTML, like Gecko) Mobile Safari/537.36 (compatible; PetalBot;+https://webmaster.petalsearch.com/site/petalbot)" 218 **0/218184**
74.7.227.158 - - [14/Mar/2026:05:14:52 -0700] "GET /the-fresh-game-seemed-in-the-gambling-establishment-perks-associate-gambling-enterprises-provide-97-or-even-more/ HTTP/2.0" 200 15812 "https://indiabettingexchange.in/articles/page/635/" "Mozilla/5.0 AppleWebKit/537.36 (KHTML, like Gecko; compatible; GPTBot/1.3; +https://openai.com/gptbot)" 202 **0/202204**
74.7.227.158 - - [14/Mar/2026:05:14:52 -0700] "GET /fordelar-och-risker-med-spel-utan-svensk-licens-8/ HTTP/2.0" 200 343711 "https://indiabettingexchange.in/articles/page/637/" "Mozilla/5.0 AppleWebKit/537.36 (KHTML, like Gecko; compatible; GPTBot/1.3; +https://openai.com/gptbot)" 296 **0/296232**
74.7.227.158 - - [14/Mar/2026:05:14:53 -0700] "GET /spin-gambling-enterprise-is-actually-a-historical-operator-supported-by-tens-and-thousands-of-users-international-generating-in-itself-an-effective-4/ HTTP/2.0" 200 15868 "https://indiabettingexchange.in/articles/page/635/" "Mozilla/5.0 AppleWebKit/537.36 (KHTML, like Gecko; compatible; GPTBot/1.3; +https://openai.com/gptbot)" 203 **0/203619**
74.7.227.158 - - [14/Mar/2026:05:14:53 -0700] "GET /inside-2025-we-tested-more-than-50-canadian-gambling-websites-and-chose-the-latest-ten-safest/ HTTP/2.0" 200 15902 "https://indiabettingexchange.in/articles/page/636/" "Mozilla/5.0 AppleWebKit/537.36 (KHTML, like Gecko; compatible; GPTBot/1.3; +https://openai.com/gptbot)" 204 **0/204291**
74.7.227.158 - - [14/Mar/2026:05:14:54 -0700] "GET /best-5-invited-bonuses-having-casino-players-inside-2025/ HTTP/2.0" 200 16901 "https://indiabettingexchange.in/articles/page/636/" "Mozilla/5.0 AppleWebKit/537.36 (KHTML, like Gecko; compatible; GPTBot/1.3; +https://openai.com/gptbot)" 193 **0/193527**
74.7.227.158 - - [14/Mar/2026:05:14:54 -0700] "GET /betmgm-awards-users-20-issues-for-each-and-every-100-wagered-to-your-slot-online-game-rather-than-progressive-jackpots/ HTTP/2.0" 200 15905 "https://indiabettingexchange.in/articles/page/636/" "Mozilla/5.0 AppleWebKit/537.36 (KHTML, like Gecko; compatible; GPTBot/1.3; +https://openai.com/gptbot)" 201 **0/201455**
74.7.227.158 - - [14/Mar/2026:05:14:55 -0700] "GET /fine-print-you-must-know-to-tackle-at-the-a-no-cost-twist-local-casino/ HTTP/2.0" 200 16674 "https://indiabettingexchange.in/articles/page/637/" "Mozilla/5.0 AppleWebKit/537.36 (KHTML, like Gecko; compatible; GPTBot/1.3; +https://openai.com/gptbot)" 218 **0/218504**
74.7.227.158 - - [14/Mar/2026:05:14:55 -0700] "GET /risk-gambling-establishment-houses-above-2000-online-slots-games-for-the-majority-countries/ HTTP/2.0" 200 15933 "https://indiabettingexchange.in/articles/page/634/" "Mozilla/5.0 AppleWebKit/537.36 (KHTML, like Gecko; compatible; GPTBot/1.3; +https://openai.com/gptbot)" 219 **0/219884**
74.7.227.158 - - [14/Mar/2026:05:14:56 -0700] "GET /riobet-casino-podrobnyj-razbor-vozmozhnostej-51/ HTTP/2.0" 200 19749 "https://indiabettingexchange.in/articles/page/636/" "Mozilla/5.0 AppleWebKit/537.36 (KHTML, like Gecko; compatible; GPTBot/1.3; +https://openai.com/gptbot)" 192 **0/192908**
74.7.227.158 - - [14/Mar/2026:05:14:57 -0700] "GET /january-17-january-17-les-exseparables-february-7-march-7-vulnerable/ HTTP/2.0" 200 15585 "https://indiabettingexchange.in/articles/page/634/" "Mozilla/5.0 AppleWebKit/537.36 (KHTML, like Gecko; compatible; GPTBot/1.3; +https://openai.com/gptbot)" 229 **0/229576**
74.7.227.158 - - [14/Mar/2026:05:14:57 -0700] "GET /the-new-online-game-searched-at-the-gambling-enterprise-rewards-member-gambling-enterprises-offer-97-or-even-more/ HTTP/2.0" 200 15790 "https://indiabettingexchange.in/articles/page/636/" "Mozilla/5.0 AppleWebKit/537.36 (KHTML, like Gecko; compatible; GPTBot/1.3; +https://openai.com/gptbot)" 227 **0/227116**
74.7.227.158 - - [14/Mar/2026:05:14:58 -0700] "GET /heres-what-our-experts-need-to-say-regarding-the-share/ HTTP/2.0" 200 15843 "https://indiabettingexchange.in/articles/page/637/" "Mozilla/5.0 AppleWebKit/537.36 (KHTML, like Gecko; compatible; GPTBot/1.3; +https://openai.com/gptbot)" 231 **0/231478**
74.7.227.158 - - [14/Mar/2026:05:14:58 -0700] "GET /heres-what-all-of-our-pros-have-to-state-on-share/ HTTP/2.0" 200 15788 "https://indiabettingexchange.in/articles/page/637/" "Mozilla/5.0 AppleWebKit/537.36 (KHTML, like Gecko; compatible; GPTBot/1.3; +https://openai.com/gptbot)" 201 **0/201666**
74.7.227.158 - - [14/Mar/2026:05:14:59 -0700] "GET /do-you-play-on-share-that-have-good-vpn-if-you-live-inside-ontario/ HTTP/2.0" 200 15655 "https://indiabettingexchange.in/articles/page/634/" "Mozilla/5.0 AppleWebKit/537.36 (KHTML, like Gecko; compatible; GPTBot/1.3; +https://openai.com/gptbot)" 191 **0/191313**
74.7.227.158 - - [14/Mar/2026:05:14:59 -0700] "GET /january-17-january-17-les-exseparables-march-seven-february-seven-vulnerable/ HTTP/2.0" 200 15567 "https://indiabettingexchange.in/articles/page/636/" "Mozilla/5.0 AppleWebKit/537.36 (KHTML, like Gecko; compatible; GPTBot/1.3; +https://openai.com/gptbot)" 214 **0/214259**
74.7.227.158 - - [14/Mar/2026:05:15:00 -0700] "GET /1king-casinonun-en-sevilen-slot-deneyimleri-88/ HTTP/2.0" 200 16299 "https://indiabettingexchange.in/articles/page/635/" "Mozilla/5.0 AppleWebKit/537.36 (KHTML, like Gecko; compatible; GPTBot/1.3; +https://openai.com/gptbot)" 304 **0/304229**
74.7.227.158 - - [14/Mar/2026:05:15:01 -0700] "GET /1xslots-casino-sitio-oficial-en-argentina-19/ HTTP/2.0" 200 390929 "https://indiabettingexchange.in/articles/page/635/" "Mozilla/5.0 AppleWebKit/537.36 (KHTML, like Gecko; compatible; GPTBot/1.3; +https://openai.com/gptbot)" 619 **0/619295**
74.7.227.158 - - [14/Mar/2026:05:15:01 -0700] "GET /our-sense-has-shown-one-to-share-help-is-a-superb-financing-in-such-instances/ HTTP/2.0" 200 15665 "https://indiabettingexchange.in/articles/page/637/" "Mozilla/5.0 AppleWebKit/537.36 (KHTML, like Gecko; compatible; GPTBot/1.3; +https://openai.com/gptbot)" 780 **0/780776**
77.241.75.157 - - [14/Mar/2026:05:15:02 -0700] "GET /how-to-deposit-money-at-mostbet-a-comprehensive-5/ HTTP/1.1" 200 16757 "-" "Mozilla/5.0 (X11; Fedora; Linux x86_64; rv:114.0) Gecko/20100101 Firefox/114.0" 1153 **1/1153164**
74.7.227.158 - - [14/Mar/2026:05:15:03 -0700] "GET /share-is-among-the-biggest-bitcoin-gambling-enterprises-worldwide/ HTTP/2.0" 200 15515 "https://indiabettingexchange.in/articles/page/634/" "Mozilla/5.0 AppleWebKit/537.36 (KHTML, like Gecko; compatible; GPTBot/1.3; +https://openai.com/gptbot)" 1126 **1/1126021**
74.7.227.158 - - [14/Mar/2026:05:15:04 -0700] "GET /riobet-zerkalo-obnovljonnye-sposoby-obhoda-12/ HTTP/2.0" 200 19987 "https://indiabettingexchange.in/articles/page/636/" "Mozilla/5.0 AppleWebKit/537.36 (KHTML, like Gecko; compatible; GPTBot/1.3; +https://openai.com/gptbot)" 555 **0/555866**
74.7.227.158 - - [14/Mar/2026:05:15:05 -0700] "GET /to-your-popularisation-of-esports-procedures-share-also-offers-many-betting-options-towards-cybersport-suits/ HTTP/2.0" 200 15637 "https://indiabettingexchange.in/articles/page/635/" "Mozilla/5.0 AppleWebKit/537.36 (KHTML, like Gecko; compatible; GPTBot/1.3; +https://openai.com/gptbot)" 434 **0/434008**
74.7.227.158 - - [14/Mar/2026:05:15:06 -0700] "GET /share-is-an-excellent-selection-for-individuals-trying-to-generate-immediate-withdrawals/ HTTP/2.0" 200 15693 "https://indiabettingexchange.in/articles/page/635/" "Mozilla/5.0 AppleWebKit/537.36 (KHTML, like Gecko; compatible; GPTBot/1.3; +https://openai.com/gptbot)" 415 **0/415345**
74.7.227.158 - - [14/Mar/2026:05:15:06 -0700] "GET /share-gambling-enterprise-%ef%bf%bd-canadas-place-to-begin-real-cash-wins/ HTTP/2.0" 200 15845 "https://indiabettingexchange.in/articles/page/634/" "Mozilla/5.0 AppleWebKit/537.36 (KHTML, like Gecko; compatible; GPTBot/1.3; +https://openai.com/gptbot)" 332 **0/332218**
74.7.227.158 - - [14/Mar/2026:05:15:07 -0700] "GET /articles/page/641/ HTTP/2.0" 200 17234 "https://indiabettingexchange.in/articles/page/637/" "Mozilla/5.0 AppleWebKit/537.36 (KHTML, like Gecko; compatible; GPTBot/1.3; +https://openai.com/gptbot)" 724 **0/724435**
74.7.227.158 - - [14/Mar/2026:05:15:08 -0700] "GET /articles/page/639/ HTTP/2.0" 200 16808 "https://indiabettingexchange.in/articles/page/635/" "Mozilla/5.0 AppleWebKit/537.36 (KHTML, like Gecko; compatible; GPTBot/1.3; +https://openai.com/gptbot)" 734 **0/734964**
74.7.227.158 - - [14/Mar/2026:05:15:09 -0700] "GET /articles/page/638/ HTTP/2.0" 200 16652 "https://indiabettingexchange.in/articles/page/634/" "Mozilla/5.0 AppleWebKit/537.36 (KHTML, like Gecko; compatible; GPTBot/1.3; +https://openai.com/gptbot)" 683 **0/683809**
74.7.227.158 - - [14/Mar/2026:05:15:10 -0700] "GET /articles/page/640/ HTTP/2.0" 200 16680 "https://indiabettingexchange.in/articles/page/637/" "Mozilla/5.0 AppleWebKit/537.36 (KHTML, like Gecko; compatible; GPTBot/1.3; +https://openai.com/gptbot)" 814 **0/814070**
185.191.171.11 - - [14/Mar/2026:05:15:11 -0700] "GET /una-dolce-vita-slot-demo-gratuito-e-soldi-veri/ HTTP/1.1" 200 19773 "-" "Mozilla/5.0 (compatible; SemrushBot/7~bl; +http://www.semrush.com/bot.html)" 353 **0/353531**
74.7.227.158 - - [14/Mar/2026:05:15:11 -0700] "GET /wp-json/oembed/1.0/embed?url=https%3A%2F%2Findiabettingexchange.in%2Fhow-uk-members-are-able-to-keep-a-record-of-their-bonus-harmony-after-they-cash-they-for-the%2F HTTP/2.0" 200 1342 "https://indiabettingexchange.in/how-uk-members-are-able-to-keep-a-record-of-their-bonus-harmony-after-they-cash-they-for-the/" "Mozilla/5.0 AppleWebKit/537.36 (KHTML, like Gecko; compatible; GPTBot/1.3; +https://openai.com/gptbot)" 250 **0/250037**
74.7.227.158 - - [14/Mar/2026:05:15:12 -0700] "GET /wp-json/oembed/1.0/embed?url=https%3A%2F%2Findiabettingexchange.in%2Fthe-fresh-crazy-wolf-slot-machine-by-igt-has-a-fantastic-image-within-the-a-local-american-motif%2F HTTP/2.0" 200 1316 "https://indiabettingexchange.in/the-fresh-crazy-wolf-slot-machine-by-igt-has-a-fantastic-image-within-the-a-local-american-motif/" "Mozilla/5.0 AppleWebKit/537.36 (KHTML, like Gecko; compatible; GPTBot/1.3; +https://openai.com/gptbot)" 235 **0/235507**
74.7.227.158 - - [14/Mar/2026:05:15:13 -0700] "GET /wp-json/oembed/1.0/embed?url=https%3A%2F%2Findiabettingexchange.in%2Fas-the-a-good-iliar-with-our-team-our-procedures-and-you-may-our-very-own-government-party%2F HTTP/2.0" 200 1358 "https://indiabettingexchange.in/as-the-a-good-iliar-with-our-team-our-procedures-and-you-may-our-very-own-government-party/" "Mozilla/5.0 AppleWebKit/537.36 (KHTML, like Gecko; compatible; GPTBot/1.3; +https://openai.com/gptbot)" 228 **0/228709**
74.7.227.158 - - [14/Mar/2026:05:15:13 -0700] "GET /wp-json/oembed/1.0/embed?url=https%3A%2F%2Findiabettingexchange.in%2Fgamble-mega-moolah-for-mostbet-bonus-how-to-use-free-or-which-have-a-real-income-on-line%2F HTTP/2.0" 200 1434 "https://indiabettingexchange.in/gamble-mega-moolah-for-mostbet-bonus-how-to-use-free-or-which-have-a-real-income-on-line/" "Mozilla/5.0 AppleWebKit/537.36 (KHTML, like Gecko; compatible; GPTBot/1.3; +https://openai.com/gptbot)" 238 **0/238127**
74.7.227.158 - - [14/Mar/2026:05:15:14 -0700] "GET /wp-json/oembed/1.0/embed?url=https%3A%2F%2Findiabettingexchange.in%2Fwhen-should-i-fool-around-with-an-advantage-code-so-you-can-allege-an-internet-casino-campaign%2F HTTP/2.0" 200 1267 "https://indiabettingexchange.in/when-should-i-fool-around-with-an-advantage-code-so-you-can-allege-an-internet-casino-campaign/" "Mozilla/5.0 AppleWebKit/537.36 (KHTML, like Gecko; compatible; GPTBot/1.3; +https://openai.com/gptbot)" 225 **0/225118**
74.7.227.158 - - [14/Mar/2026:05:15:14 -0700] "GET /wp-json/oembed/1.0/embed?url=https%3A%2F%2Findiabettingexchange.in%2Faquarium-position-swim-planet-7-casino-bonus-your-way-so-you-can-higher-gains-no-deposit-ports%2F HTTP/2.0" 200 1439 "https://indiabettingexchange.in/aquarium-position-swim-planet-7-casino-bonus-your-way-so-you-can-higher-gains-no-deposit-ports/" "Mozilla/5.0 AppleWebKit/537.36 (KHTML, like Gecko; compatible; GPTBot/1.3; +https://openai.com/gptbot)" 223 **0/223239**
74.7.227.158 - - [14/Mar/2026:05:15:15 -0700] "GET /wp-json/oembed/1.0/embed?url=https%3A%2F%2Findiabettingexchange.in%2Fthey-are-top-variety-of-extra-up-to-and-for-that-reason-he-could-be-challenging-to-obtain%2F HTTP/2.0" 200 1295 "https://indiabettingexchange.in/they-are-top-variety-of-extra-up-to-and-for-that-reason-he-could-be-challenging-to-obtain/" "Mozilla/5.0 AppleWebKit/537.36 (KHTML, like Gecko; compatible; GPTBot/1.3; +https://openai.com/gptbot)" 256 **0/256793**
74.7.227.158 - - [14/Mar/2026:05:15:15 -0700] "GET /local-casino-perks-programs-are-very-different-out-of-really-low-gaming-related-support-applications/ HTTP/2.0" 200 16172 "https://indiabettingexchange.in/articles/page/641/" "Mozilla/5.0 AppleWebKit/537.36 (KHTML, like Gecko; compatible; GPTBot/1.3; +https://openai.com/gptbot)" 315 **0/315275**
74.7.227.158 - - [14/Mar/2026:05:15:16 -0700] "GET /wonderful-nugget-hotel-gambling-enterprise-44-mi-one-hour/ HTTP/2.0" 200 16047 "https://indiabettingexchange.in/articles/page/639/" "Mozilla/5.0 AppleWebKit/537.36 (KHTML, like Gecko; compatible; GPTBot/1.3; +https://openai.com/gptbot)" 320 **0/320644**
74.7.227.158 - - [14/Mar/2026:05:15:17 -0700] "GET /fifty-harrahs-during-the-council-bluffs-iowa-five-superstar-analysis/ HTTP/2.0" 200 16677 "https://indiabettingexchange.in/articles/page/638/" "Mozilla/5.0 AppleWebKit/537.36 (KHTML, like Gecko; compatible; GPTBot/1.3; +https://openai.com/gptbot)" 323 **0/323512**
74.7.227.158 - - [14/Mar/2026:05:15:17 -0700] "GET /los-licencias-internacionales-si-no-le-importa-hacerse-amiga-de-la-grasa-se-encuentran-adaptando-a-estos-movimientos/ HTTP/2.0" 200 15976 "https://indiabettingexchange.in/articles/page/640/" "Mozilla/5.0 AppleWebKit/537.36 (KHTML, like Gecko; compatible; GPTBot/1.3; +https://openai.com/gptbot)" 271 **0/271385**
74.7.227.158 - - [14/Mar/2026:05:15:18 -0700] "GET /esto-debemos-de-a-que-deben-un-tiempo-de-validez-asi%ef%bf%bd-como-limitaciones-cual-restringen-la-zapatilla-y-el-pie-trato/ HTTP/2.0" 200 16706 "https://indiabettingexchange.in/articles/page/640/" "Mozilla/5.0 AppleWebKit/537.36 (KHTML, like Gecko; compatible; GPTBot/1.3; +https://openai.com/gptbot)" 258 **0/258826**
74.7.227.158 - - [14/Mar/2026:05:15:19 -0700] "GET /como-elegir-el-mejor-organizacion-de-retiro-referente-a-casinos-online/ HTTP/2.0" 200 15760 "https://indiabettingexchange.in/articles/page/640/" "Mozilla/5.0 AppleWebKit/537.36 (KHTML, like Gecko; compatible; GPTBot/1.3; +https://openai.com/gptbot)" 273 **0/273352**
85.208.96.202 - - [14/Mar/2026:05:15:19 -0700] "GET /position-gemtastic-by-grosvenor-the-red-tiger-at-risk-casino/ HTTP/1.1" 200 18360 "-" "Mozilla/5.0 (compatible; SemrushBot/7~bl; +http://www.semrush.com/bot.html)" 258 **0/258934**
74.7.227.158 - - [14/Mar/2026:05:15:19 -0700] "GET /best-mediante-game-storia-e-informazioni-generali-di-big-tumulto/ HTTP/2.0" 200 16703 "https://indiabettingexchange.in/articles/page/641/" "Mozilla/5.0 AppleWebKit/537.36 (KHTML, like Gecko; compatible; GPTBot/1.3; +https://openai.com/gptbot)" 279 **0/279130**
74.7.227.158 - - [14/Mar/2026:05:15:20 -0700] "GET /your-lucky-start-a-beginners-guide-to-easy-casino-registration-in-ireland/ HTTP/2.0" 200 16439 "https://indiabettingexchange.in/articles/page/641/" "Mozilla/5.0 AppleWebKit/537.36 (KHTML, like Gecko; compatible; GPTBot/1.3; +https://openai.com/gptbot)" 333 **0/333186**
74.7.227.158 - - [14/Mar/2026:05:15:20 -0700] "GET /some-game-towards-program-sign-up-to-the-brand-new-playthrough-standards-at-the-differing-rates/ HTTP/2.0" 200 15871 "https://indiabettingexchange.in/articles/page/641/" "Mozilla/5.0 AppleWebKit/537.36 (KHTML, like Gecko; compatible; GPTBot/1.3; +https://openai.com/gptbot)" 302 **0/302224**
74.7.227.158 - - [14/Mar/2026:05:15:21 -0700] "GET /sunmaker-casino-provides-a-giant-style-of-sales-offers-in-addition-to-game/ HTTP/2.0" 200 15544 "https://indiabettingexchange.in/articles/page/638/" "Mozilla/5.0 AppleWebKit/537.36 (KHTML, like Gecko; compatible; GPTBot/1.3; +https://openai.com/gptbot)" 340 **0/340382**
74.7.227.158 - - [14/Mar/2026:05:15:22 -0700] "GET /twist-galaxy-gambling-enterprise-try-an-excellent-cosmic-realm-of-ports-online-game-and-you-will-bonuses/ HTTP/2.0" 200 15804 "https://indiabettingexchange.in/articles/page/639/" "Mozilla/5.0 AppleWebKit/537.36 (KHTML, like Gecko; compatible; GPTBot/1.3; +https://openai.com/gptbot)" 270 **0/270997**
74.7.227.158 - - [14/Mar/2026:05:15:22 -0700] "GET /para-que-colocar-que-usan-hal-cash-en-codere-y-kirolbet/ HTTP/2.0" 200 15954 "https://indiabettingexchange.in/articles/page/640/" "Mozilla/5.0 AppleWebKit/537.36 (KHTML, like Gecko; compatible; GPTBot/1.3; +https://openai.com/gptbot)" 240 **0/240533**
43.173.177.225 - - [14/Mar/2026:05:15:22 -0700] "GET /beste-erreichbar-casinos-2026-220-geprufte-casinos-im-kollation/ HTTP/1.1" 200 18598 "-" "Mozilla/5.0 (Windows NT 10.0; Win64; x64) AppleWebKit/537.36 (KHTML, like Gecko) Chrome/109.0.0.0 Safari/537.36" 225 **0/225849**
74.7.227.158 - - [14/Mar/2026:05:15:23 -0700] "GET /mayo-vino-desplazandolo-hacia-el-pelo-se-va-a-apoyar-sobre-el-silli%ef%bf%bdn-durante-bastante-ha-sido-las-propositos-estan-en-estaria-oficialmente-acerca-de-entero-auge/ HTTP/2.0" 200 17350 "https://indiabettingexchange.in/articles/page/640/" "Mozilla/5.0 AppleWebKit/537.36 (KHTML, like Gecko; compatible; GPTBot/1.3; +https://openai.com/gptbot)" 261 **0/261218**
74.7.227.158 - - [14/Mar/2026:05:15:24 -0700] "GET /consiliario-sobre-los-clases-de-bono-acerca-de-casinos-paraguayos/ HTTP/2.0" 200 15872 "https://indiabettingexchange.in/articles/page/639/" "Mozilla/5.0 AppleWebKit/537.36 (KHTML, like Gecko; compatible; GPTBot/1.3; +https://openai.com/gptbot)" 244 **0/244524**
74.7.227.158 - - [14/Mar/2026:05:15:24 -0700] "GET /understanding-the-terms-and-conditions-at-voodoo-casino/ HTTP/2.0" 200 16470 "https://indiabettingexchange.in/articles/page/641/" "Mozilla/5.0 AppleWebKit/537.36 (KHTML, like Gecko; compatible; GPTBot/1.3; +https://openai.com/gptbot)" 220 **0/220047**
74.7.227.158 - - [14/Mar/2026:05:15:25 -0700] "GET /safeguards-and-fairness-a-priority-in-the-yukon-silver/ HTTP/2.0" 200 16951 "https://indiabettingexchange.in/articles/page/639/" "Mozilla/5.0 AppleWebKit/537.36 (KHTML, like Gecko; compatible; GPTBot/1.3; +https://openai.com/gptbot)" 229 **0/229234**
74.7.227.158 - - [14/Mar/2026:05:15:25 -0700] "GET /the-audience-is-thus-delighted-you-will-end-up-joining-all-of-our-online-casino-people/ HTTP/2.0" 200 15479 "https://indiabettingexchange.in/articles/page/638/" "Mozilla/5.0 AppleWebKit/537.36 (KHTML, like Gecko; compatible; GPTBot/1.3; +https://openai.com/gptbot)" 230 **0/230964**
43.173.174.16 - - [14/Mar/2026:05:15:26 -0700] "GET /gamble-caribbean-stud-casino-poker-from-the-las-atlantis-casino-on-the-internet/ HTTP/1.1" 200 18105 "-" "Mozilla/5.0 (Windows NT 10.0; Win64; x64) AppleWebKit/537.36 (KHTML, like Gecko) Chrome/106.0.5249.119 Safari/537.36" 219 **0/219947**
74.7.227.158 - - [14/Mar/2026:05:15:26 -0700] "GET /this-casino-enjoys-a-pleasant-bundle-which-is-made-up-of-three-put-match-incentives/ HTTP/2.0" 200 15494 "https://indiabettingexchange.in/articles/page/638/" "Mozilla/5.0 AppleWebKit/537.36 (KHTML, like Gecko; compatible; GPTBot/1.3; +https://openai.com/gptbot)" 229 **0/229796**
74.7.227.158 - - [14/Mar/2026:05:15:26 -0700] "GET /i-additionally-been-employed-by-since-the-a-conference-coordinator-for-over-thirty-years/ HTTP/2.0" 200 15669 "https://indiabettingexchange.in/articles/page/639/" "Mozilla/5.0 AppleWebKit/537.36 (KHTML, like Gecko; compatible; GPTBot/1.3; +https://openai.com/gptbot)" 227 **0/227237**
74.7.227.158 - - [14/Mar/2026:05:15:27 -0700] "GET /play-and-you-will-earn-big-that-have-spin-gambling-establishment-internet-games/ HTTP/2.0" 200 16289 "https://indiabettingexchange.in/articles/page/638/" "Mozilla/5.0 AppleWebKit/537.36 (KHTML, like Gecko; compatible; GPTBot/1.3; +https://openai.com/gptbot)" 236 **0/236719**
185.191.171.18 - - [14/Mar/2026:05:15:27 -0700] "GET /hyperlink-te-worden-chachabet-casinobonus-zonder-storting-maken/ HTTP/1.1" 200 18292 "-" "Mozilla/5.0 (compatible; SemrushBot/7~bl; +http://www.semrush.com/bot.html)" 211 **0/211005**
74.7.227.158 - - [14/Mar/2026:05:15:28 -0700] "GET /was-stake-affiliated-with-otherwise-linked-to-another-crypto-casinos/ HTTP/2.0" 200 16107 "https://indiabettingexchange.in/articles/page/638/" "Mozilla/5.0 AppleWebKit/537.36 (KHTML, like Gecko; compatible; GPTBot/1.3; +https://openai.com/gptbot)" 208 **0/208908**
74.7.227.158 - - [14/Mar/2026:05:15:28 -0700] "GET /unlocking-the-secrets-of-high-roller-experiences/ HTTP/2.0" 200 16457 "https://indiabettingexchange.in/articles/page/639/" "Mozilla/5.0 AppleWebKit/537.36 (KHTML, like Gecko; compatible; GPTBot/1.3; +https://openai.com/gptbot)" 216 **0/216319**
74.7.227.158 - - [14/Mar/2026:05:15:29 -0700] "GET /are-you-searching-for-an-online-gambling-establishment-one-sets-users-first/ HTTP/2.0" 200 16139 "https://indiabettingexchange.in/articles/page/638/" "Mozilla/5.0 AppleWebKit/537.36 (KHTML, like Gecko; compatible; GPTBot/1.3; +https://openai.com/gptbot)" 199 **0/199828**
74.7.227.158 - - [14/Mar/2026:05:15:29 -0700] "GET /simple-tips-to-allege-rocketplay-no-deposit-added-bonus-around-australia/ HTTP/2.0" 200 15641 "https://indiabettingexchange.in/articles/page/641/" "Mozilla/5.0 AppleWebKit/537.36 (KHTML, like Gecko; compatible; GPTBot/1.3; +https://openai.com/gptbot)" 206 **0/206644**
5.255.231.114 - - [14/Mar/2026:05:15:29 -0700] "GET /live-spielsaal-qua-echte-croupiers-in-mr-bet/ HTTP/1.1" 200 19535 "-" "Mozilla/5.0 (compatible; YandexBot/3.0; +http://yandex.com/bots)" 234 **0/234992**
74.7.227.158 - - [14/Mar/2026:05:15:30 -0700] "GET /risk-government-usually-react-contained-in-this-twenty-three-business-days-and-you-can-everything-commonly-be-solved/ HTTP/2.0" 200 15821 "https://indiabettingexchange.in/articles/page/638/" "Mozilla/5.0 AppleWebKit/537.36 (KHTML, like Gecko; compatible; GPTBot/1.3; +https://openai.com/gptbot)" 305 **0/305434**
74.7.227.158 - - [14/Mar/2026:05:15:30 -0700] "GET /ningun-casinos-con-el-fin-de-conjuntos-moviles-cual-priorizan-una-pasatiempo/ HTTP/2.0" 200 15800 "https://indiabettingexchange.in/articles/page/640/" "Mozilla/5.0 AppleWebKit/537.36 (KHTML, like Gecko; compatible; GPTBot/1.3; +https://openai.com/gptbot)" 254 **0/254640**
