74.7.227.158 - - [14/Mar/2026:05:40:47 -0700] "GET /norges-beste-nettcasino-omtalt-og-rangert-investing-news/ HTTP/2.0" 200 18235 "https://indiabettingexchange.in/articles/page/688/" "Mozilla/5.0 AppleWebKit/537.36 (KHTML, like Gecko; compatible; GPTBot/1.3; +https://openai.com/gptbot)" 188 **0/188343**
74.7.227.158 - - [14/Mar/2026:05:40:48 -0700] "GET /wp-json/oembed/1.0/embed?format=xml&url=https%3A%2F%2Findiabettingexchange.in%2Fsite-oficial-de-cassino-online-e-apostas-no-brasil-25%2F HTTP/2.0" 200 1334 "https://indiabettingexchange.in/site-oficial-de-cassino-online-e-apostas-no-brasil-25/" "Mozilla/5.0 AppleWebKit/537.36 (KHTML, like Gecko; compatible; GPTBot/1.3; +https://openai.com/gptbot)" 142 **0/142857**
74.7.227.158 - - [14/Mar/2026:05:40:49 -0700] "GET /site-oficial-de-cassino-online-e-apostas-no-brasil-25/feed/ HTTP/2.0" 200 398 "https://indiabettingexchange.in/site-oficial-de-cassino-online-e-apostas-no-brasil-25/" "Mozilla/5.0 AppleWebKit/537.36 (KHTML, like Gecko; compatible; GPTBot/1.3; +https://openai.com/gptbot)" 142 **0/142938**
74.7.227.158 - - [14/Mar/2026:05:40:49 -0700] "GET /wp-json/oembed/1.0/embed?url=https%3A%2F%2Findiabettingexchange.in%2Fsite-oficial-de-cassino-online-e-apostas-no-brasil-25%2F HTTP/2.0" 200 1316 "https://indiabettingexchange.in/site-oficial-de-cassino-online-e-apostas-no-brasil-25/" "Mozilla/5.0 AppleWebKit/537.36 (KHTML, like Gecko; compatible; GPTBot/1.3; +https://openai.com/gptbot)" 149 **0/149832**
74.7.227.158 - - [14/Mar/2026:05:40:50 -0700] "GET /shiny-wilds-casino-votre-unique-plateforme-de-jeu/ HTTP/2.0" 200 17488 "https://indiabettingexchange.in/articles/page/686/" "Mozilla/5.0 AppleWebKit/537.36 (KHTML, like Gecko; compatible; GPTBot/1.3; +https://openai.com/gptbot)" 214 **0/214961**
74.7.227.158 - - [14/Mar/2026:05:40:50 -0700] "GET /the-new-unstable-web-sites-from-inside-the-batangas-possibly-pressures-their-own-works-however-she-features-your-neighborhood-seaside-life/ HTTP/2.0" 200 15690 "https://indiabettingexchange.in/articles/page/687/" "Mozilla/5.0 AppleWebKit/537.36 (KHTML, like Gecko; compatible; GPTBot/1.3; +https://openai.com/gptbot)" 250 **0/250633**
74.7.227.158 - - [14/Mar/2026:05:40:51 -0700] "GET /why-believe-us-to-get-the-best-casino-bonuses/ HTTP/2.0" 200 15748 "https://indiabettingexchange.in/articles/page/687/" "Mozilla/5.0 AppleWebKit/537.36 (KHTML, like Gecko; compatible; GPTBot/1.3; +https://openai.com/gptbot)" 223 **0/223220**
74.7.227.158 - - [14/Mar/2026:05:40:51 -0700] "GET /now-the-gambling-adventure-isnt-really-restricted-for-the-computer/ HTTP/2.0" 200 15743 "https://indiabettingexchange.in/articles/page/687/" "Mozilla/5.0 AppleWebKit/537.36 (KHTML, like Gecko; compatible; GPTBot/1.3; +https://openai.com/gptbot)" 238 **0/238347**
74.7.227.158 - - [14/Mar/2026:05:40:52 -0700] "GET /w-dowolnym-momencie-jednak-slyszales-w-sprawie-naszych-ofertach-teraz-jest-o-tym-wyjscie/ HTTP/2.0" 200 17195 "https://indiabettingexchange.in/articles/page/686/" "Mozilla/5.0 AppleWebKit/537.36 (KHTML, like Gecko; compatible; GPTBot/1.3; +https://openai.com/gptbot)" 250 **0/250855**
114.119.140.21 - - [14/Mar/2026:05:40:52 -0700] "GET /una-postura-directa-seri%EF%BF%BDa-una-a-la-que-se-coloca-recursos-referente-a-un-numero/ HTTP/1.1" 200 17005 "https://indiabettingexchange.in/una-postura-directa-seri%ef%bf%bda-una-a-la-que-se-coloca-recursos-referente-a-un-numero/" "Mozilla/5.0 (Linux; Android 7.0;) AppleWebKit/537.36 (KHTML, like Gecko) Mobile Safari/537.36 (compatible; PetalBot;+https://webmaster.petalsearch.com/site/petalbot)" 246 **0/246123**
43.163.23.35 - - [14/Mar/2026:05:40:52 -0700] "GET /tragamonedas-bananas-go-bahamas-documentacion-sobre-entretenimiento-sus-plenty-of-fortune-giros-sin-ranura-particulares-%E6%B5%B7%E6%82%85%E5%BB%A3%E5%91%8A HTTP/1.1" 301 - "-" "Mozilla/5.0 (Windows NT 10.0; Win64; x64) AppleWebKit/537.36 (KHTML, like Gecko) Chrome/106.0.5249.119 Safari/537.36" 200 **0/200681**
43.173.181.254 - - [14/Mar/2026:05:40:52 -0700] "GET /?p=119262 HTTP/1.1" 301 - "-" "Mozilla/5.0 (Windows NT 10.0; Win64; x64) AppleWebKit/537.36 (KHTML, like Gecko) Chrome/131.0.0.0 Safari/537.36" 173 **0/173421**
43.173.182.201 - - [14/Mar/2026:05:40:52 -0700] "GET /in-which-must-i-play-real-time-da-vinci-diamonds-dual-play-80-free-spins-western-roulette-finest-online-casino-possibilities HTTP/1.1" 301 - "-" "Mozilla/5.0 (Windows NT 10.0; Win64; x64) AppleWebKit/537.36 (KHTML, like Gecko) Chrome/131.0.0.0 Safari/537.36" 202 **0/202483**
43.173.174.17 - - [14/Mar/2026:05:40:52 -0700] "GET /the-new-10-finest-climbing-ropes-away-flashdash-app-apk-download-from-2025 HTTP/1.1" 301 - "-" "Mozilla/5.0 (Windows NT 10.0; Win64; x64) AppleWebKit/537.36 (KHTML, like Gecko) Chrome/117.0.0.0 Safari/537.36" 194 **0/194258**
43.173.182.115 - - [14/Mar/2026:05:40:52 -0700] "GET /what-character-do-new-3-hundred-no-deposit-gambling-establishment-added-bonus-gamble HTTP/1.1" 301 - "-" "Mozilla/5.0 (Windows NT 10.0; Win64; x64) AppleWebKit/537.36 (KHTML, like Gecko) Chrome/107.0.0.0 Safari/537.36" 203 **0/203346**
43.173.182.233 - - [14/Mar/2026:05:40:52 -0700] "GET /simple-tips-to-claim-an-educated-three-hundred-gambling-establishment-bonuses-publication-having-2025 HTTP/1.1" 301 - "-" "Mozilla/5.0 (Windows NT 10.0; Win64; x64) AppleWebKit/537.36 (KHTML, like Gecko) Chrome/106.0.5249.119 Safari/537.36" 195 **0/195213**
74.7.227.158 - - [14/Mar/2026:05:40:52 -0700] "GET /have-the-adventure-of-to-experience-free-slots-with-your-big-library-away-from-gambling-games/ HTTP/2.0" 200 15630 "https://indiabettingexchange.in/articles/page/689/" "Mozilla/5.0 AppleWebKit/537.36 (KHTML, like Gecko; compatible; GPTBot/1.3; +https://openai.com/gptbot)" 322 **0/322269**
43.173.181.206 - - [14/Mar/2026:05:40:53 -0700] "GET /tragamonedas-bananas-go-bahamas-documentacion-sobre-entretenimiento-sus-plenty-of-fortune-giros-sin-ranura-particulares-%E6%B5%B7%E6%82%85%E5%BB%A3%E5%91%8A/ HTTP/1.1" 200 23714 "-" "Mozilla/5.0 (Windows NT 10.0; Win64; x64) AppleWebKit/537.36 (KHTML, like Gecko) Chrome/106.0.5249.119 Safari/537.36" 278 **0/278403**
43.173.180.109 - - [14/Mar/2026:05:40:53 -0700] "GET /unique-casino-mrbet-casino-ligrin-chile-analisis-sobre-sus-bonos-juegos-y-no-ha-transpirado-caracteristicas/ HTTP/1.1" 200 20266 "-" "Mozilla/5.0 (Windows NT 10.0; Win64; x64) AppleWebKit/537.36 (KHTML, like Gecko) Chrome/131.0.0.0 Safari/537.36" 288 **0/288632**
43.173.169.39 - - [14/Mar/2026:05:40:53 -0700] "GET /in-which-must-i-play-real-time-da-vinci-diamonds-dual-play-80-free-spins-western-roulette-finest-online-casino-possibilities/ HTTP/1.1" 200 18897 "-" "Mozilla/5.0 (Windows NT 10.0; Win64; x64) AppleWebKit/537.36 (KHTML, like Gecko) Chrome/131.0.0.0 Safari/537.36" 315 **0/315145**
43.173.180.207 - - [14/Mar/2026:05:40:53 -0700] "GET /what-character-do-new-3-hundred-no-deposit-gambling-establishment-added-bonus-gamble/ HTTP/1.1" 200 17048 "-" "Mozilla/5.0 (Windows NT 10.0; Win64; x64) AppleWebKit/537.36 (KHTML, like Gecko) Chrome/107.0.0.0 Safari/537.36" 277 **0/277794**
43.173.180.128 - - [14/Mar/2026:05:40:53 -0700] "GET /the-new-10-finest-climbing-ropes-away-flashdash-app-apk-download-from-2025/ HTTP/1.1" 200 19611 "-" "Mozilla/5.0 (Windows NT 10.0; Win64; x64) AppleWebKit/537.36 (KHTML, like Gecko) Chrome/117.0.0.0 Safari/537.36" 272 **0/272123**
43.173.179.199 - - [14/Mar/2026:05:40:53 -0700] "GET /simple-tips-to-claim-an-educated-three-hundred-gambling-establishment-bonuses-publication-having-2025/ HTTP/1.1" 200 17191 "-" "Mozilla/5.0 (Windows NT 10.0; Win64; x64) AppleWebKit/537.36 (KHTML, like Gecko) Chrome/106.0.5249.119 Safari/537.36" 348 **0/348074**
74.7.227.158 - - [14/Mar/2026:05:40:53 -0700] "GET /baxterbet-e-olokleromne-peripteia-psephiako-kazno/ HTTP/2.0" 200 18245 "https://indiabettingexchange.in/articles/page/686/" "Mozilla/5.0 AppleWebKit/537.36 (KHTML, like Gecko; compatible; GPTBot/1.3; +https://openai.com/gptbot)" 215 **0/215435**
74.7.227.158 - - [14/Mar/2026:05:40:54 -0700] "GET /best-totally-free-spins-local-casino-sign-up-bonus-the-device-local-casino/ HTTP/2.0" 200 15666 "https://indiabettingexchange.in/articles/page/687/" "Mozilla/5.0 AppleWebKit/537.36 (KHTML, like Gecko; compatible; GPTBot/1.3; +https://openai.com/gptbot)" 230 **0/230867**
74.7.227.158 - - [14/Mar/2026:05:40:54 -0700] "GET /unter-einem-entsendung-das-registration-sei-dir-ne-bestatigungs-e-elektronischer-brief-zugeschickt/ HTTP/2.0" 200 16637 "https://indiabettingexchange.in/articles/page/688/" "Mozilla/5.0 AppleWebKit/537.36 (KHTML, like Gecko; compatible; GPTBot/1.3; +https://openai.com/gptbot)" 209 **0/209442**
47.128.24.245 - - [14/Mar/2026:05:40:55 -0700] "GET /on-line-bingo-game-progressive-jackpots/ HTTP/2.0" 403 17289 "-" "Mozilla/5.0 (Linux; Android 5.0) AppleWebKit/537.36 (KHTML, like Gecko) Mobile Safari/537.36 (compatible; Bytespider; spider-feedback@bytedance.com)" 235 **0/235912**
74.7.227.158 - - [14/Mar/2026:05:40:55 -0700] "GET /casinos-on-the-internet-offer-vip-programs-and-you-can-respect-systems-so-you-can-reward-coming-back-people-at-web-site/ HTTP/2.0" 200 15713 "https://indiabettingexchange.in/articles/page/687/" "Mozilla/5.0 AppleWebKit/537.36 (KHTML, like Gecko; compatible; GPTBot/1.3; +https://openai.com/gptbot)" 232 **0/232834**
47.128.24.245 - - [14/Mar/2026:05:40:55 -0700] "GET /wp-content/themes/aurum/assets/js/nivo-lightbox/nivo-lightbox.css HTTP/2.0" 404 8215 "https://indiabettingexchange.in/on-line-bingo-game-progressive-jackpots/" "Mozilla/5.0 (Linux; Android 5.0) AppleWebKit/537.36 (KHTML, like Gecko) Mobile Safari/537.36 (compatible; Bytespider; spider-feedback@bytedance.com)" 200 **0/200872**
47.128.24.245 - - [14/Mar/2026:05:40:55 -0700] "GET /wp-includes/css/dist/block-library/style.min.css?ver=6.9.4 HTTP/2.0" 404 8214 "https://indiabettingexchange.in/on-line-bingo-game-progressive-jackpots/" "Mozilla/5.0 (Linux; Android 5.0) AppleWebKit/537.36 (KHTML, like Gecko) Mobile Safari/537.36 (compatible; Bytespider; spider-feedback@bytedance.com)" 213 **0/213546**
47.128.24.245 - - [14/Mar/2026:05:40:55 -0700] "GET /wp-content/themes/aurum/assets/js/nivo-lightbox/themes/default/default.css HTTP/2.0" 404 8214 "https://indiabettingexchange.in/on-line-bingo-game-progressive-jackpots/" "Mozilla/5.0 (Linux; Android 5.0) AppleWebKit/537.36 (KHTML, like Gecko) Mobile Safari/537.36 (compatible; Bytespider; spider-feedback@bytedance.com)" 276 **0/276138**
47.128.24.245 - - [14/Mar/2026:05:40:55 -0700] "GET /wp-content/uploads/font-awesome/v6.2.0/css/svg-with-js.css HTTP/2.0" 404 8214 "https://indiabettingexchange.in/on-line-bingo-game-progressive-jackpots/" "Mozilla/5.0 (Linux; Android 5.0) AppleWebKit/537.36 (KHTML, like Gecko) Mobile Safari/537.36 (compatible; Bytespider; spider-feedback@bytedance.com)" 298 **0/298516**
47.128.24.245 - - [14/Mar/2026:05:40:55 -0700] "GET /wp-content/plugins/the-post-grid/assets/css/thepostgrid.min.css?ver=7.8.9 HTTP/2.0" 404 8214 "https://indiabettingexchange.in/on-line-bingo-game-progressive-jackpots/" "Mozilla/5.0 (Linux; Android 5.0) AppleWebKit/537.36 (KHTML, like Gecko) Mobile Safari/537.36 (compatible; Bytespider; spider-feedback@bytedance.com)" 312 **0/312173**
47.128.24.245 - - [14/Mar/2026:05:40:55 -0700] "GET /wp-content/plugins/the-post-grid/assets/vendor/font-awesome/css/font-awesome.min.css?ver=7.8.9 HTTP/2.0" 404 8213 "https://indiabettingexchange.in/on-line-bingo-game-progressive-jackpots/" "Mozilla/5.0 (Linux; Android 5.0) AppleWebKit/537.36 (KHTML, like Gecko) Mobile Safari/537.36 (compatible; Bytespider; spider-feedback@bytedance.com)" 312 **0/312801**
47.128.24.245 - - [14/Mar/2026:05:40:55 -0700] "GET /wp-content/themes/aurum/assets/css/fonts/aurum-icons/font-icons.css HTTP/2.0" 404 8216 "https://indiabettingexchange.in/on-line-bingo-game-progressive-jackpots/" "Mozilla/5.0 (Linux; Android 5.0) AppleWebKit/537.36 (KHTML, like Gecko) Mobile Safari/537.36 (compatible; Bytespider; spider-feedback@bytedance.com)" 289 **0/289204**
47.128.24.245 - - [14/Mar/2026:05:40:55 -0700] "GET /wp-content/themes/aurum/assets/css/bootstrap.css?ver=3.15 HTTP/2.0" 404 8214 "https://indiabettingexchange.in/on-line-bingo-game-progressive-jackpots/" "Mozilla/5.0 (Linux; Android 5.0) AppleWebKit/537.36 (KHTML, like Gecko) Mobile Safari/537.36 (compatible; Bytespider; spider-feedback@bytedance.com)" 322 **0/322968**
47.128.24.245 - - [14/Mar/2026:05:40:55 -0700] "GET /wp-content/themes/aurum/assets/css/fonts/font-awesome/css/font-awesome.min.css HTTP/2.0" 404 8214 "https://indiabettingexchange.in/on-line-bingo-game-progressive-jackpots/" "Mozilla/5.0 (Linux; Android 5.0) AppleWebKit/537.36 (KHTML, like Gecko) Mobile Safari/537.36 (compatible; Bytespider; spider-feedback@bytedance.com)" 359 **0/359338**
47.128.24.245 - - [14/Mar/2026:05:40:55 -0700] "GET /wp-content/themes/aurum/assets/css/aurum.css?ver=3.15 HTTP/2.0" 404 8214 "https://indiabettingexchange.in/on-line-bingo-game-progressive-jackpots/" "Mozilla/5.0 (Linux; Android 5.0) AppleWebKit/537.36 (KHTML, like Gecko) Mobile Safari/537.36 (compatible; Bytespider; spider-feedback@bytedance.com)" 324 **0/324204**
74.7.227.158 - - [14/Mar/2026:05:40:55 -0700] "GET /freispiele-darf-adult-male-uff-diverse-erscheinungsform-unter-anderem-stil-erhalten/ HTTP/2.0" 200 16385 "https://indiabettingexchange.in/articles/page/688/" "Mozilla/5.0 AppleWebKit/537.36 (KHTML, like Gecko; compatible; GPTBot/1.3; +https://openai.com/gptbot)" 247 **0/247118**
47.128.24.245 - - [14/Mar/2026:05:40:56 -0700] "GET /wp-content/themes/aurum-child/style.css?ver=6.9.4 HTTP/2.0" 404 8215 "https://indiabettingexchange.in/on-line-bingo-game-progressive-jackpots/" "Mozilla/5.0 (Linux; Android 5.0) AppleWebKit/537.36 (KHTML, like Gecko) Mobile Safari/537.36 (compatible; Bytespider; spider-feedback@bytedance.com)" 186 **0/186763**
47.128.24.245 - - [14/Mar/2026:05:40:56 -0700] "GET /wp-content/uploads/2022/11/1-e1668155022728.png HTTP/2.0" 404 35516 "https://indiabettingexchange.in/on-line-bingo-game-progressive-jackpots/" "Mozilla/5.0 (Linux; Android 5.0) AppleWebKit/537.36 (KHTML, like Gecko) Mobile Safari/537.36 (compatible; Bytespider; spider-feedback@bytedance.com)" 184 **0/184024**
47.128.24.245 - - [14/Mar/2026:05:40:56 -0700] "GET /wp-content/uploads/2023/01/2-1.png HTTP/2.0" 404 35516 "https://indiabettingexchange.in/on-line-bingo-game-progressive-jackpots/" "Mozilla/5.0 (Linux; Android 5.0) AppleWebKit/537.36 (KHTML, like Gecko) Mobile Safari/537.36 (compatible; Bytespider; spider-feedback@bytedance.com)" 201 **0/201722**
47.128.24.245 - - [14/Mar/2026:05:40:56 -0700] "GET /wp-content/uploads/2023/01/BFB-Main.png HTTP/2.0" 404 35516 "https://indiabettingexchange.in/on-line-bingo-game-progressive-jackpots/" "Mozilla/5.0 (Linux; Android 5.0) AppleWebKit/537.36 (KHTML, like Gecko) Mobile Safari/537.36 (compatible; Bytespider; spider-feedback@bytedance.com)" 201 **0/201484**
47.128.24.245 - - [14/Mar/2026:05:40:56 -0700] "GET /wp-content/uploads/2023/01/3.png HTTP/2.0" 404 35516 "https://indiabettingexchange.in/on-line-bingo-game-progressive-jackpots/" "Mozilla/5.0 (Linux; Android 5.0) AppleWebKit/537.36 (KHTML, like Gecko) Mobile Safari/537.36 (compatible; Bytespider; spider-feedback@bytedance.com)" 207 **0/207084**
47.128.24.245 - - [14/Mar/2026:05:40:56 -0700] "GET /wp-content/uploads/2023/01/1.png HTTP/2.0" 404 35515 "https://indiabettingexchange.in/on-line-bingo-game-progressive-jackpots/" "Mozilla/5.0 (Linux; Android 5.0) AppleWebKit/537.36 (KHTML, like Gecko) Mobile Safari/537.36 (compatible; Bytespider; spider-feedback@bytedance.com)" 203 **0/203767**
43.173.175.111 - - [14/Mar/2026:05:40:56 -0700] "GET /bonus-escludendo-base-immediato-migliori-offerte-2025/ HTTP/1.1" 200 18870 "-" "Mozilla/5.0 (Windows NT 10.0; Win64; x64) AppleWebKit/537.36 (KHTML, like Gecko) Chrome/110.0.0.0 Safari/537.36" 274 **0/274818**
74.7.227.158 - - [14/Mar/2026:05:40:56 -0700] "GET /besiktigelse-dersom-tilkoblingen-a-ett-nettsted-er-sikker-android-google-chrome-beskyttelse/ HTTP/2.0" 200 18729 "https://indiabettingexchange.in/articles/page/688/" "Mozilla/5.0 AppleWebKit/537.36 (KHTML, like Gecko; compatible; GPTBot/1.3; +https://openai.com/gptbot)" 267 **0/267967**
74.7.227.158 - - [14/Mar/2026:05:40:57 -0700] "GET /versus-casino-una-nuova-dimensione-del-gioco/ HTTP/2.0" 200 18055 "https://indiabettingexchange.in/articles/page/686/" "Mozilla/5.0 AppleWebKit/537.36 (KHTML, like Gecko; compatible; GPTBot/1.3; +https://openai.com/gptbot)" 265 **0/265123**
74.7.227.158 - - [14/Mar/2026:05:40:57 -0700] "GET /today-the-brand-new-playing-adventure-isnt-really-restricted-into-computers/ HTTP/2.0" 200 15768 "https://indiabettingexchange.in/articles/page/687/" "Mozilla/5.0 AppleWebKit/537.36 (KHTML, like Gecko; compatible; GPTBot/1.3; +https://openai.com/gptbot)" 283 **0/283477**
74.7.227.158 - - [14/Mar/2026:05:40:58 -0700] "GET /a-desktop-will-give-you-much-more-display-screen-place-however-cellular-black-jack-is-more-convenient/ HTTP/2.0" 200 15951 "https://indiabettingexchange.in/articles/page/687/" "Mozilla/5.0 AppleWebKit/537.36 (KHTML, like Gecko; compatible; GPTBot/1.3; +https://openai.com/gptbot)" 234 **0/234502**
74.7.227.158 - - [14/Mar/2026:05:40:58 -0700] "GET /beste-online-casinoer-for-norske-spillere/ HTTP/2.0" 200 18295 "https://indiabettingexchange.in/articles/page/688/" "Mozilla/5.0 AppleWebKit/537.36 (KHTML, like Gecko; compatible; GPTBot/1.3; +https://openai.com/gptbot)" 240 **0/240254**
74.7.227.158 - - [14/Mar/2026:05:40:59 -0700] "GET /h1-how-to-organize-a-casino-themed-fundraiser-event-h1/ HTTP/2.0" 200 15299 "https://indiabettingexchange.in/articles/page/688/" "Mozilla/5.0 AppleWebKit/537.36 (KHTML, like Gecko; compatible; GPTBot/1.3; +https://openai.com/gptbot)" 211 **0/211390**
74.7.227.158 - - [14/Mar/2026:05:41:00 -0700] "GET /der-spieler-mu-umherwandern-lediglich-registrieren-will-likely-erzahlen-einen-echtgeld-account-offenstehen/ HTTP/2.0" 200 16699 "https://indiabettingexchange.in/articles/page/688/" "Mozilla/5.0 AppleWebKit/537.36 (KHTML, like Gecko; compatible; GPTBot/1.3; +https://openai.com/gptbot)" 251 **0/251017**
74.7.227.158 - - [14/Mar/2026:05:41:00 -0700] "GET /was-nachfolgende-weile-angeht-bekommt-ihr-diese-gratiswette-spatestens-am-folgetag-ein-verifizierung-gutgeschrieben/ HTTP/2.0" 200 16207 "https://indiabettingexchange.in/articles/page/688/" "Mozilla/5.0 AppleWebKit/537.36 (KHTML, like Gecko; compatible; GPTBot/1.3; +https://openai.com/gptbot)" 248 **0/248448**
74.7.227.158 - - [14/Mar/2026:05:41:01 -0700] "GET /beste-online-casinoer-pa-norske-spillere/ HTTP/2.0" 200 18443 "https://indiabettingexchange.in/articles/page/689/" "Mozilla/5.0 AppleWebKit/537.36 (KHTML, like Gecko; compatible; GPTBot/1.3; +https://openai.com/gptbot)" 323 **0/323676**
74.7.227.158 - - [14/Mar/2026:05:41:01 -0700] "GET /welches-sei-eine-echtgeld-spielbank-software-und-hinsichtlich-verlauft-ebendiese-auszahlung/ HTTP/2.0" 200 17354 "https://indiabettingexchange.in/articles/page/688/" "Mozilla/5.0 AppleWebKit/537.36 (KHTML, like Gecko; compatible; GPTBot/1.3; +https://openai.com/gptbot)" 514 **0/514687**
74.7.227.158 - - [14/Mar/2026:05:41:02 -0700] "GET /certain-greatest-this-new-casinos-online-provide-regular-month-to-month-bonuses-and-promotions-to-save-people-interested/ HTTP/2.0" 200 15806 "https://indiabettingexchange.in/articles/page/687/" "Mozilla/5.0 AppleWebKit/537.36 (KHTML, like Gecko; compatible; GPTBot/1.3; +https://openai.com/gptbot)" 389 **0/389899**
74.7.227.158 - - [14/Mar/2026:05:41:03 -0700] "GET /permit-legislation-privately-impacts-kyc-conditions-and-you-can-detachment-limitations/ HTTP/2.0" 200 16323 "https://indiabettingexchange.in/articles/page/687/" "Mozilla/5.0 AppleWebKit/537.36 (KHTML, like Gecko; compatible; GPTBot/1.3; +https://openai.com/gptbot)" 331 **0/331034**
74.7.227.158 - - [14/Mar/2026:05:41:04 -0700] "GET /en-cierta-ocasion-se-va-a-apoyar-sobre-el-silli%ef%bf%bdn-cierra-una-ronda-sobre-apuestas-una-partida-transcurre-conforme-las-normas-de-el-juego/ HTTP/2.0" 200 15552 "https://indiabettingexchange.in/articles/page/686/" "Mozilla/5.0 AppleWebKit/537.36 (KHTML, like Gecko; compatible; GPTBot/1.3; +https://openai.com/gptbot)" 336 **0/336890**
74.7.227.158 - - [14/Mar/2026:05:41:04 -0700] "GET /der-erwies-umherwandern-wanneer-regelrechter-meilenstein-z-hd-deutsche-casinospieler/ HTTP/2.0" 200 16867 "https://indiabettingexchange.in/articles/page/688/" "Mozilla/5.0 AppleWebKit/537.36 (KHTML, like Gecko; compatible; GPTBot/1.3; +https://openai.com/gptbot)" 279 **0/279097**
74.7.227.158 - - [14/Mar/2026:05:41:05 -0700] "GET /kriterien-diese-bei-der-praferenz-des-vermittlungsgebuhr-dahinter-merken-eignen/ HTTP/2.0" 200 16382 "https://indiabettingexchange.in/articles/page/688/" "Mozilla/5.0 AppleWebKit/537.36 (KHTML, like Gecko; compatible; GPTBot/1.3; +https://openai.com/gptbot)" 298 **0/298498**
74.7.227.158 - - [14/Mar/2026:05:41:05 -0700] "GET /getting-started-with-bet365-game-%ef%bf%bd-a-jump-by-step-guide/ HTTP/2.0" 200 15656 "https://indiabettingexchange.in/articles/page/687/" "Mozilla/5.0 AppleWebKit/537.36 (KHTML, like Gecko; compatible; GPTBot/1.3; +https://openai.com/gptbot)" 238 **0/238800**
74.7.227.158 - - [14/Mar/2026:05:41:06 -0700] "GET /auf-der-einen-seite-beziehen-unsereiner-ebendiese-anlass-das-neues-spielsalon-risikofrei-auszuprobieren/ HTTP/2.0" 200 17776 "https://indiabettingexchange.in/articles/page/688/" "Mozilla/5.0 AppleWebKit/537.36 (KHTML, like Gecko; compatible; GPTBot/1.3; +https://openai.com/gptbot)" 211 **0/211420**
74.7.227.158 - - [14/Mar/2026:05:41:07 -0700] "GET /the-best-fps-games-on-arbeidsstasjon/ HTTP/2.0" 200 18557 "https://indiabettingexchange.in/articles/page/688/" "Mozilla/5.0 AppleWebKit/537.36 (KHTML, like Gecko; compatible; GPTBot/1.3; +https://openai.com/gptbot)" 202 **0/202853**
74.7.227.158 - - [14/Mar/2026:05:41:07 -0700] "GET /posteriormente-se-podri%ef%bf%bdan-mover-enumeran-las-iniciales-caracteristicas-que-los-diferenciacion-dentro-de-los-diversos-clases/ HTTP/2.0" 200 15787 "https://indiabettingexchange.in/articles/page/686/" "Mozilla/5.0 AppleWebKit/537.36 (KHTML, like Gecko; compatible; GPTBot/1.3; +https://openai.com/gptbot)" 285 **0/285235**
74.7.227.158 - - [14/Mar/2026:05:41:08 -0700] "GET /thunderpick-works-below-a-beneficial-curacao-egaming-license-permit-zero/ HTTP/2.0" 200 16173 "https://indiabettingexchange.in/articles/page/688/" "Mozilla/5.0 AppleWebKit/537.36 (KHTML, like Gecko; compatible; GPTBot/1.3; +https://openai.com/gptbot)" 233 **0/233646**
74.7.227.158 - - [14/Mar/2026:05:41:08 -0700] "GET /frenzino-casino-dein-individuelles-brandneues/ HTTP/2.0" 200 17794 "https://indiabettingexchange.in/articles/page/689/" "Mozilla/5.0 AppleWebKit/537.36 (KHTML, like Gecko; compatible; GPTBot/1.3; +https://openai.com/gptbot)" 226 **0/226980**
74.7.227.158 - - [14/Mar/2026:05:41:09 -0700] "GET /the-newest-certification-legislation-demands-kyc-verification-to-possess-distributions-triggering-title-inspections-shortly-after-collective-cashouts-exceed-system-thresholds/ HTTP/2.0" 200 16292 "https://indiabettingexchange.in/articles/page/687/" "Mozilla/5.0 AppleWebKit/537.36 (KHTML, like Gecko; compatible; GPTBot/1.3; +https://openai.com/gptbot)" 257 **0/257262**
74.7.227.158 - - [14/Mar/2026:05:41:10 -0700] "GET /these-types-of-video-game-suggests-spend-countless-euros-inside-honor-money-from-single-revolves/ HTTP/2.0" 200 15742 "https://indiabettingexchange.in/articles/page/688/" "Mozilla/5.0 AppleWebKit/537.36 (KHTML, like Gecko; compatible; GPTBot/1.3; +https://openai.com/gptbot)" 237 **0/237515**
74.7.227.158 - - [14/Mar/2026:05:41:10 -0700] "GET /extra-cashback-%ef%bf%bd-score-a-fraction-of-losings-back/ HTTP/2.0" 200 15750 "https://indiabettingexchange.in/articles/page/688/" "Mozilla/5.0 AppleWebKit/537.36 (KHTML, like Gecko; compatible; GPTBot/1.3; +https://openai.com/gptbot)" 231 **0/231232**
74.7.227.158 - - [14/Mar/2026:05:41:11 -0700] "GET /nachfolgende-uberschuss-wa-eulersche-zahl-wallet-anbieters-aufstobern-zigeunern-zuletzt-hinein-diesseitigen-bezuge-nachfolgende-welche-von-fremden-beibehalten/ HTTP/2.0" 200 16347 "https://indiabettingexchange.in/articles/page/688/" "Mozilla/5.0 AppleWebKit/537.36 (KHTML, like Gecko; compatible; GPTBot/1.3; +https://openai.com/gptbot)" 218 **0/218823**
74.7.227.158 - - [14/Mar/2026:05:41:11 -0700] "GET /kazinoda-maliyy-idarsi-uurlu-strategiyalar-v/ HTTP/2.0" 200 16159 "https://indiabettingexchange.in/articles/page/688/" "Mozilla/5.0 AppleWebKit/537.36 (KHTML, like Gecko; compatible; GPTBot/1.3; +https://openai.com/gptbot)" 233 **0/233497**
66.249.71.169 - - [14/Mar/2026:05:41:11 -0700] "GET /best-web-based-casinos-uk-july-2024-a-real-income-casino-incredible-hulk-ultimate-revenge-slot-web-sites/ HTTP/1.1" 200 19434 "-" "Mozilla/5.0 (compatible; Googlebot/2.1; +http://www.google.com/bot.html)" 243 **0/243603**
74.7.227.158 - - [14/Mar/2026:05:41:12 -0700] "GET /come-collocare-ricaricare-addirittura-sottrarre-nei-tumulto-online-autorizzati-italiani/ HTTP/2.0" 200 15845 "https://indiabettingexchange.in/articles/page/686/" "Mozilla/5.0 AppleWebKit/537.36 (KHTML, like Gecko; compatible; GPTBot/1.3; +https://openai.com/gptbot)" 263 **0/263410**
85.208.96.195 - - [14/Mar/2026:05:41:12 -0700] "GET /category/moonshadow/ HTTP/1.1" 200 14197 "-" "Mozilla/5.0 (compatible; SemrushBot/7~bl; +http://www.semrush.com/bot.html)" 235 **0/235274**
74.7.227.158 - - [14/Mar/2026:05:41:12 -0700] "GET /techniki-dla-uzywanie-%ef%bf%bd-od-rozwidlic-posiadanie-kasyno-bison-dodatkowy-bonus/ HTTP/2.0" 200 16148 "https://indiabettingexchange.in/articles/page/686/" "Mozilla/5.0 AppleWebKit/537.36 (KHTML, like Gecko; compatible; GPTBot/1.3; +https://openai.com/gptbot)" 238 **0/238453**
74.7.227.158 - - [14/Mar/2026:05:41:13 -0700] "GET /kasyno-hazardowe-bez-depozytu-%ef%bf%bd-co-kieszen-kasyno-hazardowe-bez-depozytu/ HTTP/2.0" 200 16233 "https://indiabettingexchange.in/articles/page/686/" "Mozilla/5.0 AppleWebKit/537.36 (KHTML, like Gecko; compatible; GPTBot/1.3; +https://openai.com/gptbot)" 237 **0/237280**
5.255.231.245 - - [14/Mar/2026:05:41:13 -0700] "GET /canadian-online-casinos-is-deemed-reliable-have-to-showcase-clear-and-you-may-reasonable-incentive-techniques/ HTTP/1.1" 200 17392 "-" "Mozilla/5.0 (compatible; YandexBot/3.0; +http://yandex.com/bots)" 238 **0/238080**
74.7.227.158 - - [14/Mar/2026:05:41:13 -0700] "GET /together-along-withbenefit-and-you-may-convenience-on-the-internet-mobile-gambling-enterprises-send-gamers-a-great-amount-of-professionals/ HTTP/2.0" 200 15652 "https://indiabettingexchange.in/articles/page/687/" "Mozilla/5.0 AppleWebKit/537.36 (KHTML, like Gecko; compatible; GPTBot/1.3; +https://openai.com/gptbot)" 237 **0/237250**
85.208.96.207 - - [14/Mar/2026:05:41:14 -0700] "GET /an-environment-of-games-within-betways-alive-gambling-establishment/ HTTP/1.1" 200 17068 "-" "Mozilla/5.0 (compatible; SemrushBot/7~bl; +http://www.semrush.com/bot.html)" 262 **0/262598**
74.7.227.158 - - [14/Mar/2026:05:41:14 -0700] "GET /sobre-las-mesas-el-crupier-seri%EF%BF%BDa-la-persona-que-llegan-a-convertirse-en-focos-de-luces-ocupa-del-reparto-de-las-cartas/ HTTP/2.0" 200 15459 "https://indiabettingexchange.in/sobre-las-mesas-el-crupier-seri%ef%bf%bda-la-persona-que-llegan-a-convertirse-en-focos-de-luces-ocupa-del-reparto-de-las-cartas/" "Mozilla/5.0 AppleWebKit/537.36 (KHTML, like Gecko; compatible; GPTBot/1.3; +https://openai.com/gptbot)" 254 **0/254114**
74.7.227.158 - - [14/Mar/2026:05:41:15 -0700] "GET /that-have-a-large-line-of-video-game-top-level-safety-and-very-timely-purchases-it-just-even-offers-a-better-playing-sense/ HTTP/2.0" 200 15749 "https://indiabettingexchange.in/articles/page/687/" "Mozilla/5.0 AppleWebKit/537.36 (KHTML, like Gecko; compatible; GPTBot/1.3; +https://openai.com/gptbot)" 249 **0/249126**
5.255.231.49 - - [14/Mar/2026:05:41:15 -0700] "GET /rozwoj-branzy-zakladow-bukmacherskich-i-kasyn-online-w-polsce-analiza-trendow-i-kluczowych-aspektow/ HTTP/1.1" 200 18203 "-" "Mozilla/5.0 (compatible; YandexBot/3.0; +http://yandex.com/bots)" 283 **0/283568**
74.7.227.158 - - [14/Mar/2026:05:41:15 -0700] "GET /wp-json/oembed/1.0/embed?format=xml&url=https%3A%2F%2Findiabettingexchange.in%2Fudenlandske-casino-bedste-casinoer-uden-dansk-licens-2025%2F HTTP/2.0" 200 1310 "https://indiabettingexchange.in/udenlandske-casino-bedste-casinoer-uden-dansk-licens-2025/" "Mozilla/5.0 AppleWebKit/537.36 (KHTML, like Gecko; compatible; GPTBot/1.3; +https://openai.com/gptbot)" 187 **0/187162**
74.7.227.158 - - [14/Mar/2026:05:41:16 -0700] "GET /das-hochgeschwindigkeitszug-casino-ist-und-bleibt-der-intereantes-moglich-spielcasino-welches-bei-der-industriezweig-bauschen-geschlagen-cap/ HTTP/2.0" 200 16370 "https://indiabettingexchange.in/articles/page/688/" "Mozilla/5.0 AppleWebKit/537.36 (KHTML, like Gecko; compatible; GPTBot/1.3; +https://openai.com/gptbot)" 256 **0/256851**
74.7.227.158 - - [14/Mar/2026:05:41:16 -0700] "GET /20-mejores-casinos-online-de-espana-con-dinero-20/ HTTP/2.0" 200 210166 "https://indiabettingexchange.in/articles/page/689/" "Mozilla/5.0 AppleWebKit/537.36 (KHTML, like Gecko; compatible; GPTBot/1.3; +https://openai.com/gptbot)" 348 **0/348396**
74.7.227.158 - - [14/Mar/2026:05:41:17 -0700] "GET /wp-json/oembed/1.0/embed?format=xml&url=https%3A%2F%2Findiabettingexchange.in%2F10x-lieve-jack-hammer-slot-genkel-deposito-premie-bank-apps-diegene-werkelijk-strafbaar-uitkeren-beoordeeld-2025%2F HTTP/2.0" 200 1585 "https://indiabettingexchange.in/10x-lieve-jack-hammer-slot-genkel-deposito-premie-bank-apps-diegene-werkelijk-strafbaar-uitkeren-beoordeeld-2025/" "Mozilla/5.0 AppleWebKit/537.36 (KHTML, like Gecko; compatible; GPTBot/1.3; +https://openai.com/gptbot)" 204 **0/204433**
85.208.96.207 - - [14/Mar/2026:05:41:17 -0700] "GET /from-this-backdrop-bc-poker-another-type-of-crypto-betting-platform-operate-of-the-bc/ HTTP/1.1" 200 18971 "-" "Mozilla/5.0 (compatible; SemrushBot/7~bl; +http://www.semrush.com/bot.html)" 323 **0/323077**
74.7.227.158 - - [14/Mar/2026:05:41:17 -0700] "GET /avalanche-gambling-enterprises-pertain-player-shelter-components-one-to-differ-significantly-off-antique-gambling-on-line-networks/ HTTP/2.0" 200 16247 "https://indiabettingexchange.in/articles/page/687/" "Mozilla/5.0 AppleWebKit/537.36 (KHTML, like Gecko; compatible; GPTBot/1.3; +https://openai.com/gptbot)" 252 **0/252848**
74.7.227.158 - - [14/Mar/2026:05:41:18 -0700] "GET /bukmekerskaia-kontora-glossarii-terminov-dlia-nachinaiushchikh/ HTTP/2.0" 200 16666 "https://indiabettingexchange.in/articles/page/686/" "Mozilla/5.0 AppleWebKit/537.36 (KHTML, like Gecko; compatible; GPTBot/1.3; +https://openai.com/gptbot)" 300 **0/300779**
74.7.227.158 - - [14/Mar/2026:05:41:19 -0700] "GET /wp-json/oembed/1.0/embed?format=xml&url=https%3A%2F%2Findiabettingexchange.in%2Fbig-bass-halloween-3%2F HTTP/2.0" 200 1023 "https://indiabettingexchange.in/big-bass-halloween-3/" "Mozilla/5.0 AppleWebKit/537.36 (KHTML, like Gecko; compatible; GPTBot/1.3; +https://openai.com/gptbot)" 177 **0/177720**
74.7.227.158 - - [14/Mar/2026:05:41:19 -0700] "GET /dragonslots-kasyno-platforma-gier-losowych/ HTTP/2.0" 200 17267 "https://indiabettingexchange.in/articles/page/686/" "Mozilla/5.0 AppleWebKit/537.36 (KHTML, like Gecko; compatible; GPTBot/1.3; +https://openai.com/gptbot)" 281 **0/281430**
74.7.227.158 - - [14/Mar/2026:05:41:20 -0700] "GET /an-effective-bitcoin-gambling-enterprise-is-actually-an-internet-betting-program-which-enables-players-in-order-to-wager-and-you-can-winnings-having-fun-with-bitcoin-a-famous-cryptocurrency/ HTTP/2.0" 200 15676 "https://indiabettingexchange.in/articles/page/687/" "Mozilla/5.0 AppleWebKit/537.36 (KHTML, like Gecko; compatible; GPTBot/1.3; +https://openai.com/gptbot)" 286 **0/286950**
74.7.227.158 - - [14/Mar/2026:05:41:20 -0700] "GET /4-professional-ideas-to-make-use-of-an-educated-bitcoin-local-casino/ HTTP/2.0" 200 15852 "https://indiabettingexchange.in/articles/page/686/" "Mozilla/5.0 AppleWebKit/537.36 (KHTML, like Gecko; compatible; GPTBot/1.3; +https://openai.com/gptbot)" 325 **0/325196**
74.7.227.158 - - [14/Mar/2026:05:41:21 -0700] "GET /welche-person-bereitwillig-automatenspiele-spielt-liebt-unser-zahlreichen-freispiele-nachfolgende-person-inoffizieller-mitarbeiter-gangbar-casino-einbehalten-darf/ HTTP/2.0" 200 16286 "https://indiabettingexchange.in/articles/page/688/" "Mozilla/5.0 AppleWebKit/537.36 (KHTML, like Gecko; compatible; GPTBot/1.3; +https://openai.com/gptbot)" 279 **0/279810**
74.7.227.158 - - [14/Mar/2026:05:41:22 -0700] "GET /find-dit-nye-yndlingscasino-blandt-de-bedste-98/ HTTP/2.0" 200 133473 "https://indiabettingexchange.in/articles/page/689/" "Mozilla/5.0 AppleWebKit/537.36 (KHTML, like Gecko; compatible; GPTBot/1.3; +https://openai.com/gptbot)" 216 **0/216995**
74.7.227.158 - - [14/Mar/2026:05:41:22 -0700] "GET /areal-nettside-addert-hosting/ HTTP/2.0" 200 18523 "https://indiabettingexchange.in/articles/page/689/" "Mozilla/5.0 AppleWebKit/537.36 (KHTML, like Gecko; compatible; GPTBot/1.3; +https://openai.com/gptbot)" 245 **0/245785**
74.7.227.158 - - [14/Mar/2026:05:41:23 -0700] "GET /h1-the-influence-of-casino-culture-in-movies-and-television-h1/ HTTP/2.0" 200 15174 "https://indiabettingexchange.in/articles/page/686/" "Mozilla/5.0 AppleWebKit/537.36 (KHTML, like Gecko; compatible; GPTBot/1.3; +https://openai.com/gptbot)" 206 **0/206222**
74.7.227.158 - - [14/Mar/2026:05:41:23 -0700] "GET /chat-free-of-charge-chatear-online-sin-registro-25/ HTTP/2.0" 200 18492 "https://indiabettingexchange.in/articles/page/688/" "Mozilla/5.0 AppleWebKit/537.36 (KHTML, like Gecko; compatible; GPTBot/1.3; +https://openai.com/gptbot)" 226 **0/226310**
74.7.227.158 - - [14/Mar/2026:05:41:24 -0700] "GET /experience-the-excitement-off-to-play-100-free-ports-with-your-vast-collection-off-gambling-games/ HTTP/2.0" 200 15560 "https://indiabettingexchange.in/articles/page/689/" "Mozilla/5.0 AppleWebKit/537.36 (KHTML, like Gecko; compatible; GPTBot/1.3; +https://openai.com/gptbot)" 271 **0/271339**
74.7.227.158 - - [14/Mar/2026:05:41:25 -0700] "GET /the-newest-faq-part-boasts-avalanche-gas-fee-expectations-0/ HTTP/2.0" 200 16259 "https://indiabettingexchange.in/articles/page/688/" "Mozilla/5.0 AppleWebKit/537.36 (KHTML, like Gecko; compatible; GPTBot/1.3; +https://openai.com/gptbot)" 234 **0/234708**
92.222.108.126 - - [14/Mar/2026:05:41:25 -0700] "GET /safari-spins-recenzja-uciechy-slotowej-od-nucleus-gaming-2025/ HTTP/2.0" 200 18351 "-" "Mozilla/5.0 (compatible; AhrefsBot/7.0; +http://ahrefs.com/robot/)" 275 **0/275876**
74.7.227.158 - - [14/Mar/2026:05:41:25 -0700] "GET /money-master-totally-free-spins-play-koi-princess-slot-coins-website-links-updated-everyday-march-2024/ HTTP/2.0" 200 17572 "https://indiabettingexchange.in/articles/page/686/" "Mozilla/5.0 AppleWebKit/537.36 (KHTML, like Gecko; compatible; GPTBot/1.3; +https://openai.com/gptbot)" 223 **0/223909**
74.7.227.158 - - [14/Mar/2026:05:41:26 -0700] "GET /how-to-install-1xbet-app-a-complete-guide-2/ HTTP/2.0" 200 16452 "https://indiabettingexchange.in/articles/page/688/" "Mozilla/5.0 AppleWebKit/537.36 (KHTML, like Gecko; compatible; GPTBot/1.3; +https://openai.com/gptbot)" 196 **0/196318**
74.7.227.158 - - [14/Mar/2026:05:41:26 -0700] "GET /guide-complet-pour-choisir-le-meilleur-casino-en-127/ HTTP/2.0" 200 17436 "https://indiabettingexchange.in/articles/page/689/" "Mozilla/5.0 AppleWebKit/537.36 (KHTML, like Gecko; compatible; GPTBot/1.3; +https://openai.com/gptbot)" 218 **0/218515**
74.7.227.158 - - [14/Mar/2026:05:41:27 -0700] "GET /guide-complet-pour-choisir-le-meilleur-casino-en-128/ HTTP/2.0" 200 17432 "https://indiabettingexchange.in/articles/page/689/" "Mozilla/5.0 AppleWebKit/537.36 (KHTML, like Gecko; compatible; GPTBot/1.3; +https://openai.com/gptbot)" 259 **0/259701**
52.167.144.173 - - [14/Mar/2026:05:41:27 -0700] "GET /these-online-slots-games-give-you-the-better-i24slot-bonus-code-2024-and-you-may-greatest-multipliers-you-can-find/ HTTP/2.0" 200 18719 "-" "Mozilla/5.0 AppleWebKit/537.36 (KHTML, like Gecko; compatible; bingbot/2.0; +http://www.bing.com/bingbot.htm) Chrome/116.0.1938.76 Safari/537.36" 224 **0/224131**
74.7.227.158 - - [14/Mar/2026:05:41:27 -0700] "GET /finest-gambling-enterprises-such-as-for-example-funzpoints-2025-solutions-and-sibling-internet-sites/ HTTP/2.0" 200 15676 "https://indiabettingexchange.in/articles/page/687/" "Mozilla/5.0 AppleWebKit/537.36 (KHTML, like Gecko; compatible; GPTBot/1.3; +https://openai.com/gptbot)" 229 **0/229411**
74.7.227.158 - - [14/Mar/2026:05:41:28 -0700] "GET /online-casino-echtgeld-erfahrungen-deutscher-13/ HTTP/2.0" 200 19857 "https://indiabettingexchange.in/articles/page/689/" "Mozilla/5.0 AppleWebKit/537.36 (KHTML, like Gecko; compatible; GPTBot/1.3; +https://openai.com/gptbot)" 251 **0/251377**
74.7.227.158 - - [14/Mar/2026:05:41:29 -0700] "GET /grandpashabet-ile-guvenli-ve-keyifli-oyun-deneyimi-96/ HTTP/2.0" 200 15772 "https://indiabettingexchange.in/articles/page/689/" "Mozilla/5.0 AppleWebKit/537.36 (KHTML, like Gecko; compatible; GPTBot/1.3; +https://openai.com/gptbot)" 226 **0/226416**
74.7.227.158 - - [14/Mar/2026:05:41:29 -0700] "GET /the-newest-faq-part-is-sold-with-avalanche-gasoline-percentage-requirement-0/ HTTP/2.0" 200 16204 "https://indiabettingexchange.in/articles/page/687/" "Mozilla/5.0 AppleWebKit/537.36 (KHTML, like Gecko; compatible; GPTBot/1.3; +https://openai.com/gptbot)" 223 **0/223584**
74.7.227.158 - - [14/Mar/2026:05:41:30 -0700] "GET /ktshf-mt-lrhnt-m-ttbyq-1xcasino-lmtmyz-hl/ HTTP/2.0" 200 15761 "https://indiabettingexchange.in/articles/page/689/" "Mozilla/5.0 AppleWebKit/537.36 (KHTML, like Gecko; compatible; GPTBot/1.3; +https://openai.com/gptbot)" 316 **0/316759**
74.7.227.158 - - [14/Mar/2026:05:41:30 -0700] "GET /particular-zero-kyc-avalanche-programs-accept-dumps-including-0/ HTTP/2.0" 200 16071 "https://indiabettingexchange.in/articles/page/687/" "Mozilla/5.0 AppleWebKit/537.36 (KHTML, like Gecko; compatible; GPTBot/1.3; +https://openai.com/gptbot)" 271 **0/271841**
74.7.227.158 - - [14/Mar/2026:05:41:31 -0700] "GET /online-casino-beste-casinoer-paslat-nett-inni-norge-indre-sett-2024/ HTTP/2.0" 200 18387 "https://indiabettingexchange.in/articles/page/688/" "Mozilla/5.0 AppleWebKit/537.36 (KHTML, like Gecko; compatible; GPTBot/1.3; +https://openai.com/gptbot)" 219 **0/219743**
74.7.227.158 - - [14/Mar/2026:05:41:32 -0700] "GET /uppbor-villig-casino-inte-me-svensk-person-tillstand-viktiga-stadgar-for-utlandska-spelvinster/ HTTP/2.0" 200 17062 "https://indiabettingexchange.in/how-can-we-rating-an-educated-california-web-based-casinos/" "Mozilla/5.0 AppleWebKit/537.36 (KHTML, like Gecko; compatible; GPTBot/1.3; +https://openai.com/gptbot)" 274 **0/274397**
74.7.227.158 - - [14/Mar/2026:05:41:32 -0700] "GET /ac-dc-thunderstruck-ingesting-video-game-laws-and-regulations-variations-enchanted-meadow-slot-machine-shelter-resources/ HTTP/2.0" 200 17358 "https://indiabettingexchange.in/how-can-we-rating-an-educated-california-web-based-casinos/" "Mozilla/5.0 AppleWebKit/537.36 (KHTML, like Gecko; compatible; GPTBot/1.3; +https://openai.com/gptbot)" 255 **0/255792**
74.7.227.158 - - [14/Mar/2026:05:41:33 -0700] "GET /gambling-games-at-genie-wishes-80-free-spins-the-seminole-hard-rock-resort-casino-tampa/ HTTP/2.0" 200 17086 "https://indiabettingexchange.in/einige-anbieter-zeigen-zahlreiche-bei-varianten-fur-jedes-neueinsteiger-unter-anderem-vielspieler-oder-schier-bekannte-personlichkeit-gaste/" "Mozilla/5.0 AppleWebKit/537.36 (KHTML, like Gecko; compatible; GPTBot/1.3; +https://openai.com/gptbot)" 259 **0/259466**
74.7.227.158 - - [14/Mar/2026:05:41:33 -0700] "GET /play-18500-free-pa-slots-no-downloadin-no-registration/ HTTP/2.0" 200 17147 "https://indiabettingexchange.in/how-can-we-rating-an-educated-california-web-based-casinos/" "Mozilla/5.0 AppleWebKit/537.36 (KHTML, like Gecko; compatible; GPTBot/1.3; +https://openai.com/gptbot)" 235 **0/235583**
185.191.171.3 - - [14/Mar/2026:05:41:34 -0700] "GET /slot-bonus-di-cassino-immerion-casino-gallina/ HTTP/1.1" 200 18244 "-" "Mozilla/5.0 (compatible; SemrushBot/7~bl; +http://www.semrush.com/bot.html)" 236 **0/236593**
74.7.227.158 - - [14/Mar/2026:05:41:34 -0700] "GET /play-thunderstruck-slot-free-revolves-no-deposit-take-5-slot-acceptance-incentive/ HTTP/2.0" 200 17458 "https://indiabettingexchange.in/how-can-we-rating-an-educated-california-web-based-casinos/" "Mozilla/5.0 AppleWebKit/537.36 (KHTML, like Gecko; compatible; GPTBot/1.3; +https://openai.com/gptbot)" 258 **0/258835**
74.7.227.158 - - [14/Mar/2026:05:41:34 -0700] "GET /casino-akkvisisjon-allting-online-casinobonuser-i-norge-2026/ HTTP/2.0" 200 18239 "https://indiabettingexchange.in/articles/page/688/" "Mozilla/5.0 AppleWebKit/537.36 (KHTML, like Gecko; compatible; GPTBot/1.3; +https://openai.com/gptbot)" 241 **0/241364**
74.7.227.158 - - [14/Mar/2026:05:41:35 -0700] "GET /enhanced-platforms-deliver-sandwich-8-second-exchange-confirmations-coordinating-pc-speed-through-avalanche-c-strings-settlement-supporting-minute-bet-regarding-0/ HTTP/2.0" 200 16189 "https://indiabettingexchange.in/articles/page/687/" "Mozilla/5.0 AppleWebKit/537.36 (KHTML, like Gecko; compatible; GPTBot/1.3; +https://openai.com/gptbot)" 241 **0/241541**
74.7.227.158 - - [14/Mar/2026:05:41:36 -0700] "GET /casino-p-nett-paslat-nordmenn-564/ HTTP/2.0" 200 18031 "https://indiabettingexchange.in/articles/page/689/" "Mozilla/5.0 AppleWebKit/537.36 (KHTML, like Gecko; compatible; GPTBot/1.3; +https://openai.com/gptbot)" 271 **0/271573**
74.7.227.158 - - [14/Mar/2026:05:41:36 -0700] "GET /beste-norske-online-casino-pa-2026/ HTTP/2.0" 200 18447 "https://indiabettingexchange.in/articles/page/688/" "Mozilla/5.0 AppleWebKit/537.36 (KHTML, like Gecko; compatible; GPTBot/1.3; +https://openai.com/gptbot)" 224 **0/224728**
74.7.227.158 - - [14/Mar/2026:05:41:37 -0700] "GET /50-freispiele-ohne-einzahlung-sofort-verfugbar-goddess-of-life-mega-jackpot-no-abschlagzahlung/ HTTP/2.0" 200 18399 "https://indiabettingexchange.in/site-oficial-de-cassino-online-e-apostas-no-brasil-25/" "Mozilla/5.0 AppleWebKit/537.36 (KHTML, like Gecko; compatible; GPTBot/1.3; +https://openai.com/gptbot)" 221 **0/221099**
85.208.96.200 - - [14/Mar/2026:05:41:37 -0700] "GET /melhores-sites-puerilidade-slots-uma-100-giros-gratis-sem-deposito-fruits-jokers-20-lines-vez-que-bagarote-efetivo-2025-casino-guru/ HTTP/1.1" 200 19013 "-" "Mozilla/5.0 (compatible; SemrushBot/7~bl; +http://www.semrush.com/bot.html)" 231 **0/231522**
74.7.227.158 - - [14/Mar/2026:05:41:37 -0700] "GET /bedste-velkomstbonusser-and-indbetalingsbonusser-richville-forste-indbetalingsbonus-som-dk-2025/ HTTP/2.0" 200 16698 "https://indiabettingexchange.in/10x-lieve-jack-hammer-slot-genkel-deposito-premie-bank-apps-diegene-werkelijk-strafbaar-uitkeren-beoordeeld-2025/" "Mozilla/5.0 AppleWebKit/537.36 (KHTML, like Gecko; compatible; GPTBot/1.3; +https://openai.com/gptbot)" 261 **0/261000**
74.7.227.158 - - [14/Mar/2026:05:41:38 -0700] "GET /beste-krypto-casinos-columbus-deluxe-casino-2026-krypto-casino-abmachung/ HTTP/2.0" 200 19268 "https://indiabettingexchange.in/site-oficial-de-cassino-online-e-apostas-no-brasil-25/" "Mozilla/5.0 AppleWebKit/537.36 (KHTML, like Gecko; compatible; GPTBot/1.3; +https://openai.com/gptbot)" 250 **0/250756**
74.7.227.158 - - [14/Mar/2026:05:41:38 -0700] "GET /download-hydro-50-free-spins-on-enchanted-meadow-thunder/ HTTP/2.0" 200 17451 "https://indiabettingexchange.in/site-oficial-de-cassino-online-e-apostas-no-brasil-25/" "Mozilla/5.0 AppleWebKit/537.36 (KHTML, like Gecko; compatible; GPTBot/1.3; +https://openai.com/gptbot)" 233 **0/233725**
74.7.227.158 - - [14/Mar/2026:05:41:39 -0700] "GET /wp-json/oembed/1.0/embed?format=xml&url=https%3A%2F%2Findiabettingexchange.in%2Fthanks-for-visiting-all-of-the-slots-gambling-establishment-your-own-respected-destination-for-fascinating-real-money-online-gambling-inside-canada%2F HTTP/2.0" 200 1393 "https://indiabettingexchange.in/thanks-for-visiting-all-of-the-slots-gambling-establishment-your-own-respected-destination-for-fascinating-real-money-online-gambling-inside-canada/" "Mozilla/5.0 AppleWebKit/537.36 (KHTML, like Gecko; compatible; GPTBot/1.3; +https://openai.com/gptbot)" 192 **0/192828**
74.7.227.158 - - [14/Mar/2026:05:41:39 -0700] "GET /private-100-free-revolves-bonus-readily-available-40x-betting-25-000-bonus-40x-betting-1000-free-revolves/ HTTP/2.0" 200 15579 "https://indiabettingexchange.in/articles/page/688/" "Mozilla/5.0 AppleWebKit/537.36 (KHTML, like Gecko; compatible; GPTBot/1.3; +https://openai.com/gptbot)" 244 **0/244696**
74.7.227.158 - - [14/Mar/2026:05:41:40 -0700] "GET /%ce%b1%ce%bd%ce%b1%ce%ba%ce%b1%ce%bb%cf%8d%cf%80%cf%84%ce%bf%ce%bd%cf%84%ce%b1%cf%82-%cf%84%ce%b1-%ce%bc%cf%85%cf%83%cf%84%ce%b9%ce%ba%ce%ac-%ce%bc%ce%b9%ce%b1%cf%82-%cf%83%cf%85%ce%bd%ce%b1%cf%81/ HTTP/2.0" 200 17534 "https://indiabettingexchange.in/site-oficial-de-cassino-online-e-apostas-no-brasil-25/" "Mozilla/5.0 AppleWebKit/537.36 (KHTML, like Gecko; compatible; GPTBot/1.3; +https://openai.com/gptbot)" 243 **0/243702**
74.7.227.158 - - [14/Mar/2026:05:41:41 -0700] "GET /jackbit-operates-below-a-great-curacao-egaming-licenses-365-jaz-sub-licenses-glh-occhktw0707072017-proven-through-the-playing-curacao-recognition-program/ HTTP/2.0" 200 16344 "https://indiabettingexchange.in/articles/page/687/" "Mozilla/5.0 AppleWebKit/537.36 (KHTML, like Gecko; compatible; GPTBot/1.3; +https://openai.com/gptbot)" 244 **0/244449**
74.7.227.158 - - [14/Mar/2026:05:41:41 -0700] "GET /wp-json/oembed/1.0/embed?url=https%3A%2F%2Findiabettingexchange.in%2Fmadrid-una-policia-detiene-alrededor-casino-genial-madrid-a-una-pareja-de-novios-china-por-encubierta%2F HTTP/2.0" 200 1382 "https://indiabettingexchange.in/madrid-una-policia-detiene-alrededor-casino-genial-madrid-a-una-pareja-de-novios-china-por-encubierta/" "Mozilla/5.0 AppleWebKit/537.36 (KHTML, like Gecko; compatible; GPTBot/1.3; +https://openai.com/gptbot)" 146 **0/146084**
74.7.227.158 - - [14/Mar/2026:05:41:42 -0700] "GET /neue-casino-zetcasino-casino-verbunden-casinos-2025-jeden-tag-aktuelle-topliste/feed/ HTTP/2.0" 200 415 "https://indiabettingexchange.in/neue-casino-zetcasino-casino-verbunden-casinos-2025-jeden-tag-aktuelle-topliste/" "Mozilla/5.0 AppleWebKit/537.36 (KHTML, like Gecko; compatible; GPTBot/1.3; +https://openai.com/gptbot)" 151 **0/151200**
74.7.227.158 - - [14/Mar/2026:05:41:42 -0700] "GET /wp-json/oembed/1.0/embed?url=https%3A%2F%2Findiabettingexchange.in%2Fpor-lo-que-jugar-a-la-ruleta-de-balde-es-la-mejor-posibilidad-para-empezar%2F HTTP/2.0" 200 1331 "https://indiabettingexchange.in/por-lo-que-jugar-a-la-ruleta-de-balde-es-la-mejor-posibilidad-para-empezar/" "Mozilla/5.0 AppleWebKit/537.36 (KHTML, like Gecko; compatible; GPTBot/1.3; +https://openai.com/gptbot)" 206 **0/206767**
74.7.227.158 - - [14/Mar/2026:05:41:43 -0700] "GET /wp-json/oembed/1.0/embed?url=https%3A%2F%2Findiabettingexchange.in%2Fcual-es-la-razin-de-que-sea-clave-seleccionar-ahora-una-familia-de-apuestas%2F HTTP/2.0" 200 1333 "https://indiabettingexchange.in/cual-es-la-razin-de-que-sea-clave-seleccionar-ahora-una-familia-de-apuestas/" "Mozilla/5.0 AppleWebKit/537.36 (KHTML, like Gecko; compatible; GPTBot/1.3; +https://openai.com/gptbot)" 171 **0/171094**
74.7.227.158 - - [14/Mar/2026:05:41:43 -0700] "GET /wp-json/oembed/1.0/embed?url=https%3A%2F%2Findiabettingexchange.in%2Fthis-is-certainly-a-more-recent-invention-off-designer-reelplay-thats-taking-the-slots-globe-of-the-violent-storm%2F HTTP/2.0" 200 1306 "https://indiabettingexchange.in/this-is-certainly-a-more-recent-invention-off-designer-reelplay-thats-taking-the-slots-globe-of-the-violent-storm/" "Mozilla/5.0 AppleWebKit/537.36 (KHTML, like Gecko; compatible; GPTBot/1.3; +https://openai.com/gptbot)" 143 **0/143966**
185.191.171.2 - - [14/Mar/2026:05:41:44 -0700] "GET /how-to-leverage-bonuses-at-lbspins-casino-for-bigger-wins/ HTTP/1.1" 200 17231 "-" "Mozilla/5.0 (compatible; SemrushBot/7~bl; +http://www.semrush.com/bot.html)" 264 **0/264327**
74.7.227.158 - - [14/Mar/2026:05:41:44 -0700] "GET /articles/page/693/ HTTP/2.0" 200 17316 "https://indiabettingexchange.in/articles/page/689/" "Mozilla/5.0 AppleWebKit/537.36 (KHTML, like Gecko; compatible; GPTBot/1.3; +https://openai.com/gptbot)" 524 **0/524043**
74.7.227.158 - - [14/Mar/2026:05:41:45 -0700] "GET /articles/page/692/ HTTP/2.0" 200 17640 "https://indiabettingexchange.in/articles/page/689/" "Mozilla/5.0 AppleWebKit/537.36 (KHTML, like Gecko; compatible; GPTBot/1.3; +https://openai.com/gptbot)" 549 **0/549092**
74.7.227.158 - - [14/Mar/2026:05:41:46 -0700] "GET /articles/page/691/ HTTP/2.0" 200 17219 "https://indiabettingexchange.in/articles/page/687/" "Mozilla/5.0 AppleWebKit/537.36 (KHTML, like Gecko; compatible; GPTBot/1.3; +https://openai.com/gptbot)" 587 **0/587224**
74.7.227.158 - - [14/Mar/2026:05:41:47 -0700] "GET /articles/page/690/ HTTP/2.0" 200 17088 "https://indiabettingexchange.in/articles/page/687/" "Mozilla/5.0 AppleWebKit/537.36 (KHTML, like Gecko; compatible; GPTBot/1.3; +https://openai.com/gptbot)" 581 **0/581496**
74.7.227.158 - - [14/Mar/2026:05:41:48 -0700] "GET /wp-json/oembed/1.0/embed?url=https%3A%2F%2Findiabettingexchange.in%2Fsix-greatest-on-line-poker-a-real-income-websites-united-states-indian-dreaming-online-pokie-of-america-to-play-inside-2025%2F HTTP/2.0" 200 1414 "https://indiabettingexchange.in/six-greatest-on-line-poker-a-real-income-websites-united-states-indian-dreaming-online-pokie-of-america-to-play-inside-2025/" "Mozilla/5.0 AppleWebKit/537.36 (KHTML, like Gecko; compatible; GPTBot/1.3; +https://openai.com/gptbot)" 206 **0/206485**
