45.3.54.196 - - [14/Mar/2026:05:18:16 -0700] "GET /wp-admin/themes.php HTTP/2.0" 403 854 "-" "Mozilla/5.0 (Windows NT 10.0; Win64; x64) AppleWebKit/537.36 (KHTML, like Gecko) Chrome/124.0.6367.207 Safari/537.36" 164 **0/164348**
118.139.180.95 - - [14/Mar/2026:05:18:17 -0700] "HEAD /wp-content/uploads/font-awesome/v6.2.0/css/svg-with-js.css HTTP/1.1" 200 - "-" "WordPress/6.9.4; https://indiabettingexchange.in" 8 **0/8825**
45.3.54.196 - - [14/Mar/2026:05:18:17 -0700] "GET /wp-admin/themes.php HTTP/2.0" 403 854 "-" "Mozilla/5.0 (Windows NT 10.0; Win64; x64) AppleWebKit/537.36 (KHTML, like Gecko) Chrome/124.0.6367.207 Safari/537.36" 164 **0/164346**
118.139.180.95 - - [14/Mar/2026:05:18:17 -0700] "HEAD /wp-content/uploads/font-awesome/v6.2.0/css/svg-with-js.css HTTP/1.1" 200 - "-" "WordPress/6.9.4; https://indiabettingexchange.in" 7 **0/7403**
45.3.54.196 - - [14/Mar/2026:05:18:17 -0700] "GET /wp-admin/themes.php HTTP/2.0" 403 854 "-" "Mozilla/5.0 (Windows NT 10.0; Win64; x64) AppleWebKit/537.36 (KHTML, like Gecko) Chrome/124.0.6367.207 Safari/537.36" 152 **0/152882**
118.139.180.95 - - [14/Mar/2026:05:18:18 -0700] "HEAD /wp-content/uploads/font-awesome/v6.2.0/css/svg-with-js.css HTTP/1.1" 200 - "-" "WordPress/6.9.4; https://indiabettingexchange.in" 11 **0/11311**
74.7.227.158 - - [14/Mar/2026:05:18:18 -0700] "GET /this-article-is-able-to-read-register-in-order-to-unlock/ HTTP/2.0" 200 15574 "https://indiabettingexchange.in/articles/page/643/" "Mozilla/5.0 AppleWebKit/537.36 (KHTML, like Gecko; compatible; GPTBot/1.3; +https://openai.com/gptbot)" 204 **0/204115**
45.3.54.196 - - [14/Mar/2026:05:18:18 -0700] "GET /wp-admin/themes.php HTTP/2.0" 403 854 "-" "Mozilla/5.0 (Windows NT 10.0; Win64; x64) AppleWebKit/537.36 (KHTML, like Gecko) Chrome/124.0.6367.207 Safari/537.36" 216 **0/216231**
85.208.96.198 - - [14/Mar/2026:05:18:18 -0700] "GET /category/uncategorized/page/2305/ HTTP/1.1" 200 17512 "-" "Mozilla/5.0 (compatible; SemrushBot/7~bl; +http://www.semrush.com/bot.html)" 1104 **1/1104786**
118.139.180.95 - - [14/Mar/2026:05:18:19 -0700] "HEAD /wp-content/uploads/font-awesome/v6.2.0/css/svg-with-js.css HTTP/1.1" 200 - "-" "WordPress/6.9.4; https://indiabettingexchange.in" 11 **0/11171**
45.3.54.196 - - [14/Mar/2026:05:18:19 -0700] "GET /wp-admin/themes.php HTTP/2.0" 403 854 "-" "Mozilla/5.0 (Windows NT 10.0; Win64; x64) AppleWebKit/537.36 (KHTML, like Gecko) Chrome/124.0.6367.207 Safari/537.36" 253 **0/253094**
118.139.180.95 - - [14/Mar/2026:05:18:20 -0700] "HEAD /wp-content/uploads/font-awesome/v6.2.0/css/svg-with-js.css HTTP/1.1" 200 - "-" "WordPress/6.9.4; https://indiabettingexchange.in" 9 **0/9588**
45.3.54.196 - - [14/Mar/2026:05:18:19 -0700] "GET /wp-admin/themes.php HTTP/2.0" 403 854 "-" "Mozilla/5.0 (Windows NT 10.0; Win64; x64) AppleWebKit/537.36 (KHTML, like Gecko) Chrome/124.0.6367.207 Safari/537.36" 189 **0/189009**
207.166.178.208 - - [14/Mar/2026:05:18:19 -0700] "GET /tag/asia-cup/page/3/ HTTP/1.1" 404 8218 "-" "Mozilla/5.0 (Linux; Android 13; Pixel 7) AppleWebKit/537.36 (KHTML, like Gecko) Chrome/131.0.0.0 Mobile Safari/537.36" 189 **0/189902**
74.7.227.158 - - [14/Mar/2026:05:18:19 -0700] "GET /the-new-platforms-participants-discover-very-well-that-crown-treasure-is-regarding-550-video-game/ HTTP/2.0" 200 15802 "https://indiabettingexchange.in/articles/page/645/" "Mozilla/5.0 AppleWebKit/537.36 (KHTML, like Gecko; compatible; GPTBot/1.3; +https://openai.com/gptbot)" 258 **0/258945**
118.139.180.95 - - [14/Mar/2026:05:18:20 -0700] "HEAD /wp-content/uploads/font-awesome/v6.2.0/css/svg-with-js.css HTTP/1.1" 200 - "-" "WordPress/6.9.4; https://indiabettingexchange.in" 8 **0/8312**
45.3.54.196 - - [14/Mar/2026:05:18:20 -0700] "GET /wp-admin/themes.php HTTP/2.0" 403 854 "-" "Mozilla/5.0 (Windows NT 10.0; Win64; x64) AppleWebKit/537.36 (KHTML, like Gecko) Chrome/124.0.6367.207 Safari/537.36" 188 **0/188696**
118.139.180.95 - - [14/Mar/2026:05:18:20 -0700] "HEAD /wp-content/uploads/font-awesome/v6.2.0/css/svg-with-js.css HTTP/1.1" 200 - "-" "WordPress/6.9.4; https://indiabettingexchange.in" 8 **0/8354**
45.3.54.196 - - [14/Mar/2026:05:18:20 -0700] "GET /wp-admin/plugins.php HTTP/2.0" 403 854 "-" "Mozilla/5.0 (Windows NT 10.0; Win64; x64) AppleWebKit/537.36 (KHTML, like Gecko) Chrome/124.0.6367.207 Safari/537.36" 165 **0/165017**
118.139.180.95 - - [14/Mar/2026:05:18:21 -0700] "HEAD /wp-content/uploads/font-awesome/v6.2.0/css/svg-with-js.css HTTP/1.1" 200 - "-" "WordPress/6.9.4; https://indiabettingexchange.in" 10 **0/10237**
45.3.54.196 - - [14/Mar/2026:05:18:21 -0700] "GET /wp-admin/plugins.php HTTP/2.0" 403 854 "-" "Mozilla/5.0 (Windows NT 10.0; Win64; x64) AppleWebKit/537.36 (KHTML, like Gecko) Chrome/124.0.6367.207 Safari/537.36" 198 **0/198282**
74.7.227.158 - - [14/Mar/2026:05:18:21 -0700] "GET /best-no-deposit-luxury-for-real-money-casinos-pokies-casinos-2026/ HTTP/2.0" 200 18759 "https://indiabettingexchange.in/articles/page/645/" "Mozilla/5.0 AppleWebKit/537.36 (KHTML, like Gecko; compatible; GPTBot/1.3; +https://openai.com/gptbot)" 235 **0/235104**
85.208.96.193 - - [14/Mar/2026:05:18:21 -0700] "GET /on-the-internet-blackjack-contains-the-low-home-side-of-any-on-line-casino-online-game/ HTTP/1.1" 200 17067 "-" "Mozilla/5.0 (compatible; SemrushBot/7~bl; +http://www.semrush.com/bot.html)" 250 **0/250737**
118.139.180.95 - - [14/Mar/2026:05:18:21 -0700] "HEAD /wp-content/uploads/font-awesome/v6.2.0/css/svg-with-js.css HTTP/1.1" 200 - "-" "WordPress/6.9.4; https://indiabettingexchange.in" 8 **0/8842**
45.3.54.196 - - [14/Mar/2026:05:18:21 -0700] "GET /wp-admin/plugins.php HTTP/2.0" 403 854 "-" "Mozilla/5.0 (Windows NT 10.0; Win64; x64) AppleWebKit/537.36 (KHTML, like Gecko) Chrome/124.0.6367.207 Safari/537.36" 184 **0/184143**
118.139.180.95 - - [14/Mar/2026:05:18:22 -0700] "HEAD /wp-content/uploads/font-awesome/v6.2.0/css/svg-with-js.css HTTP/1.1" 200 - "-" "WordPress/6.9.4; https://indiabettingexchange.in" 7 **0/7776**
45.3.54.196 - - [14/Mar/2026:05:18:22 -0700] "GET /wp-admin/plugins.php HTTP/2.0" 403 854 "-" "Mozilla/5.0 (Windows NT 10.0; Win64; x64) AppleWebKit/537.36 (KHTML, like Gecko) Chrome/124.0.6367.207 Safari/537.36" 163 **0/163942**
118.139.180.95 - - [14/Mar/2026:05:18:22 -0700] "HEAD /wp-content/uploads/font-awesome/v6.2.0/css/svg-with-js.css HTTP/1.1" 200 - "-" "WordPress/6.9.4; https://indiabettingexchange.in" 7 **0/7959**
45.3.54.196 - - [14/Mar/2026:05:18:22 -0700] "GET /wp-admin/plugins.php HTTP/2.0" 403 854 "-" "Mozilla/5.0 (Windows NT 10.0; Win64; x64) AppleWebKit/537.36 (KHTML, like Gecko) Chrome/124.0.6367.207 Safari/537.36" 163 **0/163926**
74.7.227.158 - - [14/Mar/2026:05:18:22 -0700] "GET /tips-claim-an-effective-%ef%bf%bd1000-desired-incentive-200-totally-free-revolves-and-you-will-one-extra-crab/ HTTP/2.0" 200 15606 "https://indiabettingexchange.in/articles/page/643/" "Mozilla/5.0 AppleWebKit/537.36 (KHTML, like Gecko; compatible; GPTBot/1.3; +https://openai.com/gptbot)" 209 **0/209105**
118.139.180.95 - - [14/Mar/2026:05:18:23 -0700] "HEAD /wp-content/uploads/font-awesome/v6.2.0/css/svg-with-js.css HTTP/1.1" 200 - "-" "WordPress/6.9.4; https://indiabettingexchange.in" 9 **0/9932**
45.3.54.196 - - [14/Mar/2026:05:18:23 -0700] "GET /wp-admin/plugins.php HTTP/2.0" 403 854 "-" "Mozilla/5.0 (Windows NT 10.0; Win64; x64) AppleWebKit/537.36 (KHTML, like Gecko) Chrome/124.0.6367.207 Safari/537.36" 154 **0/154347**
118.139.180.95 - - [14/Mar/2026:05:18:24 -0700] "HEAD /wp-content/uploads/font-awesome/v6.2.0/css/svg-with-js.css HTTP/1.1" 200 - "-" "WordPress/6.9.4; https://indiabettingexchange.in" 10 **0/10079**
45.3.54.196 - - [14/Mar/2026:05:18:23 -0700] "GET /wp-admin/plugins.php HTTP/2.0" 403 854 "-" "Mozilla/5.0 (Windows NT 10.0; Win64; x64) AppleWebKit/537.36 (KHTML, like Gecko) Chrome/124.0.6367.207 Safari/537.36" 201 **0/201926**
118.139.180.95 - - [14/Mar/2026:05:18:24 -0700] "HEAD /wp-content/uploads/font-awesome/v6.2.0/css/svg-with-js.css HTTP/1.1" 200 - "-" "WordPress/6.9.4; https://indiabettingexchange.in" 7 **0/7851**
74.7.227.158 - - [14/Mar/2026:05:18:24 -0700] "GET /spend-100-free-spins-and-you-will-free-potato-chips-in-order-to-victory-games/ HTTP/2.0" 200 15815 "https://indiabettingexchange.in/articles/page/644/" "Mozilla/5.0 AppleWebKit/537.36 (KHTML, like Gecko; compatible; GPTBot/1.3; +https://openai.com/gptbot)" 231 **0/231224**
45.3.54.196 - - [14/Mar/2026:05:18:24 -0700] "GET /wp-admin/plugins.php HTTP/2.0" 403 854 "-" "Mozilla/5.0 (Windows NT 10.0; Win64; x64) AppleWebKit/537.36 (KHTML, like Gecko) Chrome/124.0.6367.207 Safari/537.36" 180 **0/180666**
118.139.180.95 - - [14/Mar/2026:05:18:25 -0700] "HEAD /wp-content/uploads/font-awesome/v6.2.0/css/svg-with-js.css HTTP/1.1" 200 - "-" "WordPress/6.9.4; https://indiabettingexchange.in" 8 **0/8135**
45.3.54.196 - - [14/Mar/2026:05:18:25 -0700] "GET /wp-admin/plugins.php HTTP/2.0" 403 854 "-" "Mozilla/5.0 (Windows NT 10.0; Win64; x64) AppleWebKit/537.36 (KHTML, like Gecko) Chrome/124.0.6367.207 Safari/537.36" 161 **0/161221**
118.139.180.95 - - [14/Mar/2026:05:18:25 -0700] "HEAD /wp-content/uploads/font-awesome/v6.2.0/css/svg-with-js.css HTTP/1.1" 200 - "-" "WordPress/6.9.4; https://indiabettingexchange.in" 8 **0/8402**
45.3.54.196 - - [14/Mar/2026:05:18:25 -0700] "GET /wp-admin/plugins.php HTTP/2.0" 403 854 "-" "Mozilla/5.0 (Windows NT 10.0; Win64; x64) AppleWebKit/537.36 (KHTML, like Gecko) Chrome/124.0.6367.207 Safari/537.36" 194 **0/194998**
74.7.227.158 - - [14/Mar/2026:05:18:26 -0700] "GET /the-rebellion-casino-login-australia-best-australian-betting-webpage/ HTTP/2.0" 200 18890 "https://indiabettingexchange.in/articles/page/645/" "Mozilla/5.0 AppleWebKit/537.36 (KHTML, like Gecko; compatible; GPTBot/1.3; +https://openai.com/gptbot)" 228 **0/228795**
43.173.180.43 - - [14/Mar/2026:05:18:26 -0700] "GET /rush-hour-surveillance-for-casino-slot-machines/ HTTP/1.1" 200 17622 "-" "Mozilla/5.0 (Windows NT 10.0; Win64; x64) AppleWebKit/537.36 (KHTML, like Gecko) Chrome/120.0.0.0 Safari/537.36" 196 **0/196956**
43.173.181.233 - - [14/Mar/2026:05:18:26 -0700] "GET /casino-slot-surveillance-system-cctv-rush-hour-monitoring-technology/ HTTP/1.1" 200 18149 "-" "Mozilla/5.0 (Windows NT 10.0; Win64; x64) AppleWebKit/537.36 (KHTML, like Gecko) Chrome/112.0.0.0 Safari/537.36" 187 **0/187428**
43.173.178.106 - - [14/Mar/2026:05:18:27 -0700] "GET /realize-all-of-our-professional-comment-within-the-five-minutes-are-crown-gold-coins-casino-secure/ HTTP/1.1" 200 18213 "-" "Mozilla/5.0 (Windows NT 10.0; Win64; x64) AppleWebKit/537.36 (KHTML, like Gecko) Chrome/103.0.0.0 Safari/537.36" 245 **0/245701**
74.7.227.158 - - [14/Mar/2026:05:18:27 -0700] "GET /greenluck-gambling-establishment-register-incentive-nz-get-1000-and-you-can-2-hundred-totally-free-revolves/ HTTP/2.0" 200 15637 "https://indiabettingexchange.in/articles/page/644/" "Mozilla/5.0 AppleWebKit/537.36 (KHTML, like Gecko; compatible; GPTBot/1.3; +https://openai.com/gptbot)" 188 **0/188581**
185.191.171.14 - - [14/Mar/2026:05:18:27 -0700] "GET /pozdrawiam-naszym-szerokim-uzywaniem-gier-hojnymi-ofertami-powitalnymi-oraz-ekscytujacymi-darmowymi-spinami/ HTTP/1.1" 200 17505 "-" "Mozilla/5.0 (compatible; SemrushBot/7~bl; +http://www.semrush.com/bot.html)" 254 **0/254264**
74.7.227.158 - - [14/Mar/2026:05:18:29 -0700] "GET /articles/page/647/ HTTP/2.0" 200 16834 "https://indiabettingexchange.in/articles/page/645/" "Mozilla/5.0 AppleWebKit/537.36 (KHTML, like Gecko; compatible; GPTBot/1.3; +https://openai.com/gptbot)" 477 **0/477778**
74.7.227.158 - - [14/Mar/2026:05:18:30 -0700] "GET /articles/page/646/ HTTP/2.0" 200 16934 "https://indiabettingexchange.in/articles/page/645/" "Mozilla/5.0 AppleWebKit/537.36 (KHTML, like Gecko; compatible; GPTBot/1.3; +https://openai.com/gptbot)" 467 **0/467260**
85.208.96.193 - - [14/Mar/2026:05:18:32 -0700] "GET /%D9%81%D8%AA%D8%AD%D8%A7%D8%AA-%D8%A7%D9%84%D9%81%D9%88%D8%B2-%D8%A8%D8%A7%D9%84%D8%AC%D8%A7%D8%A6%D8%B2%D8%A9-%D8%A7%D9%84%D9%83%D8%A8%D8%B1%D9%89-%D9%84%D8%B9%D8%A8%D8%A9-%D9%81%D9%8A%D8%AF%D9%8A/ HTTP/1.1" 200 18790 "-" "Mozilla/5.0 (compatible; SemrushBot/7~bl; +http://www.semrush.com/bot.html)" 202 **0/202516**
74.7.227.158 - - [14/Mar/2026:05:18:32 -0700] "GET /articles/page/649/ HTTP/2.0" 200 16860 "https://indiabettingexchange.in/articles/page/645/" "Mozilla/5.0 AppleWebKit/537.36 (KHTML, like Gecko; compatible; GPTBot/1.3; +https://openai.com/gptbot)" 473 **0/473104**
74.7.227.158 - - [14/Mar/2026:05:18:33 -0700] "GET /articles/page/648/ HTTP/2.0" 200 16981 "https://indiabettingexchange.in/articles/page/645/" "Mozilla/5.0 AppleWebKit/537.36 (KHTML, like Gecko; compatible; GPTBot/1.3; +https://openai.com/gptbot)" 472 **0/472773**
74.7.227.158 - - [14/Mar/2026:05:18:34 -0700] "GET /wp-json/oembed/1.0/embed?url=https%3A%2F%2Findiabettingexchange.in%2Fsign-up-to-red-dog-local-casino-and-get-a-good-twenty-five-totally-free-processor-chip%2F HTTP/2.0" 200 1308 "https://indiabettingexchange.in/sign-up-to-red-dog-local-casino-and-get-a-good-twenty-five-totally-free-processor-chip/" "Mozilla/5.0 AppleWebKit/537.36 (KHTML, like Gecko; compatible; GPTBot/1.3; +https://openai.com/gptbot)" 137 **0/137396**
74.7.227.158 - - [14/Mar/2026:05:18:35 -0700] "GET /wp-json/oembed/1.0/embed?url=https%3A%2F%2Findiabettingexchange.in%2Fwhen-you-have-a-love-for-alive-online-casinos-you-simply-will-not-end-up-being-distressed%2F HTTP/2.0" 200 1289 "https://indiabettingexchange.in/when-you-have-a-love-for-alive-online-casinos-you-simply-will-not-end-up-being-distressed/" "Mozilla/5.0 AppleWebKit/537.36 (KHTML, like Gecko; compatible; GPTBot/1.3; +https://openai.com/gptbot)" 161 **0/161291**
85.208.96.210 - - [14/Mar/2026:05:18:36 -0700] "GET /speel-win-beleef-billionairespin-casino-biedt-een-4/ HTTP/1.1" 200 18894 "-" "Mozilla/5.0 (compatible; SemrushBot/7~bl; +http://www.semrush.com/bot.html)" 220 **0/220439**
74.7.227.158 - - [14/Mar/2026:05:18:36 -0700] "GET /wp-json/oembed/1.0/embed?url=https%3A%2F%2Findiabettingexchange.in%2Fand-you-may-exactly-what-ideal-a-spot-to-have-it-become-than-just-on-the-slots-local-casino%2F HTTP/2.0" 200 1306 "https://indiabettingexchange.in/and-you-may-exactly-what-ideal-a-spot-to-have-it-become-than-just-on-the-slots-local-casino/" "Mozilla/5.0 AppleWebKit/537.36 (KHTML, like Gecko; compatible; GPTBot/1.3; +https://openai.com/gptbot)" 130 **0/130424**
74.7.227.158 - - [14/Mar/2026:05:18:37 -0700] "GET /wp-json/oembed/1.0/embed?url=https%3A%2F%2Findiabettingexchange.in%2Fwithin-funrize-you-can-claim-a-good-recommendation-bonus-when-releasing-a-pal-on-the-casino%2F HTTP/2.0" 200 1317 "https://indiabettingexchange.in/within-funrize-you-can-claim-a-good-recommendation-bonus-when-releasing-a-pal-on-the-casino/" "Mozilla/5.0 AppleWebKit/537.36 (KHTML, like Gecko; compatible; GPTBot/1.3; +https://openai.com/gptbot)" 118 **0/118878**
74.7.227.158 - - [14/Mar/2026:05:18:38 -0700] "GET /wp-json/oembed/1.0/embed?url=https%3A%2F%2Findiabettingexchange.in%2Fearn-real-money-during-the-slot-machine-3-paylines-all-of-our-online-casino-gamble-now%2F HTTP/2.0" 200 1375 "https://indiabettingexchange.in/earn-real-money-during-the-slot-machine-3-paylines-all-of-our-online-casino-gamble-now/" "Mozilla/5.0 AppleWebKit/537.36 (KHTML, like Gecko; compatible; GPTBot/1.3; +https://openai.com/gptbot)" 161 **0/161863**
74.7.227.158 - - [14/Mar/2026:05:18:38 -0700] "GET /wp-json/oembed/1.0/embed?url=https%3A%2F%2Findiabettingexchange.in%2Fabsolutely-in-that-case-you-should-discover-the-ideal-label-you-to-matches-your-money%2F HTTP/2.0" 200 1318 "https://indiabettingexchange.in/absolutely-in-that-case-you-should-discover-the-ideal-label-you-to-matches-your-money/" "Mozilla/5.0 AppleWebKit/537.36 (KHTML, like Gecko; compatible; GPTBot/1.3; +https://openai.com/gptbot)" 151 **0/151391**
74.7.227.158 - - [14/Mar/2026:05:18:39 -0700] "GET /wp-json/oembed/1.0/embed?url=https%3A%2F%2Findiabettingexchange.in%2Fit-is-obvious-your-operator-moved-for-bright-tone-to-pick-up-the-newest-customers-desire%2F HTTP/2.0" 200 1296 "https://indiabettingexchange.in/it-is-obvious-your-operator-moved-for-bright-tone-to-pick-up-the-newest-customers-desire/" "Mozilla/5.0 AppleWebKit/537.36 (KHTML, like Gecko; compatible; GPTBot/1.3; +https://openai.com/gptbot)" 140 **0/140741**
216.26.248.238 - - [14/Mar/2026:05:18:40 -0700] "GET /wp-login.php HTTP/2.0" 200 2058 "-" "Mozilla/5.0 (Windows NT 10.0; Win64; x64; rv:127.0) Gecko/20100101 Firefox/127.0" 187 **0/187694**
74.7.227.158 - - [14/Mar/2026:05:18:40 -0700] "GET /get-your-sugar-rush-on-a-canadian-gamblers-guide-to-sweet-bonanza-candy-land/ HTTP/2.0" 200 16374 "https://indiabettingexchange.in/articles/page/647/" "Mozilla/5.0 AppleWebKit/537.36 (KHTML, like Gecko; compatible; GPTBot/1.3; +https://openai.com/gptbot)" 223 **0/223774**
74.7.227.158 - - [14/Mar/2026:05:18:40 -0700] "GET /area-xy-welcomes-a-smooth-minimalist-structure-one-to-possess-the-main-focus-on-the-game-play/ HTTP/2.0" 200 15767 "https://indiabettingexchange.in/articles/page/646/" "Mozilla/5.0 AppleWebKit/537.36 (KHTML, like Gecko; compatible; GPTBot/1.3; +https://openai.com/gptbot)" 174 **0/174051**
74.7.227.158 - - [14/Mar/2026:05:18:41 -0700] "GET /vip-professionals-were-exclusive-bonuses-and-offers-among-other-things/ HTTP/2.0" 200 16138 "https://indiabettingexchange.in/articles/page/649/" "Mozilla/5.0 AppleWebKit/537.36 (KHTML, like Gecko; compatible; GPTBot/1.3; +https://openai.com/gptbot)" 228 **0/228453**
216.26.248.238 - - [14/Mar/2026:05:18:41 -0700] "GET /wp-login.php?wp_lang=en_US HTTP/2.0" 200 2062 "-" "Mozilla/5.0 (Windows NT 10.0; Win64; x64) AppleWebKit/537.36 (KHTML, like Gecko) Chrome/124.0.6367.207 Safari/537.36" 130 **0/130642**
74.7.227.158 - - [14/Mar/2026:05:18:41 -0700] "GET /an-effective-players-guide-to-the-best-online-casino-sites-in-the-canada/ HTTP/2.0" 200 15628 "https://indiabettingexchange.in/articles/page/648/" "Mozilla/5.0 AppleWebKit/537.36 (KHTML, like Gecko; compatible; GPTBot/1.3; +https://openai.com/gptbot)" 174 **0/174610**
185.191.171.12 - - [14/Mar/2026:05:18:41 -0700] "GET /category/uncategorized/page/2401/ HTTP/1.1" 200 17929 "-" "Mozilla/5.0 (compatible; SemrushBot/7~bl; +http://www.semrush.com/bot.html)" 679 **0/679631**
216.26.248.238 - - [14/Mar/2026:05:18:41 -0700] "POST /wp-login.php?wp_lang=en_US HTTP/2.0" 302 1 "https://indiabettingexchange.in/wp-login.php?wp_lang=en_US" "Mozilla/5.0 (Windows NT 10.0; Win64; x64) AppleWebKit/537.36 (KHTML, like Gecko) Chrome/124.0.6367.207 Safari/537.36" 215 **0/215183**
74.7.227.158 - - [14/Mar/2026:05:18:42 -0700] "GET /really-does-ruby-fortune-canada-bring-support-apps-and-you-will-benefits/ HTTP/2.0" 200 15675 "https://indiabettingexchange.in/articles/page/648/" "Mozilla/5.0 AppleWebKit/537.36 (KHTML, like Gecko; compatible; GPTBot/1.3; +https://openai.com/gptbot)" 202 **0/202763**
118.139.180.95 - - [14/Mar/2026:05:18:42 -0700] "HEAD /wp-content/uploads/font-awesome/v6.2.0/css/svg-with-js.css HTTP/1.1" 200 - "-" "WordPress/6.9.4; https://indiabettingexchange.in" 8 **0/8838**
216.26.248.238 - - [14/Mar/2026:05:18:42 -0700] "GET /wp-admin/ HTTP/2.0" 200 22917 "https://indiabettingexchange.in/wp-login.php?wp_lang=en_US" "Mozilla/5.0 (Windows NT 10.0; Win64; x64) AppleWebKit/537.36 (KHTML, like Gecko) Chrome/124.0.6367.207 Safari/537.36" 273 **0/273526**
74.7.227.158 - - [14/Mar/2026:05:18:42 -0700] "GET /the-fresh-rocketplay-casino-even-offers-a-diverse-variety-of-game-to-save-professionals-amused/ HTTP/2.0" 200 15706 "https://indiabettingexchange.in/articles/page/648/" "Mozilla/5.0 AppleWebKit/537.36 (KHTML, like Gecko; compatible; GPTBot/1.3; +https://openai.com/gptbot)" 189 **0/189030**
118.139.180.95 - - [14/Mar/2026:05:18:43 -0700] "HEAD /wp-content/uploads/font-awesome/v6.2.0/css/svg-with-js.css HTTP/1.1" 200 - "-" "WordPress/6.9.4; https://indiabettingexchange.in" 8 **0/8070**
74.7.227.158 - - [14/Mar/2026:05:18:43 -0700] "GET /the-newest-allowed-package-are-nice-yet-the-requirement-on-game-play-will-still-be-needing-enhancement/ HTTP/2.0" 200 16022 "https://indiabettingexchange.in/articles/page/647/" "Mozilla/5.0 AppleWebKit/537.36 (KHTML, like Gecko; compatible; GPTBot/1.3; +https://openai.com/gptbot)" 191 **0/191387**
216.26.248.238 - - [14/Mar/2026:05:18:43 -0700] "GET /wp-admin/plugins.php HTTP/2.0" 403 854 "-" "Mozilla/5.0 (Windows NT 10.0; Win64; x64) AppleWebKit/537.36 (KHTML, like Gecko) Chrome/124.0.6367.207 Safari/537.36" 163 **0/163869**
118.139.180.95 - - [14/Mar/2026:05:18:43 -0700] "HEAD /wp-content/uploads/font-awesome/v6.2.0/css/svg-with-js.css HTTP/1.1" 200 - "-" "WordPress/6.9.4; https://indiabettingexchange.in" 9 **0/9120**
114.119.140.21 - - [14/Mar/2026:05:18:43 -0700] "GET /unsrige-besten-verbunden-penalty-duel-online-slot-casinos-2025-igaming-com-teutonia/ HTTP/1.1" 200 19692 "https://indiabettingexchange.in/unsrige-besten-verbunden-penalty-duel-online-slot-casinos-2025-igaming-com-teutonia/" "Mozilla/5.0 (Linux; Android 7.0;) AppleWebKit/537.36 (KHTML, like Gecko) Mobile Safari/537.36 (compatible; PetalBot;+https://webmaster.petalsearch.com/site/petalbot)" 218 **0/218476**
216.26.248.238 - - [14/Mar/2026:05:18:43 -0700] "GET /wp-admin/plugins.php HTTP/2.0" 403 854 "-" "Mozilla/5.0 (Windows NT 10.0; Win64; x64) AppleWebKit/537.36 (KHTML, like Gecko) Chrome/124.0.6367.207 Safari/537.36" 195 **0/195598**
74.7.227.158 - - [14/Mar/2026:05:18:43 -0700] "GET /individuals-online-game-to-the-system-sign-up-for-the-fresh-new-playthrough-conditions-at-varying-pricing/ HTTP/2.0" 200 15833 "https://indiabettingexchange.in/articles/page/649/" "Mozilla/5.0 AppleWebKit/537.36 (KHTML, like Gecko; compatible; GPTBot/1.3; +https://openai.com/gptbot)" 230 **0/230427**
118.139.180.95 - - [14/Mar/2026:05:18:44 -0700] "HEAD /wp-content/uploads/font-awesome/v6.2.0/css/svg-with-js.css HTTP/1.1" 200 - "-" "WordPress/6.9.4; https://indiabettingexchange.in" 7 **0/7059**
216.26.248.238 - - [14/Mar/2026:05:18:44 -0700] "GET /wp-admin/plugins.php HTTP/2.0" 403 854 "-" "Mozilla/5.0 (Windows NT 10.0; Win64; x64) AppleWebKit/537.36 (KHTML, like Gecko) Chrome/124.0.6367.207 Safari/537.36" 203 **0/203229**
74.7.227.158 - - [14/Mar/2026:05:18:44 -0700] "GET /getting-factors-is-simple-and-you-will-enjoyable-merely-gamble-your-chosen-game/ HTTP/2.0" 200 15831 "https://indiabettingexchange.in/articles/page/648/" "Mozilla/5.0 AppleWebKit/537.36 (KHTML, like Gecko; compatible; GPTBot/1.3; +https://openai.com/gptbot)" 240 **0/240540**
118.139.180.95 - - [14/Mar/2026:05:18:44 -0700] "HEAD /wp-content/uploads/font-awesome/v6.2.0/css/svg-with-js.css HTTP/1.1" 200 - "-" "WordPress/6.9.4; https://indiabettingexchange.in" 8 **0/8686**
216.26.248.238 - - [14/Mar/2026:05:18:44 -0700] "GET /wp-admin/plugins.php HTTP/2.0" 403 854 "-" "Mozilla/5.0 (Windows NT 10.0; Win64; x64) AppleWebKit/537.36 (KHTML, like Gecko) Chrome/124.0.6367.207 Safari/537.36" 154 **0/154139**
74.7.227.158 - - [14/Mar/2026:05:18:44 -0700] "GET /with-a-person-amicable-screen-and-easy-routing-between-tables-members-can-very-quickly-discover-their-well-known-game/ HTTP/2.0" 200 15731 "https://indiabettingexchange.in/articles/page/649/" "Mozilla/5.0 AppleWebKit/537.36 (KHTML, like Gecko; compatible; GPTBot/1.3; +https://openai.com/gptbot)" 174 **0/174784**
118.139.180.95 - - [14/Mar/2026:05:18:45 -0700] "HEAD /wp-content/uploads/font-awesome/v6.2.0/css/svg-with-js.css HTTP/1.1" 200 - "-" "WordPress/6.9.4; https://indiabettingexchange.in" 9 **0/9151**
216.26.248.238 - - [14/Mar/2026:05:18:45 -0700] "GET /wp-admin/plugins.php HTTP/2.0" 403 854 "-" "Mozilla/5.0 (Windows NT 10.0; Win64; x64) AppleWebKit/537.36 (KHTML, like Gecko) Chrome/124.0.6367.207 Safari/537.36" 172 **0/172965**
74.7.227.158 - - [14/Mar/2026:05:18:45 -0700] "GET /south-hage-spilleautomat-ikke-i-bruk-net-entertainment-anmeldelse-dans-online-bred/ HTTP/2.0" 200 18762 "https://indiabettingexchange.in/articles/page/649/" "Mozilla/5.0 AppleWebKit/537.36 (KHTML, like Gecko; compatible; GPTBot/1.3; +https://openai.com/gptbot)" 187 **0/187323**
118.139.180.95 - - [14/Mar/2026:05:18:45 -0700] "HEAD /wp-content/uploads/font-awesome/v6.2.0/css/svg-with-js.css HTTP/1.1" 200 - "-" "WordPress/6.9.4; https://indiabettingexchange.in" 8 **0/8270**
216.26.248.238 - - [14/Mar/2026:05:18:45 -0700] "GET /wp-admin/plugins.php HTTP/2.0" 403 854 "-" "Mozilla/5.0 (Windows NT 10.0; Win64; x64) AppleWebKit/537.36 (KHTML, like Gecko) Chrome/124.0.6367.207 Safari/537.36" 176 **0/176572**
74.7.227.158 - - [14/Mar/2026:05:18:45 -0700] "GET /?p=220924 HTTP/2.0" 301 1 "https://indiabettingexchange.in/get-your-sugar-rush-on-a-canadian-gamblers-guide-to-sweet-bonanza-candy-land/" "Mozilla/5.0 AppleWebKit/537.36 (KHTML, like Gecko; compatible; GPTBot/1.3; +https://openai.com/gptbot)" 155 **0/155678**
185.191.171.16 - - [14/Mar/2026:05:18:45 -0700] "GET /choosing-a-reputable-real-time-internet-casino-program/ HTTP/1.1" 200 17047 "-" "Mozilla/5.0 (compatible; SemrushBot/7~bl; +http://www.semrush.com/bot.html)" 190 **0/190889**
118.139.180.95 - - [14/Mar/2026:05:18:46 -0700] "HEAD /wp-content/uploads/font-awesome/v6.2.0/css/svg-with-js.css HTTP/1.1" 200 - "-" "WordPress/6.9.4; https://indiabettingexchange.in" 9 **0/9405**
216.26.248.238 - - [14/Mar/2026:05:18:46 -0700] "GET /wp-admin/plugins.php HTTP/2.0" 403 854 "-" "Mozilla/5.0 (Windows NT 10.0; Win64; x64) AppleWebKit/537.36 (KHTML, like Gecko) Chrome/124.0.6367.207 Safari/537.36" 202 **0/202973**
74.7.227.158 - - [14/Mar/2026:05:18:46 -0700] "GET /get-your-sugar-rush-on-a-canadian-gamblers-guide-to-sweet-bonanza-candy-land/ HTTP/2.0" 200 16374 "https://indiabettingexchange.in/?p=220924" "Mozilla/5.0 AppleWebKit/537.36 (KHTML, like Gecko; compatible; GPTBot/1.3; +https://openai.com/gptbot)" 204 **0/204500**
118.139.180.95 - - [14/Mar/2026:05:18:46 -0700] "HEAD /wp-content/uploads/font-awesome/v6.2.0/css/svg-with-js.css HTTP/1.1" 200 - "-" "WordPress/6.9.4; https://indiabettingexchange.in" 8 **0/8264**
216.26.248.238 - - [14/Mar/2026:05:18:46 -0700] "GET /wp-admin/plugins.php HTTP/2.0" 403 854 "-" "Mozilla/5.0 (Windows NT 10.0; Win64; x64) AppleWebKit/537.36 (KHTML, like Gecko) Chrome/124.0.6367.207 Safari/537.36" 174 **0/174109**
74.7.227.158 - - [14/Mar/2026:05:18:46 -0700] "GET /?p=221115 HTTP/2.0" 301 1 "https://indiabettingexchange.in/area-xy-welcomes-a-smooth-minimalist-structure-one-to-possess-the-main-focus-on-the-game-play/" "Mozilla/5.0 AppleWebKit/537.36 (KHTML, like Gecko; compatible; GPTBot/1.3; +https://openai.com/gptbot)" 138 **0/138526**
118.139.180.95 - - [14/Mar/2026:05:18:47 -0700] "HEAD /wp-content/uploads/font-awesome/v6.2.0/css/svg-with-js.css HTTP/1.1" 200 - "-" "WordPress/6.9.4; https://indiabettingexchange.in" 8 **0/8895**
216.26.248.238 - - [14/Mar/2026:05:18:46 -0700] "GET /wp-admin/plugins.php HTTP/2.0" 403 854 "-" "Mozilla/5.0 (Windows NT 10.0; Win64; x64) AppleWebKit/537.36 (KHTML, like Gecko) Chrome/124.0.6367.207 Safari/537.36" 190 **0/190562**
74.7.227.158 - - [14/Mar/2026:05:18:47 -0700] "GET /area-xy-welcomes-a-smooth-minimalist-structure-one-to-possess-the-main-focus-on-the-game-play/ HTTP/2.0" 200 15765 "https://indiabettingexchange.in/?p=221115" "Mozilla/5.0 AppleWebKit/537.36 (KHTML, like Gecko; compatible; GPTBot/1.3; +https://openai.com/gptbot)" 191 **0/191229**
118.139.180.95 - - [14/Mar/2026:05:18:47 -0700] "HEAD /wp-content/uploads/font-awesome/v6.2.0/css/svg-with-js.css HTTP/1.1" 200 - "-" "WordPress/6.9.4; https://indiabettingexchange.in" 8 **0/8912**
216.26.248.238 - - [14/Mar/2026:05:18:47 -0700] "GET /wp-admin/plugins.php HTTP/2.0" 403 854 "-" "Mozilla/5.0 (Windows NT 10.0; Win64; x64) AppleWebKit/537.36 (KHTML, like Gecko) Chrome/124.0.6367.207 Safari/537.36" 166 **0/166641**
74.7.227.158 - - [14/Mar/2026:05:18:47 -0700] "GET /?p=220814 HTTP/2.0" 301 1 "https://indiabettingexchange.in/vip-professionals-were-exclusive-bonuses-and-offers-among-other-things/" "Mozilla/5.0 AppleWebKit/537.36 (KHTML, like Gecko; compatible; GPTBot/1.3; +https://openai.com/gptbot)" 113 **0/113018**
54.37.118.69 - - [14/Mar/2026:05:18:47 -0700] "GET /cool-fresh-fruit-position-opinion-incentive-book-of-ra-enjoy-com/ HTTP/2.0" 200 17876 "-" "Mozilla/5.0 (compatible; AhrefsBot/7.0; +http://ahrefs.com/robot/)" 202 **0/202994**
118.139.180.95 - - [14/Mar/2026:05:18:48 -0700] "HEAD /wp-content/uploads/font-awesome/v6.2.0/css/svg-with-js.css HTTP/1.1" 200 - "-" "WordPress/6.9.4; https://indiabettingexchange.in" 7 **0/7046**
216.26.248.238 - - [14/Mar/2026:05:18:47 -0700] "GET /wp-admin/plugins.php HTTP/2.0" 403 854 "-" "Mozilla/5.0 (Windows NT 10.0; Win64; x64) AppleWebKit/537.36 (KHTML, like Gecko) Chrome/124.0.6367.207 Safari/537.36" 173 **0/173470**
74.7.227.158 - - [14/Mar/2026:05:18:47 -0700] "GET /vip-professionals-were-exclusive-bonuses-and-offers-among-other-things/ HTTP/2.0" 200 16138 "https://indiabettingexchange.in/?p=220814" "Mozilla/5.0 AppleWebKit/537.36 (KHTML, like Gecko; compatible; GPTBot/1.3; +https://openai.com/gptbot)" 197 **0/197747**
118.139.180.95 - - [14/Mar/2026:05:18:48 -0700] "HEAD /wp-content/uploads/font-awesome/v6.2.0/css/svg-with-js.css HTTP/1.1" 200 - "-" "WordPress/6.9.4; https://indiabettingexchange.in" 13 **0/13361**
216.26.248.238 - - [14/Mar/2026:05:18:48 -0700] "GET /wp-admin/themes.php HTTP/2.0" 403 854 "-" "Mozilla/5.0 (Windows NT 10.0; Win64; x64) AppleWebKit/537.36 (KHTML, like Gecko) Chrome/124.0.6367.207 Safari/537.36" 152 **0/152478**
74.7.227.158 - - [14/Mar/2026:05:18:48 -0700] "GET /?p=220856 HTTP/2.0" 301 1 "https://indiabettingexchange.in/an-effective-players-guide-to-the-best-online-casino-sites-in-the-canada/" "Mozilla/5.0 AppleWebKit/537.36 (KHTML, like Gecko; compatible; GPTBot/1.3; +https://openai.com/gptbot)" 123 **0/123560**
74.7.227.158 - - [14/Mar/2026:05:18:48 -0700] "GET /an-effective-players-guide-to-the-best-online-casino-sites-in-the-canada/ HTTP/2.0" 200 15627 "https://indiabettingexchange.in/?p=220856" "Mozilla/5.0 AppleWebKit/537.36 (KHTML, like Gecko; compatible; GPTBot/1.3; +https://openai.com/gptbot)" 183 **0/183681**
118.139.180.95 - - [14/Mar/2026:05:18:49 -0700] "HEAD /wp-content/uploads/font-awesome/v6.2.0/css/svg-with-js.css HTTP/1.1" 200 - "-" "WordPress/6.9.4; https://indiabettingexchange.in" 9 **0/9147**
216.26.248.238 - - [14/Mar/2026:05:18:48 -0700] "GET /wp-admin/themes.php HTTP/2.0" 403 854 "-" "Mozilla/5.0 (Windows NT 10.0; Win64; x64) AppleWebKit/537.36 (KHTML, like Gecko) Chrome/124.0.6367.207 Safari/537.36" 207 **0/207733**
74.7.227.158 - - [14/Mar/2026:05:18:49 -0700] "GET /?p=220832 HTTP/2.0" 301 1 "https://indiabettingexchange.in/really-does-ruby-fortune-canada-bring-support-apps-and-you-will-benefits/" "Mozilla/5.0 AppleWebKit/537.36 (KHTML, like Gecko; compatible; GPTBot/1.3; +https://openai.com/gptbot)" 143 **0/143404**
118.139.180.95 - - [14/Mar/2026:05:18:49 -0700] "HEAD /wp-content/uploads/font-awesome/v6.2.0/css/svg-with-js.css HTTP/1.1" 200 - "-" "WordPress/6.9.4; https://indiabettingexchange.in" 10 **0/10128**
216.26.248.238 - - [14/Mar/2026:05:18:49 -0700] "GET /wp-admin/themes.php HTTP/2.0" 403 854 "-" "Mozilla/5.0 (Windows NT 10.0; Win64; x64) AppleWebKit/537.36 (KHTML, like Gecko) Chrome/124.0.6367.207 Safari/537.36" 180 **0/180263**
74.7.227.158 - - [14/Mar/2026:05:18:49 -0700] "GET /really-does-ruby-fortune-canada-bring-support-apps-and-you-will-benefits/ HTTP/2.0" 200 15676 "https://indiabettingexchange.in/?p=220832" "Mozilla/5.0 AppleWebKit/537.36 (KHTML, like Gecko; compatible; GPTBot/1.3; +https://openai.com/gptbot)" 190 **0/190449**
118.139.180.95 - - [14/Mar/2026:05:18:50 -0700] "HEAD /wp-content/uploads/font-awesome/v6.2.0/css/svg-with-js.css HTTP/1.1" 200 - "-" "WordPress/6.9.4; https://indiabettingexchange.in" 11 **0/11139**
216.26.248.238 - - [14/Mar/2026:05:18:49 -0700] "GET /wp-admin/themes.php HTTP/2.0" 403 854 "-" "Mozilla/5.0 (Windows NT 10.0; Win64; x64) AppleWebKit/537.36 (KHTML, like Gecko) Chrome/124.0.6367.207 Safari/537.36" 184 **0/184764**
74.7.227.158 - - [14/Mar/2026:05:18:50 -0700] "GET /?p=220824 HTTP/2.0" 301 1 "https://indiabettingexchange.in/the-fresh-rocketplay-casino-even-offers-a-diverse-variety-of-game-to-save-professionals-amused/" "Mozilla/5.0 AppleWebKit/537.36 (KHTML, like Gecko; compatible; GPTBot/1.3; +https://openai.com/gptbot)" 163 **0/163684**
118.139.180.95 - - [14/Mar/2026:05:18:50 -0700] "HEAD /wp-content/uploads/font-awesome/v6.2.0/css/svg-with-js.css HTTP/1.1" 200 - "-" "WordPress/6.9.4; https://indiabettingexchange.in" 8 **0/8109**
216.26.248.238 - - [14/Mar/2026:05:18:50 -0700] "GET /wp-admin/themes.php HTTP/2.0" 403 854 "-" "Mozilla/5.0 (Windows NT 10.0; Win64; x64) AppleWebKit/537.36 (KHTML, like Gecko) Chrome/124.0.6367.207 Safari/537.36" 181 **0/181183**
118.139.180.95 - - [14/Mar/2026:05:18:51 -0700] "HEAD /wp-content/uploads/font-awesome/v6.2.0/css/svg-with-js.css HTTP/1.1" 200 - "-" "WordPress/6.9.4; https://indiabettingexchange.in" 10 **0/10447**
216.26.248.238 - - [14/Mar/2026:05:18:50 -0700] "GET /wp-admin/themes.php HTTP/2.0" 403 854 "-" "Mozilla/5.0 (Windows NT 10.0; Win64; x64) AppleWebKit/537.36 (KHTML, like Gecko) Chrome/124.0.6367.207 Safari/537.36" 208 **0/208816**
74.7.227.158 - - [14/Mar/2026:05:18:50 -0700] "GET /the-fresh-rocketplay-casino-even-offers-a-diverse-variety-of-game-to-save-professionals-amused/ HTTP/2.0" 200 15705 "https://indiabettingexchange.in/?p=220824" "Mozilla/5.0 AppleWebKit/537.36 (KHTML, like Gecko; compatible; GPTBot/1.3; +https://openai.com/gptbot)" 785 **0/785444**
185.191.171.16 - - [14/Mar/2026:05:18:50 -0700] "GET /spannande-fall-och-stora-vinster-testa-plinko-free/ HTTP/1.1" 200 18254 "-" "Mozilla/5.0 (compatible; SemrushBot/7~bl; +http://www.semrush.com/bot.html)" 800 **0/800378**
118.139.180.95 - - [14/Mar/2026:05:18:51 -0700] "HEAD /wp-content/uploads/font-awesome/v6.2.0/css/svg-with-js.css HTTP/1.1" 200 - "-" "WordPress/6.9.4; https://indiabettingexchange.in" 11 **0/11981**
216.26.248.238 - - [14/Mar/2026:05:18:51 -0700] "GET /wp-admin/themes.php HTTP/2.0" 403 854 "-" "Mozilla/5.0 (Windows NT 10.0; Win64; x64) AppleWebKit/537.36 (KHTML, like Gecko) Chrome/124.0.6367.207 Safari/537.36" 201 **0/201584**
74.7.227.158 - - [14/Mar/2026:05:18:51 -0700] "GET /?p=220966 HTTP/2.0" 301 1 "https://indiabettingexchange.in/the-newest-allowed-package-are-nice-yet-the-requirement-on-game-play-will-still-be-needing-enhancement/" "Mozilla/5.0 AppleWebKit/537.36 (KHTML, like Gecko; compatible; GPTBot/1.3; +https://openai.com/gptbot)" 145 **0/145298**
118.139.180.95 - - [14/Mar/2026:05:18:51 -0700] "HEAD /wp-content/uploads/font-awesome/v6.2.0/css/svg-with-js.css HTTP/1.1" 200 - "-" "WordPress/6.9.4; https://indiabettingexchange.in" 7 **0/7670**
216.26.248.238 - - [14/Mar/2026:05:18:51 -0700] "GET /wp-admin/themes.php HTTP/2.0" 403 854 "-" "Mozilla/5.0 (Windows NT 10.0; Win64; x64) AppleWebKit/537.36 (KHTML, like Gecko) Chrome/124.0.6367.207 Safari/537.36" 167 **0/167820**
74.7.227.158 - - [14/Mar/2026:05:18:52 -0700] "GET /the-newest-allowed-package-are-nice-yet-the-requirement-on-game-play-will-still-be-needing-enhancement/ HTTP/2.0" 200 16014 "https://indiabettingexchange.in/?p=220966" "Mozilla/5.0 AppleWebKit/537.36 (KHTML, like Gecko; compatible; GPTBot/1.3; +https://openai.com/gptbot)" 174 **0/174048**
118.139.180.95 - - [14/Mar/2026:05:18:52 -0700] "HEAD /wp-content/uploads/font-awesome/v6.2.0/css/svg-with-js.css HTTP/1.1" 200 - "-" "WordPress/6.9.4; https://indiabettingexchange.in" 10 **0/10271**
216.26.248.238 - - [14/Mar/2026:05:18:52 -0700] "GET /wp-admin/themes.php HTTP/2.0" 403 854 "-" "Mozilla/5.0 (Windows NT 10.0; Win64; x64) AppleWebKit/537.36 (KHTML, like Gecko) Chrome/124.0.6367.207 Safari/537.36" 192 **0/192377**
74.7.227.158 - - [14/Mar/2026:05:18:52 -0700] "GET /?p=220810 HTTP/2.0" 301 1 "https://indiabettingexchange.in/individuals-online-game-to-the-system-sign-up-for-the-fresh-new-playthrough-conditions-at-varying-pricing/" "Mozilla/5.0 AppleWebKit/537.36 (KHTML, like Gecko; compatible; GPTBot/1.3; +https://openai.com/gptbot)" 127 **0/127605**
118.139.180.95 - - [14/Mar/2026:05:18:52 -0700] "HEAD /wp-content/uploads/font-awesome/v6.2.0/css/svg-with-js.css HTTP/1.1" 200 - "-" "WordPress/6.9.4; https://indiabettingexchange.in" 7 **0/7191**
216.26.248.238 - - [14/Mar/2026:05:18:52 -0700] "GET /wp-admin/themes.php HTTP/2.0" 403 854 "-" "Mozilla/5.0 (Windows NT 10.0; Win64; x64) AppleWebKit/537.36 (KHTML, like Gecko) Chrome/124.0.6367.207 Safari/537.36" 187 **0/187721**
74.7.227.158 - - [14/Mar/2026:05:18:52 -0700] "GET /individuals-online-game-to-the-system-sign-up-for-the-fresh-new-playthrough-conditions-at-varying-pricing/ HTTP/2.0" 200 15835 "https://indiabettingexchange.in/?p=220810" "Mozilla/5.0 AppleWebKit/537.36 (KHTML, like Gecko; compatible; GPTBot/1.3; +https://openai.com/gptbot)" 185 **0/185975**
118.139.180.95 - - [14/Mar/2026:05:18:53 -0700] "HEAD /wp-content/uploads/font-awesome/v6.2.0/css/svg-with-js.css HTTP/1.1" 200 - "-" "WordPress/6.9.4; https://indiabettingexchange.in" 7 **0/7324**
216.26.248.238 - - [14/Mar/2026:05:18:53 -0700] "GET /wp-admin/plugins.php HTTP/2.0" 403 854 "-" "Mozilla/5.0 (Windows NT 10.0; Win64; x64) AppleWebKit/537.36 (KHTML, like Gecko) Chrome/124.0.6367.207 Safari/537.36" 182 **0/182954**
74.7.227.158 - - [14/Mar/2026:05:18:53 -0700] "GET /?p=220906 HTTP/2.0" 301 1 "https://indiabettingexchange.in/getting-factors-is-simple-and-you-will-enjoyable-merely-gamble-your-chosen-game/" "Mozilla/5.0 AppleWebKit/537.36 (KHTML, like Gecko; compatible; GPTBot/1.3; +https://openai.com/gptbot)" 148 **0/148377**
118.139.180.95 - - [14/Mar/2026:05:18:53 -0700] "HEAD /wp-content/uploads/font-awesome/v6.2.0/css/svg-with-js.css HTTP/1.1" 200 - "-" "WordPress/6.9.4; https://indiabettingexchange.in" 9 **0/9270**
74.7.227.158 - - [14/Mar/2026:05:18:53 -0700] "GET /getting-factors-is-simple-and-you-will-enjoyable-merely-gamble-your-chosen-game/ HTTP/2.0" 200 15835 "https://indiabettingexchange.in/?p=220906" "Mozilla/5.0 AppleWebKit/537.36 (KHTML, like Gecko; compatible; GPTBot/1.3; +https://openai.com/gptbot)" 171 **0/171551**
216.26.248.238 - - [14/Mar/2026:05:18:53 -0700] "GET /wp-admin/plugins.php HTTP/2.0" 403 854 "-" "Mozilla/5.0 (Windows NT 10.0; Win64; x64) AppleWebKit/537.36 (KHTML, like Gecko) Chrome/124.0.6367.207 Safari/537.36" 160 **0/160430**
118.139.180.95 - - [14/Mar/2026:05:18:54 -0700] "HEAD /wp-content/uploads/font-awesome/v6.2.0/css/svg-with-js.css HTTP/1.1" 200 - "-" "WordPress/6.9.4; https://indiabettingexchange.in" 6 **0/6126**
74.7.227.158 - - [14/Mar/2026:05:18:54 -0700] "GET /?p=220736 HTTP/2.0" 301 1 "https://indiabettingexchange.in/with-a-person-amicable-screen-and-easy-routing-between-tables-members-can-very-quickly-discover-their-well-known-game/" "Mozilla/5.0 AppleWebKit/537.36 (KHTML, like Gecko; compatible; GPTBot/1.3; +https://openai.com/gptbot)" 145 **0/145667**
216.26.248.238 - - [14/Mar/2026:05:18:54 -0700] "GET /wp-admin/plugins.php HTTP/2.0" 403 854 "-" "Mozilla/5.0 (Windows NT 10.0; Win64; x64) AppleWebKit/537.36 (KHTML, like Gecko) Chrome/124.0.6367.207 Safari/537.36" 171 **0/171810**
85.208.96.202 - - [14/Mar/2026:05:18:54 -0700] "GET /casino-uber-1-euro-einzahlung-tagesordnungspunkt-liste-das-online-casinos-2025/ HTTP/1.1" 200 19548 "-" "Mozilla/5.0 (compatible; SemrushBot/7~bl; +http://www.semrush.com/bot.html)" 284 **0/284802**
74.7.227.158 - - [14/Mar/2026:05:18:54 -0700] "GET /with-a-person-amicable-screen-and-easy-routing-between-tables-members-can-very-quickly-discover-their-well-known-game/ HTTP/2.0" 200 15735 "https://indiabettingexchange.in/?p=220736" "Mozilla/5.0 AppleWebKit/537.36 (KHTML, like Gecko; compatible; GPTBot/1.3; +https://openai.com/gptbot)" 202 **0/202193**
118.139.180.95 - - [14/Mar/2026:05:18:54 -0700] "HEAD /wp-content/uploads/font-awesome/v6.2.0/css/svg-with-js.css HTTP/1.1" 200 - "-" "WordPress/6.9.4; https://indiabettingexchange.in" 9 **0/9390**
216.26.248.238 - - [14/Mar/2026:05:18:54 -0700] "GET /wp-admin/plugins.php HTTP/2.0" 403 854 "-" "Mozilla/5.0 (Windows NT 10.0; Win64; x64) AppleWebKit/537.36 (KHTML, like Gecko) Chrome/124.0.6367.207 Safari/537.36" 214 **0/214255**
87.250.224.123 - - [14/Mar/2026:05:18:54 -0700] "GET /casino-royale-enjoy-now-on-line-100percent-free-y8-com/ HTTP/1.1" 200 18682 "-" "Mozilla/5.0 (compatible; YandexBot/3.0; +http://yandex.com/bots)" 195 **0/195919**
74.7.227.158 - - [14/Mar/2026:05:18:55 -0700] "GET /?p=220800 HTTP/2.0" 301 1 "https://indiabettingexchange.in/south-hage-spilleautomat-ikke-i-bruk-net-entertainment-anmeldelse-dans-online-bred/" "Mozilla/5.0 AppleWebKit/537.36 (KHTML, like Gecko; compatible; GPTBot/1.3; +https://openai.com/gptbot)" 135 **0/135935**
118.139.180.95 - - [14/Mar/2026:05:18:55 -0700] "HEAD /wp-content/uploads/font-awesome/v6.2.0/css/svg-with-js.css HTTP/1.1" 200 - "-" "WordPress/6.9.4; https://indiabettingexchange.in" 10 **0/10815**
216.26.248.238 - - [14/Mar/2026:05:18:55 -0700] "GET /wp-admin/plugins.php HTTP/2.0" 403 854 "-" "Mozilla/5.0 (Windows NT 10.0; Win64; x64) AppleWebKit/537.36 (KHTML, like Gecko) Chrome/124.0.6367.207 Safari/537.36" 193 **0/193644**
74.7.227.158 - - [14/Mar/2026:05:18:55 -0700] "GET /south-hage-spilleautomat-ikke-i-bruk-net-entertainment-anmeldelse-dans-online-bred/ HTTP/2.0" 200 18764 "https://indiabettingexchange.in/?p=220800" "Mozilla/5.0 AppleWebKit/537.36 (KHTML, like Gecko; compatible; GPTBot/1.3; +https://openai.com/gptbot)" 205 **0/205846**
118.139.180.95 - - [14/Mar/2026:05:18:55 -0700] "HEAD /wp-content/uploads/font-awesome/v6.2.0/css/svg-with-js.css HTTP/1.1" 200 - "-" "WordPress/6.9.4; https://indiabettingexchange.in" 7 **0/7164**
216.26.248.238 - - [14/Mar/2026:05:18:55 -0700] "GET /wp-admin/plugins.php HTTP/2.0" 403 854 "-" "Mozilla/5.0 (Windows NT 10.0; Win64; x64) AppleWebKit/537.36 (KHTML, like Gecko) Chrome/124.0.6367.207 Safari/537.36" 156 **0/156943**
118.139.180.95 - - [14/Mar/2026:05:18:56 -0700] "HEAD /wp-content/uploads/font-awesome/v6.2.0/css/svg-with-js.css HTTP/1.1" 200 - "-" "WordPress/6.9.4; https://indiabettingexchange.in" 7 **0/7990**
74.7.227.158 - - [14/Mar/2026:05:18:56 -0700] "GET /rocketplay-gambling-establishment-has-the-benefit-of-a-diverse-array-of-online-game-fascinating-tournaments-and-you-can-special-promotions/ HTTP/2.0" 200 16113 "https://indiabettingexchange.in/articles/page/648/" "Mozilla/5.0 AppleWebKit/537.36 (KHTML, like Gecko; compatible; GPTBot/1.3; +https://openai.com/gptbot)" 206 **0/206575**
216.26.248.238 - - [14/Mar/2026:05:18:56 -0700] "GET /wp-admin/plugins.php HTTP/2.0" 403 854 "-" "Mozilla/5.0 (Windows NT 10.0; Win64; x64) AppleWebKit/537.36 (KHTML, like Gecko) Chrome/124.0.6367.207 Safari/537.36" 170 **0/170970**
118.139.180.95 - - [14/Mar/2026:05:18:56 -0700] "HEAD /wp-content/uploads/font-awesome/v6.2.0/css/svg-with-js.css HTTP/1.1" 200 - "-" "WordPress/6.9.4; https://indiabettingexchange.in" 9 **0/9262**
216.26.248.238 - - [14/Mar/2026:05:18:56 -0700] "GET /wp-admin/plugins.php HTTP/2.0" 403 854 "-" "Mozilla/5.0 (Windows NT 10.0; Win64; x64) AppleWebKit/537.36 (KHTML, like Gecko) Chrome/124.0.6367.207 Safari/537.36" 199 **0/199942**
74.7.227.158 - - [14/Mar/2026:05:18:56 -0700] "GET /particular-biggest-rocketplay-gambling-enterprise-cellular-adaptation-incentives-are-a-welcome-package-per-week-merchandise-and-you-can-promotions/ HTTP/2.0" 200 15677 "https://indiabettingexchange.in/articles/page/646/" "Mozilla/5.0 AppleWebKit/537.36 (KHTML, like Gecko; compatible; GPTBot/1.3; +https://openai.com/gptbot)" 216 **0/216647**
87.250.224.20 - - [14/Mar/2026:05:18:56 -0700] "GET /auszahlung-gewinne-im-spielsaal-unter-zuhilfenahme-von-krypto-amortisieren-%EF%BF%BD-schrittweise/ HTTP/1.1" 200 17837 "-" "Mozilla/5.0 (compatible; YandexBot/3.0; +http://yandex.com/bots)" 238 **0/238835**
118.139.180.95 - - [14/Mar/2026:05:18:57 -0700] "HEAD /wp-content/uploads/font-awesome/v6.2.0/css/svg-with-js.css HTTP/1.1" 200 - "-" "WordPress/6.9.4; https://indiabettingexchange.in" 7 **0/7700**
216.26.248.238 - - [14/Mar/2026:05:18:57 -0700] "GET /wp-admin/plugins.php HTTP/2.0" 403 854 "-" "Mozilla/5.0 (Windows NT 10.0; Win64; x64) AppleWebKit/537.36 (KHTML, like Gecko) Chrome/124.0.6367.207 Safari/537.36" 172 **0/172068**
74.7.227.158 - - [14/Mar/2026:05:18:57 -0700] "GET /people-is-also-sign-up-for-the-brand-new-gambling-enterprise-on-line-otherwise-due-to-a-mobile-tool/ HTTP/2.0" 200 16197 "https://indiabettingexchange.in/articles/page/648/" "Mozilla/5.0 AppleWebKit/537.36 (KHTML, like Gecko; compatible; GPTBot/1.3; +https://openai.com/gptbot)" 244 **0/244202**
85.208.96.198 - - [14/Mar/2026:05:18:57 -0700] "GET /thunderstruck-dos-condition-comment-purple-baron-1-put-free-demo-2025/ HTTP/1.1" 200 19947 "-" "Mozilla/5.0 (compatible; SemrushBot/7~bl; +http://www.semrush.com/bot.html)" 199 **0/199064**
118.139.180.95 - - [14/Mar/2026:05:18:57 -0700] "HEAD /wp-content/uploads/font-awesome/v6.2.0/css/svg-with-js.css HTTP/1.1" 200 - "-" "WordPress/6.9.4; https://indiabettingexchange.in" 8 **0/8025**
216.26.248.238 - - [14/Mar/2026:05:18:57 -0700] "GET /wp-admin/plugins.php HTTP/2.0" 403 854 "-" "Mozilla/5.0 (Windows NT 10.0; Win64; x64) AppleWebKit/537.36 (KHTML, like Gecko) Chrome/124.0.6367.207 Safari/537.36" 176 **0/176649**
66.249.68.4 - - [14/Mar/2026:05:18:57 -0700] "GET /innovative-digital-marketing-strategies-in-the-evolving-cannabis-industry/ HTTP/1.1" 200 16245 "-" "Mozilla/5.0 (Linux; Android 6.0.1; Nexus 5X Build/MMB29P) AppleWebKit/537.36 (KHTML, like Gecko) Chrome/145.0.7632.116 Mobile Safari/537.36 (compatible; Googlebot/2.1; +http://www.google.com/bot.html)" 209 **0/209676**
74.7.227.158 - - [14/Mar/2026:05:18:57 -0700] "GET /being-aware-of-including-facts-is-the-reason-why-an-excellent-on-the-internet-gambling-feel-higher/ HTTP/2.0" 200 15989 "https://indiabettingexchange.in/articles/page/647/" "Mozilla/5.0 AppleWebKit/537.36 (KHTML, like Gecko; compatible; GPTBot/1.3; +https://openai.com/gptbot)" 204 **0/204440**
74.7.227.158 - - [14/Mar/2026:05:18:58 -0700] "GET /it-is-a-strategic-move-from-yabby-casino-so-youre-able-to-connection-the-fresh-pit-between-usage-of-and-you-will-options/ HTTP/2.0" 200 16075 "https://indiabettingexchange.in/articles/page/648/" "Mozilla/5.0 AppleWebKit/537.36 (KHTML, like Gecko; compatible; GPTBot/1.3; +https://openai.com/gptbot)" 175 **0/175003**
74.7.227.158 - - [14/Mar/2026:05:18:58 -0700] "GET /after-all-this-will-be-significant-as-you-should-not-end-up-being-bored-stiff-whenever-to-try-out-on-line/ HTTP/2.0" 200 15619 "https://indiabettingexchange.in/articles/page/647/" "Mozilla/5.0 AppleWebKit/537.36 (KHTML, like Gecko; compatible; GPTBot/1.3; +https://openai.com/gptbot)" 193 **0/193726**
216.26.226.125 - - [14/Mar/2026:05:18:59 -0700] "GET /wp-login.php HTTP/2.0" 200 2058 "-" "Mozilla/5.0 (Macintosh; Intel Mac OS X 13_5) AppleWebKit/605.1.15 (KHTML, like Gecko) Version/17.5 Safari/605.1.15" 154 **0/154253**
74.7.227.158 - - [14/Mar/2026:05:18:59 -0700] "GET /playing-rocket-enjoy-all-it-takes-to-begin-with/ HTTP/2.0" 200 16549 "https://indiabettingexchange.in/articles/page/646/" "Mozilla/5.0 AppleWebKit/537.36 (KHTML, like Gecko; compatible; GPTBot/1.3; +https://openai.com/gptbot)" 181 **0/181023**
85.208.96.202 - - [14/Mar/2026:05:18:59 -0700] "GET /monopoly-wade-great-lovers-feel-initiate-date-rewards-booongo-games-online-specialist-info/ HTTP/1.1" 200 18277 "-" "Mozilla/5.0 (compatible; SemrushBot/7~bl; +http://www.semrush.com/bot.html)" 172 **0/172626**
74.7.227.158 - - [14/Mar/2026:05:18:59 -0700] "GET /how-to-allege-rocketplay-no-deposit-extra-in-australia/ HTTP/2.0" 200 15615 "https://indiabettingexchange.in/articles/page/646/" "Mozilla/5.0 AppleWebKit/537.36 (KHTML, like Gecko; compatible; GPTBot/1.3; +https://openai.com/gptbot)" 164 **0/164551**
74.7.227.158 - - [14/Mar/2026:05:19:00 -0700] "GET /must-i-only-deposit-one-in-the-ruby-chance-local-casino/ HTTP/2.0" 200 15504 "https://indiabettingexchange.in/articles/page/647/" "Mozilla/5.0 AppleWebKit/537.36 (KHTML, like Gecko; compatible; GPTBot/1.3; +https://openai.com/gptbot)" 214 **0/214153**
74.7.227.158 - - [14/Mar/2026:05:19:00 -0700] "GET /this-is-why-the-variety-of-games-is-limited-as-compared-to-web-sites-offered-by-fifty-labels/ HTTP/2.0" 200 15789 "https://indiabettingexchange.in/articles/page/646/" "Mozilla/5.0 AppleWebKit/537.36 (KHTML, like Gecko; compatible; GPTBot/1.3; +https://openai.com/gptbot)" 200 **0/200766**
216.26.226.125 - - [14/Mar/2026:05:19:01 -0700] "GET /wp-login.php?wp_lang=en_US HTTP/2.0" 200 2062 "-" "Mozilla/5.0 (Windows NT 10.0; Win64; x64) AppleWebKit/537.36 (KHTML, like Gecko) Chrome/124.0.6367.207 Safari/537.36" 163 **0/163356**
74.7.227.158 - - [14/Mar/2026:05:19:01 -0700] "GET /you-may-be-banged-out-without-the-cautions-as-well-as-have-their-currency-stuck-in-there/ HTTP/2.0" 200 15698 "https://indiabettingexchange.in/articles/page/647/" "Mozilla/5.0 AppleWebKit/537.36 (KHTML, like Gecko; compatible; GPTBot/1.3; +https://openai.com/gptbot)" 362 **0/362217**
216.26.226.125 - - [14/Mar/2026:05:19:01 -0700] "POST /wp-login.php?wp_lang=en_US HTTP/2.0" 302 1 "https://indiabettingexchange.in/wp-login.php?wp_lang=en_US" "Mozilla/5.0 (Windows NT 10.0; Win64; x64) AppleWebKit/537.36 (KHTML, like Gecko) Chrome/124.0.6367.207 Safari/537.36" 363 **0/363161**
74.7.227.158 - - [14/Mar/2026:05:19:02 -0700] "GET /?p=220828 HTTP/2.0" 301 1 "https://indiabettingexchange.in/rocketplay-gambling-establishment-has-the-benefit-of-a-diverse-array-of-online-game-fascinating-tournaments-and-you-can-special-promotions/" "Mozilla/5.0 AppleWebKit/537.36 (KHTML, like Gecko; compatible; GPTBot/1.3; +https://openai.com/gptbot)" 220 **0/220707**
118.139.180.95 - - [14/Mar/2026:05:19:02 -0700] "HEAD /wp-content/uploads/font-awesome/v6.2.0/css/svg-with-js.css HTTP/1.1" 200 - "-" "WordPress/6.9.4; https://indiabettingexchange.in" 10 **0/10544**
