57.141.2.53 - - [14/Mar/2026:05:45:58 -0700] "GET /items/1458748698 HTTP/2.0" 200 97145 "-" "meta-externalagent/1.1 (+https://developers.facebook.com/docs/sharing/webmasters/crawler)" 818 **0/818526**
57.141.2.42 - - [14/Mar/2026:05:45:58 -0700] "GET /items/2657388933 HTTP/2.0" 200 97145 "-" "meta-externalagent/1.1 (+https://developers.facebook.com/docs/sharing/webmasters/crawler)" 853 **0/853276**
74.7.241.15 - - [14/Mar/2026:05:45:59 -0700] "GET /?path=//opt/alt/python34/lib64/python3.4/plat-linux HTTP/2.0" 200 2823 "https://thebettingexchange.in/?path=//opt/alt/python34/lib64/python3.4" "Mozilla/5.0 AppleWebKit/537.36 (KHTML, like Gecko; compatible; GPTBot/1.3; +https://openai.com/gptbot)" 484 **0/484896**
57.141.2.27 - - [14/Mar/2026:05:45:59 -0700] "GET /items/710669217 HTTP/2.0" 200 97145 "-" "meta-externalagent/1.1 (+https://developers.facebook.com/docs/sharing/webmasters/crawler)" 812 **0/812837**
74.7.241.15 - - [14/Mar/2026:05:45:59 -0700] "GET /?path=//opt/alt/python38/lib64/python3.8/email/mime HTTP/2.0" 200 2931 "https://thebettingexchange.in/?path=//opt/alt/python38/lib64/python3.8/email" "Mozilla/5.0 AppleWebKit/537.36 (KHTML, like Gecko; compatible; GPTBot/1.3; +https://openai.com/gptbot)" 482 **0/482843**
57.141.2.31 - - [14/Mar/2026:05:45:59 -0700] "GET /items/4062761766 HTTP/2.0" 200 97145 "-" "meta-externalagent/1.1 (+https://developers.facebook.com/docs/sharing/webmasters/crawler)" 824 **0/824107**
57.141.2.24 - - [14/Mar/2026:05:46:00 -0700] "GET /items/2012101463 HTTP/2.0" 200 97145 "-" "meta-externalagent/1.1 (+https://developers.facebook.com/docs/sharing/webmasters/crawler)" 866 **0/866466**
74.7.241.15 - - [14/Mar/2026:05:46:00 -0700] "GET /?path=//opt/alt/python38/lib64/python3.8/lib-dynload HTTP/2.0" 200 4585 "https://thebettingexchange.in/?path=//opt/alt/python38/lib64/python3.8" "Mozilla/5.0 AppleWebKit/537.36 (KHTML, like Gecko; compatible; GPTBot/1.3; +https://openai.com/gptbot)" 490 **0/490691**
57.141.2.49 - - [14/Mar/2026:05:46:00 -0700] "GET /items/3599148070 HTTP/2.0" 200 97145 "-" "meta-externalagent/1.1 (+https://developers.facebook.com/docs/sharing/webmasters/crawler)" 867 **0/867219**
216.73.216.129 - - [14/Mar/2026:05:46:01 -0700] "GET /erfahrungen-2025-bonus-500-120-freispiele HTTP/2.0" 200 4197 "-" "Mozilla/5.0 AppleWebKit/537.36 (KHTML, like Gecko; compatible; ClaudeBot/1.0; +claudebot@anthropic.com)" 489 **0/489581**
74.7.241.15 - - [14/Mar/2026:05:46:01 -0700] "GET /?path=//opt/alt/python37/lib64/python3.7/lib-dynload HTTP/2.0" 200 4540 "https://thebettingexchange.in/?path=//opt/alt/python37/lib64/python3.7" "Mozilla/5.0 AppleWebKit/537.36 (KHTML, like Gecko; compatible; GPTBot/1.3; +https://openai.com/gptbot)" 539 **0/539957**
57.141.2.26 - - [14/Mar/2026:05:46:01 -0700] "GET /items/77571418 HTTP/2.0" 200 97145 "-" "meta-externalagent/1.1 (+https://developers.facebook.com/docs/sharing/webmasters/crawler)" 870 **0/870319**
57.141.2.71 - - [14/Mar/2026:05:46:01 -0700] "GET /items/3349086947 HTTP/2.0" 200 97145 "-" "meta-externalagent/1.1 (+https://developers.facebook.com/docs/sharing/webmasters/crawler)" 858 **0/858412**
74.7.241.15 - - [14/Mar/2026:05:46:02 -0700] "GET /?path=//opt/alt/python37/lib64/python3.7/email/mime HTTP/2.0" 200 2932 "https://thebettingexchange.in/?path=//opt/alt/python37/lib64/python3.7/email" "Mozilla/5.0 AppleWebKit/537.36 (KHTML, like Gecko; compatible; GPTBot/1.3; +https://openai.com/gptbot)" 501 **0/501348**
57.141.2.45 - - [14/Mar/2026:05:46:02 -0700] "GET /items/739527761 HTTP/2.0" 200 97145 "-" "meta-externalagent/1.1 (+https://developers.facebook.com/docs/sharing/webmasters/crawler)" 857 **0/857923**
57.141.2.52 - - [14/Mar/2026:05:46:02 -0700] "GET /items/1892858090 HTTP/2.0" 200 97145 "-" "meta-externalagent/1.1 (+https://developers.facebook.com/docs/sharing/webmasters/crawler)" 880 **0/880444**
216.73.216.129 - - [14/Mar/2026:05:46:03 -0700] "GET /?p=56412 HTTP/2.0" 200 4197 "-" "Mozilla/5.0 AppleWebKit/537.36 (KHTML, like Gecko; compatible; ClaudeBot/1.0; +claudebot@anthropic.com)" 510 **0/510122**
74.7.241.15 - - [14/Mar/2026:05:46:03 -0700] "GET /?path=//opt/alt/python37/lib64/python3.7/dbm HTTP/2.0" 200 2772 "https://thebettingexchange.in/?path=//opt/alt/python37/lib64/python3.7" "Mozilla/5.0 AppleWebKit/537.36 (KHTML, like Gecko; compatible; GPTBot/1.3; +https://openai.com/gptbot)" 494 **0/494104**
57.141.2.19 - - [14/Mar/2026:05:46:02 -0700] "GET /items/3167020888 HTTP/2.0" 200 97145 "-" "meta-externalagent/1.1 (+https://developers.facebook.com/docs/sharing/webmasters/crawler)" 836 **0/836213**
66.249.71.206 - - [14/Mar/2026:05:45:57 -0700] "GET /articles HTTP/1.1" 200 21578 "-" "Mozilla/5.0 (Linux; Android 6.0.1; Nexus 5X Build/MMB29P) AppleWebKit/537.36 (KHTML, like Gecko) Chrome/145.0.7632.116 Mobile Safari/537.36 (compatible; Googlebot/2.1; +http://www.google.com/bot.html)" 6533 **6/6533996**
74.7.241.15 - - [14/Mar/2026:05:46:04 -0700] "GET /?path=//opt/alt/python36/lib64/python3.6/dbm HTTP/2.0" 200 2771 "https://thebettingexchange.in/?path=//opt/alt/python36/lib64/python3.6" "Mozilla/5.0 AppleWebKit/537.36 (KHTML, like Gecko; compatible; GPTBot/1.3; +https://openai.com/gptbot)" 529 **0/529235**
57.141.2.39 - - [14/Mar/2026:05:46:03 -0700] "GET /items/1759805075 HTTP/2.0" 200 97145 "-" "meta-externalagent/1.1 (+https://developers.facebook.com/docs/sharing/webmasters/crawler)" 838 **0/838928**
57.141.2.29 - - [14/Mar/2026:05:46:04 -0700] "GET /items/1737972323 HTTP/2.0" 200 97145 "-" "meta-externalagent/1.1 (+https://developers.facebook.com/docs/sharing/webmasters/crawler)" 838 **0/838263**
74.7.241.15 - - [14/Mar/2026:05:46:04 -0700] "GET /?path=//opt/alt/python34/lib64/python3.4/dbm HTTP/2.0" 200 2770 "https://thebettingexchange.in/?path=//opt/alt/python34/lib64/python3.4" "Mozilla/5.0 AppleWebKit/537.36 (KHTML, like Gecko; compatible; GPTBot/1.3; +https://openai.com/gptbot)" 487 **0/487515**
57.141.2.5 - - [14/Mar/2026:05:46:04 -0700] "GET /items/5432339 HTTP/2.0" 200 97145 "-" "meta-externalagent/1.1 (+https://developers.facebook.com/docs/sharing/webmasters/crawler)" 861 **0/861414**
57.141.2.32 - - [14/Mar/2026:05:46:05 -0700] "GET /items/3971741676 HTTP/2.0" 403 97145 "-" "meta-externalagent/1.1 (+https://developers.facebook.com/docs/sharing/webmasters/crawler)" 828 **0/828718**
74.7.241.15 - - [14/Mar/2026:05:46:05 -0700] "GET /?path=//opt/alt/python38/lib64/python3.8/dbm HTTP/2.0" 200 2771 "https://thebettingexchange.in/?path=//opt/alt/python38/lib64/python3.8" "Mozilla/5.0 AppleWebKit/537.36 (KHTML, like Gecko; compatible; GPTBot/1.3; +https://openai.com/gptbot)" 497 **0/497675**
57.141.2.36 - - [14/Mar/2026:05:46:05 -0700] "GET /items/3786996175 HTTP/2.0" 403 97145 "-" "meta-externalagent/1.1 (+https://developers.facebook.com/docs/sharing/webmasters/crawler)" 875 **0/875847**
74.7.241.15 - - [14/Mar/2026:05:46:06 -0700] "GET /?path=//opt/alt/python38/lib64/python3.8/__pycache__ HTTP/2.0" 200 12455 "https://thebettingexchange.in/?path=//opt/alt/python38/lib64/python3.8" "Mozilla/5.0 AppleWebKit/537.36 (KHTML, like Gecko; compatible; GPTBot/1.3; +https://openai.com/gptbot)" 515 **0/515467**
57.141.2.19 - - [14/Mar/2026:05:46:06 -0700] "GET /items/2716491372 HTTP/2.0" 403 97145 "-" "meta-externalagent/1.1 (+https://developers.facebook.com/docs/sharing/webmasters/crawler)" 828 **0/828921**
57.141.2.33 - - [14/Mar/2026:05:46:06 -0700] "GET /items/1446402495 HTTP/2.0" 403 97145 "-" "meta-externalagent/1.1 (+https://developers.facebook.com/docs/sharing/webmasters/crawler)" 880 **0/880729**
114.119.133.204 - - [14/Mar/2026:05:46:07 -0700] "GET /so-far-as-digital-desk-game-are-involved-you-are-from-fortune/ HTTP/1.1" 200 4874 "https://thebettingexchange.in/sera-existiert-von-zeit-zu-zeit-verbunden-casinos-inside-denen-keinesfalls-mindesteinzahlung-erklart-war/" "Mozilla/5.0 (Linux; Android 7.0;) AppleWebKit/537.36 (KHTML, like Gecko) Mobile Safari/537.36 (compatible; PetalBot;+https://webmaster.petalsearch.com/site/petalbot)" 496 **0/496784**
74.7.241.15 - - [14/Mar/2026:05:46:07 -0700] "GET /?path=//opt/python38/lib/python3.8/unittest HTTP/2.0" 200 3029 "https://thebettingexchange.in/?path=//opt/python38/lib/python3.8" "Mozilla/5.0 AppleWebKit/537.36 (KHTML, like Gecko; compatible; GPTBot/1.3; +https://openai.com/gptbot)" 633 **0/633424**
57.141.2.69 - - [14/Mar/2026:05:46:07 -0700] "GET /items/2757772412 HTTP/2.0" 403 97145 "-" "meta-externalagent/1.1 (+https://developers.facebook.com/docs/sharing/webmasters/crawler)" 894 **0/894779**
57.141.2.20 - - [14/Mar/2026:05:46:07 -0700] "GET /items/2823607031 HTTP/2.0" 403 97145 "-" "meta-externalagent/1.1 (+https://developers.facebook.com/docs/sharing/webmasters/crawler)" 903 **0/903237**
57.141.2.71 - - [14/Mar/2026:05:46:08 -0700] "GET /items/4089425683 HTTP/2.0" 403 97145 "-" "meta-externalagent/1.1 (+https://developers.facebook.com/docs/sharing/webmasters/crawler)" 410 **0/410316**
74.7.241.15 - - [14/Mar/2026:05:46:08 -0700] "GET /?path=//opt/alt/python34/lib64/python3.4/plat-linux/__pycache__ HTTP/2.0" 200 2807 "https://thebettingexchange.in/?path=//opt/alt/python34/lib64/python3.4/plat-linux" "Mozilla/5.0 AppleWebKit/537.36 (KHTML, like Gecko; compatible; GPTBot/1.3; +https://openai.com/gptbot)" 580 **0/580424**
57.141.2.32 - - [14/Mar/2026:05:46:08 -0700] "GET /items/2827722172 HTTP/2.0" 403 97145 "-" "meta-externalagent/1.1 (+https://developers.facebook.com/docs/sharing/webmasters/crawler)" 450 **0/450622**
74.7.241.15 - - [14/Mar/2026:05:46:09 -0700] "GET /?path=//opt/alt/python38/lib64/python3.8/email/mime/__pycache__ HTTP/2.0" 200 3188 "https://thebettingexchange.in/?path=//opt/alt/python38/lib64/python3.8/email/mime" "Mozilla/5.0 AppleWebKit/537.36 (KHTML, like Gecko; compatible; GPTBot/1.3; +https://openai.com/gptbot)" 521 **0/521486**
57.141.2.8 - - [14/Mar/2026:05:46:09 -0700] "GET /items/2913836309 HTTP/2.0" 403 97145 "-" "meta-externalagent/1.1 (+https://developers.facebook.com/docs/sharing/webmasters/crawler)" 854 **0/854282**
57.141.2.53 - - [14/Mar/2026:05:46:09 -0700] "GET /items/1745103440 HTTP/2.0" 403 97145 "-" "meta-externalagent/1.1 (+https://developers.facebook.com/docs/sharing/webmasters/crawler)" 844 **0/844273**
74.7.241.15 - - [14/Mar/2026:05:46:09 -0700] "GET /?path=//opt/python38/lib/python3.8/pydoc_data HTTP/2.0" 200 2732 "https://thebettingexchange.in/?path=//opt/python38/lib/python3.8" "Mozilla/5.0 AppleWebKit/537.36 (KHTML, like Gecko; compatible; GPTBot/1.3; +https://openai.com/gptbot)" 498 **0/498138**
57.141.2.63 - - [14/Mar/2026:05:46:10 -0700] "GET /items/986154403 HTTP/2.0" 403 97145 "-" "meta-externalagent/1.1 (+https://developers.facebook.com/docs/sharing/webmasters/crawler)" 832 **0/832437**
74.7.241.15 - - [14/Mar/2026:05:46:10 -0700] "GET /?fileloc=//opt/alt/python37/lib64/python3.7/lib-dynload/parser.cpython-37m-x86_64-linux-gnu.so&path=//opt/alt/python37/lib64/python3.7/lib-dynload HTTP/2.0" 200 2325 "https://thebettingexchange.in/?path=//opt/alt/python37/lib64/python3.7/lib-dynload" "Mozilla/5.0 AppleWebKit/537.36 (KHTML, like Gecko; compatible; GPTBot/1.3; +https://openai.com/gptbot)" 483 **0/483293**
57.141.2.57 - - [14/Mar/2026:05:46:10 -0700] "GET /items/1189259604 HTTP/2.0" 403 97145 "-" "meta-externalagent/1.1 (+https://developers.facebook.com/docs/sharing/webmasters/crawler)" 827 **0/827840**
57.141.2.29 - - [14/Mar/2026:05:46:10 -0700] "GET /items/1829519956 HTTP/2.0" 403 97145 "-" "meta-externalagent/1.1 (+https://developers.facebook.com/docs/sharing/webmasters/crawler)" 829 **0/829897**
74.7.241.15 - - [14/Mar/2026:05:46:11 -0700] "GET /?path=//opt/alt/python37/lib64/python3.7/email/mime/__pycache__ HTTP/2.0" 200 3187 "https://thebettingexchange.in/?path=//opt/alt/python37/lib64/python3.7/email/mime" "Mozilla/5.0 AppleWebKit/537.36 (KHTML, like Gecko; compatible; GPTBot/1.3; +https://openai.com/gptbot)" 477 **0/477131**
57.141.2.49 - - [14/Mar/2026:05:46:11 -0700] "GET /items/1000952575 HTTP/2.0" 403 97145 "-" "meta-externalagent/1.1 (+https://developers.facebook.com/docs/sharing/webmasters/crawler)" 829 **0/829883**
74.7.241.15 - - [14/Mar/2026:05:46:12 -0700] "GET /?path=//opt/python38/lib/python3.8/distutils HTTP/2.0" 200 3567 "https://thebettingexchange.in/?path=//opt/python38/lib/python3.8" "Mozilla/5.0 AppleWebKit/537.36 (KHTML, like Gecko; compatible; GPTBot/1.3; +https://openai.com/gptbot)" 486 **0/486901**
57.141.2.30 - - [14/Mar/2026:05:46:12 -0700] "GET /items/2187530570 HTTP/2.0" 403 97145 "-" "meta-externalagent/1.1 (+https://developers.facebook.com/docs/sharing/webmasters/crawler)" 815 **0/815625**
66.249.79.36 - - [14/Mar/2026:05:46:10 -0700] "GET /items/8314396 HTTP/1.1" 200 22080 "-" "Mozilla/5.0 (Linux; Android 6.0.1; Nexus 5X Build/MMB29P) AppleWebKit/537.36 (KHTML, like Gecko) Chrome/145.0.7632.116 Mobile Safari/537.36 (compatible; Googlebot/2.1; +http://www.google.com/bot.html)" 2225 **2/2225178**
57.141.2.64 - - [14/Mar/2026:05:46:12 -0700] "GET /items/1308974747 HTTP/2.0" 403 97145 "-" "meta-externalagent/1.1 (+https://developers.facebook.com/docs/sharing/webmasters/crawler)" 837 **0/837258**
74.7.241.15 - - [14/Mar/2026:05:46:13 -0700] "GET /?path=//opt/python38/lib/python3.8/ensurepip HTTP/2.0" 200 2761 "https://thebettingexchange.in/?path=//opt/python38/lib/python3.8" "Mozilla/5.0 AppleWebKit/537.36 (KHTML, like Gecko; compatible; GPTBot/1.3; +https://openai.com/gptbot)" 490 **0/490899**
57.141.2.28 - - [14/Mar/2026:05:46:13 -0700] "GET /items/632152042 HTTP/2.0" 403 97145 "-" "meta-externalagent/1.1 (+https://developers.facebook.com/docs/sharing/webmasters/crawler)" 854 **0/854808**
74.7.241.15 - - [14/Mar/2026:05:46:13 -0700] "GET /?path=//opt/python38/lib/python3.8/concurrent HTTP/2.0" 200 2704 "https://thebettingexchange.in/?path=//opt/python38/lib/python3.8" "Mozilla/5.0 AppleWebKit/537.36 (KHTML, like Gecko; compatible; GPTBot/1.3; +https://openai.com/gptbot)" 493 **0/493698**
57.141.2.33 - - [14/Mar/2026:05:46:13 -0700] "GET /items/3937082229 HTTP/2.0" 403 97145 "-" "meta-externalagent/1.1 (+https://developers.facebook.com/docs/sharing/webmasters/crawler)" 855 **0/855544**
57.141.2.25 - - [14/Mar/2026:05:46:14 -0700] "GET /items/1487621405 HTTP/2.0" 403 97145 "-" "meta-externalagent/1.1 (+https://developers.facebook.com/docs/sharing/webmasters/crawler)" 842 **0/842765**
74.7.241.15 - - [14/Mar/2026:05:46:14 -0700] "GET /?path=//opt/python38/lib/python3.8/importlib HTTP/2.0" 200 2901 "https://thebettingexchange.in/?path=//opt/python38/lib/python3.8" "Mozilla/5.0 AppleWebKit/537.36 (KHTML, like Gecko; compatible; GPTBot/1.3; +https://openai.com/gptbot)" 475 **0/475773**
57.141.2.10 - - [14/Mar/2026:05:46:14 -0700] "GET /items/815554738 HTTP/2.0" 403 97145 "-" "meta-externalagent/1.1 (+https://developers.facebook.com/docs/sharing/webmasters/crawler)" 851 **0/851962**
57.141.2.5 - - [14/Mar/2026:05:46:14 -0700] "GET /items/2048393096 HTTP/2.0" 403 97145 "-" "meta-externalagent/1.1 (+https://developers.facebook.com/docs/sharing/webmasters/crawler)" 825 **0/825152**
74.7.241.15 - - [14/Mar/2026:05:46:15 -0700] "GET /?fileloc=//opt/alt/python38/lib64/python3.8/__pycache__/shelve.cpython-38.pyc&path=//opt/alt/python38/lib64/python3.8/__pycache__ HTTP/2.0" 200 2313 "https://thebettingexchange.in/?path=//opt/alt/python38/lib64/python3.8/__pycache__" "Mozilla/5.0 AppleWebKit/537.36 (KHTML, like Gecko; compatible; GPTBot/1.3; +https://openai.com/gptbot)" 483 **0/483617**
57.141.2.45 - - [14/Mar/2026:05:46:15 -0700] "GET /items/2998444351 HTTP/2.0" 403 97145 "-" "meta-externalagent/1.1 (+https://developers.facebook.com/docs/sharing/webmasters/crawler)" 846 **0/846404**
57.141.2.9 - - [14/Mar/2026:05:46:16 -0700] "GET /items/3834282288 HTTP/2.0" 403 97145 "-" "meta-externalagent/1.1 (+https://developers.facebook.com/docs/sharing/webmasters/crawler)" 823 **0/823046**
74.7.241.15 - - [14/Mar/2026:05:46:16 -0700] "GET /?fileloc=//opt/alt/python38/lib64/python3.8/__pycache__/_compat_pickle.cpython-38.opt-2.pyc&path=//opt/alt/python38/lib64/python3.8/__pycache__ HTTP/2.0" 200 2323 "https://thebettingexchange.in/?path=//opt/alt/python38/lib64/python3.8/__pycache__" "Mozilla/5.0 AppleWebKit/537.36 (KHTML, like Gecko; compatible; GPTBot/1.3; +https://openai.com/gptbot)" 575 **0/575414**
57.141.2.13 - - [14/Mar/2026:05:46:17 -0700] "GET /items/3149809305 HTTP/2.0" 403 97145 "-" "meta-externalagent/1.1 (+https://developers.facebook.com/docs/sharing/webmasters/crawler)" 445 **0/445721**
57.141.2.41 - - [14/Mar/2026:05:46:16 -0700] "GET /items/314208511 HTTP/2.0" 403 97145 "-" "meta-externalagent/1.1 (+https://developers.facebook.com/docs/sharing/webmasters/crawler)" 918 **0/918142**
74.7.241.15 - - [14/Mar/2026:05:46:17 -0700] "GET /?path=//opt/python38/lib/python3.8/idlelib HTTP/2.0" 200 4823 "https://thebettingexchange.in/?path=//opt/python38/lib/python3.8" "Mozilla/5.0 AppleWebKit/537.36 (KHTML, like Gecko; compatible; GPTBot/1.3; +https://openai.com/gptbot)" 495 **0/495528**
57.141.2.29 - - [14/Mar/2026:05:46:17 -0700] "GET /items/1159583614 HTTP/2.0" 403 97145 "-" "meta-externalagent/1.1 (+https://developers.facebook.com/docs/sharing/webmasters/crawler)" 838 **0/838207**
74.7.241.15 - - [14/Mar/2026:05:46:18 -0700] "GET /?fileloc=//opt/alt/python38/lib64/python3.8/email/mime/__pycache__/multipart.cpython-38.pyc&path=//opt/alt/python38/lib64/python3.8/email/mime/__pycache__ HTTP/2.0" 200 2331 "https://thebettingexchange.in/?path=//opt/alt/python38/lib64/python3.8/email/mime/__pycache__" "Mozilla/5.0 AppleWebKit/537.36 (KHTML, like Gecko; compatible; GPTBot/1.3; +https://openai.com/gptbot)" 502 **0/502523**
57.141.2.38 - - [14/Mar/2026:05:46:18 -0700] "GET /items/589741975 HTTP/2.0" 403 97145 "-" "meta-externalagent/1.1 (+https://developers.facebook.com/docs/sharing/webmasters/crawler)" 844 **0/844333**
74.7.241.15 - - [14/Mar/2026:05:46:18 -0700] "GET /?path=//opt/python38/lib/python3.8/asyncio HTTP/2.0" 200 3508 "https://thebettingexchange.in/?path=//opt/python38/lib/python3.8" "Mozilla/5.0 AppleWebKit/537.36 (KHTML, like Gecko; compatible; GPTBot/1.3; +https://openai.com/gptbot)" 482 **0/482797**
57.141.2.29 - - [14/Mar/2026:05:46:18 -0700] "GET /items/1309549660 HTTP/2.0" 403 97145 "-" "meta-externalagent/1.1 (+https://developers.facebook.com/docs/sharing/webmasters/crawler)" 836 **0/836928**
57.141.2.67 - - [14/Mar/2026:05:46:19 -0700] "GET /items/3191552451 HTTP/2.0" 403 97145 "-" "meta-externalagent/1.1 (+https://developers.facebook.com/docs/sharing/webmasters/crawler)" 862 **0/862524**
74.7.241.15 - - [14/Mar/2026:05:46:19 -0700] "GET /?path=//opt/python38/lib/python3.8/tkinter HTTP/2.0" 200 3080 "https://thebettingexchange.in/?path=//opt/python38/lib/python3.8" "Mozilla/5.0 AppleWebKit/537.36 (KHTML, like Gecko; compatible; GPTBot/1.3; +https://openai.com/gptbot)" 482 **0/482694**
66.249.79.36 - - [14/Mar/2026:05:46:18 -0700] "GET /items/26014776 HTTP/1.1" 200 22032 "-" "Mozilla/5.0 (Linux; Android 6.0.1; Nexus 5X Build/MMB29P) AppleWebKit/537.36 (KHTML, like Gecko) Chrome/145.0.7632.116 Mobile Safari/537.36 (compatible; Googlebot/2.1; +http://www.google.com/bot.html)" 2234 **2/2234490**
57.141.2.15 - - [14/Mar/2026:05:46:19 -0700] "GET /items/2930142787 HTTP/2.0" 403 97145 "-" "meta-externalagent/1.1 (+https://developers.facebook.com/docs/sharing/webmasters/crawler)" 834 **0/834482**
74.7.241.15 - - [14/Mar/2026:05:46:20 -0700] "GET /?path=//opt/alt/python33/lib64/python3.3 HTTP/2.0" 200 7515 "https://thebettingexchange.in/?path=//opt/alt/python33/lib64" "Mozilla/5.0 AppleWebKit/537.36 (KHTML, like Gecko; compatible; GPTBot/1.3; +https://openai.com/gptbot)" 479 **0/479211**
51.68.247.206 - - [14/Mar/2026:05:46:20 -0700] "GET /por-empecemos-por-el-principio-designar-visa-referente-a-casinos-online-de-colombia/ HTTP/2.0" 200 4197 "-" "Mozilla/5.0 (compatible; AhrefsBot/7.0; +http://ahrefs.com/robot/)" 484 **0/484183**
57.141.2.18 - - [14/Mar/2026:05:46:20 -0700] "GET /items/345204750 HTTP/2.0" 403 97145 "-" "meta-externalagent/1.1 (+https://developers.facebook.com/docs/sharing/webmasters/crawler)" 855 **0/855017**
57.141.2.4 - - [14/Mar/2026:05:46:20 -0700] "GET /items/2408800433 HTTP/2.0" 403 97145 "-" "meta-externalagent/1.1 (+https://developers.facebook.com/docs/sharing/webmasters/crawler)" 827 **0/827395**
74.7.241.15 - - [14/Mar/2026:05:46:21 -0700] "GET /?path=//opt/python38/lib/python3.8/distutils/tests HTTP/2.0" 200 4031 "https://thebettingexchange.in/?path=//opt/python38/lib/python3.8/distutils" "Mozilla/5.0 AppleWebKit/537.36 (KHTML, like Gecko; compatible; GPTBot/1.3; +https://openai.com/gptbot)" 488 **0/488803**
57.141.2.30 - - [14/Mar/2026:05:46:21 -0700] "GET /items/2476268306 HTTP/2.0" 403 97145 "-" "meta-externalagent/1.1 (+https://developers.facebook.com/docs/sharing/webmasters/crawler)" 838 **0/838918**
57.141.2.63 - - [14/Mar/2026:05:46:21 -0700] "GET /items/3627993824 HTTP/2.0" 403 97145 "-" "meta-externalagent/1.1 (+https://developers.facebook.com/docs/sharing/webmasters/crawler)" 827 **0/827649**
74.7.241.15 - - [14/Mar/2026:05:46:22 -0700] "GET /?path=//opt/python38/lib/python3.8/distutils/command HTTP/2.0" 200 3562 "https://thebettingexchange.in/?path=//opt/python38/lib/python3.8/distutils" "Mozilla/5.0 AppleWebKit/537.36 (KHTML, like Gecko; compatible; GPTBot/1.3; +https://openai.com/gptbot)" 483 **0/483793**
57.141.2.45 - - [14/Mar/2026:05:46:22 -0700] "GET /items/2165828962 HTTP/2.0" 403 97145 "-" "meta-externalagent/1.1 (+https://developers.facebook.com/docs/sharing/webmasters/crawler)" 828 **0/828292**
66.249.79.36 - - [14/Mar/2026:05:46:20 -0700] "GET /items/49497763 HTTP/1.1" 200 22568 "-" "Mozilla/5.0 (Linux; Android 6.0.1; Nexus 5X Build/MMB29P) AppleWebKit/537.36 (KHTML, like Gecko) Chrome/145.0.7632.116 Mobile Safari/537.36 (compatible; Googlebot/2.1; +http://www.google.com/bot.html)" 2296 **2/2296844**
74.7.241.15 - - [14/Mar/2026:05:46:22 -0700] "GET /?path=//opt/alt/python27/lib64/python2.7 HTTP/2.0" 200 14220 "https://thebettingexchange.in/?path=//opt/alt/python27/lib64" "Mozilla/5.0 AppleWebKit/537.36 (KHTML, like Gecko; compatible; GPTBot/1.3; +https://openai.com/gptbot)" 503 **0/503349**
57.141.2.49 - - [14/Mar/2026:05:46:22 -0700] "GET /items/464101700 HTTP/2.0" 403 97145 "-" "meta-externalagent/1.1 (+https://developers.facebook.com/docs/sharing/webmasters/crawler)" 831 **0/831144**
57.141.2.12 - - [14/Mar/2026:05:46:23 -0700] "GET /items/3180952479 HTTP/2.0" 403 97145 "-" "meta-externalagent/1.1 (+https://developers.facebook.com/docs/sharing/webmasters/crawler)" 827 **0/827924**
74.7.241.15 - - [14/Mar/2026:05:46:23 -0700] "GET /?path=//opt/alt/python39/lib64/python3.9 HTTP/2.0" 200 8084 "https://thebettingexchange.in/?path=//opt/alt/python39/lib64" "Mozilla/5.0 AppleWebKit/537.36 (KHTML, like Gecko; compatible; GPTBot/1.3; +https://openai.com/gptbot)" 480 **0/480432**
57.141.2.18 - - [14/Mar/2026:05:46:23 -0700] "GET /items/664209183 HTTP/2.0" 403 97145 "-" "meta-externalagent/1.1 (+https://developers.facebook.com/docs/sharing/webmasters/crawler)" 841 **0/841097**
57.141.2.32 - - [14/Mar/2026:05:46:23 -0700] "GET /items/540104914 HTTP/2.0" 403 97145 "-" "meta-externalagent/1.1 (+https://developers.facebook.com/docs/sharing/webmasters/crawler)" 834 **0/834422**
74.7.241.15 - - [14/Mar/2026:05:46:24 -0700] "GET /?path=//opt/python38/lib/python3.8/lib2to3/pgen2/__pycache__ HTTP/2.0" 200 3220 "https://thebettingexchange.in/?path=//opt/python38/lib/python3.8/lib2to3/pgen2" "Mozilla/5.0 AppleWebKit/537.36 (KHTML, like Gecko; compatible; GPTBot/1.3; +https://openai.com/gptbot)" 487 **0/487897**
57.141.2.35 - - [14/Mar/2026:05:46:24 -0700] "GET /items/3006926990 HTTP/2.0" 403 97145 "-" "meta-externalagent/1.1 (+https://developers.facebook.com/docs/sharing/webmasters/crawler)" 854 **0/854075**
74.7.241.15 - - [14/Mar/2026:05:46:25 -0700] "GET /?path=//opt/python38/lib/python3.8/encodings HTTP/2.0" 200 5324 "https://thebettingexchange.in/?path=//opt/python38/lib/python3.8" "Mozilla/5.0 AppleWebKit/537.36 (KHTML, like Gecko; compatible; GPTBot/1.3; +https://openai.com/gptbot)" 520 **0/520533**
57.141.2.67 - - [14/Mar/2026:05:46:25 -0700] "GET /items/92619023 HTTP/2.0" 403 97145 "-" "meta-externalagent/1.1 (+https://developers.facebook.com/docs/sharing/webmasters/crawler)" 830 **0/830086**
66.249.79.36 - - [14/Mar/2026:05:46:24 -0700] "GET /items/78192800 HTTP/1.1" 200 23467 "-" "Mozilla/5.0 (Linux; Android 6.0.1; Nexus 5X Build/MMB29P) AppleWebKit/537.36 (KHTML, like Gecko) Chrome/145.0.7632.116 Mobile Safari/537.36 (compatible; Googlebot/2.1; +http://www.google.com/bot.html)" 2242 **2/2242597**
57.141.2.16 - - [14/Mar/2026:05:46:25 -0700] "GET /items/2586514975 HTTP/2.0" 403 97145 "-" "meta-externalagent/1.1 (+https://developers.facebook.com/docs/sharing/webmasters/crawler)" 865 **0/865092**
74.7.241.15 - - [14/Mar/2026:05:46:26 -0700] "GET /?path=//opt/python38/lib/python3.8/turtledemo HTTP/2.0" 200 3354 "https://thebettingexchange.in/?path=//opt/python38/lib/python3.8" "Mozilla/5.0 AppleWebKit/537.36 (KHTML, like Gecko; compatible; GPTBot/1.3; +https://openai.com/gptbot)" 504 **0/504917**
57.141.2.42 - - [14/Mar/2026:05:46:26 -0700] "GET /items/3906357663 HTTP/2.0" 403 97145 "-" "meta-externalagent/1.1 (+https://developers.facebook.com/docs/sharing/webmasters/crawler)" 866 **0/866162**
74.7.241.15 - - [14/Mar/2026:05:46:26 -0700] "GET /?path=//opt/python38/lib/python3.8/wsgiref HTTP/2.0" 200 2830 "https://thebettingexchange.in/?path=//opt/python38/lib/python3.8" "Mozilla/5.0 AppleWebKit/537.36 (KHTML, like Gecko; compatible; GPTBot/1.3; +https://openai.com/gptbot)" 497 **0/497614**
57.141.2.8 - - [14/Mar/2026:05:46:26 -0700] "GET /items/440436066 HTTP/2.0" 403 97145 "-" "meta-externalagent/1.1 (+https://developers.facebook.com/docs/sharing/webmasters/crawler)" 844 **0/844555**
57.141.2.5 - - [14/Mar/2026:05:46:27 -0700] "GET /items/2475794627 HTTP/2.0" 403 97145 "-" "meta-externalagent/1.1 (+https://developers.facebook.com/docs/sharing/webmasters/crawler)" 821 **0/821135**
74.7.241.15 - - [14/Mar/2026:05:46:27 -0700] "GET /?path=//opt/python38/lib/python3.8/ctypes/test HTTP/2.0" 200 4197 "https://thebettingexchange.in/?path=//opt/python38/lib/python3.8/ctypes" "Mozilla/5.0 AppleWebKit/537.36 (KHTML, like Gecko; compatible; GPTBot/1.3; +https://openai.com/gptbot)" 489 **0/489280**
57.141.2.44 - - [14/Mar/2026:05:46:27 -0700] "GET /items/2857743696 HTTP/2.0" 403 97145 "-" "meta-externalagent/1.1 (+https://developers.facebook.com/docs/sharing/webmasters/crawler)" 856 **0/856870**
57.141.2.7 - - [14/Mar/2026:05:46:28 -0700] "GET /items/2416532904 HTTP/2.0" 403 97145 "-" "meta-externalagent/1.1 (+https://developers.facebook.com/docs/sharing/webmasters/crawler)" 869 **0/869361**
74.7.241.15 - - [14/Mar/2026:05:46:28 -0700] "GET /?fileloc=//opt/python38/lib/python3.8/tkinter/__main__.py&path=//opt/python38/lib/python3.8/tkinter HTTP/2.0" 200 2388 "https://thebettingexchange.in/?path=//opt/python38/lib/python3.8/tkinter" "Mozilla/5.0 AppleWebKit/537.36 (KHTML, like Gecko; compatible; GPTBot/1.3; +https://openai.com/gptbot)" 490 **0/490888**
57.141.2.45 - - [14/Mar/2026:05:46:28 -0700] "GET /items/3764567407 HTTP/2.0" 403 97145 "-" "meta-externalagent/1.1 (+https://developers.facebook.com/docs/sharing/webmasters/crawler)" 836 **0/836224**
66.249.79.36 - - [14/Mar/2026:05:46:27 -0700] "GET /items/76980701 HTTP/1.1" 200 21233 "-" "Mozilla/5.0 (Linux; Android 6.0.1; Nexus 5X Build/MMB29P) AppleWebKit/537.36 (KHTML, like Gecko) Chrome/145.0.7632.116 Mobile Safari/537.36 (compatible; Googlebot/2.1; +http://www.google.com/bot.html)" 2225 **2/2225668**
74.7.241.15 - - [14/Mar/2026:05:46:29 -0700] "GET /?path=//opt/alt/python33/lib64/python3.3/config-3.3m HTTP/2.0" 200 2884 "https://thebettingexchange.in/?path=//opt/alt/python33/lib64/python3.3" "Mozilla/5.0 AppleWebKit/537.36 (KHTML, like Gecko; compatible; GPTBot/1.3; +https://openai.com/gptbot)" 480 **0/480694**
57.141.2.49 - - [14/Mar/2026:05:46:29 -0700] "GET /items/1540767054 HTTP/2.0" 403 97145 "-" "meta-externalagent/1.1 (+https://developers.facebook.com/docs/sharing/webmasters/crawler)" 849 **0/849011**
57.141.2.37 - - [14/Mar/2026:05:46:29 -0700] "GET /items/2562978966 HTTP/2.0" 403 97145 "-" "meta-externalagent/1.1 (+https://developers.facebook.com/docs/sharing/webmasters/crawler)" 829 **0/829776**
74.7.241.15 - - [14/Mar/2026:05:46:30 -0700] "GET /?path=//opt/alt/python33/lib64/python3.3/venv HTTP/2.0" 200 2741 "https://thebettingexchange.in/?path=//opt/alt/python33/lib64/python3.3" "Mozilla/5.0 AppleWebKit/537.36 (KHTML, like Gecko; compatible; GPTBot/1.3; +https://openai.com/gptbot)" 490 **0/490271**
57.141.2.11 - - [14/Mar/2026:05:46:30 -0700] "GET /items/4052520178 HTTP/2.0" 403 97145 "-" "meta-externalagent/1.1 (+https://developers.facebook.com/docs/sharing/webmasters/crawler)" 856 **0/856737**
74.7.241.15 - - [14/Mar/2026:05:46:30 -0700] "GET /?path=//opt/alt/python33/lib64/python3.3/http HTTP/2.0" 200 2800 "https://thebettingexchange.in/?path=//opt/alt/python33/lib64/python3.3" "Mozilla/5.0 AppleWebKit/537.36 (KHTML, like Gecko; compatible; GPTBot/1.3; +https://openai.com/gptbot)" 483 **0/483439**
57.141.2.54 - - [14/Mar/2026:05:46:30 -0700] "GET /items/823468897 HTTP/2.0" 403 97145 "-" "meta-externalagent/1.1 (+https://developers.facebook.com/docs/sharing/webmasters/crawler)" 884 **0/884343**
57.141.2.62 - - [14/Mar/2026:05:46:31 -0700] "GET /items/934103158 HTTP/2.0" 403 97145 "-" "meta-externalagent/1.1 (+https://developers.facebook.com/docs/sharing/webmasters/crawler)" 832 **0/832002**
74.7.241.15 - - [14/Mar/2026:05:46:31 -0700] "GET /?fileloc=//opt/alt/python27/lib64/python2.7/imaplib.pyc&path=//opt/alt/python27/lib64/python2.7 HTTP/2.0" 200 2291 "https://thebettingexchange.in/?path=//opt/alt/python27/lib64/python2.7" "Mozilla/5.0 AppleWebKit/537.36 (KHTML, like Gecko; compatible; GPTBot/1.3; +https://openai.com/gptbot)" 581 **0/581894**
57.141.2.57 - - [14/Mar/2026:05:46:32 -0700] "GET /items/3570474445 HTTP/2.0" 403 97145 "-" "meta-externalagent/1.1 (+https://developers.facebook.com/docs/sharing/webmasters/crawler)" 457 **0/457104**
74.7.241.15 - - [14/Mar/2026:05:46:32 -0700] "GET /?fileloc=//opt/alt/python39/lib64/python3.9/xdrlib.py&path=//opt/alt/python39/lib64/python3.9 HTTP/2.0" 200 3687 "https://thebettingexchange.in/?path=//opt/alt/python39/lib64/python3.9" "Mozilla/5.0 AppleWebKit/537.36 (KHTML, like Gecko; compatible; GPTBot/1.3; +https://openai.com/gptbot)" 78 **0/78465**
66.249.79.36 - - [14/Mar/2026:05:46:30 -0700] "GET /items/459496248 HTTP/1.1" 200 21023 "-" "Mozilla/5.0 (Linux; Android 6.0.1; Nexus 5X Build/MMB29P) AppleWebKit/537.36 (KHTML, like Gecko) Chrome/145.0.7632.116 Mobile Safari/537.36 (compatible; Googlebot/2.1; +http://www.google.com/bot.html)" 2269 **2/2269234**
57.141.2.40 - - [14/Mar/2026:05:46:31 -0700] "GET /items/1112204691 HTTP/2.0" 403 97145 "-" "meta-externalagent/1.1 (+https://developers.facebook.com/docs/sharing/webmasters/crawler)" 991 **0/991486**
57.141.2.66 - - [14/Mar/2026:05:46:32 -0700] "GET /items/1517764219 HTTP/2.0" 403 97145 "-" "meta-externalagent/1.1 (+https://developers.facebook.com/docs/sharing/webmasters/crawler)" 450 **0/450432**
74.7.241.15 - - [14/Mar/2026:05:46:33 -0700] "GET /?fileloc=//opt/alt/python27/lib64/python2.7/urllib.py&path=//opt/alt/python27/lib64/python2.7 HTTP/2.0" 200 17079 "https://thebettingexchange.in/?path=//opt/alt/python27/lib64/python2.7" "Mozilla/5.0 AppleWebKit/537.36 (KHTML, like Gecko; compatible; GPTBot/1.3; +https://openai.com/gptbot)" 160 **0/160128**
57.141.2.49 - - [14/Mar/2026:05:46:33 -0700] "GET /items/2058087834 HTTP/2.0" 403 97145 "-" "meta-externalagent/1.1 (+https://developers.facebook.com/docs/sharing/webmasters/crawler)" 505 **0/505535**
66.249.71.205 - - [14/Mar/2026:05:46:33 -0700] "GET /items/295435120 HTTP/1.1" 200 4197 "-" "Mozilla/5.0 (Linux; Android 6.0.1; Nexus 5X Build/MMB29P) AppleWebKit/537.36 (KHTML, like Gecko) Chrome/145.0.7632.116 Mobile Safari/537.36 (compatible; Googlebot/2.1; +http://www.google.com/bot.html)" 181 **0/181112**
74.7.241.15 - - [14/Mar/2026:05:46:33 -0700] "GET /?fileloc=//opt/alt/python27/lib64/python2.7/SimpleXMLRPCServer.pyc&path=//opt/alt/python27/lib64/python2.7 HTTP/2.0" 200 2302 "https://thebettingexchange.in/?path=//opt/alt/python27/lib64/python2.7" "Mozilla/5.0 AppleWebKit/537.36 (KHTML, like Gecko; compatible; GPTBot/1.3; +https://openai.com/gptbot)" 232 **0/232513**
57.141.2.36 - - [14/Mar/2026:05:46:33 -0700] "GET /items/1335707414 HTTP/2.0" 403 97145 "-" "meta-externalagent/1.1 (+https://developers.facebook.com/docs/sharing/webmasters/crawler)" 411 **0/411375**
74.7.241.15 - - [14/Mar/2026:05:46:34 -0700] "GET /?fileloc=//opt/alt/python39/lib64/python3.9/telnetlib.py&path=//opt/alt/python39/lib64/python3.9 HTTP/2.0" 200 8860 "https://thebettingexchange.in/?path=//opt/alt/python39/lib64/python3.9" "Mozilla/5.0 AppleWebKit/537.36 (KHTML, like Gecko; compatible; GPTBot/1.3; +https://openai.com/gptbot)" 172 **0/172040**
57.141.2.51 - - [14/Mar/2026:05:46:34 -0700] "GET /items/2901469146 HTTP/2.0" 403 97145 "-" "meta-externalagent/1.1 (+https://developers.facebook.com/docs/sharing/webmasters/crawler)" 447 **0/447133**
74.7.241.15 - - [14/Mar/2026:05:46:34 -0700] "GET /?fileloc=//opt/python38/lib/python3.8/encodings/utf_8.py&path=//opt/python38/lib/python3.8/encodings HTTP/2.0" 200 2671 "https://thebettingexchange.in/?path=//opt/python38/lib/python3.8/encodings" "Mozilla/5.0 AppleWebKit/537.36 (KHTML, like Gecko; compatible; GPTBot/1.3; +https://openai.com/gptbot)" 59 **0/59703**
57.141.2.16 - - [14/Mar/2026:05:46:34 -0700] "GET /items/3678139926 HTTP/2.0" 403 97145 "-" "meta-externalagent/1.1 (+https://developers.facebook.com/docs/sharing/webmasters/crawler)" 465 **0/465216**
74.7.241.15 - - [14/Mar/2026:05:46:35 -0700] "GET /?path=//opt/alt/python27/lib64/python2.7/test HTTP/2.0" 200 2736 "https://thebettingexchange.in/?path=//opt/alt/python27/lib64/python2.7" "Mozilla/5.0 AppleWebKit/537.36 (KHTML, like Gecko; compatible; GPTBot/1.3; +https://openai.com/gptbot)" 83 **0/83003**
57.141.2.22 - - [14/Mar/2026:05:46:35 -0700] "GET /items/3983249053 HTTP/2.0" 403 97145 "-" "meta-externalagent/1.1 (+https://developers.facebook.com/docs/sharing/webmasters/crawler)" 451 **0/451258**
66.249.79.36 - - [14/Mar/2026:05:46:36 -0700] "GET /items/536387638 HTTP/1.1" 200 4197 "-" "Mozilla/5.0 (Linux; Android 6.0.1; Nexus 5X Build/MMB29P) AppleWebKit/537.36 (KHTML, like Gecko) Chrome/145.0.7632.116 Mobile Safari/537.36 (compatible; Googlebot/2.1; +http://www.google.com/bot.html)" 54 **0/54264**
74.7.241.15 - - [14/Mar/2026:05:46:35 -0700] "GET /?path=//opt/alt/python39/lib64/python3.9/venv HTTP/2.0" 200 2742 "https://thebettingexchange.in/?path=//opt/alt/python39/lib64/python3.9" "Mozilla/5.0 AppleWebKit/537.36 (KHTML, like Gecko; compatible; GPTBot/1.3; +https://openai.com/gptbot)" 523 **0/523991**
57.141.2.25 - - [14/Mar/2026:05:46:35 -0700] "GET /items/2827147259 HTTP/2.0" 403 97145 "-" "meta-externalagent/1.1 (+https://developers.facebook.com/docs/sharing/webmasters/crawler)" 862 **0/862543**
57.141.2.66 - - [14/Mar/2026:05:46:36 -0700] "GET /items/3217263511 HTTP/2.0" 403 97145 "-" "meta-externalagent/1.1 (+https://developers.facebook.com/docs/sharing/webmasters/crawler)" 869 **0/869001**
74.7.241.15 - - [14/Mar/2026:05:46:36 -0700] "GET /?path=//opt/alt/python39/lib64/python3.9/http HTTP/2.0" 200 2798 "https://thebettingexchange.in/?path=//opt/alt/python39/lib64/python3.9" "Mozilla/5.0 AppleWebKit/537.36 (KHTML, like Gecko; compatible; GPTBot/1.3; +https://openai.com/gptbot)" 484 **0/484461**
57.141.2.49 - - [14/Mar/2026:05:46:36 -0700] "GET /items/4144722476 HTTP/2.0" 403 97145 "-" "meta-externalagent/1.1 (+https://developers.facebook.com/docs/sharing/webmasters/crawler)" 810 **0/810063**
216.73.216.129 - - [14/Mar/2026:05:46:37 -0700] "GET /?p=57783 HTTP/2.0" 200 4197 "-" "Mozilla/5.0 AppleWebKit/537.36 (KHTML, like Gecko; compatible; ClaudeBot/1.0; +claudebot@anthropic.com)" 482 **0/482792**
74.7.241.15 - - [14/Mar/2026:05:46:37 -0700] "GET /?path=//opt/alt/python33/lib64/python3.3/test HTTP/2.0" 200 2682 "https://thebettingexchange.in/?path=//opt/alt/python33/lib64/python3.3" "Mozilla/5.0 AppleWebKit/537.36 (KHTML, like Gecko; compatible; GPTBot/1.3; +https://openai.com/gptbot)" 500 **0/500159**
57.141.2.18 - - [14/Mar/2026:05:46:37 -0700] "GET /items/210624449 HTTP/2.0" 403 97145 "-" "meta-externalagent/1.1 (+https://developers.facebook.com/docs/sharing/webmasters/crawler)" 839 **0/839732**
74.7.241.15 - - [14/Mar/2026:05:46:38 -0700] "GET /?fileloc=//opt/alt/python27/lib64/python2.7/shelve.pyc&path=//opt/alt/python27/lib64/python2.7 HTTP/2.0" 200 2291 "https://thebettingexchange.in/?path=//opt/alt/python27/lib64/python2.7" "Mozilla/5.0 AppleWebKit/537.36 (KHTML, like Gecko; compatible; GPTBot/1.3; +https://openai.com/gptbot)" 495 **0/495981**
57.141.2.55 - - [14/Mar/2026:05:46:37 -0700] "GET /items/3441051336 HTTP/2.0" 403 97145 "-" "meta-externalagent/1.1 (+https://developers.facebook.com/docs/sharing/webmasters/crawler)" 826 **0/826042**
57.141.2.19 - - [14/Mar/2026:05:46:38 -0700] "GET /items/1580182071 HTTP/2.0" 403 97145 "-" "meta-externalagent/1.1 (+https://developers.facebook.com/docs/sharing/webmasters/crawler)" 836 **0/836118**
216.73.216.129 - - [14/Mar/2026:05:46:38 -0700] "GET /?p=57785 HTTP/2.0" 200 4197 "-" "Mozilla/5.0 AppleWebKit/537.36 (KHTML, like Gecko; compatible; ClaudeBot/1.0; +claudebot@anthropic.com)" 483 **0/483078**
74.7.241.15 - - [14/Mar/2026:05:46:38 -0700] "GET /?fileloc=//opt/alt/python27/lib64/python2.7/tarfile.py&path=//opt/alt/python27/lib64/python2.7 HTTP/2.0" 200 2289 "https://thebettingexchange.in/?path=//opt/alt/python27/lib64/python2.7" "Mozilla/5.0 AppleWebKit/537.36 (KHTML, like Gecko; compatible; GPTBot/1.3; +https://openai.com/gptbot)" 488 **0/488435**
57.141.2.39 - - [14/Mar/2026:05:46:38 -0700] "GET /items/1305909636 HTTP/2.0" 403 97145 "-" "meta-externalagent/1.1 (+https://developers.facebook.com/docs/sharing/webmasters/crawler)" 817 **0/817342**
74.7.241.15 - - [14/Mar/2026:05:46:39 -0700] "GET /?path=//opt/alt/python39/lib64/python3.9/email HTTP/2.0" 200 3353 "https://thebettingexchange.in/?path=//opt/alt/python39/lib64/python3.9" "Mozilla/5.0 AppleWebKit/537.36 (KHTML, like Gecko; compatible; GPTBot/1.3; +https://openai.com/gptbot)" 480 **0/480936**
57.141.2.33 - - [14/Mar/2026:05:46:39 -0700] "GET /items/2689093748 HTTP/2.0" 403 97145 "-" "meta-externalagent/1.1 (+https://developers.facebook.com/docs/sharing/webmasters/crawler)" 841 **0/841048**
57.141.2.49 - - [14/Mar/2026:05:46:39 -0700] "GET /items/2657485454 HTTP/2.0" 403 97145 "-" "meta-externalagent/1.1 (+https://developers.facebook.com/docs/sharing/webmasters/crawler)" 847 **0/847487**
66.249.71.205 - - [14/Mar/2026:05:46:38 -0700] "GET /items/583186848 HTTP/1.1" 200 22142 "-" "Mozilla/5.0 (Linux; Android 6.0.1; Nexus 5X Build/MMB29P) AppleWebKit/537.36 (KHTML, like Gecko) Chrome/145.0.7632.116 Mobile Safari/537.36 (compatible; Googlebot/2.1; +http://www.google.com/bot.html)" 2339 **2/2339605**
57.141.2.52 - - [14/Mar/2026:05:46:40 -0700] "GET /items/3604948973 HTTP/2.0" 403 97145 "-" "meta-externalagent/1.1 (+https://developers.facebook.com/docs/sharing/webmasters/crawler)" 807 **0/807751**
74.7.241.15 - - [14/Mar/2026:05:46:40 -0700] "GET /?path=//opt/alt/python33/lib64/python3.3/email HTTP/2.0" 200 3318 "https://thebettingexchange.in/?path=//opt/alt/python33/lib64/python3.3" "Mozilla/5.0 AppleWebKit/537.36 (KHTML, like Gecko; compatible; GPTBot/1.3; +https://openai.com/gptbot)" 490 **0/490459**
57.141.2.6 - - [14/Mar/2026:05:46:40 -0700] "GET /items/3029701100 HTTP/2.0" 403 97145 "-" "meta-externalagent/1.1 (+https://developers.facebook.com/docs/sharing/webmasters/crawler)" 817 **0/817469**
74.7.241.15 - - [14/Mar/2026:05:46:41 -0700] "GET /?path=//opt/alt/python27/lib64/python2.7/email HTTP/2.0" 200 3502 "https://thebettingexchange.in/?path=//opt/alt/python27/lib64/python2.7" "Mozilla/5.0 AppleWebKit/537.36 (KHTML, like Gecko; compatible; GPTBot/1.3; +https://openai.com/gptbot)" 498 **0/498840**
57.141.2.1 - - [14/Mar/2026:05:46:41 -0700] "GET /items/2000019173 HTTP/2.0" 403 97145 "-" "meta-externalagent/1.1 (+https://developers.facebook.com/docs/sharing/webmasters/crawler)" 821 **0/821482**
74.7.241.15 - - [14/Mar/2026:05:46:42 -0700] "GET /?path=//opt/alt/python27/lib64/python2.7/bsddb HTTP/2.0" 200 3040 "https://thebettingexchange.in/?path=//opt/alt/python27/lib64/python2.7" "Mozilla/5.0 AppleWebKit/537.36 (KHTML, like Gecko; compatible; GPTBot/1.3; +https://openai.com/gptbot)" 491 **0/491959**
57.141.2.56 - - [14/Mar/2026:05:46:41 -0700] "GET /items/2975476822 HTTP/2.0" 403 97145 "-" "meta-externalagent/1.1 (+https://developers.facebook.com/docs/sharing/webmasters/crawler)" 845 **0/845723**
57.141.2.3 - - [14/Mar/2026:05:46:42 -0700] "GET /items/2486789252 HTTP/2.0" 403 97145 "-" "meta-externalagent/1.1 (+https://developers.facebook.com/docs/sharing/webmasters/crawler)" 866 **0/866699**
74.7.241.15 - - [14/Mar/2026:05:46:42 -0700] "GET /?path=//opt/alt/python33/lib64/python3.3/distutils HTTP/2.0" 200 3554 "https://thebettingexchange.in/?path=//opt/alt/python33/lib64/python3.3" "Mozilla/5.0 AppleWebKit/537.36 (KHTML, like Gecko; compatible; GPTBot/1.3; +https://openai.com/gptbot)" 493 **0/493304**
57.141.2.42 - - [14/Mar/2026:05:46:42 -0700] "GET /items/3198351016 HTTP/2.0" 403 97145 "-" "meta-externalagent/1.1 (+https://developers.facebook.com/docs/sharing/webmasters/crawler)" 825 **0/825090**
57.141.2.29 - - [14/Mar/2026:05:46:43 -0700] "GET /items/2329725739 HTTP/2.0" 403 97145 "-" "meta-externalagent/1.1 (+https://developers.facebook.com/docs/sharing/webmasters/crawler)" 815 **0/815480**
74.7.241.15 - - [14/Mar/2026:05:46:43 -0700] "GET /?path=//opt/alt/python33/lib64/python3.3/importlib HTTP/2.0" 200 2811 "https://thebettingexchange.in/?path=//opt/alt/python33/lib64/python3.3" "Mozilla/5.0 AppleWebKit/537.36 (KHTML, like Gecko; compatible; GPTBot/1.3; +https://openai.com/gptbot)" 481 **0/481347**
57.141.2.47 - - [14/Mar/2026:05:46:43 -0700] "GET /items/3556819606 HTTP/2.0" 403 97145 "-" "meta-externalagent/1.1 (+https://developers.facebook.com/docs/sharing/webmasters/crawler)" 836 **0/836011**
57.141.2.25 - - [14/Mar/2026:05:46:44 -0700] "GET /items/1933781445 HTTP/2.0" 403 97145 "-" "meta-externalagent/1.1 (+https://developers.facebook.com/docs/sharing/webmasters/crawler)" 867 **0/867305**
74.7.241.15 - - [14/Mar/2026:05:46:44 -0700] "GET /?path=//opt/alt/python27/lib64/python2.7/importlib HTTP/2.0" 200 2661 "https://thebettingexchange.in/?path=//opt/alt/python27/lib64/python2.7" "Mozilla/5.0 AppleWebKit/537.36 (KHTML, like Gecko; compatible; GPTBot/1.3; +https://openai.com/gptbot)" 480 **0/480106**
66.249.71.205 - - [14/Mar/2026:05:46:43 -0700] "GET /items/119212644 HTTP/1.1" 200 21837 "-" "Mozilla/5.0 (Linux; Android 6.0.1; Nexus 5X Build/MMB29P) AppleWebKit/537.36 (KHTML, like Gecko) Chrome/145.0.7632.116 Mobile Safari/537.36 (compatible; Googlebot/2.1; +http://www.google.com/bot.html)" 2228 **2/2228503**
57.141.2.52 - - [14/Mar/2026:05:46:44 -0700] "GET /items/638120163 HTTP/2.0" 403 97145 "-" "meta-externalagent/1.1 (+https://developers.facebook.com/docs/sharing/webmasters/crawler)" 831 **0/831548**
74.7.241.15 - - [14/Mar/2026:05:46:45 -0700] "GET /?path=//opt/alt/python39/lib64/python3.9/importlib HTTP/2.0" 200 2945 "https://thebettingexchange.in/?path=//opt/alt/python39/lib64/python3.9" "Mozilla/5.0 AppleWebKit/537.36 (KHTML, like Gecko; compatible; GPTBot/1.3; +https://openai.com/gptbot)" 486 **0/486671**
57.141.2.42 - - [14/Mar/2026:05:46:45 -0700] "GET /items/1688941799 HTTP/2.0" 403 97145 "-" "meta-externalagent/1.1 (+https://developers.facebook.com/docs/sharing/webmasters/crawler)" 836 **0/836527**
57.141.2.55 - - [14/Mar/2026:05:46:45 -0700] "GET /items/2319302316 HTTP/2.0" 403 97145 "-" "meta-externalagent/1.1 (+https://developers.facebook.com/docs/sharing/webmasters/crawler)" 879 **0/879021**
74.7.241.15 - - [14/Mar/2026:05:46:46 -0700] "GET /?path=//opt/alt/python27/lib64/python2.7/distutils HTTP/2.0" 200 4398 "https://thebettingexchange.in/?path=//opt/alt/python27/lib64/python2.7" "Mozilla/5.0 AppleWebKit/537.36 (KHTML, like Gecko; compatible; GPTBot/1.3; +https://openai.com/gptbot)" 509 **0/509558**
57.141.2.61 - - [14/Mar/2026:05:46:46 -0700] "GET /items/1194485578 HTTP/2.0" 403 97145 "-" "meta-externalagent/1.1 (+https://developers.facebook.com/docs/sharing/webmasters/crawler)" 866 **0/866792**
57.141.2.19 - - [14/Mar/2026:05:46:46 -0700] "GET /items/164694398 HTTP/2.0" 403 97145 "-" "meta-externalagent/1.1 (+https://developers.facebook.com/docs/sharing/webmasters/crawler)" 836 **0/836256**
74.7.241.15 - - [14/Mar/2026:05:46:47 -0700] "GET /?path=//opt/alt/python27/lib64/python2.7/ensurepip HTTP/2.0" 200 2865 "https://thebettingexchange.in/?path=//opt/alt/python27/lib64/python2.7" "Mozilla/5.0 AppleWebKit/537.36 (KHTML, like Gecko; compatible; GPTBot/1.3; +https://openai.com/gptbot)" 477 **0/477071**
57.141.2.53 - - [14/Mar/2026:05:46:46 -0700] "GET /items/2422617338 HTTP/2.0" 403 97145 "-" "meta-externalagent/1.1 (+https://developers.facebook.com/docs/sharing/webmasters/crawler)" 839 **0/839606**
74.7.241.15 - - [14/Mar/2026:05:46:47 -0700] "GET /?path=//opt/alt/python33/lib64/python3.3/logging HTTP/2.0" 200 2749 "https://thebettingexchange.in/?path=//opt/alt/python33/lib64/python3.3" "Mozilla/5.0 AppleWebKit/537.36 (KHTML, like Gecko; compatible; GPTBot/1.3; +https://openai.com/gptbot)" 505 **0/505879**
57.141.2.13 - - [14/Mar/2026:05:46:47 -0700] "GET /items/3942308219 HTTP/2.0" 403 97145 "-" "meta-externalagent/1.1 (+https://developers.facebook.com/docs/sharing/webmasters/crawler)" 936 **0/936218**
57.141.2.17 - - [14/Mar/2026:05:46:48 -0700] "GET /items/1987171568 HTTP/2.0" 403 97145 "-" "meta-externalagent/1.1 (+https://developers.facebook.com/docs/sharing/webmasters/crawler)" 874 **0/874983**
74.7.241.15 - - [14/Mar/2026:05:46:48 -0700] "GET /?fileloc=//opt/alt/python39/lib64/python3.9/email/contentmanager.py&path=//opt/alt/python39/lib64/python3.9/email HTTP/2.0" 200 5179 "https://thebettingexchange.in/?path=//opt/alt/python39/lib64/python3.9/email" "Mozilla/5.0 AppleWebKit/537.36 (KHTML, like Gecko; compatible; GPTBot/1.3; +https://openai.com/gptbot)" 504 **0/504929**
57.141.2.43 - - [14/Mar/2026:05:46:48 -0700] "GET /items/711882160 HTTP/2.0" 403 97145 "-" "meta-externalagent/1.1 (+https://developers.facebook.com/docs/sharing/webmasters/crawler)" 884 **0/884687**
74.7.241.15 - - [14/Mar/2026:05:46:49 -0700] "GET /?path=//opt/alt/python33/lib64/python3.3/email/mime HTTP/2.0" 200 2937 "https://thebettingexchange.in/?path=//opt/alt/python33/lib64/python3.3/email" "Mozilla/5.0 AppleWebKit/537.36 (KHTML, like Gecko; compatible; GPTBot/1.3; +https://openai.com/gptbot)" 527 **0/527473**
57.141.2.69 - - [14/Mar/2026:05:46:49 -0700] "GET /items/558637357 HTTP/2.0" 403 97145 "-" "meta-externalagent/1.1 (+https://developers.facebook.com/docs/sharing/webmasters/crawler)" 884 **0/884337**
66.249.79.37 - - [14/Mar/2026:05:46:47 -0700] "GET /items/619058362 HTTP/1.1" 200 22435 "-" "Mozilla/5.0 (Linux; Android 6.0.1; Nexus 5X Build/MMB29P) AppleWebKit/537.36 (KHTML, like Gecko) Chrome/145.0.7632.116 Mobile Safari/537.36 (compatible; Googlebot/2.1; +http://www.google.com/bot.html)" 2305 **2/2305399**
57.141.2.67 - - [14/Mar/2026:05:46:49 -0700] "GET /items/1357696910 HTTP/2.0" 403 97145 "-" "meta-externalagent/1.1 (+https://developers.facebook.com/docs/sharing/webmasters/crawler)" 857 **0/857864**
74.7.241.15 - - [14/Mar/2026:05:46:50 -0700] "GET /?fileloc=//opt/alt/python27/lib64/python2.7/email/header.pyo&path=//opt/alt/python27/lib64/python2.7/email HTTP/2.0" 200 2300 "https://thebettingexchange.in/?path=//opt/alt/python27/lib64/python2.7/email" "Mozilla/5.0 AppleWebKit/537.36 (KHTML, like Gecko; compatible; GPTBot/1.3; +https://openai.com/gptbot)" 486 **0/486888**
57.141.2.51 - - [14/Mar/2026:05:46:50 -0700] "GET /items/1579607158 HTTP/2.0" 403 97145 "-" "meta-externalagent/1.1 (+https://developers.facebook.com/docs/sharing/webmasters/crawler)" 862 **0/862366**
57.141.2.36 - - [14/Mar/2026:05:46:50 -0700] "GET /items/515066781 HTTP/2.0" 403 97145 "-" "meta-externalagent/1.1 (+https://developers.facebook.com/docs/sharing/webmasters/crawler)" 834 **0/834095**
74.7.241.15 - - [14/Mar/2026:05:46:51 -0700] "GET /?path=//opt/alt/python27/lib64/python2.7/plat-linux2 HTTP/2.0" 200 2894 "https://thebettingexchange.in/?path=//opt/alt/python27/lib64/python2.7" "Mozilla/5.0 AppleWebKit/537.36 (KHTML, like Gecko; compatible; GPTBot/1.3; +https://openai.com/gptbot)" 521 **0/521287**
57.141.2.54 - - [14/Mar/2026:05:46:51 -0700] "GET /items/201219867 HTTP/2.0" 403 97145 "-" "meta-externalagent/1.1 (+https://developers.facebook.com/docs/sharing/webmasters/crawler)" 836 **0/836022**
74.7.241.15 - - [14/Mar/2026:05:46:51 -0700] "GET /?path=//opt/alt/python33/lib64/python3.3/distutils/command HTTP/2.0" 200 3539 "https://thebettingexchange.in/?path=//opt/alt/python33/lib64/python3.3/distutils" "Mozilla/5.0 AppleWebKit/537.36 (KHTML, like Gecko; compatible; GPTBot/1.3; +https://openai.com/gptbot)" 483 **0/483198**
57.141.2.63 - - [14/Mar/2026:05:46:51 -0700] "GET /items/1758592992 HTTP/2.0" 403 97145 "-" "meta-externalagent/1.1 (+https://developers.facebook.com/docs/sharing/webmasters/crawler)" 827 **0/827998**
57.141.2.49 - - [14/Mar/2026:05:46:52 -0700] "GET /items/408025706 HTTP/2.0" 403 97145 "-" "meta-externalagent/1.1 (+https://developers.facebook.com/docs/sharing/webmasters/crawler)" 859 **0/859470**
74.7.241.15 - - [14/Mar/2026:05:46:52 -0700] "GET /?fileloc=//opt/alt/python33/lib64/python3.3/codecs.py&path=//opt/alt/python33/lib64/python3.3 HTTP/2.0" 200 10555 "https://thebettingexchange.in/?path=//opt/alt/python33/lib64/python3.3" "Mozilla/5.0 AppleWebKit/537.36 (KHTML, like Gecko; compatible; GPTBot/1.3; +https://openai.com/gptbot)" 515 **0/515067**
