57.141.2.25 - - [14/Mar/2026:05:33:10 -0700] "GET /items/3794079890 HTTP/2.0" 200 97145 "-" "meta-externalagent/1.1 (+https://developers.facebook.com/docs/sharing/webmasters/crawler)" 851 **0/851563**
74.7.241.15 - - [14/Mar/2026:05:33:11 -0700] "GET /?fileloc=//opt/alt/tests/alt-php83-pecl-http_4.2.6-4.el8/tests/helper/dump.inc&path=//opt/alt/tests/alt-php83-pecl-http_4.2.6-4.el8/tests/helper HTTP/2.0" 200 2725 "https://thebettingexchange.in/?path=//opt/alt/tests/alt-php83-pecl-http_4.2.6-4.el8/tests/helper" "Mozilla/5.0 AppleWebKit/537.36 (KHTML, like Gecko; compatible; GPTBot/1.3; +https://openai.com/gptbot)" 483 **0/483064**
57.141.2.2 - - [14/Mar/2026:05:33:11 -0700] "GET /items/2145186118 HTTP/2.0" 200 97145 "-" "meta-externalagent/1.1 (+https://developers.facebook.com/docs/sharing/webmasters/crawler)" 820 **0/820453**
57.141.2.15 - - [14/Mar/2026:05:33:11 -0700] "GET /items/3367796243 HTTP/2.0" 200 97145 "-" "meta-externalagent/1.1 (+https://developers.facebook.com/docs/sharing/webmasters/crawler)" 832 **0/832339**
74.7.241.15 - - [14/Mar/2026:05:33:12 -0700] "GET /?path=//opt/alt/tests/alt-php72-pecl-mcrypt_1.0.7-1.el8/tests HTTP/2.0" 200 4004 "https://thebettingexchange.in/?path=//opt/alt/tests/alt-php72-pecl-mcrypt_1.0.7-1.el8" "Mozilla/5.0 AppleWebKit/537.36 (KHTML, like Gecko; compatible; GPTBot/1.3; +https://openai.com/gptbot)" 490 **0/490261**
57.141.2.32 - - [14/Mar/2026:05:33:12 -0700] "GET /items/364247020 HTTP/2.0" 200 97145 "-" "meta-externalagent/1.1 (+https://developers.facebook.com/docs/sharing/webmasters/crawler)" 820 **0/820966**
74.7.241.15 - - [14/Mar/2026:05:33:13 -0700] "GET /?path=//opt/alt/tests/alt-php82-pecl-mcrypt_1.0.7-1.el8/tests HTTP/2.0" 200 4004 "https://thebettingexchange.in/?path=//opt/alt/tests/alt-php82-pecl-mcrypt_1.0.7-1.el8" "Mozilla/5.0 AppleWebKit/537.36 (KHTML, like Gecko; compatible; GPTBot/1.3; +https://openai.com/gptbot)" 482 **0/482184**
57.141.2.57 - - [14/Mar/2026:05:33:12 -0700] "GET /items/1370708038 HTTP/2.0" 200 97145 "-" "meta-externalagent/1.1 (+https://developers.facebook.com/docs/sharing/webmasters/crawler)" 849 **0/849779**
74.7.241.15 - - [14/Mar/2026:05:33:13 -0700] "GET /?path=//opt/alt/tests/alt-php73-pecl-mcrypt_1.0.7-1.el8/tests HTTP/2.0" 200 4004 "https://thebettingexchange.in/?path=//opt/alt/tests/alt-php73-pecl-mcrypt_1.0.7-1.el8" "Mozilla/5.0 AppleWebKit/537.36 (KHTML, like Gecko; compatible; GPTBot/1.3; +https://openai.com/gptbot)" 486 **0/486381**
57.141.2.46 - - [14/Mar/2026:05:33:13 -0700] "GET /items/3895323949 HTTP/2.0" 200 97145 "-" "meta-externalagent/1.1 (+https://developers.facebook.com/docs/sharing/webmasters/crawler)" 842 **0/842572**
57.141.2.6 - - [14/Mar/2026:05:33:14 -0700] "GET /items/2475056207 HTTP/2.0" 200 97145 "-" "meta-externalagent/1.1 (+https://developers.facebook.com/docs/sharing/webmasters/crawler)" 851 **0/851303**
74.7.241.15 - - [14/Mar/2026:05:33:14 -0700] "GET /?fileloc=//opt/cpanel/ea-profiles-cpanel/default-nginx.json&path=//opt/cpanel/ea-profiles-cpanel HTTP/2.0" 200 2709 "https://thebettingexchange.in/?path=//opt/cpanel/ea-profiles-cpanel" "Mozilla/5.0 AppleWebKit/537.36 (KHTML, like Gecko; compatible; GPTBot/1.3; +https://openai.com/gptbot)" 497 **0/497003**
57.141.2.51 - - [14/Mar/2026:05:33:14 -0700] "GET /items/3704507254 HTTP/2.0" 200 97145 "-" "meta-externalagent/1.1 (+https://developers.facebook.com/docs/sharing/webmasters/crawler)" 850 **0/850214**
57.141.2.6 - - [14/Mar/2026:05:33:14 -0700] "GET /items/1148145003 HTTP/2.0" 200 97145 "-" "meta-externalagent/1.1 (+https://developers.facebook.com/docs/sharing/webmasters/crawler)" 825 **0/825337**
74.7.241.15 - - [14/Mar/2026:05:33:15 -0700] "GET /?path=//opt/alt/php73/usr/lib64 HTTP/2.0" 200 2623 "https://thebettingexchange.in/?path=//opt/alt/php73/usr" "Mozilla/5.0 AppleWebKit/537.36 (KHTML, like Gecko; compatible; GPTBot/1.3; +https://openai.com/gptbot)" 485 **0/485791**
57.141.2.66 - - [14/Mar/2026:05:33:15 -0700] "GET /items/1577757889 HTTP/2.0" 200 97145 "-" "meta-externalagent/1.1 (+https://developers.facebook.com/docs/sharing/webmasters/crawler)" 830 **0/830102**
74.7.241.15 - - [14/Mar/2026:05:33:16 -0700] "GET /?path=//opt/alt/php74/usr/lib64 HTTP/2.0" 200 2623 "https://thebettingexchange.in/?path=//opt/alt/php74/usr" "Mozilla/5.0 AppleWebKit/537.36 (KHTML, like Gecko; compatible; GPTBot/1.3; +https://openai.com/gptbot)" 491 **0/491921**
57.141.2.31 - - [14/Mar/2026:05:33:16 -0700] "GET /items/1922964260 HTTP/2.0" 200 97145 "-" "meta-externalagent/1.1 (+https://developers.facebook.com/docs/sharing/webmasters/crawler)" 849 **0/849013**
57.141.2.54 - - [14/Mar/2026:05:33:16 -0700] "GET /items/2289917962 HTTP/2.0" 403 97145 "-" "meta-externalagent/1.1 (+https://developers.facebook.com/docs/sharing/webmasters/crawler)" 823 **0/823835**
74.7.241.15 - - [14/Mar/2026:05:33:16 -0700] "GET /?path=//opt/alt/libxml2 HTTP/2.0" 200 2558 "https://thebettingexchange.in/?path=//opt/alt" "Mozilla/5.0 AppleWebKit/537.36 (KHTML, like Gecko; compatible; GPTBot/1.3; +https://openai.com/gptbot)" 489 **0/489383**
57.141.2.22 - - [14/Mar/2026:05:33:16 -0700] "GET /items/787724130 HTTP/2.0" 403 97145 "-" "meta-externalagent/1.1 (+https://developers.facebook.com/docs/sharing/webmasters/crawler)" 833 **0/833660**
74.7.241.15 - - [14/Mar/2026:05:33:17 -0700] "GET /?path=//opt/alt/tests/alt-php72-pecl-pthreads-zts_3.2.0-1.el8/tests HTTP/2.0" 200 6968 "https://thebettingexchange.in/?path=//opt/alt/tests/alt-php72-pecl-pthreads-zts_3.2.0-1.el8" "Mozilla/5.0 AppleWebKit/537.36 (KHTML, like Gecko; compatible; GPTBot/1.3; +https://openai.com/gptbot)" 509 **0/509004**
57.141.2.53 - - [14/Mar/2026:05:33:17 -0700] "GET /items/2386756506 HTTP/2.0" 403 97145 "-" "meta-externalagent/1.1 (+https://developers.facebook.com/docs/sharing/webmasters/crawler)" 831 **0/831715**
57.141.2.27 - - [14/Mar/2026:05:33:18 -0700] "GET /items/2943701121 HTTP/2.0" 403 97145 "-" "meta-externalagent/1.1 (+https://developers.facebook.com/docs/sharing/webmasters/crawler)" 850 **0/850643**
74.7.241.15 - - [14/Mar/2026:05:33:18 -0700] "GET /?path=//opt/alt/libssh2 HTTP/2.0" 200 2558 "https://thebettingexchange.in/?path=//opt/alt" "Mozilla/5.0 AppleWebKit/537.36 (KHTML, like Gecko; compatible; GPTBot/1.3; +https://openai.com/gptbot)" 477 **0/477302**
57.141.2.8 - - [14/Mar/2026:05:33:18 -0700] "GET /items/200644938 HTTP/2.0" 403 97145 "-" "meta-externalagent/1.1 (+https://developers.facebook.com/docs/sharing/webmasters/crawler)" 886 **0/886014**
74.7.241.15 - - [14/Mar/2026:05:33:19 -0700] "GET /?path=//opt/alt/ruby31/lib64 HTTP/2.0" 200 2600 "https://thebettingexchange.in/?path=//opt/alt/ruby31" "Mozilla/5.0 AppleWebKit/537.36 (KHTML, like Gecko; compatible; GPTBot/1.3; +https://openai.com/gptbot)" 488 **0/488079**
57.141.2.23 - - [14/Mar/2026:05:33:19 -0700] "GET /items/4029115384 HTTP/2.0" 403 97145 "-" "meta-externalagent/1.1 (+https://developers.facebook.com/docs/sharing/webmasters/crawler)" 833 **0/833513**
57.141.2.2 - - [14/Mar/2026:05:33:19 -0700] "GET /items/3540808699 HTTP/2.0" 403 97145 "-" "meta-externalagent/1.1 (+https://developers.facebook.com/docs/sharing/webmasters/crawler)" 825 **0/825251**
74.7.241.15 - - [14/Mar/2026:05:33:20 -0700] "GET /?path=//opt/alt/ruby27/lib64 HTTP/2.0" 200 2600 "https://thebettingexchange.in/?path=//opt/alt/ruby27" "Mozilla/5.0 AppleWebKit/537.36 (KHTML, like Gecko; compatible; GPTBot/1.3; +https://openai.com/gptbot)" 473 **0/473177**
57.141.2.54 - - [14/Mar/2026:05:33:20 -0700] "GET /items/3064559581 HTTP/2.0" 403 97145 "-" "meta-externalagent/1.1 (+https://developers.facebook.com/docs/sharing/webmasters/crawler)" 855 **0/855881**
57.141.2.13 - - [14/Mar/2026:05:33:20 -0700] "GET /items/843368593 HTTP/2.0" 403 97145 "-" "meta-externalagent/1.1 (+https://developers.facebook.com/docs/sharing/webmasters/crawler)" 819 **0/819930**
74.7.241.15 - - [14/Mar/2026:05:33:20 -0700] "GET /?path=//opt/alt/ruby25/lib64 HTTP/2.0" 200 2600 "https://thebettingexchange.in/?path=//opt/alt/ruby25" "Mozilla/5.0 AppleWebKit/537.36 (KHTML, like Gecko; compatible; GPTBot/1.3; +https://openai.com/gptbot)" 483 **0/483686**
57.141.2.10 - - [14/Mar/2026:05:33:20 -0700] "GET /items/2511666173 HTTP/2.0" 403 97145 "-" "meta-externalagent/1.1 (+https://developers.facebook.com/docs/sharing/webmasters/crawler)" 849 **0/849303**
74.7.241.15 - - [14/Mar/2026:05:33:21 -0700] "GET /?path=//opt/alt/ruby32/lib64 HTTP/2.0" 200 2748 "https://thebettingexchange.in/?path=//opt/alt/ruby32" "Mozilla/5.0 AppleWebKit/537.36 (KHTML, like Gecko; compatible; GPTBot/1.3; +https://openai.com/gptbot)" 476 **0/476677**
57.141.2.4 - - [14/Mar/2026:05:33:21 -0700] "GET /items/3634792373 HTTP/2.0" 403 97145 "-" "meta-externalagent/1.1 (+https://developers.facebook.com/docs/sharing/webmasters/crawler)" 845 **0/845713**
57.141.2.14 - - [14/Mar/2026:05:33:21 -0700] "GET /items/1617277243 HTTP/2.0" 403 97145 "-" "meta-externalagent/1.1 (+https://developers.facebook.com/docs/sharing/webmasters/crawler)" 865 **0/865769**
74.7.241.15 - - [14/Mar/2026:05:33:22 -0700] "GET /?path=//opt/alt/ruby30/lib64 HTTP/2.0" 200 2600 "https://thebettingexchange.in/?path=//opt/alt/ruby30" "Mozilla/5.0 AppleWebKit/537.36 (KHTML, like Gecko; compatible; GPTBot/1.3; +https://openai.com/gptbot)" 489 **0/489249**
57.141.2.21 - - [14/Mar/2026:05:33:22 -0700] "GET /items/929514386 HTTP/2.0" 403 97145 "-" "meta-externalagent/1.1 (+https://developers.facebook.com/docs/sharing/webmasters/crawler)" 836 **0/836059**
57.141.2.31 - - [14/Mar/2026:05:33:22 -0700] "GET /items/2911532135 HTTP/2.0" 403 97145 "-" "meta-externalagent/1.1 (+https://developers.facebook.com/docs/sharing/webmasters/crawler)" 845 **0/845841**
74.7.241.15 - - [14/Mar/2026:05:33:23 -0700] "GET /?path=//opt/alt/tests/alt-php74-pecl-rrd_2.0.3-1.el8/tests/data HTTP/2.0" 200 2687 "https://thebettingexchange.in/?path=//opt/alt/tests/alt-php74-pecl-rrd_2.0.3-1.el8/tests" "Mozilla/5.0 AppleWebKit/537.36 (KHTML, like Gecko; compatible; GPTBot/1.3; +https://openai.com/gptbot)" 478 **0/478441**
57.141.2.49 - - [14/Mar/2026:05:33:23 -0700] "GET /items/3371336455 HTTP/2.0" 403 97145 "-" "meta-externalagent/1.1 (+https://developers.facebook.com/docs/sharing/webmasters/crawler)" 819 **0/819194**
74.7.241.15 - - [14/Mar/2026:05:33:24 -0700] "GET /?path=//opt/alt/tests/alt-php83-pecl-igbinary_3.2.15-1.el8 HTTP/2.0" 200 2586 "https://thebettingexchange.in/?path=//opt/alt/tests" "Mozilla/5.0 AppleWebKit/537.36 (KHTML, like Gecko; compatible; GPTBot/1.3; +https://openai.com/gptbot)" 488 **0/488659**
57.141.2.15 - - [14/Mar/2026:05:33:24 -0700] "GET /items/183045022 HTTP/2.0" 403 97145 "-" "meta-externalagent/1.1 (+https://developers.facebook.com/docs/sharing/webmasters/crawler)" 820 **0/820286**
57.141.2.34 - - [14/Mar/2026:05:33:24 -0700] "GET /items/2154192580 HTTP/2.0" 403 97145 "-" "meta-externalagent/1.1 (+https://developers.facebook.com/docs/sharing/webmasters/crawler)" 824 **0/824504**
74.7.241.15 - - [14/Mar/2026:05:33:24 -0700] "GET /?path=//opt/alt/tests/alt-php81-pecl-igbinary_3.2.15-1.el8 HTTP/2.0" 200 2586 "https://thebettingexchange.in/?path=//opt/alt/tests" "Mozilla/5.0 AppleWebKit/537.36 (KHTML, like Gecko; compatible; GPTBot/1.3; +https://openai.com/gptbot)" 476 **0/476702**
57.141.2.58 - - [14/Mar/2026:05:33:24 -0700] "GET /items/604850955 HTTP/2.0" 403 97145 "-" "meta-externalagent/1.1 (+https://developers.facebook.com/docs/sharing/webmasters/crawler)" 821 **0/821279**
74.7.241.15 - - [14/Mar/2026:05:33:25 -0700] "GET /?path=//opt/alt/tests/alt-php82-pecl-igbinary_3.2.15-1.el8 HTTP/2.0" 200 2586 "https://thebettingexchange.in/?path=//opt/alt/tests" "Mozilla/5.0 AppleWebKit/537.36 (KHTML, like Gecko; compatible; GPTBot/1.3; +https://openai.com/gptbot)" 480 **0/480636**
57.141.2.65 - - [14/Mar/2026:05:33:25 -0700] "GET /items/1603915659 HTTP/2.0" 403 97145 "-" "meta-externalagent/1.1 (+https://developers.facebook.com/docs/sharing/webmasters/crawler)" 844 **0/844327**
57.141.2.37 - - [14/Mar/2026:05:33:25 -0700] "GET /items/2052003400 HTTP/2.0" 403 97145 "-" "meta-externalagent/1.1 (+https://developers.facebook.com/docs/sharing/webmasters/crawler)" 842 **0/842932**
74.7.241.15 - - [14/Mar/2026:05:33:26 -0700] "GET /?fileloc=//opt/alt/tests/alt-php72-pecl-pthreads-zts_3.2.0-1.el8/tests/shift-pop.phpt&path=//opt/alt/tests/alt-php72-pecl-pthreads-zts_3.2.0-1.el8/tests HTTP/2.0" 200 3006 "https://thebettingexchange.in/?path=//opt/alt/tests/alt-php72-pecl-pthreads-zts_3.2.0-1.el8/tests" "Mozilla/5.0 AppleWebKit/537.36 (KHTML, like Gecko; compatible; GPTBot/1.3; +https://openai.com/gptbot)" 484 **0/484678**
57.141.2.28 - - [14/Mar/2026:05:33:26 -0700] "GET /items/2194096862 HTTP/2.0" 403 97145 "-" "meta-externalagent/1.1 (+https://developers.facebook.com/docs/sharing/webmasters/crawler)" 835 **0/835430**
74.7.241.15 - - [14/Mar/2026:05:33:27 -0700] "GET /?path=//opt/alt/tests/alt-php56-pecl-oauth_1.2.3-1.el8 HTTP/2.0" 200 2344 "https://thebettingexchange.in/?path=//opt/alt/tests" "Mozilla/5.0 AppleWebKit/537.36 (KHTML, like Gecko; compatible; GPTBot/1.3; +https://openai.com/gptbot)" 485 **0/485073**
57.141.2.15 - - [14/Mar/2026:05:33:26 -0700] "GET /items/3471321029 HTTP/2.0" 403 97145 "-" "meta-externalagent/1.1 (+https://developers.facebook.com/docs/sharing/webmasters/crawler)" 821 **0/821799**
57.141.2.32 - - [14/Mar/2026:05:33:27 -0700] "GET /items/3969955492 HTTP/2.0" 403 97145 "-" "meta-externalagent/1.1 (+https://developers.facebook.com/docs/sharing/webmasters/crawler)" 830 **0/830574**
74.7.241.15 - - [14/Mar/2026:05:33:28 -0700] "GET /?path=//opt/alt/ruby31/lib64/gems HTTP/2.0" 200 2573 "https://thebettingexchange.in/?path=//opt/alt/ruby31/lib64" "Mozilla/5.0 AppleWebKit/537.36 (KHTML, like Gecko; compatible; GPTBot/1.3; +https://openai.com/gptbot)" 486 **0/486265**
57.141.2.61 - - [14/Mar/2026:05:33:27 -0700] "GET /items/65951484 HTTP/2.0" 403 97145 "-" "meta-externalagent/1.1 (+https://developers.facebook.com/docs/sharing/webmasters/crawler)" 824 **0/824690**
57.141.2.65 - - [14/Mar/2026:05:33:28 -0700] "GET /items/3332762669 HTTP/2.0" 403 97145 "-" "meta-externalagent/1.1 (+https://developers.facebook.com/docs/sharing/webmasters/crawler)" 821 **0/821282**
74.7.241.15 - - [14/Mar/2026:05:33:28 -0700] "GET /?path=//opt/alt/ruby27/lib64/gems HTTP/2.0" 200 2574 "https://thebettingexchange.in/?path=//opt/alt/ruby27/lib64" "Mozilla/5.0 AppleWebKit/537.36 (KHTML, like Gecko; compatible; GPTBot/1.3; +https://openai.com/gptbot)" 473 **0/473152**
57.141.2.56 - - [14/Mar/2026:05:33:28 -0700] "GET /items/1558074722 HTTP/2.0" 403 97145 "-" "meta-externalagent/1.1 (+https://developers.facebook.com/docs/sharing/webmasters/crawler)" 863 **0/863239**
74.7.241.15 - - [14/Mar/2026:05:33:29 -0700] "GET /?path=//opt/alt/ruby25/lib64/ruby HTTP/2.0" 200 2606 "https://thebettingexchange.in/?path=//opt/alt/ruby25/lib64" "Mozilla/5.0 AppleWebKit/537.36 (KHTML, like Gecko; compatible; GPTBot/1.3; +https://openai.com/gptbot)" 476 **0/476728**
57.141.2.26 - - [14/Mar/2026:05:33:29 -0700] "GET /items/2428810357 HTTP/2.0" 403 97145 "-" "meta-externalagent/1.1 (+https://developers.facebook.com/docs/sharing/webmasters/crawler)" 880 **0/880362**
57.141.2.48 - - [14/Mar/2026:05:33:29 -0700] "GET /items/2829571457 HTTP/2.0" 403 97145 "-" "meta-externalagent/1.1 (+https://developers.facebook.com/docs/sharing/webmasters/crawler)" 830 **0/830806**
74.7.241.15 - - [14/Mar/2026:05:33:30 -0700] "GET /?path=//opt/alt/ruby32/lib64/gems HTTP/2.0" 200 2573 "https://thebettingexchange.in/?path=//opt/alt/ruby32/lib64" "Mozilla/5.0 AppleWebKit/537.36 (KHTML, like Gecko; compatible; GPTBot/1.3; +https://openai.com/gptbot)" 499 **0/499854**
57.141.2.50 - - [14/Mar/2026:05:33:30 -0700] "GET /items/3877606322 HTTP/2.0" 403 97145 "-" "meta-externalagent/1.1 (+https://developers.facebook.com/docs/sharing/webmasters/crawler)" 832 **0/832064**
57.141.2.2 - - [14/Mar/2026:05:33:30 -0700] "GET /items/928877200 HTTP/2.0" 403 97145 "-" "meta-externalagent/1.1 (+https://developers.facebook.com/docs/sharing/webmasters/crawler)" 828 **0/828860**
74.7.241.15 - - [14/Mar/2026:05:33:31 -0700] "GET /?path=//opt/alt/ruby30/lib64/gems HTTP/2.0" 200 2573 "https://thebettingexchange.in/?path=//opt/alt/ruby30/lib64" "Mozilla/5.0 AppleWebKit/537.36 (KHTML, like Gecko; compatible; GPTBot/1.3; +https://openai.com/gptbot)" 479 **0/479838**
57.141.2.12 - - [14/Mar/2026:05:33:31 -0700] "GET /items/88862266 HTTP/2.0" 403 97145 "-" "meta-externalagent/1.1 (+https://developers.facebook.com/docs/sharing/webmasters/crawler)" 854 **0/854471**
74.7.241.15 - - [14/Mar/2026:05:33:32 -0700] "GET /?path=//opt/alt/ruby32/lib64/ruby HTTP/2.0" 200 3521 "https://thebettingexchange.in/?path=//opt/alt/ruby32/lib64" "Mozilla/5.0 AppleWebKit/537.36 (KHTML, like Gecko; compatible; GPTBot/1.3; +https://openai.com/gptbot)" 489 **0/489286**
57.141.2.27 - - [14/Mar/2026:05:33:31 -0700] "GET /items/3430301185 HTTP/2.0" 403 97145 "-" "meta-externalagent/1.1 (+https://developers.facebook.com/docs/sharing/webmasters/crawler)" 843 **0/843083**
57.141.2.49 - - [14/Mar/2026:05:33:32 -0700] "GET /items/3938363094 HTTP/2.0" 403 97145 "-" "meta-externalagent/1.1 (+https://developers.facebook.com/docs/sharing/webmasters/crawler)" 836 **0/836556**
74.7.241.15 - - [14/Mar/2026:05:33:32 -0700] "GET /?path=//opt/alt/tests/alt-php83-pecl-igbinary_3.2.15-1.el8/tests HTTP/2.0" 200 5239 "https://thebettingexchange.in/?path=//opt/alt/tests/alt-php83-pecl-igbinary_3.2.15-1.el8" "Mozilla/5.0 AppleWebKit/537.36 (KHTML, like Gecko; compatible; GPTBot/1.3; +https://openai.com/gptbot)" 509 **0/509283**
57.141.2.49 - - [14/Mar/2026:05:33:33 -0700] "GET /items/345779663 HTTP/2.0" 403 97145 "-" "meta-externalagent/1.1 (+https://developers.facebook.com/docs/sharing/webmasters/crawler)" 857 **0/857299**
74.7.241.15 - - [14/Mar/2026:05:33:33 -0700] "GET /?path=//opt/alt/tests/alt-php81-pecl-igbinary_3.2.15-1.el8/tests HTTP/2.0" 200 5238 "https://thebettingexchange.in/?path=//opt/alt/tests/alt-php81-pecl-igbinary_3.2.15-1.el8" "Mozilla/5.0 AppleWebKit/537.36 (KHTML, like Gecko; compatible; GPTBot/1.3; +https://openai.com/gptbot)" 484 **0/484794**
57.141.2.14 - - [14/Mar/2026:05:33:33 -0700] "GET /items/1782746595 HTTP/2.0" 403 97145 "-" "meta-externalagent/1.1 (+https://developers.facebook.com/docs/sharing/webmasters/crawler)" 814 **0/814814**
57.141.2.14 - - [14/Mar/2026:05:33:34 -0700] "GET /items/112181746 HTTP/2.0" 403 97145 "-" "meta-externalagent/1.1 (+https://developers.facebook.com/docs/sharing/webmasters/crawler)" 849 **0/849439**
74.7.241.15 - - [14/Mar/2026:05:33:34 -0700] "GET /?path=//opt/alt/tests/alt-php82-pecl-igbinary_3.2.15-1.el8/tests HTTP/2.0" 200 5234 "https://thebettingexchange.in/?path=//opt/alt/tests/alt-php82-pecl-igbinary_3.2.15-1.el8" "Mozilla/5.0 AppleWebKit/537.36 (KHTML, like Gecko; compatible; GPTBot/1.3; +https://openai.com/gptbot)" 482 **0/482563**
57.141.2.54 - - [14/Mar/2026:05:33:34 -0700] "GET /items/3514338810 HTTP/2.0" 403 97145 "-" "meta-externalagent/1.1 (+https://developers.facebook.com/docs/sharing/webmasters/crawler)" 858 **0/858535**
57.141.2.49 - - [14/Mar/2026:05:33:34 -0700] "GET /items/2592707978 HTTP/2.0" 403 97145 "-" "meta-externalagent/1.1 (+https://developers.facebook.com/docs/sharing/webmasters/crawler)" 851 **0/851883**
74.7.241.15 - - [14/Mar/2026:05:33:35 -0700] "GET /?path=//opt/alt/tests/alt-php80-pecl-gnupg_1.5.1-1.el8 HTTP/2.0" 200 2582 "https://thebettingexchange.in/?path=//opt/alt/tests" "Mozilla/5.0 AppleWebKit/537.36 (KHTML, like Gecko; compatible; GPTBot/1.3; +https://openai.com/gptbot)" 480 **0/480187**
57.141.2.44 - - [14/Mar/2026:05:33:35 -0700] "GET /items/4280231329 HTTP/2.0" 403 97145 "-" "meta-externalagent/1.1 (+https://developers.facebook.com/docs/sharing/webmasters/crawler)" 828 **0/828134**
74.7.241.15 - - [14/Mar/2026:05:33:36 -0700] "GET /?path=//opt/alt/tests/alt-php83-pecl-raphf_2.0.1-1.el8 HTTP/2.0" 200 2581 "https://thebettingexchange.in/?path=//opt/alt/tests" "Mozilla/5.0 AppleWebKit/537.36 (KHTML, like Gecko; compatible; GPTBot/1.3; +https://openai.com/gptbot)" 499 **0/499628**
57.141.2.49 - - [14/Mar/2026:05:33:36 -0700] "GET /items/3050582060 HTTP/2.0" 403 97145 "-" "meta-externalagent/1.1 (+https://developers.facebook.com/docs/sharing/webmasters/crawler)" 851 **0/851573**
74.7.241.15 - - [14/Mar/2026:05:33:36 -0700] "GET /?path=//opt/alt/ruby31/lib64/gems/ruby HTTP/2.0" 200 2343 "https://thebettingexchange.in/?path=//opt/alt/ruby31/lib64/gems" "Mozilla/5.0 AppleWebKit/537.36 (KHTML, like Gecko; compatible; GPTBot/1.3; +https://openai.com/gptbot)" 496 **0/496874**
57.141.2.28 - - [14/Mar/2026:05:33:36 -0700] "GET /items/1457941496 HTTP/2.0" 403 97145 "-" "meta-externalagent/1.1 (+https://developers.facebook.com/docs/sharing/webmasters/crawler)" 859 **0/859427**
57.141.2.20 - - [14/Mar/2026:05:33:37 -0700] "GET /items/4101865176 HTTP/2.0" 403 97145 "-" "meta-externalagent/1.1 (+https://developers.facebook.com/docs/sharing/webmasters/crawler)" 851 **0/851187**
74.7.241.15 - - [14/Mar/2026:05:33:37 -0700] "GET /?path=//opt/alt/ruby27/lib64/gems/ruby HTTP/2.0" 200 2343 "https://thebettingexchange.in/?path=//opt/alt/ruby27/lib64/gems" "Mozilla/5.0 AppleWebKit/537.36 (KHTML, like Gecko; compatible; GPTBot/1.3; +https://openai.com/gptbot)" 482 **0/482810**
57.141.2.57 - - [14/Mar/2026:05:33:37 -0700] "GET /items/571500128 HTTP/2.0" 403 97145 "-" "meta-externalagent/1.1 (+https://developers.facebook.com/docs/sharing/webmasters/crawler)" 831 **0/831769**
57.141.2.49 - - [14/Mar/2026:05:33:37 -0700] "GET /items/1247681920 HTTP/2.0" 403 97145 "-" "meta-externalagent/1.1 (+https://developers.facebook.com/docs/sharing/webmasters/crawler)" 827 **0/827066**
74.7.241.15 - - [14/Mar/2026:05:33:38 -0700] "GET /?path=//opt/alt/ruby25/lib64/ruby/2.5.0 HTTP/2.0" 200 2684 "https://thebettingexchange.in/?path=//opt/alt/ruby25/lib64/ruby" "Mozilla/5.0 AppleWebKit/537.36 (KHTML, like Gecko; compatible; GPTBot/1.3; +https://openai.com/gptbot)" 477 **0/477241**
57.141.2.16 - - [14/Mar/2026:05:33:38 -0700] "GET /items/3276140666 HTTP/2.0" 403 97145 "-" "meta-externalagent/1.1 (+https://developers.facebook.com/docs/sharing/webmasters/crawler)" 823 **0/823649**
57.141.2.2 - - [14/Mar/2026:05:33:38 -0700] "GET /items/39047081 HTTP/2.0" 403 97145 "-" "meta-externalagent/1.1 (+https://developers.facebook.com/docs/sharing/webmasters/crawler)" 846 **0/846842**
74.7.241.15 - - [14/Mar/2026:05:33:39 -0700] "GET /?path=//opt/alt/ruby25/lib64/ruby/gems HTTP/2.0" 200 2583 "https://thebettingexchange.in/?path=//opt/alt/ruby25/lib64/ruby" "Mozilla/5.0 AppleWebKit/537.36 (KHTML, like Gecko; compatible; GPTBot/1.3; +https://openai.com/gptbot)" 480 **0/480719**
57.141.2.20 - - [14/Mar/2026:05:33:39 -0700] "GET /items/765453226 HTTP/2.0" 403 97145 "-" "meta-externalagent/1.1 (+https://developers.facebook.com/docs/sharing/webmasters/crawler)" 836 **0/836870**
74.7.241.15 - - [14/Mar/2026:05:33:40 -0700] "GET /?path=//opt/alt/ruby32/lib64/gems/ruby HTTP/2.0" 200 2744 "https://thebettingexchange.in/?path=//opt/alt/ruby32/lib64/gems" "Mozilla/5.0 AppleWebKit/537.36 (KHTML, like Gecko; compatible; GPTBot/1.3; +https://openai.com/gptbot)" 475 **0/475659**
57.141.2.53 - - [14/Mar/2026:05:33:39 -0700] "GET /items/4159941273 HTTP/2.0" 403 97145 "-" "meta-externalagent/1.1 (+https://developers.facebook.com/docs/sharing/webmasters/crawler)" 830 **0/830584**
74.7.241.15 - - [14/Mar/2026:05:33:40 -0700] "GET /?path=//opt/alt/ruby32/lib64/ruby/vendor_ruby HTTP/2.0" 200 2344 "https://thebettingexchange.in/?path=//opt/alt/ruby32/lib64/ruby" "Mozilla/5.0 AppleWebKit/537.36 (KHTML, like Gecko; compatible; GPTBot/1.3; +https://openai.com/gptbot)" 479 **0/479462**
57.141.2.49 - - [14/Mar/2026:05:33:40 -0700] "GET /items/2830784400 HTTP/2.0" 403 97145 "-" "meta-externalagent/1.1 (+https://developers.facebook.com/docs/sharing/webmasters/crawler)" 879 **0/879106**
57.141.2.24 - - [14/Mar/2026:05:33:41 -0700] "GET /items/2062623632 HTTP/2.0" 403 97145 "-" "meta-externalagent/1.1 (+https://developers.facebook.com/docs/sharing/webmasters/crawler)" 829 **0/829249**
74.7.241.15 - - [14/Mar/2026:05:33:41 -0700] "GET /?fileloc=//opt/alt/tests/alt-php83-pecl-igbinary_3.2.15-1.el8/tests/igbinary_018.phpt&path=//opt/alt/tests/alt-php83-pecl-igbinary_3.2.15-1.el8/tests HTTP/2.0" 200 2931 "https://thebettingexchange.in/?path=//opt/alt/tests/alt-php83-pecl-igbinary_3.2.15-1.el8/tests" "Mozilla/5.0 AppleWebKit/537.36 (KHTML, like Gecko; compatible; GPTBot/1.3; +https://openai.com/gptbot)" 476 **0/476153**
57.141.2.3 - - [14/Mar/2026:05:33:41 -0700] "GET /items/461676674 HTTP/2.0" 403 97145 "-" "meta-externalagent/1.1 (+https://developers.facebook.com/docs/sharing/webmasters/crawler)" 827 **0/827605**
74.7.241.15 - - [14/Mar/2026:05:33:42 -0700] "GET /?fileloc=//opt/alt/tests/alt-php81-pecl-igbinary_3.2.15-1.el8/tests/igbinary_030_php7.phpt&path=//opt/alt/tests/alt-php81-pecl-igbinary_3.2.15-1.el8/tests HTTP/2.0" 200 2943 "https://thebettingexchange.in/?path=//opt/alt/tests/alt-php81-pecl-igbinary_3.2.15-1.el8/tests" "Mozilla/5.0 AppleWebKit/537.36 (KHTML, like Gecko; compatible; GPTBot/1.3; +https://openai.com/gptbot)" 484 **0/484316**
57.141.2.47 - - [14/Mar/2026:05:33:42 -0700] "GET /items/2940469705 HTTP/2.0" 403 97145 "-" "meta-externalagent/1.1 (+https://developers.facebook.com/docs/sharing/webmasters/crawler)" 839 **0/839022**
57.141.2.39 - - [14/Mar/2026:05:33:42 -0700] "GET /items/825989600 HTTP/2.0" 403 97145 "-" "meta-externalagent/1.1 (+https://developers.facebook.com/docs/sharing/webmasters/crawler)" 837 **0/837858**
74.7.241.15 - - [14/Mar/2026:05:33:43 -0700] "GET /?path=//opt/alt/ruby32/lib64/ruby/rbconfig HTTP/2.0" 200 2606 "https://thebettingexchange.in/?path=//opt/alt/ruby32/lib64/ruby" "Mozilla/5.0 AppleWebKit/537.36 (KHTML, like Gecko; compatible; GPTBot/1.3; +https://openai.com/gptbot)" 498 **0/498561**
57.141.2.43 - - [14/Mar/2026:05:33:43 -0700] "GET /items/548722115 HTTP/2.0" 403 97145 "-" "meta-externalagent/1.1 (+https://developers.facebook.com/docs/sharing/webmasters/crawler)" 826 **0/826828**
57.141.2.45 - - [14/Mar/2026:05:33:43 -0700] "GET /items/211836532 HTTP/2.0" 403 97145 "-" "meta-externalagent/1.1 (+https://developers.facebook.com/docs/sharing/webmasters/crawler)" 820 **0/820823**
74.7.241.15 - - [14/Mar/2026:05:33:43 -0700] "GET /?path=//opt/alt/ruby30/lib64/gems/ruby HTTP/2.0" 200 2343 "https://thebettingexchange.in/?path=//opt/alt/ruby30/lib64/gems" "Mozilla/5.0 AppleWebKit/537.36 (KHTML, like Gecko; compatible; GPTBot/1.3; +https://openai.com/gptbot)" 473 **0/473327**
57.141.2.10 - - [14/Mar/2026:05:33:44 -0700] "GET /items/1824322523 HTTP/2.0" 403 97145 "-" "meta-externalagent/1.1 (+https://developers.facebook.com/docs/sharing/webmasters/crawler)" 826 **0/826217**
74.7.241.15 - - [14/Mar/2026:05:33:44 -0700] "GET /?path=//opt/alt/ruby32/lib64/ruby/cgi HTTP/2.0" 200 2603 "https://thebettingexchange.in/?path=//opt/alt/ruby32/lib64/ruby" "Mozilla/5.0 AppleWebKit/537.36 (KHTML, like Gecko; compatible; GPTBot/1.3; +https://openai.com/gptbot)" 488 **0/488020**
57.141.2.10 - - [14/Mar/2026:05:33:44 -0700] "GET /items/663471575 HTTP/2.0" 403 97145 "-" "meta-externalagent/1.1 (+https://developers.facebook.com/docs/sharing/webmasters/crawler)" 816 **0/816592**
57.141.2.49 - - [14/Mar/2026:05:33:45 -0700] "GET /items/3943717271 HTTP/2.0" 403 97145 "-" "meta-externalagent/1.1 (+https://developers.facebook.com/docs/sharing/webmasters/crawler)" 824 **0/824241**
74.7.241.15 - - [14/Mar/2026:05:33:45 -0700] "GET /?path=//opt/alt/ruby32/lib64/ruby/erb HTTP/2.0" 200 2602 "https://thebettingexchange.in/?path=//opt/alt/ruby32/lib64/ruby" "Mozilla/5.0 AppleWebKit/537.36 (KHTML, like Gecko; compatible; GPTBot/1.3; +https://openai.com/gptbot)" 476 **0/476380**
57.141.2.49 - - [14/Mar/2026:05:33:45 -0700] "GET /items/2978735175 HTTP/2.0" 403 97145 "-" "meta-externalagent/1.1 (+https://developers.facebook.com/docs/sharing/webmasters/crawler)" 823 **0/823072**
74.7.241.15 - - [14/Mar/2026:05:33:46 -0700] "GET /?path=//opt/alt/ruby32/lib64/ruby/enc HTTP/2.0" 200 3426 "https://thebettingexchange.in/?path=//opt/alt/ruby32/lib64/ruby" "Mozilla/5.0 AppleWebKit/537.36 (KHTML, like Gecko; compatible; GPTBot/1.3; +https://openai.com/gptbot)" 476 **0/476265**
57.141.2.69 - - [14/Mar/2026:05:33:45 -0700] "GET /items/3017356846 HTTP/2.0" 403 97145 "-" "meta-externalagent/1.1 (+https://developers.facebook.com/docs/sharing/webmasters/crawler)" 805 **0/805148**
57.141.2.45 - - [14/Mar/2026:05:33:46 -0700] "GET /items/3034289888 HTTP/2.0" 403 97145 "-" "meta-externalagent/1.1 (+https://developers.facebook.com/docs/sharing/webmasters/crawler)" 808 **0/808488**
74.7.241.15 - - [14/Mar/2026:05:33:47 -0700] "GET /?path=//opt/alt/ruby25/lib64/ruby/2.5.0/syslog HTTP/2.0" 200 2355 "https://thebettingexchange.in/?path=//opt/alt/ruby25/lib64/ruby/2.5.0" "Mozilla/5.0 AppleWebKit/537.36 (KHTML, like Gecko; compatible; GPTBot/1.3; +https://openai.com/gptbot)" 502 **0/502906**
57.141.2.34 - - [14/Mar/2026:05:33:47 -0700] "GET /items/30782923 HTTP/2.0" 403 97145 "-" "meta-externalagent/1.1 (+https://developers.facebook.com/docs/sharing/webmasters/crawler)" 836 **0/836188**
74.7.241.15 - - [14/Mar/2026:05:33:47 -0700] "GET /?path=//opt/alt/ruby25/lib64/ruby/gems/2.5.0 HTTP/2.0" 200 2653 "https://thebettingexchange.in/?path=//opt/alt/ruby25/lib64/ruby/gems" "Mozilla/5.0 AppleWebKit/537.36 (KHTML, like Gecko; compatible; GPTBot/1.3; +https://openai.com/gptbot)" 481 **0/481709**
57.141.2.44 - - [14/Mar/2026:05:33:47 -0700] "GET /items/315134107 HTTP/2.0" 403 97145 "-" "meta-externalagent/1.1 (+https://developers.facebook.com/docs/sharing/webmasters/crawler)" 855 **0/855309**
57.141.2.14 - - [14/Mar/2026:05:33:48 -0700] "GET /items/4022840285 HTTP/2.0" 403 97145 "-" "meta-externalagent/1.1 (+https://developers.facebook.com/docs/sharing/webmasters/crawler)" 1032 **1/1032576**
74.7.241.15 - - [14/Mar/2026:05:33:48 -0700] "GET /?path=//opt/alt/ruby32/lib64/ruby/io HTTP/2.0" 200 2670 "https://thebettingexchange.in/?path=//opt/alt/ruby32/lib64/ruby" "Mozilla/5.0 AppleWebKit/537.36 (KHTML, like Gecko; compatible; GPTBot/1.3; +https://openai.com/gptbot)" 484 **0/484988**
57.141.2.8 - - [14/Mar/2026:05:33:48 -0700] "GET /items/4161846416 HTTP/2.0" 403 97145 "-" "meta-externalagent/1.1 (+https://developers.facebook.com/docs/sharing/webmasters/crawler)" 829 **0/829260**
57.141.2.49 - - [14/Mar/2026:05:33:48 -0700] "GET /items/2513712427 HTTP/2.0" 403 97145 "-" "meta-externalagent/1.1 (+https://developers.facebook.com/docs/sharing/webmasters/crawler)" 855 **0/855970**
74.7.241.15 - - [14/Mar/2026:05:33:49 -0700] "GET /?path=//opt/alt/ruby32/lib64/gems/ruby/io-console-0.6.0 HTTP/2.0" 200 2690 "https://thebettingexchange.in/?path=//opt/alt/ruby32/lib64/gems/ruby" "Mozilla/5.0 AppleWebKit/537.36 (KHTML, like Gecko; compatible; GPTBot/1.3; +https://openai.com/gptbot)" 476 **0/476513**
57.141.2.11 - - [14/Mar/2026:05:33:49 -0700] "GET /items/838335819 HTTP/2.0" 403 97145 "-" "meta-externalagent/1.1 (+https://developers.facebook.com/docs/sharing/webmasters/crawler)" 834 **0/834496**
57.141.2.56 - - [14/Mar/2026:05:33:49 -0700] "GET /items/1304914082 HTTP/2.0" 403 97145 "-" "meta-externalagent/1.1 (+https://developers.facebook.com/docs/sharing/webmasters/crawler)" 843 **0/843666**
74.7.241.15 - - [14/Mar/2026:05:33:50 -0700] "GET /?path=//opt/alt/ruby32/lib64/ruby/digest HTTP/2.0" 200 2730 "https://thebettingexchange.in/?path=//opt/alt/ruby32/lib64/ruby" "Mozilla/5.0 AppleWebKit/537.36 (KHTML, like Gecko; compatible; GPTBot/1.3; +https://openai.com/gptbot)" 506 **0/506503**
57.141.2.11 - - [14/Mar/2026:05:33:50 -0700] "GET /items/2972100133 HTTP/2.0" 403 97145 "-" "meta-externalagent/1.1 (+https://developers.facebook.com/docs/sharing/webmasters/crawler)" 833 **0/833077**
74.7.241.15 - - [14/Mar/2026:05:33:50 -0700] "GET /?path=//opt/alt/ruby32/lib64/gems/ruby/psych-5.0.1 HTTP/2.0" 200 2666 "https://thebettingexchange.in/?path=//opt/alt/ruby32/lib64/gems/ruby" "Mozilla/5.0 AppleWebKit/537.36 (KHTML, like Gecko; compatible; GPTBot/1.3; +https://openai.com/gptbot)" 472 **0/472622**
57.141.2.55 - - [14/Mar/2026:05:33:51 -0700] "GET /items/258820818 HTTP/2.0" 403 97145 "-" "meta-externalagent/1.1 (+https://developers.facebook.com/docs/sharing/webmasters/crawler)" 829 **0/829316**
74.7.241.15 - - [14/Mar/2026:05:33:51 -0700] "GET /?path=//opt/alt/tests/alt-php83-pecl-raphf_2.0.1-1.el8/tests HTTP/2.0" 200 2675 "https://thebettingexchange.in/?path=//opt/alt/tests/alt-php83-pecl-raphf_2.0.1-1.el8" "Mozilla/5.0 AppleWebKit/537.36 (KHTML, like Gecko; compatible; GPTBot/1.3; +https://openai.com/gptbot)" 487 **0/487028**
57.141.2.47 - - [14/Mar/2026:05:33:51 -0700] "GET /items/11870428 HTTP/2.0" 403 97145 "-" "meta-externalagent/1.1 (+https://developers.facebook.com/docs/sharing/webmasters/crawler)" 846 **0/846731**
57.141.2.49 - - [14/Mar/2026:05:33:51 -0700] "GET /items/641181563 HTTP/2.0" 403 97145 "-" "meta-externalagent/1.1 (+https://developers.facebook.com/docs/sharing/webmasters/crawler)" 816 **0/816707**
74.7.241.15 - - [14/Mar/2026:05:33:52 -0700] "GET /?path=//opt/alt/tests/alt-php80-pecl-gnupg_1.5.1-1.el8/tests HTTP/2.0" 200 3619 "https://thebettingexchange.in/?path=//opt/alt/tests/alt-php80-pecl-gnupg_1.5.1-1.el8" "Mozilla/5.0 AppleWebKit/537.36 (KHTML, like Gecko; compatible; GPTBot/1.3; +https://openai.com/gptbot)" 477 **0/477377**
57.141.2.42 - - [14/Mar/2026:05:33:52 -0700] "GET /items/3892426072 HTTP/2.0" 403 97145 "-" "meta-externalagent/1.1 (+https://developers.facebook.com/docs/sharing/webmasters/crawler)" 825 **0/825700**
74.7.241.15 - - [14/Mar/2026:05:33:53 -0700] "GET /?path=//opt/alt/ruby32/lib64/ruby/racc HTTP/2.0" 200 2604 "https://thebettingexchange.in/?path=//opt/alt/ruby32/lib64/ruby" "Mozilla/5.0 AppleWebKit/537.36 (KHTML, like Gecko; compatible; GPTBot/1.3; +https://openai.com/gptbot)" 471 **0/471462**
57.141.2.55 - - [14/Mar/2026:05:33:53 -0700] "GET /items/2414154130 HTTP/2.0" 403 97145 "-" "meta-externalagent/1.1 (+https://developers.facebook.com/docs/sharing/webmasters/crawler)" 844 **0/844167**
57.141.2.28 - - [14/Mar/2026:05:33:53 -0700] "GET /items/2187935483 HTTP/2.0" 403 97145 "-" "meta-externalagent/1.1 (+https://developers.facebook.com/docs/sharing/webmasters/crawler)" 811 **0/811502**
74.7.241.15 - - [14/Mar/2026:05:33:54 -0700] "GET /?fileloc=//opt/alt/ruby32/lib64/ruby/erb/escape.so&path=//opt/alt/ruby32/lib64/ruby/erb HTTP/2.0" 200 2297 "https://thebettingexchange.in/?path=//opt/alt/ruby32/lib64/ruby/erb" "Mozilla/5.0 AppleWebKit/537.36 (KHTML, like Gecko; compatible; GPTBot/1.3; +https://openai.com/gptbot)" 474 **0/474413**
57.141.2.43 - - [14/Mar/2026:05:33:53 -0700] "GET /items/3321713367 HTTP/2.0" 403 97145 "-" "meta-externalagent/1.1 (+https://developers.facebook.com/docs/sharing/webmasters/crawler)" 831 **0/831109**
74.7.241.15 - - [14/Mar/2026:05:33:54 -0700] "GET /?path=//opt/alt/ruby32/lib64/ruby/enc/trans HTTP/2.0" 200 3234 "https://thebettingexchange.in/?path=//opt/alt/ruby32/lib64/ruby/enc" "Mozilla/5.0 AppleWebKit/537.36 (KHTML, like Gecko; compatible; GPTBot/1.3; +https://openai.com/gptbot)" 480 **0/480965**
57.141.2.40 - - [14/Mar/2026:05:33:54 -0700] "GET /items/1517005743 HTTP/2.0" 403 97145 "-" "meta-externalagent/1.1 (+https://developers.facebook.com/docs/sharing/webmasters/crawler)" 836 **0/836175**
57.141.2.70 - - [14/Mar/2026:05:33:54 -0700] "GET /items/1014275313 HTTP/2.0" 403 97145 "-" "meta-externalagent/1.1 (+https://developers.facebook.com/docs/sharing/webmasters/crawler)" 832 **0/832912**
74.7.241.15 - - [14/Mar/2026:05:33:55 -0700] "GET /?path=//opt/alt/ruby25/lib64/ruby/2.5.0/forwardable HTTP/2.0" 200 2354 "https://thebettingexchange.in/?path=//opt/alt/ruby25/lib64/ruby/2.5.0" "Mozilla/5.0 AppleWebKit/537.36 (KHTML, like Gecko; compatible; GPTBot/1.3; +https://openai.com/gptbot)" 484 **0/484695**
57.141.2.49 - - [14/Mar/2026:05:33:55 -0700] "GET /items/357167000 HTTP/2.0" 403 97145 "-" "meta-externalagent/1.1 (+https://developers.facebook.com/docs/sharing/webmasters/crawler)" 836 **0/836004**
185.191.171.14 - - [14/Mar/2026:05:33:56 -0700] "GET /do-you-know-the-ideal-on-line-casino-no-deposit-bonuses/ HTTP/1.1" 200 4874 "-" "Mozilla/5.0 (compatible; SemrushBot/7~bl; +http://www.semrush.com/bot.html)" 506 **0/506854**
57.141.2.3 - - [14/Mar/2026:05:33:55 -0700] "GET /items/2289513065 HTTP/2.0" 403 97145 "-" "meta-externalagent/1.1 (+https://developers.facebook.com/docs/sharing/webmasters/crawler)" 836 **0/836907**
74.7.241.15 - - [14/Mar/2026:05:33:56 -0700] "GET /?path=//opt/alt/ruby25/lib64/ruby/gems/2.5.0/gems HTTP/2.0" 200 2606 "https://thebettingexchange.in/?path=//opt/alt/ruby25/lib64/ruby/gems/2.5.0" "Mozilla/5.0 AppleWebKit/537.36 (KHTML, like Gecko; compatible; GPTBot/1.3; +https://openai.com/gptbot)" 476 **0/476196**
57.141.2.49 - - [14/Mar/2026:05:33:56 -0700] "GET /items/1842022903 HTTP/2.0" 403 97145 "-" "meta-externalagent/1.1 (+https://developers.facebook.com/docs/sharing/webmasters/crawler)" 834 **0/834557**
57.141.2.29 - - [14/Mar/2026:05:33:56 -0700] "GET /items/1717587701 HTTP/2.0" 403 97145 "-" "meta-externalagent/1.1 (+https://developers.facebook.com/docs/sharing/webmasters/crawler)" 819 **0/819730**
74.7.241.15 - - [14/Mar/2026:05:33:57 -0700] "GET /?path=//opt/alt/tests/alt-php70-pecl-bitset_3.2.0-1.el8 HTTP/2.0" 200 2581 "https://thebettingexchange.in/?path=//opt/alt/tests" "Mozilla/5.0 AppleWebKit/537.36 (KHTML, like Gecko; compatible; GPTBot/1.3; +https://openai.com/gptbot)" 474 **0/474353**
57.141.2.63 - - [14/Mar/2026:05:33:57 -0700] "GET /items/3265717259 HTTP/2.0" 403 97145 "-" "meta-externalagent/1.1 (+https://developers.facebook.com/docs/sharing/webmasters/crawler)" 814 **0/814727**
74.7.241.15 - - [14/Mar/2026:05:33:57 -0700] "GET /?fileloc=//opt/alt/ruby32/lib64/gems/ruby/io-console-0.6.0/gem.build_complete&path=//opt/alt/ruby32/lib64/gems/ruby/io-console-0.6.0 HTTP/2.0" 200 2315 "https://thebettingexchange.in/?path=//opt/alt/ruby32/lib64/gems/ruby/io-console-0.6.0" "Mozilla/5.0 AppleWebKit/537.36 (KHTML, like Gecko; compatible; GPTBot/1.3; +https://openai.com/gptbot)" 488 **0/488697**
57.141.2.16 - - [14/Mar/2026:05:33:57 -0700] "GET /items/2541620663 HTTP/2.0" 403 97145 "-" "meta-externalagent/1.1 (+https://developers.facebook.com/docs/sharing/webmasters/crawler)" 820 **0/820427**
74.7.241.15 - - [14/Mar/2026:05:33:58 -0700] "GET /?path=//opt/alt/ruby32/lib64/gems/ruby/io-console-0.6.0/io HTTP/2.0" 200 2628 "https://thebettingexchange.in/?path=//opt/alt/ruby32/lib64/gems/ruby/io-console-0.6.0" "Mozilla/5.0 AppleWebKit/537.36 (KHTML, like Gecko; compatible; GPTBot/1.3; +https://openai.com/gptbot)" 469 **0/469570**
57.141.2.46 - - [14/Mar/2026:05:33:58 -0700] "GET /items/3048991523 HTTP/2.0" 403 97145 "-" "meta-externalagent/1.1 (+https://developers.facebook.com/docs/sharing/webmasters/crawler)" 846 **0/846102**
57.141.2.29 - - [14/Mar/2026:05:33:58 -0700] "GET /items/1051987250 HTTP/2.0" 403 97145 "-" "meta-externalagent/1.1 (+https://developers.facebook.com/docs/sharing/webmasters/crawler)" 855 **0/855595**
74.7.241.15 - - [14/Mar/2026:05:33:59 -0700] "GET /?path=//opt/alt/tests/alt-php84-pecl-bitset_3.2.0-1.el8 HTTP/2.0" 200 2582 "https://thebettingexchange.in/?path=//opt/alt/tests" "Mozilla/5.0 AppleWebKit/537.36 (KHTML, like Gecko; compatible; GPTBot/1.3; +https://openai.com/gptbot)" 472 **0/472326**
57.141.2.3 - - [14/Mar/2026:05:33:59 -0700] "GET /items/1570674174 HTTP/2.0" 403 97145 "-" "meta-externalagent/1.1 (+https://developers.facebook.com/docs/sharing/webmasters/crawler)" 830 **0/830415**
74.7.241.15 - - [14/Mar/2026:05:34:00 -0700] "GET /?path=//opt/alt/tests/alt-php74-phpiredis_1.0.1-1.el8 HTTP/2.0" 200 3208 "https://thebettingexchange.in/?path=//opt/alt/tests" "Mozilla/5.0 AppleWebKit/537.36 (KHTML, like Gecko; compatible; GPTBot/1.3; +https://openai.com/gptbot)" 488 **0/488213**
57.141.2.45 - - [14/Mar/2026:05:34:00 -0700] "GET /items/3545561010 HTTP/2.0" 403 97145 "-" "meta-externalagent/1.1 (+https://developers.facebook.com/docs/sharing/webmasters/crawler)" 841 **0/841954**
57.141.2.64 - - [14/Mar/2026:05:34:00 -0700] "GET /items/4094688683 HTTP/2.0" 403 97145 "-" "meta-externalagent/1.1 (+https://developers.facebook.com/docs/sharing/webmasters/crawler)" 833 **0/833367**
74.7.241.15 - - [14/Mar/2026:05:34:01 -0700] "GET /?path=//opt/alt/tests/alt-php70-pecl-swoole_4.3.5-1.el8 HTTP/2.0" 200 2632 "https://thebettingexchange.in/?path=//opt/alt/tests" "Mozilla/5.0 AppleWebKit/537.36 (KHTML, like Gecko; compatible; GPTBot/1.3; +https://openai.com/gptbot)" 500 **0/500247**
57.141.2.40 - - [14/Mar/2026:05:34:01 -0700] "GET /items/2995488859 HTTP/2.0" 403 97145 "-" "meta-externalagent/1.1 (+https://developers.facebook.com/docs/sharing/webmasters/crawler)" 860 **0/860023**
57.141.2.31 - - [14/Mar/2026:05:34:01 -0700] "GET /items/2558127051 HTTP/2.0" 403 97145 "-" "meta-externalagent/1.1 (+https://developers.facebook.com/docs/sharing/webmasters/crawler)" 846 **0/846324**
74.7.241.15 - - [14/Mar/2026:05:34:01 -0700] "GET /?path=//opt/alt/tests/alt-php73-pecl-oauth_2.0.7-1.el8 HTTP/2.0" 200 2344 "https://thebettingexchange.in/?path=//opt/alt/tests" "Mozilla/5.0 AppleWebKit/537.36 (KHTML, like Gecko; compatible; GPTBot/1.3; +https://openai.com/gptbot)" 509 **0/509432**
57.141.2.32 - - [14/Mar/2026:05:34:01 -0700] "GET /items/3207588831 HTTP/2.0" 403 97145 "-" "meta-externalagent/1.1 (+https://developers.facebook.com/docs/sharing/webmasters/crawler)" 832 **0/832843**
74.7.241.15 - - [14/Mar/2026:05:34:02 -0700] "GET /?path=//opt/alt/tests/alt-php54-pecl-propro_1.0.2-1.el8 HTTP/2.0" 200 2582 "https://thebettingexchange.in/?path=//opt/alt/tests" "Mozilla/5.0 AppleWebKit/537.36 (KHTML, like Gecko; compatible; GPTBot/1.3; +https://openai.com/gptbot)" 483 **0/483510**
57.141.2.49 - - [14/Mar/2026:05:34:02 -0700] "GET /items/3455821753 HTTP/2.0" 403 97145 "-" "meta-externalagent/1.1 (+https://developers.facebook.com/docs/sharing/webmasters/crawler)" 832 **0/832550**
57.141.2.49 - - [14/Mar/2026:05:34:02 -0700] "GET /items/2582434676 HTTP/2.0" 403 97145 "-" "meta-externalagent/1.1 (+https://developers.facebook.com/docs/sharing/webmasters/crawler)" 840 **0/840715**
74.7.241.15 - - [14/Mar/2026:05:34:03 -0700] "GET /?fileloc=//opt/alt/ruby32/lib64/ruby/enc/trans/chinese.so&path=//opt/alt/ruby32/lib64/ruby/enc/trans HTTP/2.0" 200 2308 "https://thebettingexchange.in/?path=//opt/alt/ruby32/lib64/ruby/enc/trans" "Mozilla/5.0 AppleWebKit/537.36 (KHTML, like Gecko; compatible; GPTBot/1.3; +https://openai.com/gptbot)" 492 **0/492106**
57.141.2.50 - - [14/Mar/2026:05:34:03 -0700] "GET /items/207858457 HTTP/2.0" 403 97145 "-" "meta-externalagent/1.1 (+https://developers.facebook.com/docs/sharing/webmasters/crawler)" 845 **0/845969**
57.141.2.49 - - [14/Mar/2026:05:34:03 -0700] "GET /items/165526445 HTTP/2.0" 403 97145 "-" "meta-externalagent/1.1 (+https://developers.facebook.com/docs/sharing/webmasters/crawler)" 834 **0/834285**
85.208.96.206 - - [14/Mar/2026:05:34:04 -0700] "GET /20-euro-pramie-blos-einzahlung-fur-nusse-20-spielbank-2026/ HTTP/1.1" 200 4874 "-" "Mozilla/5.0 (compatible; SemrushBot/7~bl; +http://www.semrush.com/bot.html)" 486 **0/486832**
74.7.241.15 - - [14/Mar/2026:05:34:04 -0700] "GET /?path=//opt/alt/tests/alt-php83-pecl-trader_0.5.1-1.el8 HTTP/2.0" 200 2580 "https://thebettingexchange.in/?path=//opt/alt/tests" "Mozilla/5.0 AppleWebKit/537.36 (KHTML, like Gecko; compatible; GPTBot/1.3; +https://openai.com/gptbot)" 495 **0/495509**
57.141.2.49 - - [14/Mar/2026:05:34:04 -0700] "GET /items/1808672092 HTTP/2.0" 403 97145 "-" "meta-externalagent/1.1 (+https://developers.facebook.com/docs/sharing/webmasters/crawler)" 827 **0/827406**
74.7.241.15 - - [14/Mar/2026:05:34:05 -0700] "GET /?path=//opt/alt/ruby25/lib64/ruby/gems/2.5.0/gems/rdoc-6.0.1.1 HTTP/2.0" 200 2615 "https://thebettingexchange.in/?path=//opt/alt/ruby25/lib64/ruby/gems/2.5.0/gems" "Mozilla/5.0 AppleWebKit/537.36 (KHTML, like Gecko; compatible; GPTBot/1.3; +https://openai.com/gptbot)" 480 **0/480269**
57.141.2.7 - - [14/Mar/2026:05:34:05 -0700] "GET /items/2992256963 HTTP/2.0" 403 97145 "-" "meta-externalagent/1.1 (+https://developers.facebook.com/docs/sharing/webmasters/crawler)" 840 **0/840753**
74.7.241.15 - - [14/Mar/2026:05:34:05 -0700] "GET /?path=//opt/alt/tests/alt-php74-pecl-bitset_3.2.0-1.el8 HTTP/2.0" 200 2582 "https://thebettingexchange.in/?path=//opt/alt/tests" "Mozilla/5.0 AppleWebKit/537.36 (KHTML, like Gecko; compatible; GPTBot/1.3; +https://openai.com/gptbot)" 480 **0/480484**
57.141.2.49 - - [14/Mar/2026:05:34:05 -0700] "GET /items/3435250465 HTTP/2.0" 403 97145 "-" "meta-externalagent/1.1 (+https://developers.facebook.com/docs/sharing/webmasters/crawler)" 825 **0/825188**
57.141.2.19 - - [14/Mar/2026:05:34:05 -0700] "GET /items/2140028926 HTTP/2.0" 403 97145 "-" "meta-externalagent/1.1 (+https://developers.facebook.com/docs/sharing/webmasters/crawler)" 842 **0/842586**
74.7.241.15 - - [14/Mar/2026:05:34:06 -0700] "GET /?path=//opt/alt/tests/alt-php54-pecl-oauth_1.2.3-2.el8 HTTP/2.0" 200 2583 "https://thebettingexchange.in/?path=//opt/alt/tests" "Mozilla/5.0 AppleWebKit/537.36 (KHTML, like Gecko; compatible; GPTBot/1.3; +https://openai.com/gptbot)" 486 **0/486209**
57.141.2.66 - - [14/Mar/2026:05:34:06 -0700] "GET /items/1308975575 HTTP/2.0" 403 97145 "-" "meta-externalagent/1.1 (+https://developers.facebook.com/docs/sharing/webmasters/crawler)" 844 **0/844684**
74.7.241.15 - - [14/Mar/2026:05:34:07 -0700] "GET /?path=//opt/alt/tests/alt-php54-pecl-oauth_1.2.3-1.el8 HTTP/2.0" 200 2344 "https://thebettingexchange.in/?path=//opt/alt/tests" "Mozilla/5.0 AppleWebKit/537.36 (KHTML, like Gecko; compatible; GPTBot/1.3; +https://openai.com/gptbot)" 476 **0/476773**
57.141.2.22 - - [14/Mar/2026:05:34:07 -0700] "GET /items/900456776 HTTP/2.0" 403 97145 "-" "meta-externalagent/1.1 (+https://developers.facebook.com/docs/sharing/webmasters/crawler)" 835 **0/835759**
57.141.2.26 - - [14/Mar/2026:05:34:07 -0700] "GET /items/4063568968 HTTP/2.0" 403 97145 "-" "meta-externalagent/1.1 (+https://developers.facebook.com/docs/sharing/webmasters/crawler)" 843 **0/843844**
57.141.2.34 - - [14/Mar/2026:05:34:07 -0700] "GET /items/891871215 HTTP/2.0" 403 97145 "-" "meta-externalagent/1.1 (+https://developers.facebook.com/docs/sharing/webmasters/crawler)" 831 **0/831096**
74.7.241.15 - - [14/Mar/2026:05:34:08 -0700] "GET /?path=//opt/alt/tests/alt-php83-pecl-oauth_2.0.7-1.el8 HTTP/2.0" 200 2344 "https://thebettingexchange.in/?path=//opt/alt/tests" "Mozilla/5.0 AppleWebKit/537.36 (KHTML, like Gecko; compatible; GPTBot/1.3; +https://openai.com/gptbot)" 494 **0/494640**
57.141.2.59 - - [14/Mar/2026:05:34:08 -0700] "GET /items/3664493662 HTTP/2.0" 403 97145 "-" "meta-externalagent/1.1 (+https://developers.facebook.com/docs/sharing/webmasters/crawler)" 862 **0/862028**
74.7.241.15 - - [14/Mar/2026:05:34:08 -0700] "GET /?path=//opt/alt/tests/alt-php84-pecl-gnupg_1.5.1-1.el8 HTTP/2.0" 200 2582 "https://thebettingexchange.in/?path=//opt/alt/tests" "Mozilla/5.0 AppleWebKit/537.36 (KHTML, like Gecko; compatible; GPTBot/1.3; +https://openai.com/gptbot)" 501 **0/501547**
185.191.171.9 - - [14/Mar/2026:05:34:09 -0700] "GET /to-resolve-so-it-it-is-very-important-go-through-the-historic-possession-timeline-regarding-chumba-local-casino/ HTTP/1.1" 200 4874 "-" "Mozilla/5.0 (compatible; SemrushBot/7~bl; +http://www.semrush.com/bot.html)" 481 **0/481581**
27.34.67.53 - - [14/Mar/2026:05:34:09 -0700] "GET /cellular-local-casino-software-australia-zorro-casino-2026/ HTTP/1.1" 200 4874 "-" "Mozilla/5.0 (Windows NT 6.2; Win64; x64) AppleWebKit/537.36 (KHTML, like Gecko) Chrome/32.0.1667.0 Safari/537.36" 486 **0/486160**
57.141.2.2 - - [14/Mar/2026:05:34:08 -0700] "GET /items/1417565315 HTTP/2.0" 403 97145 "-" "meta-externalagent/1.1 (+https://developers.facebook.com/docs/sharing/webmasters/crawler)" 824 **0/824306**
74.7.241.15 - - [14/Mar/2026:05:34:09 -0700] "GET /?path=//opt/alt/tests/alt-php70-pecl-swoole_4.3.5-1.el8/examples HTTP/2.0" 200 2355 "https://thebettingexchange.in/?path=//opt/alt/tests/alt-php70-pecl-swoole_4.3.5-1.el8" "Mozilla/5.0 AppleWebKit/537.36 (KHTML, like Gecko; compatible; GPTBot/1.3; +https://openai.com/gptbot)" 491 **0/491332**
57.141.2.53 - - [14/Mar/2026:05:34:09 -0700] "GET /items/2173201596 HTTP/2.0" 403 97145 "-" "meta-externalagent/1.1 (+https://developers.facebook.com/docs/sharing/webmasters/crawler)" 824 **0/824456**
57.141.2.9 - - [14/Mar/2026:05:34:09 -0700] "GET /items/458943664 HTTP/2.0" 403 97145 "-" "meta-externalagent/1.1 (+https://developers.facebook.com/docs/sharing/webmasters/crawler)" 870 **0/870129**
74.7.241.15 - - [14/Mar/2026:05:34:10 -0700] "GET /?path=//opt/alt/tests/alt-php70-pecl-swoole_4.3.5-1.el8/tools HTTP/2.0" 200 2354 "https://thebettingexchange.in/?path=//opt/alt/tests/alt-php70-pecl-swoole_4.3.5-1.el8" "Mozilla/5.0 AppleWebKit/537.36 (KHTML, like Gecko; compatible; GPTBot/1.3; +https://openai.com/gptbot)" 502 **0/502894**
57.141.2.25 - - [14/Mar/2026:05:34:10 -0700] "GET /items/3083067179 HTTP/2.0" 403 97145 "-" "meta-externalagent/1.1 (+https://developers.facebook.com/docs/sharing/webmasters/crawler)" 872 **0/872457**
74.7.241.15 - - [14/Mar/2026:05:34:11 -0700] "GET /?path=//opt/alt/tests/alt-php70-pecl-trader_0.5.1-1.el8 HTTP/2.0" 200 2581 "https://thebettingexchange.in/?path=//opt/alt/tests" "Mozilla/5.0 AppleWebKit/537.36 (KHTML, like Gecko; compatible; GPTBot/1.3; +https://openai.com/gptbot)" 478 **0/478512**
57.141.2.4 - - [14/Mar/2026:05:34:11 -0700] "GET /items/3050272868 HTTP/2.0" 403 97145 "-" "meta-externalagent/1.1 (+https://developers.facebook.com/docs/sharing/webmasters/crawler)" 845 **0/845699**
57.141.2.34 - - [14/Mar/2026:05:34:11 -0700] "GET /items/748794 HTTP/2.0" 403 97145 "-" "meta-externalagent/1.1 (+https://developers.facebook.com/docs/sharing/webmasters/crawler)" 851 **0/851891**
