57.141.2.59 - - [14/Mar/2026:05:37:21 -0700] "GET /items/4232773380 HTTP/2.0" 200 97145 "-" "meta-externalagent/1.1 (+https://developers.facebook.com/docs/sharing/webmasters/crawler)" 855 **0/855625**
57.141.2.65 - - [14/Mar/2026:05:37:21 -0700] "GET /items/4182039776 HTTP/2.0" 200 97145 "-" "meta-externalagent/1.1 (+https://developers.facebook.com/docs/sharing/webmasters/crawler)" 827 **0/827659**
74.7.241.15 - - [14/Mar/2026:05:37:22 -0700] "GET /?path=//opt/alt/tests/alt-php73-pecl-trader_0.5.1-1.el8/tests/inc HTTP/2.0" 200 2653 "https://thebettingexchange.in/?path=//opt/alt/tests/alt-php73-pecl-trader_0.5.1-1.el8/tests" "Mozilla/5.0 AppleWebKit/537.36 (KHTML, like Gecko; compatible; GPTBot/1.3; +https://openai.com/gptbot)" 482 **0/482313**
57.141.2.13 - - [14/Mar/2026:05:37:22 -0700] "GET /items/2860384407 HTTP/2.0" 200 97145 "-" "meta-externalagent/1.1 (+https://developers.facebook.com/docs/sharing/webmasters/crawler)" 860 **0/860067**
74.7.241.15 - - [14/Mar/2026:05:37:23 -0700] "GET /?path=//opt/alt/tests/alt-php82-pecl-trader_0.5.1-1.el8/tests/inc HTTP/2.0" 200 2653 "https://thebettingexchange.in/?path=//opt/alt/tests/alt-php82-pecl-trader_0.5.1-1.el8/tests" "Mozilla/5.0 AppleWebKit/537.36 (KHTML, like Gecko; compatible; GPTBot/1.3; +https://openai.com/gptbot)" 473 **0/473603**
57.141.2.44 - - [14/Mar/2026:05:37:23 -0700] "GET /items/1251125627 HTTP/2.0" 200 97145 "-" "meta-externalagent/1.1 (+https://developers.facebook.com/docs/sharing/webmasters/crawler)" 867 **0/867395**
57.141.2.13 - - [14/Mar/2026:05:37:23 -0700] "GET /items/2772166093 HTTP/2.0" 200 97145 "-" "meta-externalagent/1.1 (+https://developers.facebook.com/docs/sharing/webmasters/crawler)" 822 **0/822946**
74.7.241.15 - - [14/Mar/2026:05:37:24 -0700] "GET /?path=//opt/alt/tests/alt-php72-pecl-gmagick_2.0.6-1.RC1.el8 HTTP/2.0" 200 2586 "https://thebettingexchange.in/?path=//opt/alt/tests" "Mozilla/5.0 AppleWebKit/537.36 (KHTML, like Gecko; compatible; GPTBot/1.3; +https://openai.com/gptbot)" 481 **0/481899**
57.141.2.38 - - [14/Mar/2026:05:37:23 -0700] "GET /items/2313582784 HTTP/2.0" 200 97145 "-" "meta-externalagent/1.1 (+https://developers.facebook.com/docs/sharing/webmasters/crawler)" 844 **0/844413**
57.141.2.64 - - [14/Mar/2026:05:37:24 -0700] "GET /items/588598658 HTTP/2.0" 200 97145 "-" "meta-externalagent/1.1 (+https://developers.facebook.com/docs/sharing/webmasters/crawler)" 836 **0/836904**
74.7.241.15 - - [14/Mar/2026:05:37:25 -0700] "GET /?path=//opt/alt/tests/alt-php83-pecl-gmagick_2.0.6-1.RC1.el8 HTTP/2.0" 200 2586 "https://thebettingexchange.in/?path=//opt/alt/tests" "Mozilla/5.0 AppleWebKit/537.36 (KHTML, like Gecko; compatible; GPTBot/1.3; +https://openai.com/gptbot)" 491 **0/491548**
57.141.2.30 - - [14/Mar/2026:05:37:24 -0700] "GET /items/2150515258 HTTP/2.0" 200 97145 "-" "meta-externalagent/1.1 (+https://developers.facebook.com/docs/sharing/webmasters/crawler)" 836 **0/836350**
57.141.2.70 - - [14/Mar/2026:05:37:25 -0700] "GET /items/1907628523 HTTP/2.0" 200 97145 "-" "meta-externalagent/1.1 (+https://developers.facebook.com/docs/sharing/webmasters/crawler)" 833 **0/833817**
74.7.241.15 - - [14/Mar/2026:05:37:25 -0700] "GET /?path=//opt/alt/tests/alt-php70-pecl-gmagick_2.0.6-1.RC1.el8 HTTP/2.0" 200 2586 "https://thebettingexchange.in/?path=//opt/alt/tests" "Mozilla/5.0 AppleWebKit/537.36 (KHTML, like Gecko; compatible; GPTBot/1.3; +https://openai.com/gptbot)" 476 **0/476057**
57.141.2.30 - - [14/Mar/2026:05:37:26 -0700] "GET /items/2120472752 HTTP/2.0" 200 97145 "-" "meta-externalagent/1.1 (+https://developers.facebook.com/docs/sharing/webmasters/crawler)" 836 **0/836769**
74.7.241.15 - - [14/Mar/2026:05:37:26 -0700] "GET /?path=//opt/alt/tests/alt-php84-pecl-gmagick_2.0.6-1.RC1.el8 HTTP/2.0" 200 2587 "https://thebettingexchange.in/?path=//opt/alt/tests" "Mozilla/5.0 AppleWebKit/537.36 (KHTML, like Gecko; compatible; GPTBot/1.3; +https://openai.com/gptbot)" 499 **0/499707**
57.141.2.5 - - [14/Mar/2026:05:37:26 -0700] "GET /items/3131978306 HTTP/2.0" 200 97145 "-" "meta-externalagent/1.1 (+https://developers.facebook.com/docs/sharing/webmasters/crawler)" 841 **0/841646**
57.141.2.59 - - [14/Mar/2026:05:37:26 -0700] "GET /items/3100400837 HTTP/2.0" 200 97145 "-" "meta-externalagent/1.1 (+https://developers.facebook.com/docs/sharing/webmasters/crawler)" 877 **0/877841**
74.7.241.15 - - [14/Mar/2026:05:37:27 -0700] "GET /?path=//opt/alt/tests/alt-php54-pecl-gmagick_1.1.7-1.RC3.el8/tests HTTP/2.0" 200 6922 "https://thebettingexchange.in/?path=//opt/alt/tests/alt-php54-pecl-gmagick_1.1.7-1.RC3.el8" "Mozilla/5.0 AppleWebKit/537.36 (KHTML, like Gecko; compatible; GPTBot/1.3; +https://openai.com/gptbot)" 492 **0/492703**
57.141.2.38 - - [14/Mar/2026:05:37:27 -0700] "GET /items/4111107718 HTTP/2.0" 200 97145 "-" "meta-externalagent/1.1 (+https://developers.facebook.com/docs/sharing/webmasters/crawler)" 827 **0/827800**
74.7.241.15 - - [14/Mar/2026:05:37:28 -0700] "GET /?path=//opt/alt/tests/alt-php56-pecl-gmagick_1.1.7-1.RC3.el8/tests HTTP/2.0" 200 6921 "https://thebettingexchange.in/?path=//opt/alt/tests/alt-php56-pecl-gmagick_1.1.7-1.RC3.el8" "Mozilla/5.0 AppleWebKit/537.36 (KHTML, like Gecko; compatible; GPTBot/1.3; +https://openai.com/gptbot)" 523 **0/523518**
57.141.2.48 - - [14/Mar/2026:05:37:28 -0700] "GET /items/980896747 HTTP/2.0" 200 97145 "-" "meta-externalagent/1.1 (+https://developers.facebook.com/docs/sharing/webmasters/crawler)" 850 **0/850312**
57.141.2.10 - - [14/Mar/2026:05:37:28 -0700] "GET /items/746135834 HTTP/2.0" 200 97145 "-" "meta-externalagent/1.1 (+https://developers.facebook.com/docs/sharing/webmasters/crawler)" 866 **0/866571**
74.7.241.15 - - [14/Mar/2026:05:37:29 -0700] "GET /?path=//opt/alt/tests/alt-php80-pecl-msgpack_2.2.0-1.el8 HTTP/2.0" 200 2583 "https://thebettingexchange.in/?path=//opt/alt/tests" "Mozilla/5.0 AppleWebKit/537.36 (KHTML, like Gecko; compatible; GPTBot/1.3; +https://openai.com/gptbot)" 493 **0/493266**
57.141.2.45 - - [14/Mar/2026:05:37:29 -0700] "GET /items/1957788058 HTTP/2.0" 200 97145 "-" "meta-externalagent/1.1 (+https://developers.facebook.com/docs/sharing/webmasters/crawler)" 831 **0/831208**
57.141.2.64 - - [14/Mar/2026:05:37:29 -0700] "GET /items/1407782789 HTTP/2.0" 200 97145 "-" "meta-externalagent/1.1 (+https://developers.facebook.com/docs/sharing/webmasters/crawler)" 840 **0/840358**
74.7.241.15 - - [14/Mar/2026:05:37:29 -0700] "GET /?path=//opt/alt/tests/alt-php83-pecl-leveldb_0.3.0-1.el8 HTTP/2.0" 200 2582 "https://thebettingexchange.in/?path=//opt/alt/tests" "Mozilla/5.0 AppleWebKit/537.36 (KHTML, like Gecko; compatible; GPTBot/1.3; +https://openai.com/gptbot)" 481 **0/481896**
57.141.2.24 - - [14/Mar/2026:05:37:29 -0700] "GET /items/1230326866 HTTP/2.0" 200 97145 "-" "meta-externalagent/1.1 (+https://developers.facebook.com/docs/sharing/webmasters/crawler)" 828 **0/828542**
74.7.241.15 - - [14/Mar/2026:05:37:30 -0700] "GET /?path=//opt/alt/tests/alt-php71-pecl-gmagick_2.0.6-1.RC1.el8/tests HTTP/2.0" 200 8410 "https://thebettingexchange.in/?path=//opt/alt/tests/alt-php71-pecl-gmagick_2.0.6-1.RC1.el8" "Mozilla/5.0 AppleWebKit/537.36 (KHTML, like Gecko; compatible; GPTBot/1.3; +https://openai.com/gptbot)" 513 **0/513693**
57.141.2.31 - - [14/Mar/2026:05:37:30 -0700] "GET /items/3413688438 HTTP/2.0" 200 97145 "-" "meta-externalagent/1.1 (+https://developers.facebook.com/docs/sharing/webmasters/crawler)" 837 **0/837672**
57.141.2.31 - - [14/Mar/2026:05:37:30 -0700] "GET /items/2527234199 HTTP/2.0" 200 97145 "-" "meta-externalagent/1.1 (+https://developers.facebook.com/docs/sharing/webmasters/crawler)" 809 **0/809852**
74.7.241.15 - - [14/Mar/2026:05:37:31 -0700] "GET /?path=//opt/alt/tests/alt-php84-pecl-leveldb_0.3.0-1.el8 HTTP/2.0" 200 2582 "https://thebettingexchange.in/?path=//opt/alt/tests" "Mozilla/5.0 AppleWebKit/537.36 (KHTML, like Gecko; compatible; GPTBot/1.3; +https://openai.com/gptbot)" 478 **0/478006**
57.141.2.9 - - [14/Mar/2026:05:37:31 -0700] "GET /items/1102094928 HTTP/2.0" 200 97145 "-" "meta-externalagent/1.1 (+https://developers.facebook.com/docs/sharing/webmasters/crawler)" 829 **0/829605**
74.7.241.15 - - [14/Mar/2026:05:37:32 -0700] "GET /?path=//opt/alt/tests/alt-php73-pecl-leveldb_0.3.0-1.el8 HTTP/2.0" 200 2582 "https://thebettingexchange.in/?path=//opt/alt/tests" "Mozilla/5.0 AppleWebKit/537.36 (KHTML, like Gecko; compatible; GPTBot/1.3; +https://openai.com/gptbot)" 481 **0/481192**
57.141.2.35 - - [14/Mar/2026:05:37:32 -0700] "GET /items/3720798582 HTTP/2.0" 200 97145 "-" "meta-externalagent/1.1 (+https://developers.facebook.com/docs/sharing/webmasters/crawler)" 896 **0/896867**
57.141.2.10 - - [14/Mar/2026:05:37:32 -0700] "GET /items/205270272 HTTP/2.0" 200 97145 "-" "meta-externalagent/1.1 (+https://developers.facebook.com/docs/sharing/webmasters/crawler)" 840 **0/840527**
74.7.241.15 - - [14/Mar/2026:05:37:33 -0700] "GET /?path=//opt/alt/tests/alt-php72-pecl-gmagick_2.0.6-1.RC1.el8/tests HTTP/2.0" 200 8410 "https://thebettingexchange.in/?path=//opt/alt/tests/alt-php72-pecl-gmagick_2.0.6-1.RC1.el8" "Mozilla/5.0 AppleWebKit/537.36 (KHTML, like Gecko; compatible; GPTBot/1.3; +https://openai.com/gptbot)" 486 **0/486582**
85.208.96.194 - - [14/Mar/2026:05:37:33 -0700] "GET /robots.txt HTTP/1.1" 200 99 "-" "Mozilla/5.0 (compatible; SemrushBot/7~bl; +http://www.semrush.com/bot.html)" 7 **0/7700**
57.141.2.61 - - [14/Mar/2026:05:37:33 -0700] "GET /items/2385503382 HTTP/2.0" 200 97145 "-" "meta-externalagent/1.1 (+https://developers.facebook.com/docs/sharing/webmasters/crawler)" 845 **0/845853**
74.7.241.15 - - [14/Mar/2026:05:37:33 -0700] "GET /?path=//opt/alt/tests/alt-php83-pecl-gmagick_2.0.6-1.RC1.el8/tests HTTP/2.0" 200 8410 "https://thebettingexchange.in/?path=//opt/alt/tests/alt-php83-pecl-gmagick_2.0.6-1.RC1.el8" "Mozilla/5.0 AppleWebKit/537.36 (KHTML, like Gecko; compatible; GPTBot/1.3; +https://openai.com/gptbot)" 495 **0/495755**
57.141.2.20 - - [14/Mar/2026:05:37:33 -0700] "GET /items/2751695195 HTTP/2.0" 403 97145 "-" "meta-externalagent/1.1 (+https://developers.facebook.com/docs/sharing/webmasters/crawler)" 851 **0/851945**
57.141.2.27 - - [14/Mar/2026:05:37:34 -0700] "GET /items/2555701993 HTTP/2.0" 403 97145 "-" "meta-externalagent/1.1 (+https://developers.facebook.com/docs/sharing/webmasters/crawler)" 843 **0/843371**
74.7.241.15 - - [14/Mar/2026:05:37:34 -0700] "GET /?path=//opt/alt/tests/alt-php70-pecl-gmagick_2.0.6-1.RC1.el8/tests HTTP/2.0" 200 8410 "https://thebettingexchange.in/?path=//opt/alt/tests/alt-php70-pecl-gmagick_2.0.6-1.RC1.el8" "Mozilla/5.0 AppleWebKit/537.36 (KHTML, like Gecko; compatible; GPTBot/1.3; +https://openai.com/gptbot)" 522 **0/522046**
57.141.2.22 - - [14/Mar/2026:05:37:34 -0700] "GET /items/2417745019 HTTP/2.0" 403 97145 "-" "meta-externalagent/1.1 (+https://developers.facebook.com/docs/sharing/webmasters/crawler)" 842 **0/842800**
185.191.171.4 - - [14/Mar/2026:05:37:34 -0700] "GET /may-possibly-not-screen-so-it-or-other-websites-precisely/ HTTP/1.1" 200 4874 "-" "Mozilla/5.0 (compatible; SemrushBot/7~bl; +http://www.semrush.com/bot.html)" 482 **0/482420**
57.141.2.67 - - [14/Mar/2026:05:37:35 -0700] "GET /items/2751349853 HTTP/2.0" 403 97145 "-" "meta-externalagent/1.1 (+https://developers.facebook.com/docs/sharing/webmasters/crawler)" 847 **0/847414**
74.7.241.15 - - [14/Mar/2026:05:37:35 -0700] "GET /?path=//opt/alt/tests/alt-php84-pecl-gmagick_2.0.6-1.RC1.el8/tests HTTP/2.0" 200 8410 "https://thebettingexchange.in/?path=//opt/alt/tests/alt-php84-pecl-gmagick_2.0.6-1.RC1.el8" "Mozilla/5.0 AppleWebKit/537.36 (KHTML, like Gecko; compatible; GPTBot/1.3; +https://openai.com/gptbot)" 502 **0/502581**
57.141.2.63 - - [14/Mar/2026:05:37:35 -0700] "GET /items/4204552022 HTTP/2.0" 403 97145 "-" "meta-externalagent/1.1 (+https://developers.facebook.com/docs/sharing/webmasters/crawler)" 835 **0/835121**
57.141.2.63 - - [14/Mar/2026:05:37:35 -0700] "GET /items/3964565167 HTTP/2.0" 403 97145 "-" "meta-externalagent/1.1 (+https://developers.facebook.com/docs/sharing/webmasters/crawler)" 848 **0/848354**
74.7.241.15 - - [14/Mar/2026:05:37:36 -0700] "GET /?fileloc=//opt/alt/tests/alt-php54-pecl-gmagick_1.1.7-1.RC3.el8/tests/gmagick-060-haspreviousimage.phpt&path=//opt/alt/tests/alt-php54-pecl-gmagick_1.1.7-1.RC3.el8/tests HTTP/2.0" 200 2498 "https://thebettingexchange.in/?path=//opt/alt/tests/alt-php54-pecl-gmagick_1.1.7-1.RC3.el8/tests" "Mozilla/5.0 AppleWebKit/537.36 (KHTML, like Gecko; compatible; GPTBot/1.3; +https://openai.com/gptbot)" 532 **0/532677**
57.141.2.10 - - [14/Mar/2026:05:37:36 -0700] "GET /items/1784405900 HTTP/2.0" 403 97145 "-" "meta-externalagent/1.1 (+https://developers.facebook.com/docs/sharing/webmasters/crawler)" 833 **0/833263**
74.7.241.15 - - [14/Mar/2026:05:37:37 -0700] "GET /?fileloc=//opt/alt/tests/alt-php56-pecl-gmagick_1.1.7-1.RC3.el8/tests/gmagickdraw-006-setfillcolor_getfillcolor.phpt&path=//opt/alt/tests/alt-php56-pecl-gmagick_1.1.7-1.RC3.el8/tests HTTP/2.0" 200 2580 "https://thebettingexchange.in/?path=//opt/alt/tests/alt-php56-pecl-gmagick_1.1.7-1.RC3.el8/tests" "Mozilla/5.0 AppleWebKit/537.36 (KHTML, like Gecko; compatible; GPTBot/1.3; +https://openai.com/gptbot)" 497 **0/497297**
57.141.2.57 - - [14/Mar/2026:05:37:37 -0700] "GET /items/1772404543 HTTP/2.0" 403 97145 "-" "meta-externalagent/1.1 (+https://developers.facebook.com/docs/sharing/webmasters/crawler)" 822 **0/822337**
57.141.2.57 - - [14/Mar/2026:05:37:37 -0700] "GET /items/3947257499 HTTP/2.0" 403 97145 "-" "meta-externalagent/1.1 (+https://developers.facebook.com/docs/sharing/webmasters/crawler)" 835 **0/835417**
74.7.241.15 - - [14/Mar/2026:05:37:37 -0700] "GET /?fileloc=//opt/alt/tests/alt-php54-pecl-gmagick_1.1.7-1.RC3.el8/tests/gmagick-008-addimage.phpt&path=//opt/alt/tests/alt-php54-pecl-gmagick_1.1.7-1.RC3.el8/tests HTTP/2.0" 200 2506 "https://thebettingexchange.in/?path=//opt/alt/tests/alt-php54-pecl-gmagick_1.1.7-1.RC3.el8/tests" "Mozilla/5.0 AppleWebKit/537.36 (KHTML, like Gecko; compatible; GPTBot/1.3; +https://openai.com/gptbot)" 478 **0/478878**
57.141.2.57 - - [14/Mar/2026:05:37:38 -0700] "GET /items/2905250748 HTTP/2.0" 403 97145 "-" "meta-externalagent/1.1 (+https://developers.facebook.com/docs/sharing/webmasters/crawler)" 849 **0/849496**
74.7.241.15 - - [14/Mar/2026:05:37:38 -0700] "GET /?fileloc=//opt/alt/tests/alt-php56-pecl-gmagick_1.1.7-1.RC3.el8/tests/gmagick-030-getimagecolors.phpt&path=//opt/alt/tests/alt-php56-pecl-gmagick_1.1.7-1.RC3.el8/tests HTTP/2.0" 200 2498 "https://thebettingexchange.in/?path=//opt/alt/tests/alt-php56-pecl-gmagick_1.1.7-1.RC3.el8/tests" "Mozilla/5.0 AppleWebKit/537.36 (KHTML, like Gecko; compatible; GPTBot/1.3; +https://openai.com/gptbot)" 485 **0/485601**
57.141.2.35 - - [14/Mar/2026:05:37:38 -0700] "GET /items/2726068035 HTTP/2.0" 403 97145 "-" "meta-externalagent/1.1 (+https://developers.facebook.com/docs/sharing/webmasters/crawler)" 857 **0/857803**
57.141.2.38 - - [14/Mar/2026:05:37:39 -0700] "GET /items/2981770086 HTTP/2.0" 403 97145 "-" "meta-externalagent/1.1 (+https://developers.facebook.com/docs/sharing/webmasters/crawler)" 845 **0/845883**
74.7.241.15 - - [14/Mar/2026:05:37:39 -0700] "GET /?fileloc=//opt/alt/tests/alt-php56-pecl-gmagick_1.1.7-1.RC3.el8/tests/gmagick-006-annotateimage.phpt&path=//opt/alt/tests/alt-php56-pecl-gmagick_1.1.7-1.RC3.el8/tests HTTP/2.0" 200 2573 "https://thebettingexchange.in/?path=//opt/alt/tests/alt-php56-pecl-gmagick_1.1.7-1.RC3.el8/tests" "Mozilla/5.0 AppleWebKit/537.36 (KHTML, like Gecko; compatible; GPTBot/1.3; +https://openai.com/gptbot)" 486 **0/486294**
57.141.2.21 - - [14/Mar/2026:05:37:39 -0700] "GET /items/1724229554 HTTP/2.0" 403 97145 "-" "meta-externalagent/1.1 (+https://developers.facebook.com/docs/sharing/webmasters/crawler)" 842 **0/842140**
74.7.241.15 - - [14/Mar/2026:05:37:40 -0700] "GET /?fileloc=//opt/alt/tests/alt-php54-pecl-gmagick_1.1.7-1.RC3.el8/tests/gmagick-042-set_getimageiterations.phpt&path=//opt/alt/tests/alt-php54-pecl-gmagick_1.1.7-1.RC3.el8/tests HTTP/2.0" 200 2512 "https://thebettingexchange.in/?path=//opt/alt/tests/alt-php54-pecl-gmagick_1.1.7-1.RC3.el8/tests" "Mozilla/5.0 AppleWebKit/537.36 (KHTML, like Gecko; compatible; GPTBot/1.3; +https://openai.com/gptbot)" 487 **0/487647**
57.141.2.41 - - [14/Mar/2026:05:37:40 -0700] "GET /items/4234217768 HTTP/2.0" 403 97145 "-" "meta-externalagent/1.1 (+https://developers.facebook.com/docs/sharing/webmasters/crawler)" 893 **0/893569**
57.141.2.49 - - [14/Mar/2026:05:37:40 -0700] "GET /items/3035501971 HTTP/2.0" 403 97145 "-" "meta-externalagent/1.1 (+https://developers.facebook.com/docs/sharing/webmasters/crawler)" 834 **0/834227**
57.141.2.29 - - [14/Mar/2026:05:37:40 -0700] "GET /items/3232387796 HTTP/2.0" 403 97145 "-" "meta-externalagent/1.1 (+https://developers.facebook.com/docs/sharing/webmasters/crawler)" 834 **0/834103**
74.7.241.15 - - [14/Mar/2026:05:37:41 -0700] "GET /?fileloc=//opt/alt/tests/alt-php71-pecl-gmagick_2.0.6-1.RC1.el8/tests/gmagick-048-getimagesignature.phpt&path=//opt/alt/tests/alt-php71-pecl-gmagick_2.0.6-1.RC1.el8/tests HTTP/2.0" 200 2547 "https://thebettingexchange.in/?path=//opt/alt/tests/alt-php71-pecl-gmagick_2.0.6-1.RC1.el8/tests" "Mozilla/5.0 AppleWebKit/537.36 (KHTML, like Gecko; compatible; GPTBot/1.3; +https://openai.com/gptbot)" 503 **0/503100**
74.7.241.15 - - [14/Mar/2026:05:37:41 -0700] "GET /?fileloc=//opt/alt/tests/alt-php72-pecl-gmagick_2.0.6-1.RC1.el8/tests/gmagick-067-minifyimage.phpt&path=//opt/alt/tests/alt-php72-pecl-gmagick_2.0.6-1.RC1.el8/tests HTTP/2.0" 200 2494 "https://thebettingexchange.in/?path=//opt/alt/tests/alt-php72-pecl-gmagick_2.0.6-1.RC1.el8/tests" "Mozilla/5.0 AppleWebKit/537.36 (KHTML, like Gecko; compatible; GPTBot/1.3; +https://openai.com/gptbot)" 478 **0/478914**
57.141.2.22 - - [14/Mar/2026:05:37:41 -0700] "GET /items/359591214 HTTP/2.0" 403 97145 "-" "meta-externalagent/1.1 (+https://developers.facebook.com/docs/sharing/webmasters/crawler)" 809 **0/809446**
57.141.2.61 - - [14/Mar/2026:05:37:41 -0700] "GET /items/206697632 HTTP/2.0" 403 97145 "-" "meta-externalagent/1.1 (+https://developers.facebook.com/docs/sharing/webmasters/crawler)" 863 **0/863462**
57.141.2.8 - - [14/Mar/2026:05:37:42 -0700] "GET /items/183141511 HTTP/2.0" 403 97145 "-" "meta-externalagent/1.1 (+https://developers.facebook.com/docs/sharing/webmasters/crawler)" 824 **0/824104**
74.7.241.15 - - [14/Mar/2026:05:37:42 -0700] "GET /?fileloc=//opt/alt/tests/alt-php83-pecl-gmagick_2.0.6-1.RC1.el8/tests/gmagick-077-cropthumbnail.phpt&path=//opt/alt/tests/alt-php83-pecl-gmagick_2.0.6-1.RC1.el8/tests HTTP/2.0" 200 3046 "https://thebettingexchange.in/?path=//opt/alt/tests/alt-php83-pecl-gmagick_2.0.6-1.RC1.el8/tests" "Mozilla/5.0 AppleWebKit/537.36 (KHTML, like Gecko; compatible; GPTBot/1.3; +https://openai.com/gptbot)" 487 **0/487948**
57.141.2.70 - - [14/Mar/2026:05:37:42 -0700] "GET /items/3146173024 HTTP/2.0" 403 97145 "-" "meta-externalagent/1.1 (+https://developers.facebook.com/docs/sharing/webmasters/crawler)" 836 **0/836452**
74.7.241.15 - - [14/Mar/2026:05:37:43 -0700] "GET /?fileloc=//opt/alt/tests/alt-php83-pecl-gmagick_2.0.6-1.RC1.el8/tests/gmagick-090-setimage.phpt&path=//opt/alt/tests/alt-php83-pecl-gmagick_2.0.6-1.RC1.el8/tests HTTP/2.0" 200 2502 "https://thebettingexchange.in/?path=//opt/alt/tests/alt-php83-pecl-gmagick_2.0.6-1.RC1.el8/tests" "Mozilla/5.0 AppleWebKit/537.36 (KHTML, like Gecko; compatible; GPTBot/1.3; +https://openai.com/gptbot)" 483 **0/483907**
57.141.2.15 - - [14/Mar/2026:05:37:43 -0700] "GET /items/3988867143 HTTP/2.0" 403 97145 "-" "meta-externalagent/1.1 (+https://developers.facebook.com/docs/sharing/webmasters/crawler)" 848 **0/848889**
74.7.241.15 - - [14/Mar/2026:05:37:44 -0700] "GET /?fileloc=//opt/alt/tests/alt-php84-pecl-gmagick_2.0.6-1.RC1.el8/tests/gmagick-013-commentimage.phpt&path=//opt/alt/tests/alt-php84-pecl-gmagick_2.0.6-1.RC1.el8/tests HTTP/2.0" 200 2497 "https://thebettingexchange.in/?path=//opt/alt/tests/alt-php84-pecl-gmagick_2.0.6-1.RC1.el8/tests" "Mozilla/5.0 AppleWebKit/537.36 (KHTML, like Gecko; compatible; GPTBot/1.3; +https://openai.com/gptbot)" 486 **0/486484**
57.141.2.59 - - [14/Mar/2026:05:37:44 -0700] "GET /items/2512139836 HTTP/2.0" 403 97145 "-" "meta-externalagent/1.1 (+https://developers.facebook.com/docs/sharing/webmasters/crawler)" 816 **0/816262**
57.141.2.45 - - [14/Mar/2026:05:37:44 -0700] "GET /items/3380142478 HTTP/2.0" 403 97145 "-" "meta-externalagent/1.1 (+https://developers.facebook.com/docs/sharing/webmasters/crawler)" 822 **0/822700**
74.7.241.15 - - [14/Mar/2026:05:37:45 -0700] "GET /?fileloc=//opt/alt/tests/alt-php83-pecl-gmagick_2.0.6-1.RC1.el8/tests/gmagick-073-profileimage.phpt&path=//opt/alt/tests/alt-php83-pecl-gmagick_2.0.6-1.RC1.el8/tests HTTP/2.0" 200 2505 "https://thebettingexchange.in/?path=//opt/alt/tests/alt-php83-pecl-gmagick_2.0.6-1.RC1.el8/tests" "Mozilla/5.0 AppleWebKit/537.36 (KHTML, like Gecko; compatible; GPTBot/1.3; +https://openai.com/gptbot)" 522 **0/522259**
57.141.2.49 - - [14/Mar/2026:05:37:45 -0700] "GET /items/266578233 HTTP/2.0" 403 97145 "-" "meta-externalagent/1.1 (+https://developers.facebook.com/docs/sharing/webmasters/crawler)" 880 **0/880165**
57.141.2.59 - - [14/Mar/2026:05:37:45 -0700] "GET /items/2313583628 HTTP/2.0" 403 97145 "-" "meta-externalagent/1.1 (+https://developers.facebook.com/docs/sharing/webmasters/crawler)" 834 **0/834381**
74.7.241.15 - - [14/Mar/2026:05:37:45 -0700] "GET /?fileloc=//opt/alt/tests/alt-php84-pecl-gmagick_2.0.6-1.RC1.el8/tests/gmagick-085-stripimage.phpt&path=//opt/alt/tests/alt-php84-pecl-gmagick_2.0.6-1.RC1.el8/tests HTTP/2.0" 200 2491 "https://thebettingexchange.in/?path=//opt/alt/tests/alt-php84-pecl-gmagick_2.0.6-1.RC1.el8/tests" "Mozilla/5.0 AppleWebKit/537.36 (KHTML, like Gecko; compatible; GPTBot/1.3; +https://openai.com/gptbot)" 481 **0/481742**
57.141.2.49 - - [14/Mar/2026:05:37:46 -0700] "GET /items/2359227946 HTTP/2.0" 403 97145 "-" "meta-externalagent/1.1 (+https://developers.facebook.com/docs/sharing/webmasters/crawler)" 848 **0/848005**
57.141.2.53 - - [14/Mar/2026:05:37:46 -0700] "GET /items/3975756395 HTTP/2.0" 403 97145 "-" "meta-externalagent/1.1 (+https://developers.facebook.com/docs/sharing/webmasters/crawler)" 834 **0/834590**
74.7.241.15 - - [14/Mar/2026:05:37:46 -0700] "GET /?fileloc=//opt/alt/tests/alt-php70-pecl-gmagick_2.0.6-1.RC1.el8/tests/gmagickpixel-004-clone.phpt&path=//opt/alt/tests/alt-php70-pecl-gmagick_2.0.6-1.RC1.el8/tests HTTP/2.0" 200 2459 "https://thebettingexchange.in/?path=//opt/alt/tests/alt-php70-pecl-gmagick_2.0.6-1.RC1.el8/tests" "Mozilla/5.0 AppleWebKit/537.36 (KHTML, like Gecko; compatible; GPTBot/1.3; +https://openai.com/gptbot)" 493 **0/493502**
57.141.2.30 - - [14/Mar/2026:05:37:46 -0700] "GET /items/1027860568 HTTP/2.0" 403 97145 "-" "meta-externalagent/1.1 (+https://developers.facebook.com/docs/sharing/webmasters/crawler)" 868 **0/868004**
74.7.241.15 - - [14/Mar/2026:05:37:47 -0700] "GET /?path=//opt/alt/tests/alt-php80-pecl-msgpack_2.2.0-1.el8/tests HTTP/2.0" 200 4631 "https://thebettingexchange.in/?path=//opt/alt/tests/alt-php80-pecl-msgpack_2.2.0-1.el8" "Mozilla/5.0 AppleWebKit/537.36 (KHTML, like Gecko; compatible; GPTBot/1.3; +https://openai.com/gptbot)" 553 **0/553700**
57.141.2.44 - - [14/Mar/2026:05:37:47 -0700] "GET /items/2164616003 HTTP/2.0" 403 97145 "-" "meta-externalagent/1.1 (+https://developers.facebook.com/docs/sharing/webmasters/crawler)" 864 **0/864095**
74.7.241.15 - - [14/Mar/2026:05:37:48 -0700] "GET /?path=//opt/alt/tests/alt-php83-pecl-leveldb_0.3.0-1.el8/tests HTTP/2.0" 200 3330 "https://thebettingexchange.in/?path=//opt/alt/tests/alt-php83-pecl-leveldb_0.3.0-1.el8" "Mozilla/5.0 AppleWebKit/537.36 (KHTML, like Gecko; compatible; GPTBot/1.3; +https://openai.com/gptbot)" 486 **0/486717**
185.191.171.19 - - [14/Mar/2026:05:37:48 -0700] "GET /seriose-lotto-drawing-anbieter-%EF%BF%BD-wo-spielt-male-am-besten-moglich-drawing/ HTTP/1.1" 200 4874 "-" "Mozilla/5.0 (compatible; SemrushBot/7~bl; +http://www.semrush.com/bot.html)" 483 **0/483926**
57.141.2.25 - - [14/Mar/2026:05:37:48 -0700] "GET /items/4019560085 HTTP/2.0" 403 97145 "-" "meta-externalagent/1.1 (+https://developers.facebook.com/docs/sharing/webmasters/crawler)" 843 **0/843242**
57.141.2.39 - - [14/Mar/2026:05:37:48 -0700] "GET /items/177340640 HTTP/2.0" 403 97145 "-" "meta-externalagent/1.1 (+https://developers.facebook.com/docs/sharing/webmasters/crawler)" 832 **0/832196**
74.7.241.15 - - [14/Mar/2026:05:37:49 -0700] "GET /?path=//opt/alt/tests/alt-php73-pecl-leveldb_0.3.0-1.el8/tests HTTP/2.0" 200 3330 "https://thebettingexchange.in/?path=//opt/alt/tests/alt-php73-pecl-leveldb_0.3.0-1.el8" "Mozilla/5.0 AppleWebKit/537.36 (KHTML, like Gecko; compatible; GPTBot/1.3; +https://openai.com/gptbot)" 481 **0/481519**
213.180.203.9 - - [14/Mar/2026:05:37:49 -0700] "GET /unesplosione-di-giochi-la-scaffale-di-malina-trambusto-italia/ HTTP/1.1" 200 4874 "-" "Mozilla/5.0 (compatible; YandexBot/3.0; +http://yandex.com/bots)" 487 **0/487033**
57.141.2.27 - - [14/Mar/2026:05:37:48 -0700] "GET /items/404365486 HTTP/2.0" 403 97145 "-" "meta-externalagent/1.1 (+https://developers.facebook.com/docs/sharing/webmasters/crawler)" 874 **0/874130**
74.7.241.15 - - [14/Mar/2026:05:37:49 -0700] "GET /?path=//opt/alt/tests/alt-php84-pecl-leveldb_0.3.0-1.el8/tests HTTP/2.0" 200 3330 "https://thebettingexchange.in/?path=//opt/alt/tests/alt-php84-pecl-leveldb_0.3.0-1.el8" "Mozilla/5.0 AppleWebKit/537.36 (KHTML, like Gecko; compatible; GPTBot/1.3; +https://openai.com/gptbot)" 503 **0/503307**
57.141.2.45 - - [14/Mar/2026:05:37:49 -0700] "GET /items/1258747258 HTTP/2.0" 403 97145 "-" "meta-externalagent/1.1 (+https://developers.facebook.com/docs/sharing/webmasters/crawler)" 849 **0/849994**
57.141.2.20 - - [14/Mar/2026:05:37:49 -0700] "GET /items/2404192915 HTTP/2.0" 403 97145 "-" "meta-externalagent/1.1 (+https://developers.facebook.com/docs/sharing/webmasters/crawler)" 886 **0/886350**
74.7.241.15 - - [14/Mar/2026:05:37:50 -0700] "GET /?path=//opt/alt/tests/alt-php82-pecl-leveldb_0.3.0-1.el8 HTTP/2.0" 200 2581 "https://thebettingexchange.in/?path=//opt/alt/tests" "Mozilla/5.0 AppleWebKit/537.36 (KHTML, like Gecko; compatible; GPTBot/1.3; +https://openai.com/gptbot)" 518 **0/518985**
57.141.2.11 - - [14/Mar/2026:05:37:50 -0700] "GET /items/4068923145 HTTP/2.0" 403 97145 "-" "meta-externalagent/1.1 (+https://developers.facebook.com/docs/sharing/webmasters/crawler)" 878 **0/878733**
57.141.2.40 - - [14/Mar/2026:05:37:50 -0700] "GET /items/2504558430 HTTP/2.0" 403 97145 "-" "meta-externalagent/1.1 (+https://developers.facebook.com/docs/sharing/webmasters/crawler)" 838 **0/838329**
74.7.241.15 - - [14/Mar/2026:05:37:51 -0700] "GET /?path=//opt/alt/tests/alt-php81-pecl-leveldb_0.3.0-1.el8 HTTP/2.0" 200 2581 "https://thebettingexchange.in/?path=//opt/alt/tests" "Mozilla/5.0 AppleWebKit/537.36 (KHTML, like Gecko; compatible; GPTBot/1.3; +https://openai.com/gptbot)" 506 **0/506731**
57.141.2.49 - - [14/Mar/2026:05:37:51 -0700] "GET /items/2577777138 HTTP/2.0" 403 97145 "-" "meta-externalagent/1.1 (+https://developers.facebook.com/docs/sharing/webmasters/crawler)" 844 **0/844872**
74.7.241.15 - - [14/Mar/2026:05:37:52 -0700] "GET /?path=//opt/alt/tests/alt-php81-pecl-msgpack_2.2.0-1.el8 HTTP/2.0" 200 2583 "https://thebettingexchange.in/?path=//opt/alt/tests" "Mozilla/5.0 AppleWebKit/537.36 (KHTML, like Gecko; compatible; GPTBot/1.3; +https://openai.com/gptbot)" 482 **0/482996**
57.141.2.22 - - [14/Mar/2026:05:37:52 -0700] "GET /items/96038775 HTTP/2.0" 403 97145 "-" "meta-externalagent/1.1 (+https://developers.facebook.com/docs/sharing/webmasters/crawler)" 857 **0/857225**
57.141.2.12 - - [14/Mar/2026:05:37:52 -0700] "GET /items/2668456035 HTTP/2.0" 403 97145 "-" "meta-externalagent/1.1 (+https://developers.facebook.com/docs/sharing/webmasters/crawler)" 832 **0/832594**
74.7.241.15 - - [14/Mar/2026:05:37:53 -0700] "GET /?path=//opt/alt/tests/alt-php82-pecl-msgpack_2.2.0-1.el8 HTTP/2.0" 200 2583 "https://thebettingexchange.in/?path=//opt/alt/tests" "Mozilla/5.0 AppleWebKit/537.36 (KHTML, like Gecko; compatible; GPTBot/1.3; +https://openai.com/gptbot)" 478 **0/478805**
57.141.2.49 - - [14/Mar/2026:05:37:52 -0700] "GET /items/3328893587 HTTP/2.0" 403 97145 "-" "meta-externalagent/1.1 (+https://developers.facebook.com/docs/sharing/webmasters/crawler)" 834 **0/834488**
74.7.241.15 - - [14/Mar/2026:05:37:53 -0700] "GET /?path=//opt/alt/tests/alt-php82-pecl-http_4.2.6-4.el8/tests/data HTTP/2.0" 200 2872 "https://thebettingexchange.in/?path=//opt/alt/tests/alt-php82-pecl-http_4.2.6-4.el8/tests" "Mozilla/5.0 AppleWebKit/537.36 (KHTML, like Gecko; compatible; GPTBot/1.3; +https://openai.com/gptbot)" 489 **0/489629**
57.141.2.26 - - [14/Mar/2026:05:37:53 -0700] "GET /items/2013097033 HTTP/2.0" 403 97145 "-" "meta-externalagent/1.1 (+https://developers.facebook.com/docs/sharing/webmasters/crawler)" 834 **0/834677**
57.141.2.16 - - [14/Mar/2026:05:37:53 -0700] "GET /items/3442263451 HTTP/2.0" 403 97145 "-" "meta-externalagent/1.1 (+https://developers.facebook.com/docs/sharing/webmasters/crawler)" 827 **0/827261**
57.141.2.11 - - [14/Mar/2026:05:37:54 -0700] "GET /items/58955146 HTTP/2.0" 403 97145 "-" "meta-externalagent/1.1 (+https://developers.facebook.com/docs/sharing/webmasters/crawler)" 821 **0/821690**
74.7.241.15 - - [14/Mar/2026:05:37:54 -0700] "GET /?path=//opt/alt/tests/alt-php80-pecl-http_4.2.6-4.el8/tests/data HTTP/2.0" 200 2871 "https://thebettingexchange.in/?path=//opt/alt/tests/alt-php80-pecl-http_4.2.6-4.el8/tests" "Mozilla/5.0 AppleWebKit/537.36 (KHTML, like Gecko; compatible; GPTBot/1.3; +https://openai.com/gptbot)" 495 **0/495679**
57.141.2.29 - - [14/Mar/2026:05:37:55 -0700] "GET /items/2265090860 HTTP/2.0" 403 97145 "-" "meta-externalagent/1.1 (+https://developers.facebook.com/docs/sharing/webmasters/crawler)" 848 **0/848005**
74.7.241.15 - - [14/Mar/2026:05:37:55 -0700] "GET /?path=//opt/alt/tests/alt-php83-pecl-http_4.2.6-4.el8/tests/data HTTP/2.0" 200 2871 "https://thebettingexchange.in/?path=//opt/alt/tests/alt-php83-pecl-http_4.2.6-4.el8/tests" "Mozilla/5.0 AppleWebKit/537.36 (KHTML, like Gecko; compatible; GPTBot/1.3; +https://openai.com/gptbot)" 507 **0/507001**
57.141.2.59 - - [14/Mar/2026:05:37:55 -0700] "GET /items/2581790997 HTTP/2.0" 403 97145 "-" "meta-externalagent/1.1 (+https://developers.facebook.com/docs/sharing/webmasters/crawler)" 880 **0/880425**
74.7.241.15 - - [14/Mar/2026:05:37:56 -0700] "GET /?fileloc=//opt/alt/tests/alt-php80-pecl-msgpack_2.2.0-1.el8/tests/issue094.phpt&path=//opt/alt/tests/alt-php80-pecl-msgpack_2.2.0-1.el8/tests HTTP/2.0" 200 2646 "https://thebettingexchange.in/?path=//opt/alt/tests/alt-php80-pecl-msgpack_2.2.0-1.el8/tests" "Mozilla/5.0 AppleWebKit/537.36 (KHTML, like Gecko; compatible; GPTBot/1.3; +https://openai.com/gptbot)" 503 **0/503783**
57.141.2.52 - - [14/Mar/2026:05:37:56 -0700] "GET /items/3721537018 HTTP/2.0" 403 97145 "-" "meta-externalagent/1.1 (+https://developers.facebook.com/docs/sharing/webmasters/crawler)" 845 **0/845147**
57.141.2.8 - - [14/Mar/2026:05:37:56 -0700] "GET /items/2674988881 HTTP/2.0" 403 97145 "-" "meta-externalagent/1.1 (+https://developers.facebook.com/docs/sharing/webmasters/crawler)" 833 **0/833798**
74.7.241.15 - - [14/Mar/2026:05:37:57 -0700] "GET /?path=//opt/alt/tests/alt-php72-pecl-http_3.3.0-1.el8/tests/data HTTP/2.0" 200 2870 "https://thebettingexchange.in/?path=//opt/alt/tests/alt-php72-pecl-http_3.3.0-1.el8/tests" "Mozilla/5.0 AppleWebKit/537.36 (KHTML, like Gecko; compatible; GPTBot/1.3; +https://openai.com/gptbot)" 494 **0/494535**
57.141.2.8 - - [14/Mar/2026:05:37:57 -0700] "GET /items/3190814031 HTTP/2.0" 403 97145 "-" "meta-externalagent/1.1 (+https://developers.facebook.com/docs/sharing/webmasters/crawler)" 852 **0/852720**
57.141.2.36 - - [14/Mar/2026:05:37:57 -0700] "GET /items/2927358957 HTTP/2.0" 403 97145 "-" "meta-externalagent/1.1 (+https://developers.facebook.com/docs/sharing/webmasters/crawler)" 861 **0/861314**
74.7.241.15 - - [14/Mar/2026:05:37:57 -0700] "GET /?path=//opt/alt/tests/alt-php84-pecl-http_4.2.6-4.el8/tests/data HTTP/2.0" 200 2871 "https://thebettingexchange.in/?path=//opt/alt/tests/alt-php84-pecl-http_4.2.6-4.el8/tests" "Mozilla/5.0 AppleWebKit/537.36 (KHTML, like Gecko; compatible; GPTBot/1.3; +https://openai.com/gptbot)" 493 **0/493510**
57.141.2.6 - - [14/Mar/2026:05:37:57 -0700] "GET /items/62687964 HTTP/2.0" 403 97145 "-" "meta-externalagent/1.1 (+https://developers.facebook.com/docs/sharing/webmasters/crawler)" 849 **0/849856**
57.141.2.45 - - [14/Mar/2026:05:37:58 -0700] "GET /items/2033462256 HTTP/2.0" 403 97145 "-" "meta-externalagent/1.1 (+https://developers.facebook.com/docs/sharing/webmasters/crawler)" 831 **0/831093**
74.7.241.15 - - [14/Mar/2026:05:37:58 -0700] "GET /?path=//opt/alt/tests/alt-php74-pecl-http_3.3.0-1.el8/tests/data HTTP/2.0" 200 2870 "https://thebettingexchange.in/?path=//opt/alt/tests/alt-php74-pecl-http_3.3.0-1.el8/tests" "Mozilla/5.0 AppleWebKit/537.36 (KHTML, like Gecko; compatible; GPTBot/1.3; +https://openai.com/gptbot)" 483 **0/483785**
57.141.2.57 - - [14/Mar/2026:05:37:59 -0700] "GET /items/1310994048 HTTP/2.0" 403 97145 "-" "meta-externalagent/1.1 (+https://developers.facebook.com/docs/sharing/webmasters/crawler)" 858 **0/858223**
74.7.241.15 - - [14/Mar/2026:05:37:59 -0700] "GET /?path=//opt/alt/tests/alt-php82-pecl-leveldb_0.3.0-1.el8/tests HTTP/2.0" 200 3330 "https://thebettingexchange.in/?path=//opt/alt/tests/alt-php82-pecl-leveldb_0.3.0-1.el8" "Mozilla/5.0 AppleWebKit/537.36 (KHTML, like Gecko; compatible; GPTBot/1.3; +https://openai.com/gptbot)" 484 **0/484261**
57.141.2.12 - - [14/Mar/2026:05:37:59 -0700] "GET /items/1637400993 HTTP/2.0" 403 97145 "-" "meta-externalagent/1.1 (+https://developers.facebook.com/docs/sharing/webmasters/crawler)" 859 **0/859100**
74.7.241.15 - - [14/Mar/2026:05:38:00 -0700] "GET /?path=//opt/alt/tests/alt-php81-pecl-leveldb_0.3.0-1.el8/tests HTTP/2.0" 200 3330 "https://thebettingexchange.in/?path=//opt/alt/tests/alt-php81-pecl-leveldb_0.3.0-1.el8" "Mozilla/5.0 AppleWebKit/537.36 (KHTML, like Gecko; compatible; GPTBot/1.3; +https://openai.com/gptbot)" 502 **0/502067**
57.141.2.1 - - [14/Mar/2026:05:38:00 -0700] "GET /items/2050594348 HTTP/2.0" 403 97145 "-" "meta-externalagent/1.1 (+https://developers.facebook.com/docs/sharing/webmasters/crawler)" 849 **0/849555**
57.141.2.49 - - [14/Mar/2026:05:38:00 -0700] "GET /items/1539049638 HTTP/2.0" 403 97145 "-" "meta-externalagent/1.1 (+https://developers.facebook.com/docs/sharing/webmasters/crawler)" 860 **0/860966**
74.7.241.15 - - [14/Mar/2026:05:38:01 -0700] "GET /?path=//opt/alt/tests/alt-php81-pecl-msgpack_2.2.0-1.el8/tests HTTP/2.0" 200 4631 "https://thebettingexchange.in/?path=//opt/alt/tests/alt-php81-pecl-msgpack_2.2.0-1.el8" "Mozilla/5.0 AppleWebKit/537.36 (KHTML, like Gecko; compatible; GPTBot/1.3; +https://openai.com/gptbot)" 504 **0/504407**
57.141.2.49 - - [14/Mar/2026:05:38:01 -0700] "GET /items/492959400 HTTP/2.0" 403 97145 "-" "meta-externalagent/1.1 (+https://developers.facebook.com/docs/sharing/webmasters/crawler)" 841 **0/841190**
57.141.2.53 - - [14/Mar/2026:05:38:01 -0700] "GET /items/2464729273 HTTP/2.0" 403 97145 "-" "meta-externalagent/1.1 (+https://developers.facebook.com/docs/sharing/webmasters/crawler)" 874 **0/874162**
74.7.241.15 - - [14/Mar/2026:05:38:01 -0700] "GET /?path=//opt/alt/tests/alt-php82-pecl-msgpack_2.2.0-1.el8/tests HTTP/2.0" 200 4631 "https://thebettingexchange.in/?path=//opt/alt/tests/alt-php82-pecl-msgpack_2.2.0-1.el8" "Mozilla/5.0 AppleWebKit/537.36 (KHTML, like Gecko; compatible; GPTBot/1.3; +https://openai.com/gptbot)" 510 **0/510656**
57.141.2.44 - - [14/Mar/2026:05:38:02 -0700] "GET /items/3045423992 HTTP/2.0" 403 97145 "-" "meta-externalagent/1.1 (+https://developers.facebook.com/docs/sharing/webmasters/crawler)" 853 **0/853778**
74.7.241.15 - - [14/Mar/2026:05:38:02 -0700] "GET /?path=//opt/alt/tests/alt-php71-pecl-http_3.3.0-1.el8/tests/data HTTP/2.0" 200 2870 "https://thebettingexchange.in/?path=//opt/alt/tests/alt-php71-pecl-http_3.3.0-1.el8/tests" "Mozilla/5.0 AppleWebKit/537.36 (KHTML, like Gecko; compatible; GPTBot/1.3; +https://openai.com/gptbot)" 504 **0/504700**
57.141.2.62 - - [14/Mar/2026:05:38:02 -0700] "GET /items/2169591292 HTTP/2.0" 403 97145 "-" "meta-externalagent/1.1 (+https://developers.facebook.com/docs/sharing/webmasters/crawler)" 862 **0/862740**
57.141.2.35 - - [14/Mar/2026:05:38:02 -0700] "GET /items/1636129937 HTTP/2.0" 403 97145 "-" "meta-externalagent/1.1 (+https://developers.facebook.com/docs/sharing/webmasters/crawler)" 851 **0/851523**
74.7.241.15 - - [14/Mar/2026:05:38:03 -0700] "GET /?path=//opt/alt/tests/alt-php54-pecl-http_2.6.0-1.el8/tests/data HTTP/2.0" 200 2872 "https://thebettingexchange.in/?path=//opt/alt/tests/alt-php54-pecl-http_2.6.0-1.el8/tests" "Mozilla/5.0 AppleWebKit/537.36 (KHTML, like Gecko; compatible; GPTBot/1.3; +https://openai.com/gptbot)" 492 **0/492114**
57.141.2.41 - - [14/Mar/2026:05:38:03 -0700] "GET /items/3453802452 HTTP/2.0" 403 97145 "-" "meta-externalagent/1.1 (+https://developers.facebook.com/docs/sharing/webmasters/crawler)" 862 **0/862138**
57.141.2.35 - - [14/Mar/2026:05:38:03 -0700] "GET /items/275326330 HTTP/2.0" 403 97145 "-" "meta-externalagent/1.1 (+https://developers.facebook.com/docs/sharing/webmasters/crawler)" 824 **0/824020**
74.7.241.15 - - [14/Mar/2026:05:38:04 -0700] "GET /?fileloc=//opt/alt/tests/alt-php83-pecl-http_4.2.6-4.el8/tests/data/message_r_multipart_put.txt&path=//opt/alt/tests/alt-php83-pecl-http_4.2.6-4.el8/tests/data HTTP/2.0" 200 3504 "https://thebettingexchange.in/?path=//opt/alt/tests/alt-php83-pecl-http_4.2.6-4.el8/tests/data" "Mozilla/5.0 AppleWebKit/537.36 (KHTML, like Gecko; compatible; GPTBot/1.3; +https://openai.com/gptbot)" 497 **0/497983**
57.141.2.45 - - [14/Mar/2026:05:38:04 -0700] "GET /items/3148597206 HTTP/2.0" 403 97145 "-" "meta-externalagent/1.1 (+https://developers.facebook.com/docs/sharing/webmasters/crawler)" 852 **0/852832**
74.7.241.15 - - [14/Mar/2026:05:38:05 -0700] "GET /?path=//opt/alt/tests/alt-php70-pecl-http_3.3.0-1.el8/tests/data HTTP/2.0" 200 2870 "https://thebettingexchange.in/?path=//opt/alt/tests/alt-php70-pecl-http_3.3.0-1.el8/tests" "Mozilla/5.0 AppleWebKit/537.36 (KHTML, like Gecko; compatible; GPTBot/1.3; +https://openai.com/gptbot)" 481 **0/481660**
57.141.2.31 - - [14/Mar/2026:05:38:05 -0700] "GET /items/874367788 HTTP/2.0" 403 97145 "-" "meta-externalagent/1.1 (+https://developers.facebook.com/docs/sharing/webmasters/crawler)" 841 **0/841045**
57.141.2.32 - - [14/Mar/2026:05:38:05 -0700] "GET /items/719254778 HTTP/2.0" 403 97145 "-" "meta-externalagent/1.1 (+https://developers.facebook.com/docs/sharing/webmasters/crawler)" 840 **0/840854**
74.7.241.15 - - [14/Mar/2026:05:38:05 -0700] "GET /?path=//opt/alt/tests/alt-php56-pecl-http_2.6.0-1.el8/tests/data HTTP/2.0" 200 2872 "https://thebettingexchange.in/?path=//opt/alt/tests/alt-php56-pecl-http_2.6.0-1.el8/tests" "Mozilla/5.0 AppleWebKit/537.36 (KHTML, like Gecko; compatible; GPTBot/1.3; +https://openai.com/gptbot)" 484 **0/484116**
57.141.2.9 - - [14/Mar/2026:05:38:05 -0700] "GET /items/3223581805 HTTP/2.0" 403 97145 "-" "meta-externalagent/1.1 (+https://developers.facebook.com/docs/sharing/webmasters/crawler)" 825 **0/825196**
74.7.241.15 - - [14/Mar/2026:05:38:06 -0700] "GET /?path=//opt/alt/tests/alt-php81-pecl-http_4.2.6-4.el8/tests/data HTTP/2.0" 200 2871 "https://thebettingexchange.in/?path=//opt/alt/tests/alt-php81-pecl-http_4.2.6-4.el8/tests" "Mozilla/5.0 AppleWebKit/537.36 (KHTML, like Gecko; compatible; GPTBot/1.3; +https://openai.com/gptbot)" 473 **0/473219**
57.141.2.14 - - [14/Mar/2026:05:38:06 -0700] "GET /items/436326090 HTTP/2.0" 403 97145 "-" "meta-externalagent/1.1 (+https://developers.facebook.com/docs/sharing/webmasters/crawler)" 846 **0/846348**
57.141.2.49 - - [14/Mar/2026:05:38:06 -0700] "GET /items/2592776744 HTTP/2.0" 403 97145 "-" "meta-externalagent/1.1 (+https://developers.facebook.com/docs/sharing/webmasters/crawler)" 849 **0/849275**
74.7.241.15 - - [14/Mar/2026:05:38:07 -0700] "GET /?path=//opt/alt/tests/alt-php73-pecl-http_3.3.0-1.el8/tests/data HTTP/2.0" 200 2870 "https://thebettingexchange.in/?path=//opt/alt/tests/alt-php73-pecl-http_3.3.0-1.el8/tests" "Mozilla/5.0 AppleWebKit/537.36 (KHTML, like Gecko; compatible; GPTBot/1.3; +https://openai.com/gptbot)" 484 **0/484220**
57.141.2.8 - - [14/Mar/2026:05:38:07 -0700] "GET /items/577464522 HTTP/2.0" 403 97145 "-" "meta-externalagent/1.1 (+https://developers.facebook.com/docs/sharing/webmasters/crawler)" 864 **0/864130**
74.7.241.15 - - [14/Mar/2026:05:38:08 -0700] "GET /?path=//opt/alt/tests/alt-php74-geos_1.0.0-1.dfe1ab17b0.el8 HTTP/2.0" 200 2586 "https://thebettingexchange.in/?path=//opt/alt/tests" "Mozilla/5.0 AppleWebKit/537.36 (KHTML, like Gecko; compatible; GPTBot/1.3; +https://openai.com/gptbot)" 480 **0/480176**
57.141.2.61 - - [14/Mar/2026:05:38:08 -0700] "GET /items/2639966877 HTTP/2.0" 403 97145 "-" "meta-externalagent/1.1 (+https://developers.facebook.com/docs/sharing/webmasters/crawler)" 832 **0/832987**
57.141.2.52 - - [14/Mar/2026:05:38:08 -0700] "GET /items/1196873130 HTTP/2.0" 403 97145 "-" "meta-externalagent/1.1 (+https://developers.facebook.com/docs/sharing/webmasters/crawler)" 817 **0/817584**
74.7.241.15 - - [14/Mar/2026:05:38:09 -0700] "GET /?path=//opt/alt/tests/alt-php84-geos_1.0.0-1.dfe1ab17b0.el8 HTTP/2.0" 200 2586 "https://thebettingexchange.in/?path=//opt/alt/tests" "Mozilla/5.0 AppleWebKit/537.36 (KHTML, like Gecko; compatible; GPTBot/1.3; +https://openai.com/gptbot)" 491 **0/491780**
57.141.2.70 - - [14/Mar/2026:05:38:09 -0700] "GET /items/1654351150 HTTP/2.0" 403 97145 "-" "meta-externalagent/1.1 (+https://developers.facebook.com/docs/sharing/webmasters/crawler)" 907 **0/907139**
74.7.241.15 - - [14/Mar/2026:05:38:09 -0700] "GET /?fileloc=//opt/alt/tests/alt-php81-pecl-msgpack_2.2.0-1.el8/tests/063.phpt&path=//opt/alt/tests/alt-php81-pecl-msgpack_2.2.0-1.el8/tests HTTP/2.0" 200 2811 "https://thebettingexchange.in/?path=//opt/alt/tests/alt-php81-pecl-msgpack_2.2.0-1.el8/tests" "Mozilla/5.0 AppleWebKit/537.36 (KHTML, like Gecko; compatible; GPTBot/1.3; +https://openai.com/gptbot)" 501 **0/501788**
57.141.2.14 - - [14/Mar/2026:05:38:09 -0700] "GET /items/351006481 HTTP/2.0" 403 97145 "-" "meta-externalagent/1.1 (+https://developers.facebook.com/docs/sharing/webmasters/crawler)" 869 **0/869647**
57.141.2.62 - - [14/Mar/2026:05:38:10 -0700] "GET /items/2363173071 HTTP/2.0" 403 97145 "-" "meta-externalagent/1.1 (+https://developers.facebook.com/docs/sharing/webmasters/crawler)" 842 **0/842547**
74.7.241.15 - - [14/Mar/2026:05:38:10 -0700] "GET /?path=//opt/alt/tests/alt-php82-geos_1.0.0-1.dfe1ab17b0.el8 HTTP/2.0" 200 2585 "https://thebettingexchange.in/?path=//opt/alt/tests" "Mozilla/5.0 AppleWebKit/537.36 (KHTML, like Gecko; compatible; GPTBot/1.3; +https://openai.com/gptbot)" 482 **0/482425**
57.141.2.15 - - [14/Mar/2026:05:38:10 -0700] "GET /items/225394866 HTTP/2.0" 403 97145 "-" "meta-externalagent/1.1 (+https://developers.facebook.com/docs/sharing/webmasters/crawler)" 851 **0/851452**
74.7.241.15 - - [14/Mar/2026:05:38:11 -0700] "GET /?path=//opt/alt/tests/alt-php73-geos_1.0.0-1.dfe1ab17b0.el8 HTTP/2.0" 200 2586 "https://thebettingexchange.in/?path=//opt/alt/tests" "Mozilla/5.0 AppleWebKit/537.36 (KHTML, like Gecko; compatible; GPTBot/1.3; +https://openai.com/gptbot)" 480 **0/480943**
57.141.2.63 - - [14/Mar/2026:05:38:11 -0700] "GET /items/2626793356 HTTP/2.0" 403 97145 "-" "meta-externalagent/1.1 (+https://developers.facebook.com/docs/sharing/webmasters/crawler)" 828 **0/828995**
57.141.2.1 - - [14/Mar/2026:05:38:11 -0700] "GET /items/3871805435 HTTP/2.0" 403 97145 "-" "meta-externalagent/1.1 (+https://developers.facebook.com/docs/sharing/webmasters/crawler)" 838 **0/838686**
57.141.2.69 - - [14/Mar/2026:05:38:11 -0700] "GET /items/422512592 HTTP/2.0" 403 97145 "-" "meta-externalagent/1.1 (+https://developers.facebook.com/docs/sharing/webmasters/crawler)" 817 **0/817335**
74.7.241.15 - - [14/Mar/2026:05:38:12 -0700] "GET /?path=//opt/alt/tests/alt-php83-geos_1.0.0-1.dfe1ab17b0.el8 HTTP/2.0" 200 2585 "https://thebettingexchange.in/?path=//opt/alt/tests" "Mozilla/5.0 AppleWebKit/537.36 (KHTML, like Gecko; compatible; GPTBot/1.3; +https://openai.com/gptbot)" 483 **0/483930**
57.141.2.2 - - [14/Mar/2026:05:38:12 -0700] "GET /items/856806871 HTTP/2.0" 403 97145 "-" "meta-externalagent/1.1 (+https://developers.facebook.com/docs/sharing/webmasters/crawler)" 837 **0/837088**
74.7.241.15 - - [14/Mar/2026:05:38:12 -0700] "GET /?path=//opt/alt/tests/alt-php72-geos_1.0.0-1.dfe1ab17b0.el8 HTTP/2.0" 200 2586 "https://thebettingexchange.in/?path=//opt/alt/tests" "Mozilla/5.0 AppleWebKit/537.36 (KHTML, like Gecko; compatible; GPTBot/1.3; +https://openai.com/gptbot)" 475 **0/475543**
57.141.2.69 - - [14/Mar/2026:05:38:13 -0700] "GET /items/1008948073 HTTP/2.0" 403 97145 "-" "meta-externalagent/1.1 (+https://developers.facebook.com/docs/sharing/webmasters/crawler)" 836 **0/836100**
74.7.241.15 - - [14/Mar/2026:05:38:13 -0700] "GET /?path=//opt/alt/ruby26/lib64/ruby/gems/2.6.0/specifications HTTP/2.0" 200 2609 "https://thebettingexchange.in/?path=//opt/alt/ruby26/lib64/ruby/gems/2.6.0" "Mozilla/5.0 AppleWebKit/537.36 (KHTML, like Gecko; compatible; GPTBot/1.3; +https://openai.com/gptbot)" 484 **0/484793**
57.141.2.65 - - [14/Mar/2026:05:38:13 -0700] "GET /items/1843235002 HTTP/2.0" 403 97145 "-" "meta-externalagent/1.1 (+https://developers.facebook.com/docs/sharing/webmasters/crawler)" 830 **0/830305**
57.141.2.5 - - [14/Mar/2026:05:38:13 -0700] "GET /items/1536014727 HTTP/2.0" 403 97145 "-" "meta-externalagent/1.1 (+https://developers.facebook.com/docs/sharing/webmasters/crawler)" 842 **0/842039**
57.141.2.10 - - [14/Mar/2026:05:38:14 -0700] "GET /items/3610816878 HTTP/2.0" 403 97145 "-" "meta-externalagent/1.1 (+https://developers.facebook.com/docs/sharing/webmasters/crawler)" 822 **0/822551**
74.7.241.15 - - [14/Mar/2026:05:38:14 -0700] "GET /?path=//opt/alt/tests/alt-php54-pecl-imagick_3.7.0-10.el8/util HTTP/2.0" 200 2716 "https://thebettingexchange.in/?path=//opt/alt/tests/alt-php54-pecl-imagick_3.7.0-10.el8" "Mozilla/5.0 AppleWebKit/537.36 (KHTML, like Gecko; compatible; GPTBot/1.3; +https://openai.com/gptbot)" 480 **0/480273**
74.7.241.15 - - [14/Mar/2026:05:38:15 -0700] "GET /?path=//opt/alt/ruby25/lib64/ruby/2.5.0/x86_64-linux/enc/trans HTTP/2.0" 200 2376 "https://thebettingexchange.in/?path=//opt/alt/ruby25/lib64/ruby/2.5.0/x86_64-linux/enc" "Mozilla/5.0 AppleWebKit/537.36 (KHTML, like Gecko; compatible; GPTBot/1.3; +https://openai.com/gptbot)" 487 **0/487383**
57.141.2.56 - - [14/Mar/2026:05:38:15 -0700] "GET /items/2885141288 HTTP/2.0" 403 97145 "-" "meta-externalagent/1.1 (+https://developers.facebook.com/docs/sharing/webmasters/crawler)" 852 **0/852714**
57.141.2.70 - - [14/Mar/2026:05:38:15 -0700] "GET /items/4258862400 HTTP/2.0" 403 97145 "-" "meta-externalagent/1.1 (+https://developers.facebook.com/docs/sharing/webmasters/crawler)" 845 **0/845710**
74.7.241.15 - - [14/Mar/2026:05:38:16 -0700] "GET /?path=//opt/alt/tests/alt-php80-pecl-gearman_2.1.4-1.el8 HTTP/2.0" 200 2583 "https://thebettingexchange.in/?path=//opt/alt/tests" "Mozilla/5.0 AppleWebKit/537.36 (KHTML, like Gecko; compatible; GPTBot/1.3; +https://openai.com/gptbot)" 504 **0/504847**
57.141.2.39 - - [14/Mar/2026:05:38:16 -0700] "GET /items/3842968271 HTTP/2.0" 403 97145 "-" "meta-externalagent/1.1 (+https://developers.facebook.com/docs/sharing/webmasters/crawler)" 822 **0/822229**
57.141.2.16 - - [14/Mar/2026:05:38:16 -0700] "GET /items/3991935036 HTTP/2.0" 403 97145 "-" "meta-externalagent/1.1 (+https://developers.facebook.com/docs/sharing/webmasters/crawler)" 848 **0/848775**
74.7.241.15 - - [14/Mar/2026:05:38:16 -0700] "GET /?path=//opt/alt/tests/alt-php84-pecl-msgpack_2.2.0-1.el8 HTTP/2.0" 200 2584 "https://thebettingexchange.in/?path=//opt/alt/tests" "Mozilla/5.0 AppleWebKit/537.36 (KHTML, like Gecko; compatible; GPTBot/1.3; +https://openai.com/gptbot)" 495 **0/495690**
57.141.2.71 - - [14/Mar/2026:05:38:17 -0700] "GET /items/689369054 HTTP/2.0" 403 97145 "-" "meta-externalagent/1.1 (+https://developers.facebook.com/docs/sharing/webmasters/crawler)" 829 **0/829034**
74.7.241.15 - - [14/Mar/2026:05:38:17 -0700] "GET /?path=//opt/alt/tests/alt-php54-pecl-msgpack_0.5.7-1.el8 HTTP/2.0" 200 2583 "https://thebettingexchange.in/?path=//opt/alt/tests" "Mozilla/5.0 AppleWebKit/537.36 (KHTML, like Gecko; compatible; GPTBot/1.3; +https://openai.com/gptbot)" 488 **0/488194**
57.141.2.21 - - [14/Mar/2026:05:38:17 -0700] "GET /items/3698510258 HTTP/2.0" 403 97145 "-" "meta-externalagent/1.1 (+https://developers.facebook.com/docs/sharing/webmasters/crawler)" 846 **0/846235**
57.141.2.18 - - [14/Mar/2026:05:38:17 -0700] "GET /items/2134859216 HTTP/2.0" 403 97145 "-" "meta-externalagent/1.1 (+https://developers.facebook.com/docs/sharing/webmasters/crawler)" 834 **0/834264**
74.7.241.15 - - [14/Mar/2026:05:38:18 -0700] "GET /?path=//opt/alt/tests/alt-php70-pecl-imagick_3.8.0-7.el8 HTTP/2.0" 200 2343 "https://thebettingexchange.in/?path=//opt/alt/tests" "Mozilla/5.0 AppleWebKit/537.36 (KHTML, like Gecko; compatible; GPTBot/1.3; +https://openai.com/gptbot)" 509 **0/509458**
57.141.2.17 - - [14/Mar/2026:05:38:18 -0700] "GET /items/917975353 HTTP/2.0" 403 97145 "-" "meta-externalagent/1.1 (+https://developers.facebook.com/docs/sharing/webmasters/crawler)" 820 **0/820722**
57.141.2.4 - - [14/Mar/2026:05:38:18 -0700] "GET /items/3900719923 HTTP/2.0" 403 97145 "-" "meta-externalagent/1.1 (+https://developers.facebook.com/docs/sharing/webmasters/crawler)" 866 **0/866716**
