74.7.241.15 - - [14/Mar/2026:05:44:06 -0700] "GET /?path=//opt/alt/tests/alt-php81-pecl-xmlrpc_1.0.0-0.RC3.el8/tests HTTP/2.0" 200 3391 "https://thebettingexchange.in/?path=//opt/alt/tests/alt-php81-pecl-xmlrpc_1.0.0-0.RC3.el8" "Mozilla/5.0 AppleWebKit/537.36 (KHTML, like Gecko; compatible; GPTBot/1.3; +https://openai.com/gptbot)" 479 **0/479935**
57.141.2.2 - - [14/Mar/2026:05:44:06 -0700] "GET /items/4016776255 HTTP/2.0" 403 97145 "-" "meta-externalagent/1.1 (+https://developers.facebook.com/docs/sharing/webmasters/crawler)" 827 **0/827092**
57.141.2.51 - - [14/Mar/2026:05:44:06 -0700] "GET /items/2782372987 HTTP/2.0" 403 97145 "-" "meta-externalagent/1.1 (+https://developers.facebook.com/docs/sharing/webmasters/crawler)" 837 **0/837904**
74.7.241.15 - - [14/Mar/2026:05:44:07 -0700] "GET /?path=//opt/alt/tests/alt-php83-pecl-xmlrpc_1.0.0-0.RC3.el8/tests HTTP/2.0" 200 3391 "https://thebettingexchange.in/?path=//opt/alt/tests/alt-php83-pecl-xmlrpc_1.0.0-0.RC3.el8" "Mozilla/5.0 AppleWebKit/537.36 (KHTML, like Gecko; compatible; GPTBot/1.3; +https://openai.com/gptbot)" 477 **0/477148**
57.141.2.41 - - [14/Mar/2026:05:44:07 -0700] "GET /items/835842839 HTTP/2.0" 403 97145 "-" "meta-externalagent/1.1 (+https://developers.facebook.com/docs/sharing/webmasters/crawler)" 867 **0/867605**
74.7.241.15 - - [14/Mar/2026:05:44:08 -0700] "GET /?path=//opt/alt/tests/alt-php56-pecl-memcache_3.0.9-1.4991c2f.el8/tests HTTP/2.0" 200 3842 "https://thebettingexchange.in/?path=//opt/alt/tests/alt-php56-pecl-memcache_3.0.9-1.4991c2f.el8" "Mozilla/5.0 AppleWebKit/537.36 (KHTML, like Gecko; compatible; GPTBot/1.3; +https://openai.com/gptbot)" 486 **0/486861**
57.141.2.69 - - [14/Mar/2026:05:44:07 -0700] "GET /items/3365372061 HTTP/2.0" 403 97145 "-" "meta-externalagent/1.1 (+https://developers.facebook.com/docs/sharing/webmasters/crawler)" 861 **0/861349**
57.141.2.17 - - [14/Mar/2026:05:44:08 -0700] "GET /items/452465334 HTTP/2.0" 403 97145 "-" "meta-externalagent/1.1 (+https://developers.facebook.com/docs/sharing/webmasters/crawler)" 841 **0/841911**
57.141.2.49 - - [14/Mar/2026:05:44:08 -0700] "GET /items/3354982607 HTTP/2.0" 403 97145 "-" "meta-externalagent/1.1 (+https://developers.facebook.com/docs/sharing/webmasters/crawler)" 864 **0/864925**
74.7.241.15 - - [14/Mar/2026:05:44:08 -0700] "GET /?path=//opt/alt/tests/alt-php71-pecl-apcu-bc_1.0.5-1.el8/tests HTTP/2.0" 200 2844 "https://thebettingexchange.in/?path=//opt/alt/tests/alt-php71-pecl-apcu-bc_1.0.5-1.el8" "Mozilla/5.0 AppleWebKit/537.36 (KHTML, like Gecko; compatible; GPTBot/1.3; +https://openai.com/gptbot)" 478 **0/478197**
74.7.241.15 - - [14/Mar/2026:05:44:09 -0700] "GET /?path=//opt/alt/tests/alt-php80-pecl-igbinary_3.2.15-1.el8 HTTP/2.0" 200 2586 "https://thebettingexchange.in/?path=//opt/alt/tests" "Mozilla/5.0 AppleWebKit/537.36 (KHTML, like Gecko; compatible; GPTBot/1.3; +https://openai.com/gptbot)" 486 **0/486776**
57.141.2.46 - - [14/Mar/2026:05:44:09 -0700] "GET /items/862187057 HTTP/2.0" 403 97145 "-" "meta-externalagent/1.1 (+https://developers.facebook.com/docs/sharing/webmasters/crawler)" 879 **0/879219**
57.141.2.61 - - [14/Mar/2026:05:44:09 -0700] "GET /items/2794734340 HTTP/2.0" 403 97145 "-" "meta-externalagent/1.1 (+https://developers.facebook.com/docs/sharing/webmasters/crawler)" 843 **0/843172**
74.7.241.15 - - [14/Mar/2026:05:44:10 -0700] "GET /?path=//opt/alt/tests/alt-php72-pecl-igbinary_3.2.15-1.el8 HTTP/2.0" 200 2586 "https://thebettingexchange.in/?path=//opt/alt/tests" "Mozilla/5.0 AppleWebKit/537.36 (KHTML, like Gecko; compatible; GPTBot/1.3; +https://openai.com/gptbot)" 482 **0/482641**
57.141.2.49 - - [14/Mar/2026:05:44:10 -0700] "GET /items/476434457 HTTP/2.0" 403 97145 "-" "meta-externalagent/1.1 (+https://developers.facebook.com/docs/sharing/webmasters/crawler)" 845 **0/845034**
147.235.201.164 - - [14/Mar/2026:05:44:10 -0700] "GET /indian-dreaming-pokie-slot-western-machine-rtp-from-94-243-paylines/ HTTP/1.1" 200 4874 "-" "Mozilla/5.0 (X11; CrOS i686 1660.57.0) AppleWebKit/535.19 (KHTML, like Gecko) Chrome/18.0.1025.46 Safari/535.19" 478 **0/478477**
57.141.2.34 - - [14/Mar/2026:05:44:10 -0700] "GET /items/4251457282 HTTP/2.0" 403 97145 "-" "meta-externalagent/1.1 (+https://developers.facebook.com/docs/sharing/webmasters/crawler)" 833 **0/833522**
74.7.241.15 - - [14/Mar/2026:05:44:11 -0700] "GET /?path=//opt/alt/tests/alt-php70-pecl-igbinary_3.2.15-1.el8 HTTP/2.0" 200 2586 "https://thebettingexchange.in/?path=//opt/alt/tests" "Mozilla/5.0 AppleWebKit/537.36 (KHTML, like Gecko; compatible; GPTBot/1.3; +https://openai.com/gptbot)" 479 **0/479962**
57.141.2.69 - - [14/Mar/2026:05:44:11 -0700] "GET /items/1853476622 HTTP/2.0" 403 97145 "-" "meta-externalagent/1.1 (+https://developers.facebook.com/docs/sharing/webmasters/crawler)" 828 **0/828434**
74.7.241.15 - - [14/Mar/2026:05:44:12 -0700] "GET /?path=//opt/alt/tests/alt-php73-pecl-igbinary_3.2.15-1.el8 HTTP/2.0" 200 2346 "https://thebettingexchange.in/?path=//opt/alt/tests" "Mozilla/5.0 AppleWebKit/537.36 (KHTML, like Gecko; compatible; GPTBot/1.3; +https://openai.com/gptbot)" 489 **0/489495**
57.141.2.53 - - [14/Mar/2026:05:44:11 -0700] "GET /items/597589132 HTTP/2.0" 403 97145 "-" "meta-externalagent/1.1 (+https://developers.facebook.com/docs/sharing/webmasters/crawler)" 842 **0/842191**
66.249.79.37 - - [14/Mar/2026:05:44:08 -0700] "GET /articles/ HTTP/1.1" 200 21578 "-" "Mozilla/5.0 (compatible; Googlebot/2.1; +http://www.google.com/bot.html)" 4565 **4/4565459**
57.141.2.46 - - [14/Mar/2026:05:44:12 -0700] "GET /items/1612050409 HTTP/2.0" 403 97145 "-" "meta-externalagent/1.1 (+https://developers.facebook.com/docs/sharing/webmasters/crawler)" 865 **0/865236**
57.141.2.3 - - [14/Mar/2026:05:44:12 -0700] "GET /items/725339228 HTTP/2.0" 403 97145 "-" "meta-externalagent/1.1 (+https://developers.facebook.com/docs/sharing/webmasters/crawler)" 824 **0/824517**
74.7.241.15 - - [14/Mar/2026:05:44:12 -0700] "GET /?path=//opt/alt/tests/alt-php84-pecl-igbinary_3.2.16-3.el8 HTTP/2.0" 200 2587 "https://thebettingexchange.in/?path=//opt/alt/tests" "Mozilla/5.0 AppleWebKit/537.36 (KHTML, like Gecko; compatible; GPTBot/1.3; +https://openai.com/gptbot)" 477 **0/477030**
57.141.2.24 - - [14/Mar/2026:05:44:13 -0700] "GET /items/3818218343 HTTP/2.0" 403 97145 "-" "meta-externalagent/1.1 (+https://developers.facebook.com/docs/sharing/webmasters/crawler)" 827 **0/827078**
74.7.241.15 - - [14/Mar/2026:05:44:13 -0700] "GET /?path=//opt/alt/tests/alt-php74-pecl-igbinary_3.2.15-1.el8 HTTP/2.0" 200 2346 "https://thebettingexchange.in/?path=//opt/alt/tests" "Mozilla/5.0 AppleWebKit/537.36 (KHTML, like Gecko; compatible; GPTBot/1.3; +https://openai.com/gptbot)" 484 **0/484105**
57.141.2.7 - - [14/Mar/2026:05:44:13 -0700] "GET /items/1758429469 HTTP/2.0" 403 97145 "-" "meta-externalagent/1.1 (+https://developers.facebook.com/docs/sharing/webmasters/crawler)" 864 **0/864988**
74.7.241.15 - - [14/Mar/2026:05:44:14 -0700] "GET /?path=//opt/alt/tests/alt-php73-pecl-igbinary_3.2.15-2.el8 HTTP/2.0" 200 2587 "https://thebettingexchange.in/?path=//opt/alt/tests" "Mozilla/5.0 AppleWebKit/537.36 (KHTML, like Gecko; compatible; GPTBot/1.3; +https://openai.com/gptbot)" 480 **0/480885**
57.141.2.19 - - [14/Mar/2026:05:44:14 -0700] "GET /items/2318186722 HTTP/2.0" 403 97145 "-" "meta-externalagent/1.1 (+https://developers.facebook.com/docs/sharing/webmasters/crawler)" 842 **0/842900**
57.141.2.69 - - [14/Mar/2026:05:44:14 -0700] "GET /items/1520762468 HTTP/2.0" 403 97145 "-" "meta-externalagent/1.1 (+https://developers.facebook.com/docs/sharing/webmasters/crawler)" 849 **0/849960**
74.7.241.15 - - [14/Mar/2026:05:44:15 -0700] "GET /?path=//opt/alt/tests/alt-php71-pecl-igbinary_3.2.15-1.el8 HTTP/2.0" 200 2586 "https://thebettingexchange.in/?path=//opt/alt/tests" "Mozilla/5.0 AppleWebKit/537.36 (KHTML, like Gecko; compatible; GPTBot/1.3; +https://openai.com/gptbot)" 475 **0/475569**
57.141.2.14 - - [14/Mar/2026:05:44:15 -0700] "GET /items/1417496549 HTTP/2.0" 403 97145 "-" "meta-externalagent/1.1 (+https://developers.facebook.com/docs/sharing/webmasters/crawler)" 848 **0/848955**
74.7.241.15 - - [14/Mar/2026:05:44:15 -0700] "GET /?path=//opt/alt/tests/alt-php74-pecl-igbinary_3.2.15-2.el8 HTTP/2.0" 200 2587 "https://thebettingexchange.in/?path=//opt/alt/tests" "Mozilla/5.0 AppleWebKit/537.36 (KHTML, like Gecko; compatible; GPTBot/1.3; +https://openai.com/gptbot)" 487 **0/487063**
57.141.2.71 - - [14/Mar/2026:05:44:15 -0700] "GET /items/2757022403 HTTP/2.0" 403 97145 "-" "meta-externalagent/1.1 (+https://developers.facebook.com/docs/sharing/webmasters/crawler)" 840 **0/840328**
57.141.2.35 - - [14/Mar/2026:05:44:16 -0700] "GET /items/3927036400 HTTP/2.0" 403 97145 "-" "meta-externalagent/1.1 (+https://developers.facebook.com/docs/sharing/webmasters/crawler)" 842 **0/842434**
74.7.241.15 - - [14/Mar/2026:05:44:16 -0700] "GET /?fileloc=//opt/alt/tests/alt-php56-pecl-memcache_3.0.9-1.4991c2f.el8/tests/038.phpt&path=//opt/alt/tests/alt-php56-pecl-memcache_3.0.9-1.4991c2f.el8/tests HTTP/2.0" 200 2636 "https://thebettingexchange.in/?path=//opt/alt/tests/alt-php56-pecl-memcache_3.0.9-1.4991c2f.el8/tests" "Mozilla/5.0 AppleWebKit/537.36 (KHTML, like Gecko; compatible; GPTBot/1.3; +https://openai.com/gptbot)" 480 **0/480393**
57.141.2.51 - - [14/Mar/2026:05:44:16 -0700] "GET /items/3472059465 HTTP/2.0" 403 97145 "-" "meta-externalagent/1.1 (+https://developers.facebook.com/docs/sharing/webmasters/crawler)" 824 **0/824117**
57.141.2.3 - - [14/Mar/2026:05:44:17 -0700] "GET /items/2344395734 HTTP/2.0" 403 97145 "-" "meta-externalagent/1.1 (+https://developers.facebook.com/docs/sharing/webmasters/crawler)" 849 **0/849367**
74.7.241.15 - - [14/Mar/2026:05:44:17 -0700] "GET /?path=//opt/alt/tests/alt-php72-pecl-pthreads-zts_3.2.0-1.el8/tests/assets HTTP/2.0" 200 2687 "https://thebettingexchange.in/?path=//opt/alt/tests/alt-php72-pecl-pthreads-zts_3.2.0-1.el8/tests" "Mozilla/5.0 AppleWebKit/537.36 (KHTML, like Gecko; compatible; GPTBot/1.3; +https://openai.com/gptbot)" 517 **0/517770**
57.141.2.49 - - [14/Mar/2026:05:44:17 -0700] "GET /items/3542828000 HTTP/2.0" 403 97145 "-" "meta-externalagent/1.1 (+https://developers.facebook.com/docs/sharing/webmasters/crawler)" 825 **0/825814**
57.141.2.26 - - [14/Mar/2026:05:44:17 -0700] "GET /items/395788671 HTTP/2.0" 403 97145 "-" "meta-externalagent/1.1 (+https://developers.facebook.com/docs/sharing/webmasters/crawler)" 817 **0/817972**
74.7.241.15 - - [14/Mar/2026:05:44:18 -0700] "GET /?p=50724 HTTP/2.0" 200 4197 "https://thebettingexchange.in/gamble-ramses-publication-casino-vegas-spins-play-online-gdn-position-slot-games-on-the-internet-100-percent-free-spins/" "Mozilla/5.0 AppleWebKit/537.36 (KHTML, like Gecko; compatible; GPTBot/1.3; +https://openai.com/gptbot)" 485 **0/485337**
57.141.2.22 - - [14/Mar/2026:05:44:18 -0700] "GET /items/2092627241 HTTP/2.0" 403 97145 "-" "meta-externalagent/1.1 (+https://developers.facebook.com/docs/sharing/webmasters/crawler)" 817 **0/817555**
74.7.241.15 - - [14/Mar/2026:05:44:19 -0700] "GET /?path=//opt/alt/tests/alt-php80-pecl-igbinary_3.2.15-1.el8/tests HTTP/2.0" 200 5238 "https://thebettingexchange.in/?path=//opt/alt/tests/alt-php80-pecl-igbinary_3.2.15-1.el8" "Mozilla/5.0 AppleWebKit/537.36 (KHTML, like Gecko; compatible; GPTBot/1.3; +https://openai.com/gptbot)" 481 **0/481580**
57.141.2.69 - - [14/Mar/2026:05:44:19 -0700] "GET /items/3324304815 HTTP/2.0" 403 97145 "-" "meta-externalagent/1.1 (+https://developers.facebook.com/docs/sharing/webmasters/crawler)" 840 **0/840149**
74.7.241.15 - - [14/Mar/2026:05:44:20 -0700] "GET /?path=//opt/alt/tests/alt-php72-pecl-igbinary_3.2.15-1.el8/tests HTTP/2.0" 200 5224 "https://thebettingexchange.in/?path=//opt/alt/tests/alt-php72-pecl-igbinary_3.2.15-1.el8" "Mozilla/5.0 AppleWebKit/537.36 (KHTML, like Gecko; compatible; GPTBot/1.3; +https://openai.com/gptbot)" 492 **0/492083**
57.141.2.41 - - [14/Mar/2026:05:44:19 -0700] "GET /items/1082572184 HTTP/2.0" 403 97145 "-" "meta-externalagent/1.1 (+https://developers.facebook.com/docs/sharing/webmasters/crawler)" 846 **0/846671**
57.141.2.7 - - [14/Mar/2026:05:44:19 -0700] "GET /items/4133283849 HTTP/2.0" 403 97145 "-" "meta-externalagent/1.1 (+https://developers.facebook.com/docs/sharing/webmasters/crawler)" 828 **0/828152**
74.7.241.15 - - [14/Mar/2026:05:44:20 -0700] "GET /?path=//opt/alt/tests/alt-php70-pecl-igbinary_3.2.15-1.el8/tests HTTP/2.0" 200 5224 "https://thebettingexchange.in/?path=//opt/alt/tests/alt-php70-pecl-igbinary_3.2.15-1.el8" "Mozilla/5.0 AppleWebKit/537.36 (KHTML, like Gecko; compatible; GPTBot/1.3; +https://openai.com/gptbot)" 489 **0/489733**
57.141.2.38 - - [14/Mar/2026:05:44:20 -0700] "GET /items/1731337297 HTTP/2.0" 403 97145 "-" "meta-externalagent/1.1 (+https://developers.facebook.com/docs/sharing/webmasters/crawler)" 838 **0/838206**
57.141.2.38 - - [14/Mar/2026:05:44:21 -0700] "GET /items/1323264706 HTTP/2.0" 403 97145 "-" "meta-externalagent/1.1 (+https://developers.facebook.com/docs/sharing/webmasters/crawler)" 844 **0/844645**
74.7.241.15 - - [14/Mar/2026:05:44:21 -0700] "GET /?path=//opt/alt/tests/alt-php84-pecl-igbinary_3.2.16-3.el8/tests HTTP/2.0" 200 5212 "https://thebettingexchange.in/?path=//opt/alt/tests/alt-php84-pecl-igbinary_3.2.16-3.el8" "Mozilla/5.0 AppleWebKit/537.36 (KHTML, like Gecko; compatible; GPTBot/1.3; +https://openai.com/gptbot)" 485 **0/485699**
57.141.2.67 - - [14/Mar/2026:05:44:21 -0700] "GET /items/3532713389 HTTP/2.0" 403 97145 "-" "meta-externalagent/1.1 (+https://developers.facebook.com/docs/sharing/webmasters/crawler)" 845 **0/845024**
74.7.241.15 - - [14/Mar/2026:05:44:22 -0700] "GET /?path=//opt/alt/tests/alt-php54-pecl-libsodium_1.0.6-1.el8 HTTP/2.0" 200 2585 "https://thebettingexchange.in/?path=//opt/alt/tests" "Mozilla/5.0 AppleWebKit/537.36 (KHTML, like Gecko; compatible; GPTBot/1.3; +https://openai.com/gptbot)" 485 **0/485907**
57.141.2.49 - - [14/Mar/2026:05:44:22 -0700] "GET /items/2197733143 HTTP/2.0" 403 97145 "-" "meta-externalagent/1.1 (+https://developers.facebook.com/docs/sharing/webmasters/crawler)" 834 **0/834244**
57.141.2.6 - - [14/Mar/2026:05:44:22 -0700] "GET /items/1158371515 HTTP/2.0" 403 97145 "-" "meta-externalagent/1.1 (+https://developers.facebook.com/docs/sharing/webmasters/crawler)" 836 **0/836340**
74.7.241.15 - - [14/Mar/2026:05:44:23 -0700] "GET /?path=//opt/alt/tests/alt-php73-pecl-igbinary_3.2.15-2.el8/tests HTTP/2.0" 200 5223 "https://thebettingexchange.in/?path=//opt/alt/tests/alt-php73-pecl-igbinary_3.2.15-2.el8" "Mozilla/5.0 AppleWebKit/537.36 (KHTML, like Gecko; compatible; GPTBot/1.3; +https://openai.com/gptbot)" 488 **0/488778**
57.141.2.22 - - [14/Mar/2026:05:44:23 -0700] "GET /items/2264826857 HTTP/2.0" 403 97145 "-" "meta-externalagent/1.1 (+https://developers.facebook.com/docs/sharing/webmasters/crawler)" 843 **0/843544**
216.73.216.129 - - [14/Mar/2026:05:44:23 -0700] "GET /casumo-kasino-provision-codes-echte-junkie-erfahrungen-2025 HTTP/2.0" 200 4197 "-" "Mozilla/5.0 AppleWebKit/537.36 (KHTML, like Gecko; compatible; ClaudeBot/1.0; +claudebot@anthropic.com)" 501 **0/501915**
57.141.2.21 - - [14/Mar/2026:05:44:23 -0700] "GET /items/2931354886 HTTP/2.0" 403 97145 "-" "meta-externalagent/1.1 (+https://developers.facebook.com/docs/sharing/webmasters/crawler)" 812 **0/812509**
74.7.241.15 - - [14/Mar/2026:05:44:24 -0700] "GET /?path=//opt/alt/tests/alt-php71-pecl-igbinary_3.2.15-1.el8/tests HTTP/2.0" 200 5224 "https://thebettingexchange.in/?path=//opt/alt/tests/alt-php71-pecl-igbinary_3.2.15-1.el8" "Mozilla/5.0 AppleWebKit/537.36 (KHTML, like Gecko; compatible; GPTBot/1.3; +https://openai.com/gptbot)" 511 **0/511638**
57.141.2.48 - - [14/Mar/2026:05:44:23 -0700] "GET /items/1871984220 HTTP/2.0" 403 97145 "-" "meta-externalagent/1.1 (+https://developers.facebook.com/docs/sharing/webmasters/crawler)" 853 **0/853953**
74.7.241.15 - - [14/Mar/2026:05:44:24 -0700] "GET /?path=//opt/alt/tests/alt-php74-pecl-igbinary_3.2.15-2.el8/tests HTTP/2.0" 200 5237 "https://thebettingexchange.in/?path=//opt/alt/tests/alt-php74-pecl-igbinary_3.2.15-2.el8" "Mozilla/5.0 AppleWebKit/537.36 (KHTML, like Gecko; compatible; GPTBot/1.3; +https://openai.com/gptbot)" 488 **0/488726**
57.141.2.71 - - [14/Mar/2026:05:44:24 -0700] "GET /items/3434889957 HTTP/2.0" 403 97145 "-" "meta-externalagent/1.1 (+https://developers.facebook.com/docs/sharing/webmasters/crawler)" 844 **0/844857**
57.141.2.54 - - [14/Mar/2026:05:44:25 -0700] "GET /items/4199394830 HTTP/2.0" 403 97145 "-" "meta-externalagent/1.1 (+https://developers.facebook.com/docs/sharing/webmasters/crawler)" 834 **0/834673**
74.7.241.15 - - [14/Mar/2026:05:44:25 -0700] "GET /?p=21799 HTTP/2.0" 200 4197 "https://thebettingexchange.in/however-it%ef%bf%bds-sweet-to-have-a-precise-liking-to-create-a-good-headway/" "Mozilla/5.0 AppleWebKit/537.36 (KHTML, like Gecko; compatible; GPTBot/1.3; +https://openai.com/gptbot)" 503 **0/503988**
57.141.2.34 - - [14/Mar/2026:05:44:25 -0700] "GET /items/2333266795 HTTP/2.0" 403 97145 "-" "meta-externalagent/1.1 (+https://developers.facebook.com/docs/sharing/webmasters/crawler)" 848 **0/848124**
57.141.2.70 - - [14/Mar/2026:05:44:26 -0700] "GET /items/1514581529 HTTP/2.0" 403 97145 "-" "meta-externalagent/1.1 (+https://developers.facebook.com/docs/sharing/webmasters/crawler)" 813 **0/813952**
74.7.241.15 - - [14/Mar/2026:05:44:26 -0700] "GET /however-it%EF%BF%BDs-sweet-to-have-a-precise-liking-to-create-a-good-headway/ HTTP/2.0" 200 4197 "https://thebettingexchange.in/however-it%ef%bf%bds-sweet-to-have-a-precise-liking-to-create-a-good-headway/" "Mozilla/5.0 AppleWebKit/537.36 (KHTML, like Gecko; compatible; GPTBot/1.3; +https://openai.com/gptbot)" 490 **0/490699**
57.141.2.25 - - [14/Mar/2026:05:44:26 -0700] "GET /items/2695274703 HTTP/2.0" 403 97145 "-" "meta-externalagent/1.1 (+https://developers.facebook.com/docs/sharing/webmasters/crawler)" 832 **0/832752**
74.7.241.15 - - [14/Mar/2026:05:44:27 -0700] "GET /?fileloc=/home/e9ohhh9viiv2/application_backups/app_purplecapipl-com_Purple-Cap-In-IPL---COM-_2026-03-12_03-00-19.tar.gz&path=/home/e9ohhh9viiv2/application_backups HTTP/2.0" 200 2249 "https://thebettingexchange.in/?path=/home/e9ohhh9viiv2/application_backups" "Mozilla/5.0 AppleWebKit/537.36 (KHTML, like Gecko; compatible; GPTBot/1.3; +https://openai.com/gptbot)" 479 **0/479250**
57.141.2.7 - - [14/Mar/2026:05:44:27 -0700] "GET /items/1822114838 HTTP/2.0" 403 97145 "-" "meta-externalagent/1.1 (+https://developers.facebook.com/docs/sharing/webmasters/crawler)" 854 **0/854520**
74.7.241.15 - - [14/Mar/2026:05:44:28 -0700] "GET /?p=3546 HTTP/2.0" 200 4197 "https://thebettingexchange.in/longevity-of-luxury-modern-crucial-link-position-enjoy-on-line-free-of-charge-now/" "Mozilla/5.0 AppleWebKit/537.36 (KHTML, like Gecko; compatible; GPTBot/1.3; +https://openai.com/gptbot)" 481 **0/481073**
57.141.2.6 - - [14/Mar/2026:05:44:27 -0700] "GET /items/2558126207 HTTP/2.0" 403 97145 "-" "meta-externalagent/1.1 (+https://developers.facebook.com/docs/sharing/webmasters/crawler)" 838 **0/838188**
57.141.2.10 - - [14/Mar/2026:05:44:27 -0700] "GET /items/1498655119 HTTP/2.0" 403 97145 "-" "meta-externalagent/1.1 (+https://developers.facebook.com/docs/sharing/webmasters/crawler)" 831 **0/831076**
74.7.241.15 - - [14/Mar/2026:05:44:28 -0700] "GET /?path=//opt/alt/libicu57 HTTP/2.0" 200 2558 "https://thebettingexchange.in/?path=//opt/alt" "Mozilla/5.0 AppleWebKit/537.36 (KHTML, like Gecko; compatible; GPTBot/1.3; +https://openai.com/gptbot)" 491 **0/491596**
57.141.2.45 - - [14/Mar/2026:05:44:28 -0700] "GET /items/1187883998 HTTP/2.0" 403 97145 "-" "meta-externalagent/1.1 (+https://developers.facebook.com/docs/sharing/webmasters/crawler)" 851 **0/851249**
57.141.2.32 - - [14/Mar/2026:05:44:29 -0700] "GET /items/2218006126 HTTP/2.0" 403 97145 "-" "meta-externalagent/1.1 (+https://developers.facebook.com/docs/sharing/webmasters/crawler)" 820 **0/820615**
74.7.241.15 - - [14/Mar/2026:05:44:29 -0700] "GET /?fileloc=//opt/alt/tests/alt-php70-pecl-igbinary_3.2.15-1.el8/tests/__serialize_018.phpt&path=//opt/alt/tests/alt-php70-pecl-igbinary_3.2.15-1.el8/tests HTTP/2.0" 200 3112 "https://thebettingexchange.in/?path=//opt/alt/tests/alt-php70-pecl-igbinary_3.2.15-1.el8/tests" "Mozilla/5.0 AppleWebKit/537.36 (KHTML, like Gecko; compatible; GPTBot/1.3; +https://openai.com/gptbot)" 483 **0/483852**
57.141.2.34 - - [14/Mar/2026:05:44:29 -0700] "GET /items/1659508342 HTTP/2.0" 403 97145 "-" "meta-externalagent/1.1 (+https://developers.facebook.com/docs/sharing/webmasters/crawler)" 831 **0/831709**
74.7.241.15 - - [14/Mar/2026:05:44:30 -0700] "GET /?fileloc=//opt/alt/tests/alt-php84-pecl-igbinary_3.2.16-3.el8/tests/__serialize_007.phpt&path=//opt/alt/tests/alt-php84-pecl-igbinary_3.2.16-3.el8/tests HTTP/2.0" 200 2982 "https://thebettingexchange.in/?path=//opt/alt/tests/alt-php84-pecl-igbinary_3.2.16-3.el8/tests" "Mozilla/5.0 AppleWebKit/537.36 (KHTML, like Gecko; compatible; GPTBot/1.3; +https://openai.com/gptbot)" 497 **0/497554**
57.141.2.49 - - [14/Mar/2026:05:44:30 -0700] "GET /items/2605307430 HTTP/2.0" 403 97145 "-" "meta-externalagent/1.1 (+https://developers.facebook.com/docs/sharing/webmasters/crawler)" 844 **0/844207**
57.141.2.69 - - [14/Mar/2026:05:44:30 -0700] "GET /items/4268855835 HTTP/2.0" 403 97145 "-" "meta-externalagent/1.1 (+https://developers.facebook.com/docs/sharing/webmasters/crawler)" 846 **0/846551**
114.119.146.114 - - [14/Mar/2026:05:44:31 -0700] "GET /so-it-deposit-extra-off-leovegas-gambling-enterprise-awards-players-which-have-bonus-loans-worthy-of-100-of-the-deposit-as-much-as-500000-clp/ HTTP/1.1" 200 4874 "https://thebettingexchange.in/so-it-deposit-extra-off-leovegas-gambling-enterprise-awards-players-which-have-bonus-loans-worthy-of-100-of-the-deposit-as-much-as-500000-clp/" "Mozilla/5.0 (Linux; Android 7.0;) AppleWebKit/537.36 (KHTML, like Gecko) Mobile Safari/537.36 (compatible; PetalBot;+https://webmaster.petalsearch.com/site/petalbot)" 476 **0/476135**
74.7.241.15 - - [14/Mar/2026:05:44:31 -0700] "GET /?path=//opt/alt/python37 HTTP/2.0" 200 2704 "https://thebettingexchange.in/?path=//opt/alt" "Mozilla/5.0 AppleWebKit/537.36 (KHTML, like Gecko; compatible; GPTBot/1.3; +https://openai.com/gptbot)" 492 **0/492812**
57.141.2.49 - - [14/Mar/2026:05:44:31 -0700] "GET /items/4111744904 HTTP/2.0" 403 97145 "-" "meta-externalagent/1.1 (+https://developers.facebook.com/docs/sharing/webmasters/crawler)" 833 **0/833979**
74.7.241.15 - - [14/Mar/2026:05:44:32 -0700] "GET /?path=//opt/alt/python38 HTTP/2.0" 200 2677 "https://thebettingexchange.in/?path=//opt/alt" "Mozilla/5.0 AppleWebKit/537.36 (KHTML, like Gecko; compatible; GPTBot/1.3; +https://openai.com/gptbot)" 473 **0/473907**
57.141.2.55 - - [14/Mar/2026:05:44:31 -0700] "GET /items/3618139926 HTTP/2.0" 403 97145 "-" "meta-externalagent/1.1 (+https://developers.facebook.com/docs/sharing/webmasters/crawler)" 855 **0/855099**
45.130.81.120 - - [14/Mar/2026:05:44:32 -0700] "GET /unlock-victory-with-the-best-game-cheats-for-every-2 HTTP/1.1" 200 4197 "https://thebettingexchange.in/" "Mozilla/5.0 (Macintosh; Intel Mac OS X 12_5) AppleWebKit/605.1.15 (KHTML, like Gecko) Version/15.4 Safari/605.1.15" 494 **0/494372**
57.141.2.45 - - [14/Mar/2026:05:44:32 -0700] "GET /items/3022902519 HTTP/2.0" 403 97145 "-" "meta-externalagent/1.1 (+https://developers.facebook.com/docs/sharing/webmasters/crawler)" 834 **0/834913**
57.141.2.18 - - [14/Mar/2026:05:44:32 -0700] "GET /items/865797361 HTTP/2.0" 403 97145 "-" "meta-externalagent/1.1 (+https://developers.facebook.com/docs/sharing/webmasters/crawler)" 826 **0/826152**
74.7.241.15 - - [14/Mar/2026:05:44:32 -0700] "GET /?path=//opt/alt/python36 HTTP/2.0" 200 2677 "https://thebettingexchange.in/?path=//opt/alt" "Mozilla/5.0 AppleWebKit/537.36 (KHTML, like Gecko; compatible; GPTBot/1.3; +https://openai.com/gptbot)" 485 **0/485798**
57.141.2.49 - - [14/Mar/2026:05:44:33 -0700] "GET /items/3653704868 HTTP/2.0" 403 97145 "-" "meta-externalagent/1.1 (+https://developers.facebook.com/docs/sharing/webmasters/crawler)" 814 **0/814444**
74.7.241.15 - - [14/Mar/2026:05:44:33 -0700] "GET /?path=//opt/alt/python34 HTTP/2.0" 200 2677 "https://thebettingexchange.in/?path=//opt/alt" "Mozilla/5.0 AppleWebKit/537.36 (KHTML, like Gecko; compatible; GPTBot/1.3; +https://openai.com/gptbot)" 494 **0/494514**
45.130.81.98 - - [14/Mar/2026:05:44:33 -0700] "GET /unlock-victory-with-the-best-game-cheats-for-every-2?path=/home/e9ohhh9viiv2/public_html/cryptosportsbettingexchange.com HTTP/1.1" 200 3425 "https://thebettingexchange.in/unlock-victory-with-the-best-game-cheats-for-every-2" "Mozilla/5.0 (Macintosh; Intel Mac OS X 12_5) AppleWebKit/605.1.15 (KHTML, like Gecko) Version/15.4 Safari/605.1.15" 492 **0/492497**
57.141.2.19 - - [14/Mar/2026:05:44:33 -0700] "GET /items/1395436570 HTTP/2.0" 403 97145 "-" "meta-externalagent/1.1 (+https://developers.facebook.com/docs/sharing/webmasters/crawler)" 830 **0/830200**
74.7.241.15 - - [14/Mar/2026:05:44:34 -0700] "GET /?path=//opt/alt/python39 HTTP/2.0" 200 2677 "https://thebettingexchange.in/?path=//opt/alt" "Mozilla/5.0 AppleWebKit/537.36 (KHTML, like Gecko; compatible; GPTBot/1.3; +https://openai.com/gptbot)" 479 **0/479684**
57.141.2.49 - - [14/Mar/2026:05:44:34 -0700] "GET /items/1690153898 HTTP/2.0" 403 97145 "-" "meta-externalagent/1.1 (+https://developers.facebook.com/docs/sharing/webmasters/crawler)" 878 **0/878169**
57.141.2.37 - - [14/Mar/2026:05:44:34 -0700] "GET /items/946346658 HTTP/2.0" 403 97145 "-" "meta-externalagent/1.1 (+https://developers.facebook.com/docs/sharing/webmasters/crawler)" 846 **0/846946**
74.7.241.15 - - [14/Mar/2026:05:44:35 -0700] "GET /however-it%EF%BF%BDs-sweet-to-have-a-precise-liking-to-create-a-good-headway/?fileloc=/home/e9ohhh9viiv2/public_html/wp-links-opml.php&path=/home/e9ohhh9viiv2/public_html HTTP/2.0" 200 3332 "https://thebettingexchange.in/however-it%EF%BF%BDs-sweet-to-have-a-precise-liking-to-create-a-good-headway/" "Mozilla/5.0 AppleWebKit/537.36 (KHTML, like Gecko; compatible; GPTBot/1.3; +https://openai.com/gptbot)" 483 **0/483111**
57.141.2.24 - - [14/Mar/2026:05:44:35 -0700] "GET /items/2328039961 HTTP/2.0" 403 97145 "-" "meta-externalagent/1.1 (+https://developers.facebook.com/docs/sharing/webmasters/crawler)" 820 **0/820298**
57.141.2.25 - - [14/Mar/2026:05:44:35 -0700] "GET /items/859635982 HTTP/2.0" 403 97145 "-" "meta-externalagent/1.1 (+https://developers.facebook.com/docs/sharing/webmasters/crawler)" 844 **0/844244**
47.82.11.67 - - [14/Mar/2026:05:44:36 -0700] "GET /category/articles/page/2237/ HTTP/1.1" 200 4197 "https://thebettingexchange.in/" "Mozilla/5.0 (Macintosh; Intel Mac OS X 10_15_7) AppleWebKit/605.1.15 (KHTML, like Gecko) Version/18.3.1 Safari/605.1.15" 474 **0/474890**
74.7.241.15 - - [14/Mar/2026:05:44:36 -0700] "GET /?path=//opt/python38/lib HTTP/2.0" 200 2714 "https://thebettingexchange.in/?path=//opt/python38" "Mozilla/5.0 AppleWebKit/537.36 (KHTML, like Gecko; compatible; GPTBot/1.3; +https://openai.com/gptbot)" 475 **0/475004**
57.141.2.48 - - [14/Mar/2026:05:44:36 -0700] "GET /items/3128592652 HTTP/2.0" 403 97145 "-" "meta-externalagent/1.1 (+https://developers.facebook.com/docs/sharing/webmasters/crawler)" 855 **0/855844**
57.141.2.14 - - [14/Mar/2026:05:44:36 -0700] "GET /items/1397884707 HTTP/2.0" 403 97145 "-" "meta-externalagent/1.1 (+https://developers.facebook.com/docs/sharing/webmasters/crawler)" 856 **0/856238**
74.7.241.15 - - [14/Mar/2026:05:44:37 -0700] "GET /?path=//opt/python38/bin HTTP/2.0" 200 2828 "https://thebettingexchange.in/?path=//opt/python38" "Mozilla/5.0 AppleWebKit/537.36 (KHTML, like Gecko; compatible; GPTBot/1.3; +https://openai.com/gptbot)" 483 **0/483740**
57.141.2.61 - - [14/Mar/2026:05:44:37 -0700] "GET /items/3530645288 HTTP/2.0" 403 97145 "-" "meta-externalagent/1.1 (+https://developers.facebook.com/docs/sharing/webmasters/crawler)" 875 **0/875393**
74.7.241.15 - - [14/Mar/2026:05:44:37 -0700] "GET /?path=//opt/alt/python27 HTTP/2.0" 200 2675 "https://thebettingexchange.in/?path=//opt/alt" "Mozilla/5.0 AppleWebKit/537.36 (KHTML, like Gecko; compatible; GPTBot/1.3; +https://openai.com/gptbot)" 478 **0/478592**
57.141.2.12 - - [14/Mar/2026:05:44:37 -0700] "GET /items/1077149241 HTTP/2.0" 403 97145 "-" "meta-externalagent/1.1 (+https://developers.facebook.com/docs/sharing/webmasters/crawler)" 816 **0/816251**
57.141.2.5 - - [14/Mar/2026:05:44:38 -0700] "GET /items/3306211325 HTTP/2.0" 403 97145 "-" "meta-externalagent/1.1 (+https://developers.facebook.com/docs/sharing/webmasters/crawler)" 839 **0/839954**
74.7.241.15 - - [14/Mar/2026:05:44:38 -0700] "GET /?path=//opt/alt/libicu65 HTTP/2.0" 200 2558 "https://thebettingexchange.in/?path=//opt/alt" "Mozilla/5.0 AppleWebKit/537.36 (KHTML, like Gecko; compatible; GPTBot/1.3; +https://openai.com/gptbot)" 478 **0/478915**
57.141.2.21 - - [14/Mar/2026:05:44:38 -0700] "GET /items/2126634115 HTTP/2.0" 403 97145 "-" "meta-externalagent/1.1 (+https://developers.facebook.com/docs/sharing/webmasters/crawler)" 828 **0/828193**
74.7.241.15 - - [14/Mar/2026:05:44:39 -0700] "GET /?path=//opt/alt/python33 HTTP/2.0" 200 2677 "https://thebettingexchange.in/?path=//opt/alt" "Mozilla/5.0 AppleWebKit/537.36 (KHTML, like Gecko; compatible; GPTBot/1.3; +https://openai.com/gptbot)" 475 **0/475468**
57.141.2.55 - - [14/Mar/2026:05:44:39 -0700] "GET /items/3330939857 HTTP/2.0" 403 97145 "-" "meta-externalagent/1.1 (+https://developers.facebook.com/docs/sharing/webmasters/crawler)" 862 **0/862454**
57.141.2.5 - - [14/Mar/2026:05:44:39 -0700] "GET /items/304807173 HTTP/2.0" 403 97145 "-" "meta-externalagent/1.1 (+https://developers.facebook.com/docs/sharing/webmasters/crawler)" 813 **0/813095**
74.7.241.15 - - [14/Mar/2026:05:44:40 -0700] "GET /?path=//opt/alt/python37/lib64 HTTP/2.0" 200 2725 "https://thebettingexchange.in/?path=//opt/alt/python37" "Mozilla/5.0 AppleWebKit/537.36 (KHTML, like Gecko; compatible; GPTBot/1.3; +https://openai.com/gptbot)" 476 **0/476006**
57.141.2.63 - - [14/Mar/2026:05:44:40 -0700] "GET /items/875646889 HTTP/2.0" 403 97145 "-" "meta-externalagent/1.1 (+https://developers.facebook.com/docs/sharing/webmasters/crawler)" 858 **0/858700**
57.141.2.61 - - [14/Mar/2026:05:44:40 -0700] "GET /items/1152090112 HTTP/2.0" 403 97145 "-" "meta-externalagent/1.1 (+https://developers.facebook.com/docs/sharing/webmasters/crawler)" 862 **0/862308**
57.141.2.70 - - [14/Mar/2026:05:44:40 -0700] "GET /items/3294792332 HTTP/2.0" 403 97145 "-" "meta-externalagent/1.1 (+https://developers.facebook.com/docs/sharing/webmasters/crawler)" 883 **0/883312**
74.7.241.15 - - [14/Mar/2026:05:44:41 -0700] "GET /?path=//opt/alt/python38/lib64 HTTP/2.0" 200 2722 "https://thebettingexchange.in/?path=//opt/alt/python38" "Mozilla/5.0 AppleWebKit/537.36 (KHTML, like Gecko; compatible; GPTBot/1.3; +https://openai.com/gptbot)" 605 **0/605250**
74.7.241.15 - - [14/Mar/2026:05:44:42 -0700] "GET /?path=//opt/alt/python36/lib64 HTTP/2.0" 200 2724 "https://thebettingexchange.in/?path=//opt/alt/python36" "Mozilla/5.0 AppleWebKit/537.36 (KHTML, like Gecko; compatible; GPTBot/1.3; +https://openai.com/gptbot)" 699 **0/699397**
57.141.2.55 - - [14/Mar/2026:05:44:41 -0700] "GET /items/1230446874 HTTP/2.0" 403 97145 "-" "meta-externalagent/1.1 (+https://developers.facebook.com/docs/sharing/webmasters/crawler)" 1036 **1/1036513**
57.141.2.49 - - [14/Mar/2026:05:44:42 -0700] "GET /items/286196521 HTTP/2.0" 403 97145 "-" "meta-externalagent/1.1 (+https://developers.facebook.com/docs/sharing/webmasters/crawler)" 467 **0/467982**
74.7.241.15 - - [14/Mar/2026:05:44:43 -0700] "GET /?path=//opt/alt/python34/lib64 HTTP/2.0" 200 2725 "https://thebettingexchange.in/?path=//opt/alt/python34" "Mozilla/5.0 AppleWebKit/537.36 (KHTML, like Gecko; compatible; GPTBot/1.3; +https://openai.com/gptbot)" 63 **0/63433**
57.141.2.32 - - [14/Mar/2026:05:44:42 -0700] "GET /items/274852683 HTTP/2.0" 403 97145 "-" "meta-externalagent/1.1 (+https://developers.facebook.com/docs/sharing/webmasters/crawler)" 1030 **1/1030235**
57.141.2.19 - - [14/Mar/2026:05:44:43 -0700] "GET /items/3619650624 HTTP/2.0" 403 97145 "-" "meta-externalagent/1.1 (+https://developers.facebook.com/docs/sharing/webmasters/crawler)" 459 **0/459770**
74.7.241.15 - - [14/Mar/2026:05:44:43 -0700] "GET /?path=//opt/alt/python39/lib64 HTTP/2.0" 200 2723 "https://thebettingexchange.in/?path=//opt/alt/python39" "Mozilla/5.0 AppleWebKit/537.36 (KHTML, like Gecko; compatible; GPTBot/1.3; +https://openai.com/gptbot)" 509 **0/509433**
57.141.2.61 - - [14/Mar/2026:05:44:43 -0700] "GET /items/2674351695 HTTP/2.0" 403 97145 "-" "meta-externalagent/1.1 (+https://developers.facebook.com/docs/sharing/webmasters/crawler)" 845 **0/845973**
57.141.2.49 - - [14/Mar/2026:05:44:44 -0700] "GET /items/2177910392 HTTP/2.0" 403 97145 "-" "meta-externalagent/1.1 (+https://developers.facebook.com/docs/sharing/webmasters/crawler)" 838 **0/838294**
74.7.241.15 - - [14/Mar/2026:05:44:44 -0700] "GET /?path=//opt/alt/python35 HTTP/2.0" 200 2677 "https://thebettingexchange.in/?path=//opt/alt" "Mozilla/5.0 AppleWebKit/537.36 (KHTML, like Gecko; compatible; GPTBot/1.3; +https://openai.com/gptbot)" 486 **0/486859**
57.141.2.17 - - [14/Mar/2026:05:44:44 -0700] "GET /items/1088276566 HTTP/2.0" 403 97145 "-" "meta-externalagent/1.1 (+https://developers.facebook.com/docs/sharing/webmasters/crawler)" 828 **0/828324**
74.7.241.15 - - [14/Mar/2026:05:44:45 -0700] "GET /?path=//opt/python38/lib/python3.8 HTTP/2.0" 200 8078 "https://thebettingexchange.in/?path=//opt/python38/lib" "Mozilla/5.0 AppleWebKit/537.36 (KHTML, like Gecko; compatible; GPTBot/1.3; +https://openai.com/gptbot)" 492 **0/492732**
57.141.2.1 - - [14/Mar/2026:05:44:45 -0700] "GET /items/1702656861 HTTP/2.0" 403 97145 "-" "meta-externalagent/1.1 (+https://developers.facebook.com/docs/sharing/webmasters/crawler)" 822 **0/822865**
57.141.2.5 - - [14/Mar/2026:05:44:45 -0700] "GET /items/601032823 HTTP/2.0" 403 97145 "-" "meta-externalagent/1.1 (+https://developers.facebook.com/docs/sharing/webmasters/crawler)" 845 **0/845733**
74.7.241.15 - - [14/Mar/2026:05:44:46 -0700] "GET /?fileloc=//lib64/fipscheck/libkcapi.so.1.4.0.hmac&path=//lib64/fipscheck HTTP/2.0" 200 2318 "https://thebettingexchange.in/?path=//lib64/fipscheck" "Mozilla/5.0 AppleWebKit/537.36 (KHTML, like Gecko; compatible; GPTBot/1.3; +https://openai.com/gptbot)" 480 **0/480731**
57.141.2.70 - - [14/Mar/2026:05:44:46 -0700] "GET /items/3710375159 HTTP/2.0" 403 97145 "-" "meta-externalagent/1.1 (+https://developers.facebook.com/docs/sharing/webmasters/crawler)" 843 **0/843731**
74.7.241.15 - - [14/Mar/2026:05:44:46 -0700] "GET /?path=//opt/alt/python27/lib64 HTTP/2.0" 200 2698 "https://thebettingexchange.in/?path=//opt/alt/python27" "Mozilla/5.0 AppleWebKit/537.36 (KHTML, like Gecko; compatible; GPTBot/1.3; +https://openai.com/gptbot)" 478 **0/478948**
57.141.2.40 - - [14/Mar/2026:05:44:46 -0700] "GET /items/3617226410 HTTP/2.0" 403 97145 "-" "meta-externalagent/1.1 (+https://developers.facebook.com/docs/sharing/webmasters/crawler)" 852 **0/852310**
57.141.2.42 - - [14/Mar/2026:05:44:47 -0700] "GET /items/3669177191 HTTP/2.0" 403 97145 "-" "meta-externalagent/1.1 (+https://developers.facebook.com/docs/sharing/webmasters/crawler)" 855 **0/855280**
74.7.241.15 - - [14/Mar/2026:05:44:47 -0700] "GET /?path=//lib64/python3.6/lib-dynload HTTP/2.0" 200 4354 "https://thebettingexchange.in/?path=//lib64/python3.6" "Mozilla/5.0 AppleWebKit/537.36 (KHTML, like Gecko; compatible; GPTBot/1.3; +https://openai.com/gptbot)" 488 **0/488124**
57.141.2.49 - - [14/Mar/2026:05:44:47 -0700] "GET /items/2434611260 HTTP/2.0" 403 97145 "-" "meta-externalagent/1.1 (+https://developers.facebook.com/docs/sharing/webmasters/crawler)" 857 **0/857254**
66.249.71.205 - - [14/Mar/2026:05:44:45 -0700] "GET /items/89311 HTTP/1.1" 200 22443 "-" "Mozilla/5.0 (Linux; Android 6.0.1; Nexus 5X Build/MMB29P) AppleWebKit/537.36 (KHTML, like Gecko) Chrome/145.0.7632.116 Mobile Safari/537.36 (compatible; Googlebot/2.1; +http://www.google.com/bot.html)" 2831 **2/2831629**
74.7.241.15 - - [14/Mar/2026:05:44:48 -0700] "GET /?path=//opt/alt/python33/lib64 HTTP/2.0" 200 2725 "https://thebettingexchange.in/?path=//opt/alt/python33" "Mozilla/5.0 AppleWebKit/537.36 (KHTML, like Gecko; compatible; GPTBot/1.3; +https://openai.com/gptbot)" 484 **0/484623**
57.141.2.59 - - [14/Mar/2026:05:44:48 -0700] "GET /items/3527961062 HTTP/2.0" 403 97145 "-" "meta-externalagent/1.1 (+https://developers.facebook.com/docs/sharing/webmasters/crawler)" 840 **0/840104**
57.141.2.49 - - [14/Mar/2026:05:44:48 -0700] "GET /items/2460140485 HTTP/2.0" 403 97145 "-" "meta-externalagent/1.1 (+https://developers.facebook.com/docs/sharing/webmasters/crawler)" 862 **0/862854**
74.7.241.15 - - [14/Mar/2026:05:44:49 -0700] "GET /?path=//opt/alt/python37/lib64/python3.7 HTTP/2.0" 200 8018 "https://thebettingexchange.in/?path=//opt/alt/python37/lib64" "Mozilla/5.0 AppleWebKit/537.36 (KHTML, like Gecko; compatible; GPTBot/1.3; +https://openai.com/gptbot)" 510 **0/510558**
57.141.2.11 - - [14/Mar/2026:05:44:49 -0700] "GET /items/3652296644 HTTP/2.0" 403 97145 "-" "meta-externalagent/1.1 (+https://developers.facebook.com/docs/sharing/webmasters/crawler)" 890 **0/890774**
57.141.2.49 - - [14/Mar/2026:05:44:49 -0700] "GET /items/4101418002 HTTP/2.0" 403 97145 "-" "meta-externalagent/1.1 (+https://developers.facebook.com/docs/sharing/webmasters/crawler)" 913 **0/913949**
74.7.241.15 - - [14/Mar/2026:05:44:50 -0700] "GET /?p=9271 HTTP/2.0" 200 4197 "https://thebettingexchange.in/bonusfinder-accepted-rating-one000-bonus-revolves-into-cops-n-robbers-zero-promotion-password-expected-swift-account-design/" "Mozilla/5.0 AppleWebKit/537.36 (KHTML, like Gecko; compatible; GPTBot/1.3; +https://openai.com/gptbot)" 496 **0/496406**
57.141.2.45 - - [14/Mar/2026:05:44:50 -0700] "GET /items/1892761601 HTTP/2.0" 403 97145 "-" "meta-externalagent/1.1 (+https://developers.facebook.com/docs/sharing/webmasters/crawler)" 865 **0/865945**
74.7.241.15 - - [14/Mar/2026:05:44:50 -0700] "GET /?path=//opt/alt/python38/lib64/python3.8 HTTP/2.0" 200 8022 "https://thebettingexchange.in/?path=//opt/alt/python38/lib64" "Mozilla/5.0 AppleWebKit/537.36 (KHTML, like Gecko; compatible; GPTBot/1.3; +https://openai.com/gptbot)" 495 **0/495012**
57.141.2.14 - - [14/Mar/2026:05:44:50 -0700] "GET /items/3347806098 HTTP/2.0" 403 97145 "-" "meta-externalagent/1.1 (+https://developers.facebook.com/docs/sharing/webmasters/crawler)" 851 **0/851594**
57.141.2.11 - - [14/Mar/2026:05:44:51 -0700] "GET /items/3336807762 HTTP/2.0" 403 97145 "-" "meta-externalagent/1.1 (+https://developers.facebook.com/docs/sharing/webmasters/crawler)" 863 **0/863801**
74.7.241.15 - - [14/Mar/2026:05:44:51 -0700] "GET /?path=//opt/alt/python34/lib64/python3.4 HTTP/2.0" 200 7776 "https://thebettingexchange.in/?path=//opt/alt/python34/lib64" "Mozilla/5.0 AppleWebKit/537.36 (KHTML, like Gecko; compatible; GPTBot/1.3; +https://openai.com/gptbot)" 493 **0/493245**
57.141.2.69 - - [14/Mar/2026:05:44:51 -0700] "GET /items/2877414667 HTTP/2.0" 403 97145 "-" "meta-externalagent/1.1 (+https://developers.facebook.com/docs/sharing/webmasters/crawler)" 840 **0/840071**
57.141.2.19 - - [14/Mar/2026:05:44:52 -0700] "GET /items/2026285731 HTTP/2.0" 403 97145 "-" "meta-externalagent/1.1 (+https://developers.facebook.com/docs/sharing/webmasters/crawler)" 849 **0/849912**
74.7.241.15 - - [14/Mar/2026:05:44:52 -0700] "GET /?path=//opt/alt/python36/lib64/python3.6 HTTP/2.0" 200 7963 "https://thebettingexchange.in/?path=//opt/alt/python36/lib64" "Mozilla/5.0 AppleWebKit/537.36 (KHTML, like Gecko; compatible; GPTBot/1.3; +https://openai.com/gptbot)" 480 **0/480457**
66.249.79.36 - - [14/Mar/2026:05:44:49 -0700] "GET /items/2253045756 HTTP/1.1" 200 21532 "-" "Mozilla/5.0 (Linux; Android 6.0.1; Nexus 5X Build/MMB29P) AppleWebKit/537.36 (KHTML, like Gecko) Chrome/145.0.7632.116 Mobile Safari/537.36 (compatible; Googlebot/2.1; +http://www.google.com/bot.html)" 4201 **4/4201173**
57.141.2.49 - - [14/Mar/2026:05:44:52 -0700] "GET /items/3565044691 HTTP/2.0" 403 97145 "-" "meta-externalagent/1.1 (+https://developers.facebook.com/docs/sharing/webmasters/crawler)" 819 **0/819888**
74.7.241.15 - - [14/Mar/2026:05:44:53 -0700] "GET /?p=50536 HTTP/2.0" 200 4197 "https://thebettingexchange.in/igual-que-inscribiri-llevan-un-tejido-los-casino-paypal-cartas-de-blackjack-fyh-revista/" "Mozilla/5.0 AppleWebKit/537.36 (KHTML, like Gecko; compatible; GPTBot/1.3; +https://openai.com/gptbot)" 481 **0/481073**
57.141.2.49 - - [14/Mar/2026:05:44:53 -0700] "GET /items/2178073931 HTTP/2.0" 403 97145 "-" "meta-externalagent/1.1 (+https://developers.facebook.com/docs/sharing/webmasters/crawler)" 822 **0/822869**
57.141.2.57 - - [14/Mar/2026:05:44:53 -0700] "GET /items/1806050925 HTTP/2.0" 403 97145 "-" "meta-externalagent/1.1 (+https://developers.facebook.com/docs/sharing/webmasters/crawler)" 855 **0/855017**
74.7.241.15 - - [14/Mar/2026:05:44:54 -0700] "GET /?p=1677 HTTP/2.0" 200 4197 "https://thebettingexchange.in/jurassic-playground-rtp-free-spins-position-recommendations/" "Mozilla/5.0 AppleWebKit/537.36 (KHTML, like Gecko; compatible; GPTBot/1.3; +https://openai.com/gptbot)" 490 **0/490157**
57.141.2.11 - - [14/Mar/2026:05:44:54 -0700] "GET /items/3500527275 HTTP/2.0" 403 97145 "-" "meta-externalagent/1.1 (+https://developers.facebook.com/docs/sharing/webmasters/crawler)" 836 **0/836665**
74.7.241.15 - - [14/Mar/2026:05:44:54 -0700] "GET /?path=//opt/python38/lib/python3.8/lib2to3 HTTP/2.0" 200 3193 "https://thebettingexchange.in/?path=//opt/python38/lib/python3.8" "Mozilla/5.0 AppleWebKit/537.36 (KHTML, like Gecko; compatible; GPTBot/1.3; +https://openai.com/gptbot)" 495 **0/495502**
57.141.2.71 - - [14/Mar/2026:05:44:54 -0700] "GET /items/4170905640 HTTP/2.0" 403 97145 "-" "meta-externalagent/1.1 (+https://developers.facebook.com/docs/sharing/webmasters/crawler)" 825 **0/825979**
74.7.241.15 - - [14/Mar/2026:05:44:55 -0700] "GET /?p=27563 HTTP/2.0" 200 4197 "https://thebettingexchange.in/an-irgendeinem-ort-die-kunden-mehr-innovative-bonusse-blo-einzahlung-in-deutschland-ausfindig-machen/" "Mozilla/5.0 AppleWebKit/537.36 (KHTML, like Gecko; compatible; GPTBot/1.3; +https://openai.com/gptbot)" 478 **0/478827**
57.141.2.70 - - [14/Mar/2026:05:44:55 -0700] "GET /items/1274983023 HTTP/2.0" 403 97145 "-" "meta-externalagent/1.1 (+https://developers.facebook.com/docs/sharing/webmasters/crawler)" 833 **0/833102**
57.141.2.40 - - [14/Mar/2026:05:44:55 -0700] "GET /items/4279019230 HTTP/2.0" 403 97145 "-" "meta-externalagent/1.1 (+https://developers.facebook.com/docs/sharing/webmasters/crawler)" 836 **0/836844**
66.249.79.36 - - [14/Mar/2026:05:44:53 -0700] "GET /items/4007418492 HTTP/1.1" 200 21967 "-" "Mozilla/5.0 (Linux; Android 6.0.1; Nexus 5X Build/MMB29P) AppleWebKit/537.36 (KHTML, like Gecko) Chrome/145.0.7632.116 Mobile Safari/537.36 (compatible; Googlebot/2.1; +http://www.google.com/bot.html)" 2918 **2/2918945**
74.7.241.15 - - [14/Mar/2026:05:44:56 -0700] "GET /?path=//opt/python38/lib/python3.8/ctypes HTTP/2.0" 200 2858 "https://thebettingexchange.in/?path=//opt/python38/lib/python3.8" "Mozilla/5.0 AppleWebKit/537.36 (KHTML, like Gecko; compatible; GPTBot/1.3; +https://openai.com/gptbot)" 481 **0/481740**
57.141.2.54 - - [14/Mar/2026:05:44:56 -0700] "GET /items/3727990257 HTTP/2.0" 200 97145 "-" "meta-externalagent/1.1 (+https://developers.facebook.com/docs/sharing/webmasters/crawler)" 852 **0/852317**
57.141.2.5 - - [14/Mar/2026:05:44:56 -0700] "GET /items/3464490824 HTTP/2.0" 200 97145 "-" "meta-externalagent/1.1 (+https://developers.facebook.com/docs/sharing/webmasters/crawler)" 844 **0/844097**
74.7.241.15 - - [14/Mar/2026:05:44:57 -0700] "GET /?path=//opt/python38/lib/python3.8/xmlrpc HTTP/2.0" 200 2729 "https://thebettingexchange.in/?path=//opt/python38/lib/python3.8" "Mozilla/5.0 AppleWebKit/537.36 (KHTML, like Gecko; compatible; GPTBot/1.3; +https://openai.com/gptbot)" 499 **0/499457**
57.141.2.44 - - [14/Mar/2026:05:44:57 -0700] "GET /items/2328108727 HTTP/2.0" 200 97145 "-" "meta-externalagent/1.1 (+https://developers.facebook.com/docs/sharing/webmasters/crawler)" 831 **0/831300**
74.7.241.15 - - [14/Mar/2026:05:44:58 -0700] "GET /?path=//opt/alt/python37/lib64/python3.7/collections HTTP/2.0" 200 2717 "https://thebettingexchange.in/?path=//opt/alt/python37/lib64/python3.7" "Mozilla/5.0 AppleWebKit/537.36 (KHTML, like Gecko; compatible; GPTBot/1.3; +https://openai.com/gptbot)" 475 **0/475890**
57.141.2.52 - - [14/Mar/2026:05:44:57 -0700] "GET /items/717946190 HTTP/2.0" 200 97145 "-" "meta-externalagent/1.1 (+https://developers.facebook.com/docs/sharing/webmasters/crawler)" 852 **0/852213**
57.141.2.33 - - [14/Mar/2026:05:44:58 -0700] "GET /items/2722362988 HTTP/2.0" 200 97145 "-" "meta-externalagent/1.1 (+https://developers.facebook.com/docs/sharing/webmasters/crawler)" 837 **0/837182**
74.7.241.15 - - [14/Mar/2026:05:44:58 -0700] "GET /?p=42241 HTTP/2.0" 200 4197 "https://thebettingexchange.in/per-di-piu-volte-giocatori-non-hanno-alcun-giustizia-di-ricorso-durante-avvenimento-di-problemi-oppure-controversie/" "Mozilla/5.0 AppleWebKit/537.36 (KHTML, like Gecko; compatible; GPTBot/1.3; +https://openai.com/gptbot)" 489 **0/489832**
57.141.2.3 - - [14/Mar/2026:05:44:58 -0700] "GET /items/1308333834 HTTP/2.0" 200 97145 "-" "meta-externalagent/1.1 (+https://developers.facebook.com/docs/sharing/webmasters/crawler)" 853 **0/853885**
66.249.71.173 - - [14/Mar/2026:05:44:56 -0700] "GET /items/2116916720 HTTP/1.1" 200 21812 "-" "Mozilla/5.0 (Linux; Android 6.0.1; Nexus 5X Build/MMB29P) AppleWebKit/537.36 (KHTML, like Gecko) Chrome/145.0.7632.116 Mobile Safari/537.36 (compatible; Googlebot/2.1; +http://www.google.com/bot.html)" 2860 **2/2860238**
74.7.241.15 - - [14/Mar/2026:05:44:59 -0700] "GET /?path=//opt/alt/python37/lib64/python3.7/test HTTP/2.0" 200 2712 "https://thebettingexchange.in/?path=//opt/alt/python37/lib64/python3.7" "Mozilla/5.0 AppleWebKit/537.36 (KHTML, like Gecko; compatible; GPTBot/1.3; +https://openai.com/gptbot)" 494 **0/494367**
57.141.2.30 - - [14/Mar/2026:05:44:59 -0700] "GET /items/2110327637 HTTP/2.0" 200 97145 "-" "meta-externalagent/1.1 (+https://developers.facebook.com/docs/sharing/webmasters/crawler)" 913 **0/913469**
57.141.2.49 - - [14/Mar/2026:05:44:59 -0700] "GET /items/2933422987 HTTP/2.0" 200 97145 "-" "meta-externalagent/1.1 (+https://developers.facebook.com/docs/sharing/webmasters/crawler)" 884 **0/884957**
57.141.2.66 - - [14/Mar/2026:05:44:59 -0700] "GET /items/522180215 HTTP/2.0" 200 97145 "-" "meta-externalagent/1.1 (+https://developers.facebook.com/docs/sharing/webmasters/crawler)" 867 **0/867225**
74.7.241.15 - - [14/Mar/2026:05:45:00 -0700] "GET /?fileloc=//opt/alt/python34/lib64/python3.4/traceback.py&path=//opt/alt/python34/lib64/python3.4 HTTP/2.0" 200 5676 "https://thebettingexchange.in/?path=//opt/alt/python34/lib64/python3.4" "Mozilla/5.0 AppleWebKit/537.36 (KHTML, like Gecko; compatible; GPTBot/1.3; +https://openai.com/gptbot)" 487 **0/487332**
57.141.2.70 - - [14/Mar/2026:05:45:00 -0700] "GET /items/1688203363 HTTP/2.0" 200 97145 "-" "meta-externalagent/1.1 (+https://developers.facebook.com/docs/sharing/webmasters/crawler)" 901 **0/901006**
74.7.241.15 - - [14/Mar/2026:05:45:01 -0700] "GET /?p=15682 HTTP/2.0" 200 4197 "https://thebettingexchange.in/czy-czy-nie-korzystne-siegac-przyjecia-promocje-kasyno-ktorzy-maja-bonusem-na-inicjuj-bez-depozytu/" "Mozilla/5.0 AppleWebKit/537.36 (KHTML, like Gecko; compatible; GPTBot/1.3; +https://openai.com/gptbot)" 603 **0/603935**
57.141.2.22 - - [14/Mar/2026:05:45:01 -0700] "GET /items/3907353233 HTTP/2.0" 200 97145 "-" "meta-externalagent/1.1 (+https://developers.facebook.com/docs/sharing/webmasters/crawler)" 901 **0/901961**
57.141.2.53 - - [14/Mar/2026:05:45:01 -0700] "GET /items/251807816 HTTP/2.0" 200 97145 "-" "meta-externalagent/1.1 (+https://developers.facebook.com/docs/sharing/webmasters/crawler)" 1083 **1/1083302**
74.7.241.15 - - [14/Mar/2026:05:45:02 -0700] "GET /?path=//opt/alt/python38/lib64/python3.8/venv HTTP/2.0" 200 2741 "https://thebettingexchange.in/?path=//opt/alt/python38/lib64/python3.8" "Mozilla/5.0 AppleWebKit/537.36 (KHTML, like Gecko; compatible; GPTBot/1.3; +https://openai.com/gptbot)" 647 **0/647091**
66.249.79.36 - - [14/Mar/2026:05:45:00 -0700] "GET /items/2703137664 HTTP/1.1" 200 21475 "-" "Mozilla/5.0 (Linux; Android 6.0.1; Nexus 5X Build/MMB29P) AppleWebKit/537.36 (KHTML, like Gecko) Chrome/145.0.7632.116 Mobile Safari/537.36 (compatible; Googlebot/2.1; +http://www.google.com/bot.html)" 2995 **2/2995824**
57.141.2.49 - - [14/Mar/2026:05:45:02 -0700] "GET /items/3295624379 HTTP/2.0" 200 97145 "-" "meta-externalagent/1.1 (+https://developers.facebook.com/docs/sharing/webmasters/crawler)" 988 **0/988610**
57.141.2.25 - - [14/Mar/2026:05:45:02 -0700] "GET /items/669658103 HTTP/2.0" 200 97145 "-" "meta-externalagent/1.1 (+https://developers.facebook.com/docs/sharing/webmasters/crawler)" 939 **0/939279**
74.7.241.15 - - [14/Mar/2026:05:45:03 -0700] "GET /?path=//opt/alt/python34/lib64/python3.4/venv HTTP/2.0" 200 2740 "https://thebettingexchange.in/?path=//opt/alt/python34/lib64/python3.4" "Mozilla/5.0 AppleWebKit/537.36 (KHTML, like Gecko; compatible; GPTBot/1.3; +https://openai.com/gptbot)" 552 **0/552138**
57.141.2.67 - - [14/Mar/2026:05:45:03 -0700] "GET /items/54102371 HTTP/2.0" 200 97145 "-" "meta-externalagent/1.1 (+https://developers.facebook.com/docs/sharing/webmasters/crawler)" 907 **0/907756**
74.7.241.15 - - [14/Mar/2026:05:45:03 -0700] "GET /?path=//opt/alt/python36/lib64/python3.6/venv HTTP/2.0" 200 2741 "https://thebettingexchange.in/?path=//opt/alt/python36/lib64/python3.6" "Mozilla/5.0 AppleWebKit/537.36 (KHTML, like Gecko; compatible; GPTBot/1.3; +https://openai.com/gptbot)" 545 **0/545614**
