57.141.2.45 - - [14/Mar/2026:05:45:03 -0700] "GET /items/2076783800 HTTP/2.0" 200 97145 "-" "meta-externalagent/1.1 (+https://developers.facebook.com/docs/sharing/webmasters/crawler)" 843 **0/843864**
57.141.2.49 - - [14/Mar/2026:05:45:03 -0700] "GET /items/463463670 HTTP/2.0" 200 97145 "-" "meta-externalagent/1.1 (+https://developers.facebook.com/docs/sharing/webmasters/crawler)" 872 **0/872041**
74.7.241.15 - - [14/Mar/2026:05:45:04 -0700] "GET /?path=//opt/alt/python37/lib64/python3.7/venv HTTP/2.0" 200 2742 "https://thebettingexchange.in/?path=//opt/alt/python37/lib64/python3.7" "Mozilla/5.0 AppleWebKit/537.36 (KHTML, like Gecko; compatible; GPTBot/1.3; +https://openai.com/gptbot)" 525 **0/525189**
57.141.2.11 - - [14/Mar/2026:05:45:04 -0700] "GET /items/1456092211 HTTP/2.0" 200 97145 "-" "meta-externalagent/1.1 (+https://developers.facebook.com/docs/sharing/webmasters/crawler)" 864 **0/864721**
57.141.2.18 - - [14/Mar/2026:05:45:05 -0700] "GET /items/3726614635 HTTP/2.0" 200 97145 "-" "meta-externalagent/1.1 (+https://developers.facebook.com/docs/sharing/webmasters/crawler)" 931 **0/931607**
74.7.241.15 - - [14/Mar/2026:05:45:05 -0700] "GET /?fileloc=//opt/python38/lib/python3.8/ctypes/util.py&path=//opt/python38/lib/python3.8/ctypes HTTP/2.0" 200 5809 "https://thebettingexchange.in/?path=//opt/python38/lib/python3.8/ctypes" "Mozilla/5.0 AppleWebKit/537.36 (KHTML, like Gecko; compatible; GPTBot/1.3; +https://openai.com/gptbot)" 532 **0/532957**
66.249.79.36 - - [14/Mar/2026:05:45:03 -0700] "GET /items/311741598 HTTP/1.1" 200 21961 "-" "Mozilla/5.0 (Linux; Android 6.0.1; Nexus 5X Build/MMB29P) AppleWebKit/537.36 (KHTML, like Gecko) Chrome/145.0.7632.116 Mobile Safari/537.36 (compatible; Googlebot/2.1; +http://www.google.com/bot.html)" 2975 **2/2975481**
57.141.2.4 - - [14/Mar/2026:05:45:05 -0700] "GET /items/3549394260 HTTP/2.0" 200 97145 "-" "meta-externalagent/1.1 (+https://developers.facebook.com/docs/sharing/webmasters/crawler)" 841 **0/841837**
57.141.2.41 - - [14/Mar/2026:05:45:06 -0700] "GET /items/1569582083 HTTP/2.0" 200 97145 "-" "meta-externalagent/1.1 (+https://developers.facebook.com/docs/sharing/webmasters/crawler)" 847 **0/847367**
74.7.241.15 - - [14/Mar/2026:05:45:06 -0700] "GET /?path=//opt/alt/python38/lib64/python3.8/http HTTP/2.0" 200 2801 "https://thebettingexchange.in/?path=//opt/alt/python38/lib64/python3.8" "Mozilla/5.0 AppleWebKit/537.36 (KHTML, like Gecko; compatible; GPTBot/1.3; +https://openai.com/gptbot)" 499 **0/499763**
57.141.2.43 - - [14/Mar/2026:05:45:06 -0700] "GET /items/576372463 HTTP/2.0" 200 97145 "-" "meta-externalagent/1.1 (+https://developers.facebook.com/docs/sharing/webmasters/crawler)" 856 **0/856711**
74.7.241.15 - - [14/Mar/2026:05:45:07 -0700] "GET /?p=29544 HTTP/2.0" 200 4197 "https://thebettingexchange.in/join-the-motion-by-visiting-the-online-game-collection/" "Mozilla/5.0 AppleWebKit/537.36 (KHTML, like Gecko; compatible; GPTBot/1.3; +https://openai.com/gptbot)" 532 **0/532506**
57.141.2.55 - - [14/Mar/2026:05:45:07 -0700] "GET /items/1858425902 HTTP/2.0" 200 97145 "-" "meta-externalagent/1.1 (+https://developers.facebook.com/docs/sharing/webmasters/crawler)" 880 **0/880866**
74.7.241.15 - - [14/Mar/2026:05:45:08 -0700] "GET /?path=//opt/alt/python34/lib64/python3.4/http HTTP/2.0" 200 2799 "https://thebettingexchange.in/?path=//opt/alt/python34/lib64/python3.4" "Mozilla/5.0 AppleWebKit/537.36 (KHTML, like Gecko; compatible; GPTBot/1.3; +https://openai.com/gptbot)" 508 **0/508527**
57.141.2.16 - - [14/Mar/2026:05:45:07 -0700] "GET /items/1084996398 HTTP/2.0" 200 97145 "-" "meta-externalagent/1.1 (+https://developers.facebook.com/docs/sharing/webmasters/crawler)" 910 **0/910440**
57.141.2.56 - - [14/Mar/2026:05:45:08 -0700] "GET /items/2656176850 HTTP/2.0" 200 97145 "-" "meta-externalagent/1.1 (+https://developers.facebook.com/docs/sharing/webmasters/crawler)" 851 **0/851915**
57.141.2.40 - - [14/Mar/2026:05:45:08 -0700] "GET /items/3709379589 HTTP/2.0" 200 97145 "-" "meta-externalagent/1.1 (+https://developers.facebook.com/docs/sharing/webmasters/crawler)" 871 **0/871744**
66.249.79.36 - - [14/Mar/2026:05:45:06 -0700] "GET /items/706064609 HTTP/1.1" 200 22744 "-" "Mozilla/5.0 (Linux; Android 6.0.1; Nexus 5X Build/MMB29P) AppleWebKit/537.36 (KHTML, like Gecko) Chrome/145.0.7632.116 Mobile Safari/537.36 (compatible; Googlebot/2.1; +http://www.google.com/bot.html)" 3127 **3/3127976**
74.7.241.15 - - [14/Mar/2026:05:45:09 -0700] "GET /?path=//opt/alt/python37/lib64/python3.7/test/support HTTP/2.0" 200 2694 "https://thebettingexchange.in/?path=//opt/alt/python37/lib64/python3.7/test" "Mozilla/5.0 AppleWebKit/537.36 (KHTML, like Gecko; compatible; GPTBot/1.3; +https://openai.com/gptbot)" 548 **0/548100**
57.141.2.5 - - [14/Mar/2026:05:45:09 -0700] "GET /items/2734865935 HTTP/2.0" 200 97145 "-" "meta-externalagent/1.1 (+https://developers.facebook.com/docs/sharing/webmasters/crawler)" 917 **0/917318**
74.7.241.15 - - [14/Mar/2026:05:45:09 -0700] "GET /?p=6720 HTTP/2.0" 200 4197 "https://thebettingexchange.in/herstellen-sie-die-ersten-aktion-inoffizieller-mitarbeiter-e-spielbank-ohne-pranumeration/" "Mozilla/5.0 AppleWebKit/537.36 (KHTML, like Gecko; compatible; GPTBot/1.3; +https://openai.com/gptbot)" 492 **0/492346**
57.141.2.9 - - [14/Mar/2026:05:45:09 -0700] "GET /items/1722340028 HTTP/2.0" 200 97145 "-" "meta-externalagent/1.1 (+https://developers.facebook.com/docs/sharing/webmasters/crawler)" 852 **0/852731**
57.141.2.54 - - [14/Mar/2026:05:45:10 -0700] "GET /items/654259423 HTTP/2.0" 200 97145 "-" "meta-externalagent/1.1 (+https://developers.facebook.com/docs/sharing/webmasters/crawler)" 831 **0/831963**
74.7.241.15 - - [14/Mar/2026:05:45:10 -0700] "GET /?path=//opt/alt/python34/lib64/python3.4/test HTTP/2.0" 200 2711 "https://thebettingexchange.in/?path=//opt/alt/python34/lib64/python3.4" "Mozilla/5.0 AppleWebKit/537.36 (KHTML, like Gecko; compatible; GPTBot/1.3; +https://openai.com/gptbot)" 499 **0/499889**
57.141.2.12 - - [14/Mar/2026:05:45:10 -0700] "GET /items/703111839 HTTP/2.0" 200 97145 "-" "meta-externalagent/1.1 (+https://developers.facebook.com/docs/sharing/webmasters/crawler)" 860 **0/860341**
74.7.241.15 - - [14/Mar/2026:05:45:11 -0700] "GET /?path=//opt/alt/python37/lib64/python3.7/http HTTP/2.0" 200 2800 "https://thebettingexchange.in/?path=//opt/alt/python37/lib64/python3.7" "Mozilla/5.0 AppleWebKit/537.36 (KHTML, like Gecko; compatible; GPTBot/1.3; +https://openai.com/gptbot)" 488 **0/488163**
57.141.2.7 - - [14/Mar/2026:05:45:11 -0700] "GET /items/4026811210 HTTP/2.0" 200 97145 "-" "meta-externalagent/1.1 (+https://developers.facebook.com/docs/sharing/webmasters/crawler)" 861 **0/861558**
57.141.2.67 - - [14/Mar/2026:05:45:11 -0700] "GET /items/4287768314 HTTP/2.0" 200 97145 "-" "meta-externalagent/1.1 (+https://developers.facebook.com/docs/sharing/webmasters/crawler)" 851 **0/851817**
66.249.71.205 - - [14/Mar/2026:05:45:09 -0700] "GET /items/1902053174 HTTP/1.1" 200 22381 "-" "Mozilla/5.0 (Linux; Android 6.0.1; Nexus 5X Build/MMB29P) AppleWebKit/537.36 (KHTML, like Gecko) Chrome/145.0.7632.116 Mobile Safari/537.36 (compatible; Googlebot/2.1; +http://www.google.com/bot.html)" 2891 **2/2891045**
74.7.241.15 - - [14/Mar/2026:05:45:12 -0700] "GET /?path=//opt/alt/python36/lib64/python3.6/http HTTP/2.0" 200 2799 "https://thebettingexchange.in/?path=//opt/alt/python36/lib64/python3.6" "Mozilla/5.0 AppleWebKit/537.36 (KHTML, like Gecko; compatible; GPTBot/1.3; +https://openai.com/gptbot)" 490 **0/490923**
179.176.232.22 - - [14/Mar/2026:05:45:12 -0700] "GET /plinko-casino-sverige-fria-parti-reactoonz-spela-online-premium-european-roulette-spel-riktiga-klover/ HTTP/1.1" 200 4874 "-" "Mozilla/5.0 (Macintosh; Intel Mac OS X 10_11_6) AppleWebKit/537.36 (KHTML, like Gecko) Chrome/80.0.3987.132 Safari/537.36" 495 **0/495959**
57.141.2.37 - - [14/Mar/2026:05:45:12 -0700] "GET /items/2525858593 HTTP/2.0" 200 97145 "-" "meta-externalagent/1.1 (+https://developers.facebook.com/docs/sharing/webmasters/crawler)" 880 **0/880922**
57.141.2.67 - - [14/Mar/2026:05:45:12 -0700] "GET /items/4131428071 HTTP/2.0" 200 97145 "-" "meta-externalagent/1.1 (+https://developers.facebook.com/docs/sharing/webmasters/crawler)" 849 **0/849054**
74.7.241.15 - - [14/Mar/2026:05:45:13 -0700] "GET /?path=//opt/alt/python36/lib64/python3.6/test HTTP/2.0" 200 2712 "https://thebettingexchange.in/?path=//opt/alt/python36/lib64/python3.6" "Mozilla/5.0 AppleWebKit/537.36 (KHTML, like Gecko; compatible; GPTBot/1.3; +https://openai.com/gptbot)" 495 **0/495986**
57.141.2.6 - - [14/Mar/2026:05:45:13 -0700] "GET /items/1165331479 HTTP/2.0" 200 97145 "-" "meta-externalagent/1.1 (+https://developers.facebook.com/docs/sharing/webmasters/crawler)" 829 **0/829526**
57.141.2.66 - - [14/Mar/2026:05:45:13 -0700] "GET /items/789133198 HTTP/2.0" 200 97145 "-" "meta-externalagent/1.1 (+https://developers.facebook.com/docs/sharing/webmasters/crawler)" 837 **0/837602**
74.7.241.15 - - [14/Mar/2026:05:45:14 -0700] "GET /?p=27883 HTTP/2.0" 200 4197 "https://thebettingexchange.in/zudem-sei-das-dieser-gangbar-spielsaal-provision-fallweise-auch-in-einem-werbeangebot-zu-handen-aktive-gamer-einbeziehen/" "Mozilla/5.0 AppleWebKit/537.36 (KHTML, like Gecko; compatible; GPTBot/1.3; +https://openai.com/gptbot)" 506 **0/506521**
57.141.2.11 - - [14/Mar/2026:05:45:14 -0700] "GET /items/1529448451 HTTP/2.0" 200 97145 "-" "meta-externalagent/1.1 (+https://developers.facebook.com/docs/sharing/webmasters/crawler)" 835 **0/835297**
74.7.241.15 - - [14/Mar/2026:05:45:14 -0700] "GET /?path=//opt/alt/python34/lib64/python3.4/email HTTP/2.0" 200 3355 "https://thebettingexchange.in/?path=//opt/alt/python34/lib64/python3.4" "Mozilla/5.0 AppleWebKit/537.36 (KHTML, like Gecko; compatible; GPTBot/1.3; +https://openai.com/gptbot)" 483 **0/483400**
57.141.2.63 - - [14/Mar/2026:05:45:14 -0700] "GET /items/2758871688 HTTP/2.0" 200 97145 "-" "meta-externalagent/1.1 (+https://developers.facebook.com/docs/sharing/webmasters/crawler)" 860 **0/860654**
57.141.2.4 - - [14/Mar/2026:05:45:15 -0700] "GET /items/1745006919 HTTP/2.0" 200 97145 "-" "meta-externalagent/1.1 (+https://developers.facebook.com/docs/sharing/webmasters/crawler)" 834 **0/834556**
66.249.71.173 - - [14/Mar/2026:05:45:13 -0700] "GET /items/270558199 HTTP/1.1" 200 21162 "-" "Mozilla/5.0 (Linux; Android 6.0.1; Nexus 5X Build/MMB29P) AppleWebKit/537.36 (KHTML, like Gecko) Chrome/145.0.7632.116 Mobile Safari/537.36 (compatible; Googlebot/2.1; +http://www.google.com/bot.html)" 2932 **2/2932004**
74.7.241.15 - - [14/Mar/2026:05:45:15 -0700] "GET /?path=//opt/alt/python38/lib64/python3.8/email HTTP/2.0" 200 3354 "https://thebettingexchange.in/?path=//opt/alt/python38/lib64/python3.8" "Mozilla/5.0 AppleWebKit/537.36 (KHTML, like Gecko; compatible; GPTBot/1.3; +https://openai.com/gptbot)" 510 **0/510536**
57.141.2.42 - - [14/Mar/2026:05:45:15 -0700] "GET /items/2777620660 HTTP/2.0" 200 97145 "-" "meta-externalagent/1.1 (+https://developers.facebook.com/docs/sharing/webmasters/crawler)" 835 **0/835503**
74.7.241.15 - - [14/Mar/2026:05:45:16 -0700] "GET /?path=//opt/alt/python36/lib64/python3.6/email HTTP/2.0" 200 3358 "https://thebettingexchange.in/?path=//opt/alt/python36/lib64/python3.6" "Mozilla/5.0 AppleWebKit/537.36 (KHTML, like Gecko; compatible; GPTBot/1.3; +https://openai.com/gptbot)" 488 **0/488170**
57.141.2.49 - - [14/Mar/2026:05:45:16 -0700] "GET /items/3098991769 HTTP/2.0" 200 97145 "-" "meta-externalagent/1.1 (+https://developers.facebook.com/docs/sharing/webmasters/crawler)" 841 **0/841915**
57.141.2.14 - - [14/Mar/2026:05:45:16 -0700] "GET /items/2214944726 HTTP/2.0" 200 97145 "-" "meta-externalagent/1.1 (+https://developers.facebook.com/docs/sharing/webmasters/crawler)" 816 **0/816010**
74.7.241.15 - - [14/Mar/2026:05:45:17 -0700] "GET /?path=//opt/alt/python37/lib64/python3.7/email HTTP/2.0" 200 3356 "https://thebettingexchange.in/?path=//opt/alt/python37/lib64/python3.7" "Mozilla/5.0 AppleWebKit/537.36 (KHTML, like Gecko; compatible; GPTBot/1.3; +https://openai.com/gptbot)" 510 **0/510620**
57.141.2.44 - - [14/Mar/2026:05:45:17 -0700] "GET /items/3892307957 HTTP/2.0" 200 97145 "-" "meta-externalagent/1.1 (+https://developers.facebook.com/docs/sharing/webmasters/crawler)" 854 **0/854269**
57.141.2.21 - - [14/Mar/2026:05:45:17 -0700] "GET /items/2547933706 HTTP/2.0" 200 97145 "-" "meta-externalagent/1.1 (+https://developers.facebook.com/docs/sharing/webmasters/crawler)" 861 **0/861141**
74.7.241.15 - - [14/Mar/2026:05:45:18 -0700] "GET /?fileloc=//opt/alt/python37/lib64/python3.7/test/support/__init__.py&path=//opt/alt/python37/lib64/python3.7/test/support HTTP/2.0" 200 32461 "https://thebettingexchange.in/?path=//opt/alt/python37/lib64/python3.7/test/support" "Mozilla/5.0 AppleWebKit/537.36 (KHTML, like Gecko; compatible; GPTBot/1.3; +https://openai.com/gptbot)" 513 **0/513401**
57.141.2.31 - - [14/Mar/2026:05:45:18 -0700] "GET /items/3127380537 HTTP/2.0" 200 97145 "-" "meta-externalagent/1.1 (+https://developers.facebook.com/docs/sharing/webmasters/crawler)" 828 **0/828469**
57.141.2.43 - - [14/Mar/2026:05:45:18 -0700] "GET /items/1174557969 HTTP/2.0" 200 97145 "-" "meta-externalagent/1.1 (+https://developers.facebook.com/docs/sharing/webmasters/crawler)" 824 **0/824504**
74.7.241.15 - - [14/Mar/2026:05:45:18 -0700] "GET /?path=//opt/alt/python38/lib64/python3.8/importlib HTTP/2.0" 200 2918 "https://thebettingexchange.in/?path=//opt/alt/python38/lib64/python3.8" "Mozilla/5.0 AppleWebKit/537.36 (KHTML, like Gecko; compatible; GPTBot/1.3; +https://openai.com/gptbot)" 488 **0/488754**
66.249.79.36 - - [14/Mar/2026:05:45:16 -0700] "GET /items/1683598755 HTTP/1.1" 200 21281 "-" "Mozilla/5.0 (Linux; Android 6.0.1; Nexus 5X Build/MMB29P) AppleWebKit/537.36 (KHTML, like Gecko) Chrome/145.0.7632.116 Mobile Safari/537.36 (compatible; Googlebot/2.1; +http://www.google.com/bot.html)" 2829 **2/2829107**
57.141.2.65 - - [14/Mar/2026:05:45:19 -0700] "GET /items/2104904694 HTTP/2.0" 200 97145 "-" "meta-externalagent/1.1 (+https://developers.facebook.com/docs/sharing/webmasters/crawler)" 837 **0/837027**
74.7.241.15 - - [14/Mar/2026:05:45:19 -0700] "GET /?path=//opt/alt/python34/lib64/python3.4/test/support HTTP/2.0" 200 2694 "https://thebettingexchange.in/?path=//opt/alt/python34/lib64/python3.4/test" "Mozilla/5.0 AppleWebKit/537.36 (KHTML, like Gecko; compatible; GPTBot/1.3; +https://openai.com/gptbot)" 503 **0/503944**
57.141.2.44 - - [14/Mar/2026:05:45:19 -0700] "GET /items/1007735974 HTTP/2.0" 200 97145 "-" "meta-externalagent/1.1 (+https://developers.facebook.com/docs/sharing/webmasters/crawler)" 850 **0/850732**
74.7.241.15 - - [14/Mar/2026:05:45:20 -0700] "GET /?path=//opt/alt/python34/lib64/python3.4/distutils HTTP/2.0" 200 3522 "https://thebettingexchange.in/?path=//opt/alt/python34/lib64/python3.4" "Mozilla/5.0 AppleWebKit/537.36 (KHTML, like Gecko; compatible; GPTBot/1.3; +https://openai.com/gptbot)" 509 **0/509647**
57.141.2.61 - - [14/Mar/2026:05:45:20 -0700] "GET /items/2504489664 HTTP/2.0" 200 97145 "-" "meta-externalagent/1.1 (+https://developers.facebook.com/docs/sharing/webmasters/crawler)" 850 **0/850676**
57.141.2.6 - - [14/Mar/2026:05:45:20 -0700] "GET /items/1216988978 HTTP/2.0" 200 97145 "-" "meta-externalagent/1.1 (+https://developers.facebook.com/docs/sharing/webmasters/crawler)" 843 **0/843109**
74.7.241.15 - - [14/Mar/2026:05:45:21 -0700] "GET /?path=//opt/alt/python37/lib64/python3.7/importlib HTTP/2.0" 200 2880 "https://thebettingexchange.in/?path=//opt/alt/python37/lib64/python3.7" "Mozilla/5.0 AppleWebKit/537.36 (KHTML, like Gecko; compatible; GPTBot/1.3; +https://openai.com/gptbot)" 495 **0/495608**
57.141.2.35 - - [14/Mar/2026:05:45:21 -0700] "GET /items/616650000 HTTP/2.0" 200 97145 "-" "meta-externalagent/1.1 (+https://developers.facebook.com/docs/sharing/webmasters/crawler)" 829 **0/829180**
57.141.2.2 - - [14/Mar/2026:05:45:21 -0700] "GET /items/624875085 HTTP/2.0" 200 97145 "-" "meta-externalagent/1.1 (+https://developers.facebook.com/docs/sharing/webmasters/crawler)" 844 **0/844081**
74.7.241.15 - - [14/Mar/2026:05:45:22 -0700] "GET /?path=//opt/alt/python36/lib64/python3.6/test/support HTTP/2.0" 200 2695 "https://thebettingexchange.in/?path=//opt/alt/python36/lib64/python3.6/test" "Mozilla/5.0 AppleWebKit/537.36 (KHTML, like Gecko; compatible; GPTBot/1.3; +https://openai.com/gptbot)" 481 **0/481170**
66.249.79.36 - - [14/Mar/2026:05:45:19 -0700] "GET /items/3843520855 HTTP/1.1" 200 22090 "-" "Mozilla/5.0 (Linux; Android 6.0.1; Nexus 5X Build/MMB29P) AppleWebKit/537.36 (KHTML, like Gecko) Chrome/145.0.7632.116 Mobile Safari/537.36 (compatible; Googlebot/2.1; +http://www.google.com/bot.html)" 2833 **2/2833055**
57.141.2.20 - - [14/Mar/2026:05:45:22 -0700] "GET /items/3157167649 HTTP/2.0" 200 97145 "-" "meta-externalagent/1.1 (+https://developers.facebook.com/docs/sharing/webmasters/crawler)" 820 **0/820875**
74.7.241.15 - - [14/Mar/2026:05:45:22 -0700] "GET /?path=//opt/alt/python34/lib64/python3.4/importlib HTTP/2.0" 200 2818 "https://thebettingexchange.in/?path=//opt/alt/python34/lib64/python3.4" "Mozilla/5.0 AppleWebKit/537.36 (KHTML, like Gecko; compatible; GPTBot/1.3; +https://openai.com/gptbot)" 503 **0/503611**
57.141.2.44 - - [14/Mar/2026:05:45:22 -0700] "GET /items/3190977554 HTTP/2.0" 200 97145 "-" "meta-externalagent/1.1 (+https://developers.facebook.com/docs/sharing/webmasters/crawler)" 852 **0/852128**
185.191.171.14 - - [14/Mar/2026:05:45:23 -0700] "GET /slot-machines-control-the-new-gambling-establishment-floor-to-possess-an-explanation/ HTTP/1.1" 200 4874 "-" "Mozilla/5.0 (compatible; SemrushBot/7~bl; +http://www.semrush.com/bot.html)" 482 **0/482202**
57.141.2.50 - - [14/Mar/2026:05:45:22 -0700] "GET /items/974125135 HTTP/2.0" 200 97145 "-" "meta-externalagent/1.1 (+https://developers.facebook.com/docs/sharing/webmasters/crawler)" 854 **0/854872**
74.7.241.15 - - [14/Mar/2026:05:45:23 -0700] "GET /?fileloc=//opt/alt/python34/lib64/python3.4/email/errors.py&path=//opt/alt/python34/lib64/python3.4/email HTTP/2.0" 200 3479 "https://thebettingexchange.in/?path=//opt/alt/python34/lib64/python3.4/email" "Mozilla/5.0 AppleWebKit/537.36 (KHTML, like Gecko; compatible; GPTBot/1.3; +https://openai.com/gptbot)" 485 **0/485902**
57.141.2.50 - - [14/Mar/2026:05:45:23 -0700] "GET /items/2389277209 HTTP/2.0" 200 97145 "-" "meta-externalagent/1.1 (+https://developers.facebook.com/docs/sharing/webmasters/crawler)" 821 **0/821474**
74.7.241.15 - - [14/Mar/2026:05:45:24 -0700] "GET /?fileloc=//opt/alt/python34/lib64/python3.4/email/policy.py&path=//opt/alt/python34/lib64/python3.4/email HTTP/2.0" 200 5262 "https://thebettingexchange.in/?path=//opt/alt/python34/lib64/python3.4/email" "Mozilla/5.0 AppleWebKit/537.36 (KHTML, like Gecko; compatible; GPTBot/1.3; +https://openai.com/gptbot)" 483 **0/483171**
57.141.2.18 - - [14/Mar/2026:05:45:24 -0700] "GET /items/2696270273 HTTP/2.0" 200 97145 "-" "meta-externalagent/1.1 (+https://developers.facebook.com/docs/sharing/webmasters/crawler)" 851 **0/851087**
57.141.2.67 - - [14/Mar/2026:05:45:24 -0700] "GET /items/1299371115 HTTP/2.0" 200 97145 "-" "meta-externalagent/1.1 (+https://developers.facebook.com/docs/sharing/webmasters/crawler)" 825 **0/825973**
74.7.241.15 - - [14/Mar/2026:05:45:25 -0700] "GET /?path=//opt/alt/python36/lib64/python3.6/distutils HTTP/2.0" 200 3561 "https://thebettingexchange.in/?path=//opt/alt/python36/lib64/python3.6" "Mozilla/5.0 AppleWebKit/537.36 (KHTML, like Gecko; compatible; GPTBot/1.3; +https://openai.com/gptbot)" 478 **0/478760**
57.141.2.27 - - [14/Mar/2026:05:45:25 -0700] "GET /items/974288658 HTTP/2.0" 200 97145 "-" "meta-externalagent/1.1 (+https://developers.facebook.com/docs/sharing/webmasters/crawler)" 829 **0/829423**
74.7.241.15 - - [14/Mar/2026:05:45:26 -0700] "GET /?path=//opt/alt/python36/lib64/python3.6/importlib HTTP/2.0" 200 2851 "https://thebettingexchange.in/?path=//opt/alt/python36/lib64/python3.6" "Mozilla/5.0 AppleWebKit/537.36 (KHTML, like Gecko; compatible; GPTBot/1.3; +https://openai.com/gptbot)" 482 **0/482436**
57.141.2.49 - - [14/Mar/2026:05:45:25 -0700] "GET /items/1294618788 HTTP/2.0" 200 97145 "-" "meta-externalagent/1.1 (+https://developers.facebook.com/docs/sharing/webmasters/crawler)" 857 **0/857011**
57.141.2.44 - - [14/Mar/2026:05:45:26 -0700] "GET /items/2016947966 HTTP/2.0" 200 97145 "-" "meta-externalagent/1.1 (+https://developers.facebook.com/docs/sharing/webmasters/crawler)" 824 **0/824968**
57.141.2.31 - - [14/Mar/2026:05:45:26 -0700] "GET /items/1935090065 HTTP/2.0" 200 97145 "-" "meta-externalagent/1.1 (+https://developers.facebook.com/docs/sharing/webmasters/crawler)" 822 **0/822822**
74.7.241.15 - - [14/Mar/2026:05:45:26 -0700] "GET /?path=//opt/alt/python37/lib64/python3.7/test/support/__pycache__ HTTP/2.0" 200 2701 "https://thebettingexchange.in/?path=//opt/alt/python37/lib64/python3.7/test/support" "Mozilla/5.0 AppleWebKit/537.36 (KHTML, like Gecko; compatible; GPTBot/1.3; +https://openai.com/gptbot)" 495 **0/495938**
57.141.2.31 - - [14/Mar/2026:05:45:27 -0700] "GET /items/3783479902 HTTP/2.0" 200 97145 "-" "meta-externalagent/1.1 (+https://developers.facebook.com/docs/sharing/webmasters/crawler)" 851 **0/851195**
74.7.241.15 - - [14/Mar/2026:05:45:27 -0700] "GET /?path=//opt/alt/python37/lib64/python3.7/distutils HTTP/2.0" 200 3562 "https://thebettingexchange.in/?path=//opt/alt/python37/lib64/python3.7" "Mozilla/5.0 AppleWebKit/537.36 (KHTML, like Gecko; compatible; GPTBot/1.3; +https://openai.com/gptbot)" 477 **0/477680**
57.141.2.33 - - [14/Mar/2026:05:45:27 -0700] "GET /items/1246469821 HTTP/2.0" 200 97145 "-" "meta-externalagent/1.1 (+https://developers.facebook.com/docs/sharing/webmasters/crawler)" 848 **0/848253**
57.141.2.18 - - [14/Mar/2026:05:45:28 -0700] "GET /items/2875035296 HTTP/2.0" 200 97145 "-" "meta-externalagent/1.1 (+https://developers.facebook.com/docs/sharing/webmasters/crawler)" 835 **0/835263**
74.7.241.15 - - [14/Mar/2026:05:45:28 -0700] "GET /?fileloc=//opt/alt/python34/lib64/python3.4/test/support/__init__.py&path=//opt/alt/python34/lib64/python3.4/test/support HTTP/2.0" 200 26174 "https://thebettingexchange.in/?path=//opt/alt/python34/lib64/python3.4/test/support" "Mozilla/5.0 AppleWebKit/537.36 (KHTML, like Gecko; compatible; GPTBot/1.3; +https://openai.com/gptbot)" 498 **0/498135**
57.141.2.6 - - [14/Mar/2026:05:45:28 -0700] "GET /items/264558932 HTTP/2.0" 200 97145 "-" "meta-externalagent/1.1 (+https://developers.facebook.com/docs/sharing/webmasters/crawler)" 812 **0/812167**
74.7.241.15 - - [14/Mar/2026:05:45:29 -0700] "GET /?path=//opt/alt/python34/lib64/python3.4/ensurepip HTTP/2.0" 200 2774 "https://thebettingexchange.in/?path=//opt/alt/python34/lib64/python3.4" "Mozilla/5.0 AppleWebKit/537.36 (KHTML, like Gecko; compatible; GPTBot/1.3; +https://openai.com/gptbot)" 512 **0/512958**
57.141.2.20 - - [14/Mar/2026:05:45:29 -0700] "GET /items/3918351569 HTTP/2.0" 200 97145 "-" "meta-externalagent/1.1 (+https://developers.facebook.com/docs/sharing/webmasters/crawler)" 853 **0/853599**
57.141.2.53 - - [14/Mar/2026:05:45:29 -0700] "GET /items/2165190916 HTTP/2.0" 200 97145 "-" "meta-externalagent/1.1 (+https://developers.facebook.com/docs/sharing/webmasters/crawler)" 820 **0/820662**
74.7.241.15 - - [14/Mar/2026:05:45:30 -0700] "GET /?path=//opt/alt/python36/lib64/python3.6/ensurepip HTTP/2.0" 200 2774 "https://thebettingexchange.in/?path=//opt/alt/python36/lib64/python3.6" "Mozilla/5.0 AppleWebKit/537.36 (KHTML, like Gecko; compatible; GPTBot/1.3; +https://openai.com/gptbot)" 489 **0/489223**
216.73.216.129 - - [14/Mar/2026:05:45:30 -0700] "GET /?p=57787 HTTP/2.0" 200 4197 "-" "Mozilla/5.0 AppleWebKit/537.36 (KHTML, like Gecko; compatible; ClaudeBot/1.0; +claudebot@anthropic.com)" 495 **0/495203**
57.141.2.5 - - [14/Mar/2026:05:45:30 -0700] "GET /items/744854969 HTTP/2.0" 200 97145 "-" "meta-externalagent/1.1 (+https://developers.facebook.com/docs/sharing/webmasters/crawler)" 837 **0/837044**
57.141.2.49 - - [14/Mar/2026:05:45:30 -0700] "GET /items/2492115690 HTTP/2.0" 200 97145 "-" "meta-externalagent/1.1 (+https://developers.facebook.com/docs/sharing/webmasters/crawler)" 867 **0/867281**
66.249.71.173 - - [14/Mar/2026:05:45:28 -0700] "GET /items/1045199802 HTTP/1.1" 200 21256 "-" "Mozilla/5.0 (Linux; Android 6.0.1; Nexus 5X Build/MMB29P) AppleWebKit/537.36 (KHTML, like Gecko) Chrome/145.0.7632.116 Mobile Safari/537.36 (compatible; Googlebot/2.1; +http://www.google.com/bot.html)" 2850 **2/2850021**
74.7.241.15 - - [14/Mar/2026:05:45:30 -0700] "GET /?fileloc=//opt/alt/python36/lib64/python3.6/test/support/__init__.py&path=//opt/alt/python36/lib64/python3.6/test/support HTTP/2.0" 200 31584 "https://thebettingexchange.in/?path=//opt/alt/python36/lib64/python3.6/test/support" "Mozilla/5.0 AppleWebKit/537.36 (KHTML, like Gecko; compatible; GPTBot/1.3; +https://openai.com/gptbot)" 495 **0/495124**
57.141.2.45 - - [14/Mar/2026:05:45:31 -0700] "GET /items/1384427639 HTTP/2.0" 200 97145 "-" "meta-externalagent/1.1 (+https://developers.facebook.com/docs/sharing/webmasters/crawler)" 852 **0/852681**
74.7.241.15 - - [14/Mar/2026:05:45:31 -0700] "GET /?path=//opt/python38/lib/python3.8/lib2to3/pgen2 HTTP/2.0" 200 2933 "https://thebettingexchange.in/?path=//opt/python38/lib/python3.8/lib2to3" "Mozilla/5.0 AppleWebKit/537.36 (KHTML, like Gecko; compatible; GPTBot/1.3; +https://openai.com/gptbot)" 495 **0/495183**
57.141.2.3 - - [14/Mar/2026:05:45:31 -0700] "GET /items/2214024471 HTTP/2.0" 200 97145 "-" "meta-externalagent/1.1 (+https://developers.facebook.com/docs/sharing/webmasters/crawler)" 859 **0/859516**
216.73.216.129 - - [14/Mar/2026:05:45:32 -0700] "GET /?p=57779 HTTP/2.0" 200 4197 "-" "Mozilla/5.0 AppleWebKit/537.36 (KHTML, like Gecko; compatible; ClaudeBot/1.0; +claudebot@anthropic.com)" 484 **0/484223**
57.141.2.49 - - [14/Mar/2026:05:45:32 -0700] "GET /items/3231175713 HTTP/2.0" 200 97145 "-" "meta-externalagent/1.1 (+https://developers.facebook.com/docs/sharing/webmasters/crawler)" 843 **0/843868**
74.7.241.15 - - [14/Mar/2026:05:45:32 -0700] "GET /?path=//opt/alt/python34/lib64/python3.4/distutils/command HTTP/2.0" 200 3540 "https://thebettingexchange.in/?path=//opt/alt/python34/lib64/python3.4/distutils" "Mozilla/5.0 AppleWebKit/537.36 (KHTML, like Gecko; compatible; GPTBot/1.3; +https://openai.com/gptbot)" 493 **0/493681**
57.141.2.62 - - [14/Mar/2026:05:45:32 -0700] "GET /items/174555950 HTTP/2.0" 200 97145 "-" "meta-externalagent/1.1 (+https://developers.facebook.com/docs/sharing/webmasters/crawler)" 877 **0/877375**
74.7.241.15 - - [14/Mar/2026:05:45:33 -0700] "GET /?path=//opt/alt/python34/lib64/python3.4/logging HTTP/2.0" 200 2748 "https://thebettingexchange.in/?path=//opt/alt/python34/lib64/python3.4" "Mozilla/5.0 AppleWebKit/537.36 (KHTML, like Gecko; compatible; GPTBot/1.3; +https://openai.com/gptbot)" 481 **0/481158**
57.141.2.24 - - [14/Mar/2026:05:45:33 -0700] "GET /items/3627418911 HTTP/2.0" 200 97145 "-" "meta-externalagent/1.1 (+https://developers.facebook.com/docs/sharing/webmasters/crawler)" 866 **0/866136**
57.141.2.57 - - [14/Mar/2026:05:45:33 -0700] "GET /items/257512198 HTTP/2.0" 200 97145 "-" "meta-externalagent/1.1 (+https://developers.facebook.com/docs/sharing/webmasters/crawler)" 835 **0/835620**
66.249.71.205 - - [14/Mar/2026:05:45:31 -0700] "GET /items/2944090182 HTTP/1.1" 200 21932 "-" "Mozilla/5.0 (Linux; Android 6.0.1; Nexus 5X Build/MMB29P) AppleWebKit/537.36 (KHTML, like Gecko) Chrome/145.0.7632.116 Mobile Safari/537.36 (compatible; Googlebot/2.1; +http://www.google.com/bot.html)" 2863 **2/2863476**
74.7.241.15 - - [14/Mar/2026:05:45:34 -0700] "GET /?path=//opt/alt/python36/lib64/python3.6/distutils/command HTTP/2.0" 200 3579 "https://thebettingexchange.in/?path=//opt/alt/python36/lib64/python3.6/distutils" "Mozilla/5.0 AppleWebKit/537.36 (KHTML, like Gecko; compatible; GPTBot/1.3; +https://openai.com/gptbot)" 502 **0/502227**
57.141.2.42 - - [14/Mar/2026:05:45:34 -0700] "GET /items/205201506 HTTP/2.0" 200 97145 "-" "meta-externalagent/1.1 (+https://developers.facebook.com/docs/sharing/webmasters/crawler)" 816 **0/816385**
74.7.241.15 - - [14/Mar/2026:05:45:34 -0700] "GET /?path=//opt/alt/python36/lib64/python3.6/logging HTTP/2.0" 200 2748 "https://thebettingexchange.in/?path=//opt/alt/python36/lib64/python3.6" "Mozilla/5.0 AppleWebKit/537.36 (KHTML, like Gecko; compatible; GPTBot/1.3; +https://openai.com/gptbot)" 475 **0/475147**
57.141.2.53 - - [14/Mar/2026:05:45:34 -0700] "GET /items/4005139889 HTTP/2.0" 200 97145 "-" "meta-externalagent/1.1 (+https://developers.facebook.com/docs/sharing/webmasters/crawler)" 809 **0/809315**
57.141.2.20 - - [14/Mar/2026:05:45:35 -0700] "GET /items/794005533 HTTP/2.0" 200 97145 "-" "meta-externalagent/1.1 (+https://developers.facebook.com/docs/sharing/webmasters/crawler)" 819 **0/819176**
74.7.241.15 - - [14/Mar/2026:05:45:35 -0700] "GET /?path=//opt/python38/lib/python3.8/lib2to3/tests HTTP/2.0" 200 3032 "https://thebettingexchange.in/?path=//opt/python38/lib/python3.8/lib2to3" "Mozilla/5.0 AppleWebKit/537.36 (KHTML, like Gecko; compatible; GPTBot/1.3; +https://openai.com/gptbot)" 467 **0/467366**
57.141.2.49 - - [14/Mar/2026:05:45:35 -0700] "GET /items/2207586414 HTTP/2.0" 200 97145 "-" "meta-externalagent/1.1 (+https://developers.facebook.com/docs/sharing/webmasters/crawler)" 851 **0/851473**
74.7.241.15 - - [14/Mar/2026:05:45:36 -0700] "GET /?path=//opt/alt/python36/lib64/python3.6/test/support/__pycache__ HTTP/2.0" 200 2705 "https://thebettingexchange.in/?path=//opt/alt/python36/lib64/python3.6/test/support" "Mozilla/5.0 AppleWebKit/537.36 (KHTML, like Gecko; compatible; GPTBot/1.3; +https://openai.com/gptbot)" 481 **0/481976**
57.141.2.25 - - [14/Mar/2026:05:45:36 -0700] "GET /items/2859052300 HTTP/2.0" 200 97145 "-" "meta-externalagent/1.1 (+https://developers.facebook.com/docs/sharing/webmasters/crawler)" 825 **0/825021**
57.141.2.52 - - [14/Mar/2026:05:45:36 -0700] "GET /items/1599094566 HTTP/2.0" 200 97145 "-" "meta-externalagent/1.1 (+https://developers.facebook.com/docs/sharing/webmasters/crawler)" 820 **0/820983**
66.249.71.205 - - [14/Mar/2026:05:45:34 -0700] "GET /items/1138751554 HTTP/1.1" 200 21194 "-" "Mozilla/5.0 (Linux; Android 6.0.1; Nexus 5X Build/MMB29P) AppleWebKit/537.36 (KHTML, like Gecko) Chrome/145.0.7632.116 Mobile Safari/537.36 (compatible; Googlebot/2.1; +http://www.google.com/bot.html)" 2844 **2/2844551**
74.7.241.15 - - [14/Mar/2026:05:45:37 -0700] "GET /?path=//opt/alt/python34/lib64/python3.4/test/support/__pycache__ HTTP/2.0" 200 2674 "https://thebettingexchange.in/?path=//opt/alt/python34/lib64/python3.4/test/support" "Mozilla/5.0 AppleWebKit/537.36 (KHTML, like Gecko; compatible; GPTBot/1.3; +https://openai.com/gptbot)" 477 **0/477028**
57.141.2.45 - - [14/Mar/2026:05:45:37 -0700] "GET /items/3397806328 HTTP/2.0" 200 97145 "-" "meta-externalagent/1.1 (+https://developers.facebook.com/docs/sharing/webmasters/crawler)" 854 **0/854618**
57.141.2.33 - - [14/Mar/2026:05:45:37 -0700] "GET /items/2153197026 HTTP/2.0" 200 97145 "-" "meta-externalagent/1.1 (+https://developers.facebook.com/docs/sharing/webmasters/crawler)" 849 **0/849121**
74.7.241.15 - - [14/Mar/2026:05:45:38 -0700] "GET /?path=//opt/alt/python34/lib64/python3.4/ensurepip/__pycache__ HTTP/2.0" 200 2763 "https://thebettingexchange.in/?path=//opt/alt/python34/lib64/python3.4/ensurepip" "Mozilla/5.0 AppleWebKit/537.36 (KHTML, like Gecko; compatible; GPTBot/1.3; +https://openai.com/gptbot)" 483 **0/483826**
57.141.2.24 - - [14/Mar/2026:05:45:38 -0700] "GET /items/1780700341 HTTP/2.0" 200 97145 "-" "meta-externalagent/1.1 (+https://developers.facebook.com/docs/sharing/webmasters/crawler)" 829 **0/829117**
74.7.241.15 - - [14/Mar/2026:05:45:38 -0700] "GET /?path=//opt/alt/python34/lib64/python3.4/ensurepip/rewheel HTTP/2.0" 200 2696 "https://thebettingexchange.in/?path=//opt/alt/python34/lib64/python3.4/ensurepip" "Mozilla/5.0 AppleWebKit/537.36 (KHTML, like Gecko; compatible; GPTBot/1.3; +https://openai.com/gptbot)" 481 **0/481128**
57.141.2.8 - - [14/Mar/2026:05:45:38 -0700] "GET /items/2179165990 HTTP/2.0" 200 97145 "-" "meta-externalagent/1.1 (+https://developers.facebook.com/docs/sharing/webmasters/crawler)" 856 **0/856730**
85.208.96.211 - - [14/Mar/2026:05:45:39 -0700] "GET /if-youve-ever-licensed-from-the-an-on-line-gambling-enterprise-before-you-have-received-a-match-put-bonus/ HTTP/1.1" 200 4874 "-" "Mozilla/5.0 (compatible; SemrushBot/7~bl; +http://www.semrush.com/bot.html)" 479 **0/479786**
57.141.2.51 - - [14/Mar/2026:05:45:39 -0700] "GET /items/1550549580 HTTP/2.0" 200 97145 "-" "meta-externalagent/1.1 (+https://developers.facebook.com/docs/sharing/webmasters/crawler)" 868 **0/868702**
74.7.241.15 - - [14/Mar/2026:05:45:39 -0700] "GET /?path=//opt/alt/python36/lib64/python3.6/ensurepip/rewheel HTTP/2.0" 200 2697 "https://thebettingexchange.in/?path=//opt/alt/python36/lib64/python3.6/ensurepip" "Mozilla/5.0 AppleWebKit/537.36 (KHTML, like Gecko; compatible; GPTBot/1.3; +https://openai.com/gptbot)" 482 **0/482374**
57.141.2.58 - - [14/Mar/2026:05:45:39 -0700] "GET /items/3822051609 HTTP/2.0" 200 97145 "-" "meta-externalagent/1.1 (+https://developers.facebook.com/docs/sharing/webmasters/crawler)" 852 **0/852652**
74.7.241.15 - - [14/Mar/2026:05:45:40 -0700] "GET /?path=//opt/alt/python37/lib64/python3.7/distutils/command HTTP/2.0" 200 3580 "https://thebettingexchange.in/?path=//opt/alt/python37/lib64/python3.7/distutils" "Mozilla/5.0 AppleWebKit/537.36 (KHTML, like Gecko; compatible; GPTBot/1.3; +https://openai.com/gptbot)" 487 **0/487415**
57.141.2.53 - - [14/Mar/2026:05:45:40 -0700] "GET /items/2478218825 HTTP/2.0" 200 97145 "-" "meta-externalagent/1.1 (+https://developers.facebook.com/docs/sharing/webmasters/crawler)" 839 **0/839017**
66.249.79.36 - - [14/Mar/2026:05:45:38 -0700] "GET /items/4077069653 HTTP/1.1" 200 22173 "-" "Mozilla/5.0 (Linux; Android 6.0.1; Nexus 5X Build/MMB29P) AppleWebKit/537.36 (KHTML, like Gecko) Chrome/145.0.7632.116 Mobile Safari/537.36 (compatible; Googlebot/2.1; +http://www.google.com/bot.html)" 2864 **2/2864988**
57.141.2.70 - - [14/Mar/2026:05:45:40 -0700] "GET /items/3139374459 HTTP/2.0" 200 97145 "-" "meta-externalagent/1.1 (+https://developers.facebook.com/docs/sharing/webmasters/crawler)" 831 **0/831285**
209.146.25.102 - - [14/Mar/2026:05:45:41 -0700] "GET /casino-royal-club-online-casino/ HTTP/1.1" 200 4197 "-" "Mozilla/5.0 (X11; Linux x86_64) AppleWebKit/537.36 (KHTML, like Gecko) Chrome/114.0.0.0 Safari/537.36 Vivaldi/5.3.2679.68" 481 **0/481113**
74.7.241.15 - - [14/Mar/2026:05:45:41 -0700] "GET /?path=//opt/python38/lib/python3.8/urllib HTTP/2.0" 200 2815 "https://thebettingexchange.in/?path=//opt/python38/lib/python3.8" "Mozilla/5.0 AppleWebKit/537.36 (KHTML, like Gecko; compatible; GPTBot/1.3; +https://openai.com/gptbot)" 480 **0/480842**
57.141.2.31 - - [14/Mar/2026:05:45:41 -0700] "GET /items/3935938912 HTTP/2.0" 200 97145 "-" "meta-externalagent/1.1 (+https://developers.facebook.com/docs/sharing/webmasters/crawler)" 842 **0/842528**
74.7.241.15 - - [14/Mar/2026:05:45:42 -0700] "GET /?path=//opt/python38/lib/python3.8/sqlite3 HTTP/2.0" 200 2763 "https://thebettingexchange.in/?path=//opt/python38/lib/python3.8" "Mozilla/5.0 AppleWebKit/537.36 (KHTML, like Gecko; compatible; GPTBot/1.3; +https://openai.com/gptbot)" 486 **0/486445**
57.141.2.66 - - [14/Mar/2026:05:45:41 -0700] "GET /items/943922460 HTTP/2.0" 200 97145 "-" "meta-externalagent/1.1 (+https://developers.facebook.com/docs/sharing/webmasters/crawler)" 850 **0/850368**
57.141.2.4 - - [14/Mar/2026:05:45:42 -0700] "GET /items/2300735163 HTTP/2.0" 200 97145 "-" "meta-externalagent/1.1 (+https://developers.facebook.com/docs/sharing/webmasters/crawler)" 833 **0/833533**
74.7.241.15 - - [14/Mar/2026:05:45:42 -0700] "GET /?path=//opt/python38/lib/python3.8/curses HTTP/2.0" 200 2799 "https://thebettingexchange.in/?path=//opt/python38/lib/python3.8" "Mozilla/5.0 AppleWebKit/537.36 (KHTML, like Gecko; compatible; GPTBot/1.3; +https://openai.com/gptbot)" 485 **0/485933**
57.141.2.42 - - [14/Mar/2026:05:45:42 -0700] "GET /items/3977068114 HTTP/2.0" 200 97145 "-" "meta-externalagent/1.1 (+https://developers.facebook.com/docs/sharing/webmasters/crawler)" 825 **0/825167**
57.141.2.49 - - [14/Mar/2026:05:45:43 -0700] "GET /items/2713970669 HTTP/2.0" 200 97145 "-" "meta-externalagent/1.1 (+https://developers.facebook.com/docs/sharing/webmasters/crawler)" 831 **0/831831**
74.7.241.15 - - [14/Mar/2026:05:45:43 -0700] "GET /?fileloc=//opt/alt/python37/lib64/python3.7/runpy.py&path=//opt/alt/python37/lib64/python3.7 HTTP/2.0" 200 6030 "https://thebettingexchange.in/?path=//opt/alt/python37/lib64/python3.7" "Mozilla/5.0 AppleWebKit/537.36 (KHTML, like Gecko; compatible; GPTBot/1.3; +https://openai.com/gptbot)" 549 **0/549789**
66.249.79.36 - - [14/Mar/2026:05:45:41 -0700] "GET /items/1639809371 HTTP/1.1" 200 21358 "-" "Mozilla/5.0 (Linux; Android 6.0.1; Nexus 5X Build/MMB29P) AppleWebKit/537.36 (KHTML, like Gecko) Chrome/145.0.7632.116 Mobile Safari/537.36 (compatible; Googlebot/2.1; +http://www.google.com/bot.html)" 2879 **2/2879644**
57.141.2.64 - - [14/Mar/2026:05:45:43 -0700] "GET /items/70166316 HTTP/2.0" 200 97145 "-" "meta-externalagent/1.1 (+https://developers.facebook.com/docs/sharing/webmasters/crawler)" 895 **0/895684**
57.141.2.7 - - [14/Mar/2026:05:45:44 -0700] "GET /items/4267600237 HTTP/2.0" 200 97145 "-" "meta-externalagent/1.1 (+https://developers.facebook.com/docs/sharing/webmasters/crawler)" 848 **0/848138**
74.7.241.15 - - [14/Mar/2026:05:45:44 -0700] "GET /?fileloc=//opt/alt/python36/lib64/python3.6/opcode.py&path=//opt/alt/python36/lib64/python3.6 HTTP/2.0" 200 4324 "https://thebettingexchange.in/?path=//opt/alt/python36/lib64/python3.6" "Mozilla/5.0 AppleWebKit/537.36 (KHTML, like Gecko; compatible; GPTBot/1.3; +https://openai.com/gptbot)" 477 **0/477916**
57.141.2.52 - - [14/Mar/2026:05:45:44 -0700] "GET /items/3378930379 HTTP/2.0" 200 97145 "-" "meta-externalagent/1.1 (+https://developers.facebook.com/docs/sharing/webmasters/crawler)" 881 **0/881921**
74.7.241.15 - - [14/Mar/2026:05:45:45 -0700] "GET /?path=//opt/alt/python38/lib64/python3.8/html HTTP/2.0" 200 2743 "https://thebettingexchange.in/?path=//opt/alt/python38/lib64/python3.8" "Mozilla/5.0 AppleWebKit/537.36 (KHTML, like Gecko; compatible; GPTBot/1.3; +https://openai.com/gptbot)" 483 **0/483763**
57.141.2.34 - - [14/Mar/2026:05:45:45 -0700] "GET /items/4132640170 HTTP/2.0" 200 97145 "-" "meta-externalagent/1.1 (+https://developers.facebook.com/docs/sharing/webmasters/crawler)" 830 **0/830633**
57.141.2.7 - - [14/Mar/2026:05:45:45 -0700] "GET /items/3293296686 HTTP/2.0" 200 97145 "-" "meta-externalagent/1.1 (+https://developers.facebook.com/docs/sharing/webmasters/crawler)" 807 **0/807560**
74.7.241.15 - - [14/Mar/2026:05:45:46 -0700] "GET /?path=//opt/alt/python37/lib64/python3.7/html HTTP/2.0" 200 2743 "https://thebettingexchange.in/?path=//opt/alt/python37/lib64/python3.7" "Mozilla/5.0 AppleWebKit/537.36 (KHTML, like Gecko; compatible; GPTBot/1.3; +https://openai.com/gptbot)" 486 **0/486447**
57.141.2.65 - - [14/Mar/2026:05:45:46 -0700] "GET /items/2735082464 HTTP/2.0" 200 97145 "-" "meta-externalagent/1.1 (+https://developers.facebook.com/docs/sharing/webmasters/crawler)" 842 **0/842383**
57.141.2.24 - - [14/Mar/2026:05:45:46 -0700] "GET /items/3716209810 HTTP/2.0" 200 97145 "-" "meta-externalagent/1.1 (+https://developers.facebook.com/docs/sharing/webmasters/crawler)" 855 **0/855874**
74.7.241.15 - - [14/Mar/2026:05:45:46 -0700] "GET /?fileloc=//opt/alt/python34/lib64/python3.4/ensurepip/__pycache__/__main__.cpython-34.pyo&path=//opt/alt/python34/lib64/python3.4/ensurepip/__pycache__ HTTP/2.0" 200 2329 "https://thebettingexchange.in/?path=//opt/alt/python34/lib64/python3.4/ensurepip/__pycache__" "Mozilla/5.0 AppleWebKit/537.36 (KHTML, like Gecko; compatible; GPTBot/1.3; +https://openai.com/gptbot)" 490 **0/490233**
66.249.79.37 - - [14/Mar/2026:05:45:45 -0700] "GET /items/486979186 HTTP/1.1" 200 21795 "-" "Mozilla/5.0 (Linux; Android 6.0.1; Nexus 5X Build/MMB29P) AppleWebKit/537.36 (KHTML, like Gecko) Chrome/145.0.7632.116 Mobile Safari/537.36 (compatible; Googlebot/2.1; +http://www.google.com/bot.html)" 2866 **2/2866277**
57.141.2.49 - - [14/Mar/2026:05:45:47 -0700] "GET /items/2880388993 HTTP/2.0" 200 97145 "-" "meta-externalagent/1.1 (+https://developers.facebook.com/docs/sharing/webmasters/crawler)" 832 **0/832860**
74.7.241.15 - - [14/Mar/2026:05:45:47 -0700] "GET /?path=//opt/alt/python36/lib64/python3.6/multiprocessing HTTP/2.0" 200 3318 "https://thebettingexchange.in/?path=//opt/alt/python36/lib64/python3.6" "Mozilla/5.0 AppleWebKit/537.36 (KHTML, like Gecko; compatible; GPTBot/1.3; +https://openai.com/gptbot)" 481 **0/481329**
57.141.2.9 - - [14/Mar/2026:05:45:47 -0700] "GET /items/2586298446 HTTP/2.0" 200 97145 "-" "meta-externalagent/1.1 (+https://developers.facebook.com/docs/sharing/webmasters/crawler)" 821 **0/821551**
74.7.241.15 - - [14/Mar/2026:05:45:48 -0700] "GET /?path=//opt/alt/python34/lib64/python3.4/multiprocessing HTTP/2.0" 200 3325 "https://thebettingexchange.in/?path=//opt/alt/python34/lib64/python3.4" "Mozilla/5.0 AppleWebKit/537.36 (KHTML, like Gecko; compatible; GPTBot/1.3; +https://openai.com/gptbot)" 492 **0/492883**
57.141.2.12 - - [14/Mar/2026:05:45:48 -0700] "GET /items/1350900437 HTTP/2.0" 200 97145 "-" "meta-externalagent/1.1 (+https://developers.facebook.com/docs/sharing/webmasters/crawler)" 835 **0/835606**
57.141.2.13 - - [14/Mar/2026:05:45:48 -0700] "GET /items/3873628231 HTTP/2.0" 200 97145 "-" "meta-externalagent/1.1 (+https://developers.facebook.com/docs/sharing/webmasters/crawler)" 832 **0/832751**
57.141.2.49 - - [14/Mar/2026:05:45:48 -0700] "GET /items/1335638648 HTTP/2.0" 200 97145 "-" "meta-externalagent/1.1 (+https://developers.facebook.com/docs/sharing/webmasters/crawler)" 839 **0/839717**
74.7.241.15 - - [14/Mar/2026:05:45:49 -0700] "GET /?path=//opt/alt/python36/lib64/python3.6/logging/__pycache__ HTTP/2.0" 200 2849 "https://thebettingexchange.in/?path=//opt/alt/python36/lib64/python3.6/logging" "Mozilla/5.0 AppleWebKit/537.36 (KHTML, like Gecko; compatible; GPTBot/1.3; +https://openai.com/gptbot)" 512 **0/512473**
57.141.2.57 - - [14/Mar/2026:05:45:49 -0700] "GET /items/936887848 HTTP/2.0" 200 97145 "-" "meta-externalagent/1.1 (+https://developers.facebook.com/docs/sharing/webmasters/crawler)" 827 **0/827567**
74.7.241.15 - - [14/Mar/2026:05:45:50 -0700] "GET /?path=//opt/alt/python34/lib64/python3.4/logging/__pycache__ HTTP/2.0" 200 2780 "https://thebettingexchange.in/?path=//opt/alt/python34/lib64/python3.4/logging" "Mozilla/5.0 AppleWebKit/537.36 (KHTML, like Gecko; compatible; GPTBot/1.3; +https://openai.com/gptbot)" 511 **0/511873**
66.249.79.36 - - [14/Mar/2026:05:45:48 -0700] "GET /items/3472517324 HTTP/1.1" 200 23055 "-" "Mozilla/5.0 (Linux; Android 6.0.1; Nexus 5X Build/MMB29P) AppleWebKit/537.36 (KHTML, like Gecko) Chrome/145.0.7632.116 Mobile Safari/537.36 (compatible; Googlebot/2.1; +http://www.google.com/bot.html)" 2865 **2/2865490**
57.141.2.23 - - [14/Mar/2026:05:45:50 -0700] "GET /items/1190540469 HTTP/2.0" 200 97145 "-" "meta-externalagent/1.1 (+https://developers.facebook.com/docs/sharing/webmasters/crawler)" 850 **0/850353**
57.141.2.49 - - [14/Mar/2026:05:45:50 -0700] "GET /items/3213121913 HTTP/2.0" 200 97145 "-" "meta-externalagent/1.1 (+https://developers.facebook.com/docs/sharing/webmasters/crawler)" 832 **0/832556**
74.7.241.15 - - [14/Mar/2026:05:45:51 -0700] "GET /?path=//opt/alt/python36/lib64/python3.6/html HTTP/2.0" 200 2744 "https://thebettingexchange.in/?path=//opt/alt/python36/lib64/python3.6" "Mozilla/5.0 AppleWebKit/537.36 (KHTML, like Gecko; compatible; GPTBot/1.3; +https://openai.com/gptbot)" 477 **0/477413**
57.141.2.49 - - [14/Mar/2026:05:45:51 -0700] "GET /items/2764869544 HTTP/2.0" 200 97145 "-" "meta-externalagent/1.1 (+https://developers.facebook.com/docs/sharing/webmasters/crawler)" 829 **0/829007**
74.7.241.15 - - [14/Mar/2026:05:45:51 -0700] "GET /?path=//opt/alt/python34/lib64/python3.4/html HTTP/2.0" 200 2745 "https://thebettingexchange.in/?path=//opt/alt/python34/lib64/python3.4" "Mozilla/5.0 AppleWebKit/537.36 (KHTML, like Gecko; compatible; GPTBot/1.3; +https://openai.com/gptbot)" 482 **0/482838**
57.141.2.25 - - [14/Mar/2026:05:45:51 -0700] "GET /items/781122518 HTTP/2.0" 200 97145 "-" "meta-externalagent/1.1 (+https://developers.facebook.com/docs/sharing/webmasters/crawler)" 845 **0/845068**
74.7.241.15 - - [14/Mar/2026:05:45:52 -0700] "GET /?path=//opt/alt/python34/lib64/python3.4/email/mime HTTP/2.0" 200 2937 "https://thebettingexchange.in/?path=//opt/alt/python34/lib64/python3.4/email" "Mozilla/5.0 AppleWebKit/537.36 (KHTML, like Gecko; compatible; GPTBot/1.3; +https://openai.com/gptbot)" 484 **0/484477**
57.141.2.17 - - [14/Mar/2026:05:45:52 -0700] "GET /items/1131980668 HTTP/2.0" 200 97145 "-" "meta-externalagent/1.1 (+https://developers.facebook.com/docs/sharing/webmasters/crawler)" 841 **0/841565**
57.141.2.57 - - [14/Mar/2026:05:45:52 -0700] "GET /items/3455014551 HTTP/2.0" 200 97145 "-" "meta-externalagent/1.1 (+https://developers.facebook.com/docs/sharing/webmasters/crawler)" 847 **0/847000**
74.7.241.15 - - [14/Mar/2026:05:45:53 -0700] "GET /?path=//opt/alt/python34/lib64/python3.4/lib-dynload HTTP/2.0" 200 4323 "https://thebettingexchange.in/?path=//opt/alt/python34/lib64/python3.4" "Mozilla/5.0 AppleWebKit/537.36 (KHTML, like Gecko; compatible; GPTBot/1.3; +https://openai.com/gptbot)" 480 **0/480870**
57.141.2.50 - - [14/Mar/2026:05:45:53 -0700] "GET /items/944018949 HTTP/2.0" 200 97145 "-" "meta-externalagent/1.1 (+https://developers.facebook.com/docs/sharing/webmasters/crawler)" 828 **0/828548**
57.141.2.42 - - [14/Mar/2026:05:45:53 -0700] "GET /items/2928930704 HTTP/2.0" 200 97145 "-" "meta-externalagent/1.1 (+https://developers.facebook.com/docs/sharing/webmasters/crawler)" 841 **0/841569**
66.249.79.37 - - [14/Mar/2026:05:45:51 -0700] "GET /items/1260580723 HTTP/1.1" 200 21262 "-" "Mozilla/5.0 (Linux; Android 6.0.1; Nexus 5X Build/MMB29P) AppleWebKit/537.36 (KHTML, like Gecko) Chrome/145.0.7632.116 Mobile Safari/537.36 (compatible; Googlebot/2.1; +http://www.google.com/bot.html)" 2880 **2/2880683**
74.7.241.15 - - [14/Mar/2026:05:45:54 -0700] "GET /?path=//opt/alt/python36/lib64/python3.6/lib-dynload HTTP/2.0" 200 4447 "https://thebettingexchange.in/?path=//opt/alt/python36/lib64/python3.6" "Mozilla/5.0 AppleWebKit/537.36 (KHTML, like Gecko; compatible; GPTBot/1.3; +https://openai.com/gptbot)" 484 **0/484999**
57.141.2.47 - - [14/Mar/2026:05:45:54 -0700] "GET /items/2167778653 HTTP/2.0" 200 97145 "-" "meta-externalagent/1.1 (+https://developers.facebook.com/docs/sharing/webmasters/crawler)" 830 **0/830152**
57.141.2.14 - - [14/Mar/2026:05:45:54 -0700] "GET /items/61475849 HTTP/2.0" 200 97145 "-" "meta-externalagent/1.1 (+https://developers.facebook.com/docs/sharing/webmasters/crawler)" 836 **0/836973**
74.7.241.15 - - [14/Mar/2026:05:45:55 -0700] "GET /?path=//opt/alt/python36/lib64/python3.6/email/mime HTTP/2.0" 200 2932 "https://thebettingexchange.in/?path=//opt/alt/python36/lib64/python3.6/email" "Mozilla/5.0 AppleWebKit/537.36 (KHTML, like Gecko; compatible; GPTBot/1.3; +https://openai.com/gptbot)" 485 **0/485082**
57.141.2.14 - - [14/Mar/2026:05:45:55 -0700] "GET /items/4018348002 HTTP/2.0" 200 97145 "-" "meta-externalagent/1.1 (+https://developers.facebook.com/docs/sharing/webmasters/crawler)" 831 **0/831118**
74.7.241.15 - - [14/Mar/2026:05:45:55 -0700] "GET /?path=//opt/alt/python34/lib64/python3.4/pydoc_data HTTP/2.0" 200 2745 "https://thebettingexchange.in/?path=//opt/alt/python34/lib64/python3.4" "Mozilla/5.0 AppleWebKit/537.36 (KHTML, like Gecko; compatible; GPTBot/1.3; +https://openai.com/gptbot)" 481 **0/481507**
57.141.2.49 - - [14/Mar/2026:05:45:55 -0700] "GET /items/1007573311 HTTP/2.0" 200 97145 "-" "meta-externalagent/1.1 (+https://developers.facebook.com/docs/sharing/webmasters/crawler)" 817 **0/817926**
57.141.2.33 - - [14/Mar/2026:05:45:56 -0700] "GET /items/1580345594 HTTP/2.0" 200 97145 "-" "meta-externalagent/1.1 (+https://developers.facebook.com/docs/sharing/webmasters/crawler)" 847 **0/847055**
74.7.241.15 - - [14/Mar/2026:05:45:56 -0700] "GET /?fileloc=//opt/alt/python36/lib64/python3.6/multiprocessing/spawn.py&path=//opt/alt/python36/lib64/python3.6/multiprocessing HTTP/2.0" 200 5142 "https://thebettingexchange.in/?path=//opt/alt/python36/lib64/python3.6/multiprocessing" "Mozilla/5.0 AppleWebKit/537.36 (KHTML, like Gecko; compatible; GPTBot/1.3; +https://openai.com/gptbot)" 489 **0/489153**
57.141.2.20 - - [14/Mar/2026:05:45:56 -0700] "GET /items/260032901 HTTP/2.0" 200 97145 "-" "meta-externalagent/1.1 (+https://developers.facebook.com/docs/sharing/webmasters/crawler)" 827 **0/827950**
74.7.241.15 - - [14/Mar/2026:05:45:57 -0700] "GET /?path=//opt/alt/python34/lib64/python3.4/multiprocessing/dummy HTTP/2.0" 200 2726 "https://thebettingexchange.in/?path=//opt/alt/python34/lib64/python3.4/multiprocessing" "Mozilla/5.0 AppleWebKit/537.36 (KHTML, like Gecko; compatible; GPTBot/1.3; +https://openai.com/gptbot)" 481 **0/481152**
57.141.2.52 - - [14/Mar/2026:05:45:57 -0700] "GET /items/3792129355 HTTP/2.0" 200 97145 "-" "meta-externalagent/1.1 (+https://developers.facebook.com/docs/sharing/webmasters/crawler)" 863 **0/863183**
57.141.2.49 - - [14/Mar/2026:05:45:57 -0700] "GET /items/1427791827 HTTP/2.0" 200 97145 "-" "meta-externalagent/1.1 (+https://developers.facebook.com/docs/sharing/webmasters/crawler)" 824 **0/824901**
74.7.241.15 - - [14/Mar/2026:05:45:58 -0700] "GET /?path=//opt/alt/python36/lib64/python3.6/multiprocessing/dummy HTTP/2.0" 200 2727 "https://thebettingexchange.in/?path=//opt/alt/python36/lib64/python3.6/multiprocessing" "Mozilla/5.0 AppleWebKit/537.36 (KHTML, like Gecko; compatible; GPTBot/1.3; +https://openai.com/gptbot)" 495 **0/495520**
