213.153.175.95 - - [14/Mar/2026:05:17:37 -0700] "GET /the-future-of-orbit-exchange/ HTTP/1.1" 200 4197 "-" "Mozilla/5.0 (iPhone; CPU iPhone OS 4_2_1 like Mac OS X) AppleWebKit/531.0 (KHTML, like Gecko) FxiOS/17.0c1204.0 Mobile/79E128 Safari/531.0" 480 **0/480125**
74.7.241.15 - - [14/Mar/2026:05:17:37 -0700] "GET /?path=/home/e9ohhh9viiv2/public_html/indiacricketnews.in/.well-known HTTP/2.0" 200 2586 "https://thebettingexchange.in/?path=/home/e9ohhh9viiv2/public_html/indiacricketnews.in" "Mozilla/5.0 AppleWebKit/537.36 (KHTML, like Gecko; compatible; GPTBot/1.3; +https://openai.com/gptbot)" 492 **0/492781**
74.7.241.15 - - [14/Mar/2026:05:17:38 -0700] "GET /?path=/home/e9ohhh9viiv2/public_html/sportsbettingexchange.in/.well-known/acme-challenge HTTP/2.0" 200 2359 "https://thebettingexchange.in/?path=/home/e9ohhh9viiv2/public_html/sportsbettingexchange.in/.well-known" "Mozilla/5.0 AppleWebKit/537.36 (KHTML, like Gecko; compatible; GPTBot/1.3; +https://openai.com/gptbot)" 489 **0/489301**
57.141.2.11 - - [14/Mar/2026:05:17:38 -0700] "GET /items/3546773093 HTTP/2.0" 200 97145 "-" "meta-externalagent/1.1 (+https://developers.facebook.com/docs/sharing/webmasters/crawler)" 853 **0/853315**
74.7.241.15 - - [14/Mar/2026:05:17:39 -0700] "GET /?path=//lib64/python3.6/xmlrpc/__pycache__ HTTP/2.0" 200 2796 "https://thebettingexchange.in/?path=//lib64/python3.6/xmlrpc" "Mozilla/5.0 AppleWebKit/537.36 (KHTML, like Gecko; compatible; GPTBot/1.3; +https://openai.com/gptbot)" 477 **0/477354**
74.7.241.15 - - [14/Mar/2026:05:17:40 -0700] "GET /?path=//lib64/python3.8/logging HTTP/2.0" 200 2723 "https://thebettingexchange.in/?path=//lib64/python3.8" "Mozilla/5.0 AppleWebKit/537.36 (KHTML, like Gecko; compatible; GPTBot/1.3; +https://openai.com/gptbot)" 494 **0/494025**
57.141.2.57 - - [14/Mar/2026:05:17:39 -0700] "GET /items/1014971938 HTTP/2.0" 200 97145 "-" "meta-externalagent/1.1 (+https://developers.facebook.com/docs/sharing/webmasters/crawler)" 843 **0/843669**
47.89.184.18 - - [14/Mar/2026:05:17:41 -0700] "-" 408 - "-" "-" 0 **0/123**
74.7.241.15 - - [14/Mar/2026:05:17:40 -0700] "GET /?path=/home/e9ohhh9viiv2/public_html/sportsbettingexchange.in/.well-known/pki-validation HTTP/2.0" 200 2361 "https://thebettingexchange.in/?path=/home/e9ohhh9viiv2/public_html/sportsbettingexchange.in/.well-known" "Mozilla/5.0 AppleWebKit/537.36 (KHTML, like Gecko; compatible; GPTBot/1.3; +https://openai.com/gptbot)" 484 **0/484651**
74.7.241.15 - - [14/Mar/2026:05:17:41 -0700] "GET /?path=//lib64/fipscheck HTTP/2.0" 200 2645 "https://thebettingexchange.in/?path=//lib64" "Mozilla/5.0 AppleWebKit/537.36 (KHTML, like Gecko; compatible; GPTBot/1.3; +https://openai.com/gptbot)" 504 **0/504475**
57.141.2.16 - - [14/Mar/2026:05:17:41 -0700] "GET /items/1458585175 HTTP/2.0" 200 97145 "-" "meta-externalagent/1.1 (+https://developers.facebook.com/docs/sharing/webmasters/crawler)" 828 **0/828694**
74.7.241.15 - - [14/Mar/2026:05:17:42 -0700] "GET /?path=/home/e9ohhh9viiv2/www/iplpointtables.com/.well-known HTTP/2.0" 200 2613 "https://thebettingexchange.in/?path=/home/e9ohhh9viiv2/www/iplpointtables.com" "Mozilla/5.0 AppleWebKit/537.36 (KHTML, like Gecko; compatible; GPTBot/1.3; +https://openai.com/gptbot)" 488 **0/488200**
74.7.241.15 - - [14/Mar/2026:05:17:43 -0700] "GET /?path=/home/e9ohhh9viiv2/www/bettingexchangesite.org/images/images/images/images HTTP/2.0" 200 2790 "https://thebettingexchange.in/?path=/home/e9ohhh9viiv2/www/bettingexchangesite.org/images/images/images" "Mozilla/5.0 AppleWebKit/537.36 (KHTML, like Gecko; compatible; GPTBot/1.3; +https://openai.com/gptbot)" 481 **0/481901**
57.141.2.35 - - [14/Mar/2026:05:17:43 -0700] "GET /items/2411592402 HTTP/2.0" 200 97145 "-" "meta-externalagent/1.1 (+https://developers.facebook.com/docs/sharing/webmasters/crawler)" 824 **0/824527**
74.7.241.15 - - [14/Mar/2026:05:17:44 -0700] "GET /?path=/home/e9ohhh9viiv2/www/onlinebettingexchange.in HTTP/2.0" 200 3507 "https://thebettingexchange.in/?path=/home/e9ohhh9viiv2/www" "Mozilla/5.0 AppleWebKit/537.36 (KHTML, like Gecko; compatible; GPTBot/1.3; +https://openai.com/gptbot)" 486 **0/486410**
74.7.241.15 - - [14/Mar/2026:05:17:44 -0700] "GET /?path=//lib64/python3.6/curses/__pycache__ HTTP/2.0" 200 2923 "https://thebettingexchange.in/?path=//lib64/python3.6/curses" "Mozilla/5.0 AppleWebKit/537.36 (KHTML, like Gecko; compatible; GPTBot/1.3; +https://openai.com/gptbot)" 489 **0/489029**
57.141.2.49 - - [14/Mar/2026:05:17:44 -0700] "GET /items/3170082288 HTTP/2.0" 200 97145 "-" "meta-externalagent/1.1 (+https://developers.facebook.com/docs/sharing/webmasters/crawler)" 824 **0/824078**
74.7.241.15 - - [14/Mar/2026:05:17:45 -0700] "GET /?path=//lib64/python3.12/zoneinfo HTTP/2.0" 200 2739 "https://thebettingexchange.in/?path=//lib64/python3.12" "Mozilla/5.0 AppleWebKit/537.36 (KHTML, like Gecko; compatible; GPTBot/1.3; +https://openai.com/gptbot)" 481 **0/481129**
74.7.241.15 - - [14/Mar/2026:05:17:46 -0700] "GET /?path=/home/e9ohhh9viiv2/public_html/indiacricketnews.in/.well-known/acme-challenge HTTP/2.0" 200 2355 "https://thebettingexchange.in/?path=/home/e9ohhh9viiv2/public_html/indiacricketnews.in/.well-known" "Mozilla/5.0 AppleWebKit/537.36 (KHTML, like Gecko; compatible; GPTBot/1.3; +https://openai.com/gptbot)" 474 **0/474886**
185.191.171.7 - - [14/Mar/2026:05:17:46 -0700] "GET /real-time-agent-games-during-the-bally-wager-casino-rhode-isle/ HTTP/1.1" 200 4874 "-" "Mozilla/5.0 (compatible; SemrushBot/7~bl; +http://www.semrush.com/bot.html)" 485 **0/485820**
57.141.2.4 - - [14/Mar/2026:05:17:46 -0700] "GET /items/3053006258 HTTP/2.0" 200 97145 "-" "meta-externalagent/1.1 (+https://developers.facebook.com/docs/sharing/webmasters/crawler)" 834 **0/834364**
74.7.241.15 - - [14/Mar/2026:05:17:47 -0700] "GET /?path=//lib64/python3.12/unittest HTTP/2.0" 200 3014 "https://thebettingexchange.in/?path=//lib64/python3.12" "Mozilla/5.0 AppleWebKit/537.36 (KHTML, like Gecko; compatible; GPTBot/1.3; +https://openai.com/gptbot)" 486 **0/486588**
74.7.241.15 - - [14/Mar/2026:05:17:48 -0700] "GET /?path=//lib64/python3.12/lib-dynload HTTP/2.0" 200 4410 "https://thebettingexchange.in/?path=//lib64/python3.12" "Mozilla/5.0 AppleWebKit/537.36 (KHTML, like Gecko; compatible; GPTBot/1.3; +https://openai.com/gptbot)" 481 **0/481021**
57.141.2.59 - - [14/Mar/2026:05:17:47 -0700] "GET /items/3770829176 HTTP/2.0" 200 97145 "-" "meta-externalagent/1.1 (+https://developers.facebook.com/docs/sharing/webmasters/crawler)" 895 **0/895594**
74.7.241.15 - - [14/Mar/2026:05:17:48 -0700] "GET /?path=//lib64/python3.8/logging/__pycache__ HTTP/2.0" 200 2825 "https://thebettingexchange.in/?path=//lib64/python3.8/logging" "Mozilla/5.0 AppleWebKit/537.36 (KHTML, like Gecko; compatible; GPTBot/1.3; +https://openai.com/gptbot)" 479 **0/479208**
74.7.241.15 - - [14/Mar/2026:05:17:49 -0700] "GET /?path=/home/e9ohhh9viiv2/www/portugalbettingexchange.com/cgi-bin HTTP/2.0" 200 2336 "https://thebettingexchange.in/?path=/home/e9ohhh9viiv2/www/portugalbettingexchange.com" "Mozilla/5.0 AppleWebKit/537.36 (KHTML, like Gecko; compatible; GPTBot/1.3; +https://openai.com/gptbot)" 494 **0/494447**
57.141.2.49 - - [14/Mar/2026:05:17:49 -0700] "GET /items/745551594 HTTP/2.0" 200 97145 "-" "meta-externalagent/1.1 (+https://developers.facebook.com/docs/sharing/webmasters/crawler)" 834 **0/834462**
47.89.184.18 - - [14/Mar/2026:05:17:50 -0700] "-" 408 - "-" "-" 0 **0/147**
74.7.241.15 - - [14/Mar/2026:05:17:50 -0700] "GET /?path=/home/e9ohhh9viiv2/public_html/bestsportsbettingexchanges.com/.well-known HTTP/2.0" 200 2708 "https://thebettingexchange.in/?path=/home/e9ohhh9viiv2/public_html/bestsportsbettingexchanges.com" "Mozilla/5.0 AppleWebKit/537.36 (KHTML, like Gecko; compatible; GPTBot/1.3; +https://openai.com/gptbot)" 487 **0/487553**
74.7.241.15 - - [14/Mar/2026:05:17:51 -0700] "GET /?path=/home/e9ohhh9viiv2/www/iplpointtables.com/.well-known/pki-validation HTTP/2.0" 200 2351 "https://thebettingexchange.in/?path=/home/e9ohhh9viiv2/www/iplpointtables.com/.well-known" "Mozilla/5.0 AppleWebKit/537.36 (KHTML, like Gecko; compatible; GPTBot/1.3; +https://openai.com/gptbot)" 479 **0/479522**
57.141.2.12 - - [14/Mar/2026:05:17:50 -0700] "GET /items/2926001189 HTTP/2.0" 200 97145 "-" "meta-externalagent/1.1 (+https://developers.facebook.com/docs/sharing/webmasters/crawler)" 852 **0/852498**
74.7.241.15 - - [14/Mar/2026:05:17:51 -0700] "GET /?path=/home/e9ohhh9viiv2/www/bettingexchangesite.org/images/images/images/images/images HTTP/2.0" 200 2678 "https://thebettingexchange.in/?path=/home/e9ohhh9viiv2/www/bettingexchangesite.org/images/images/images/images" "Mozilla/5.0 AppleWebKit/537.36 (KHTML, like Gecko; compatible; GPTBot/1.3; +https://openai.com/gptbot)" 489 **0/489683**
74.7.241.15 - - [14/Mar/2026:05:17:52 -0700] "GET /?path=/home/e9ohhh9viiv2/www/onlinebettingexchange.in/cgi-bin HTTP/2.0" 200 2332 "https://thebettingexchange.in/?path=/home/e9ohhh9viiv2/www/onlinebettingexchange.in" "Mozilla/5.0 AppleWebKit/537.36 (KHTML, like Gecko; compatible; GPTBot/1.3; +https://openai.com/gptbot)" 488 **0/488095**
57.141.2.18 - - [14/Mar/2026:05:17:52 -0700] "GET /items/1544585170 HTTP/2.0" 200 97145 "-" "meta-externalagent/1.1 (+https://developers.facebook.com/docs/sharing/webmasters/crawler)" 834 **0/834295**
74.7.241.15 - - [14/Mar/2026:05:17:53 -0700] "GET /?path=/home/e9ohhh9viiv2/www/iplpointtables.com/.well-known/acme-challenge HTTP/2.0" 200 2349 "https://thebettingexchange.in/?path=/home/e9ohhh9viiv2/www/iplpointtables.com/.well-known" "Mozilla/5.0 AppleWebKit/537.36 (KHTML, like Gecko; compatible; GPTBot/1.3; +https://openai.com/gptbot)" 487 **0/487923**
74.7.241.15 - - [14/Mar/2026:05:17:54 -0700] "GET /?path=/home/e9ohhh9viiv2/www/onlinebettingexchange.in/.tmb HTTP/2.0" 200 2331 "https://thebettingexchange.in/?path=/home/e9ohhh9viiv2/www/onlinebettingexchange.in" "Mozilla/5.0 AppleWebKit/537.36 (KHTML, like Gecko; compatible; GPTBot/1.3; +https://openai.com/gptbot)" 496 **0/496474**
57.141.2.64 - - [14/Mar/2026:05:17:54 -0700] "GET /items/2290725660 HTTP/2.0" 200 97145 "-" "meta-externalagent/1.1 (+https://developers.facebook.com/docs/sharing/webmasters/crawler)" 867 **0/867157**
74.7.241.15 - - [14/Mar/2026:05:17:55 -0700] "GET /?path=/home/e9ohhh9viiv2/www/bestsportsbettingexchanges.com/.well-known HTTP/2.0" 200 2705 "https://thebettingexchange.in/?path=/home/e9ohhh9viiv2/www/bestsportsbettingexchanges.com" "Mozilla/5.0 AppleWebKit/537.36 (KHTML, like Gecko; compatible; GPTBot/1.3; +https://openai.com/gptbot)" 501 **0/501184**
57.141.2.66 - - [14/Mar/2026:05:17:55 -0700] "GET /items/4157354412 HTTP/2.0" 200 97145 "-" "meta-externalagent/1.1 (+https://developers.facebook.com/docs/sharing/webmasters/crawler)" 850 **0/850738**
74.7.241.15 - - [14/Mar/2026:05:17:55 -0700] "GET /?fileloc=//lib64/libdns.so.1115&path=//lib64 HTTP/2.0" 200 2252 "https://thebettingexchange.in/?path=//lib64" "Mozilla/5.0 AppleWebKit/537.36 (KHTML, like Gecko; compatible; GPTBot/1.3; +https://openai.com/gptbot)" 479 **0/479630**
74.7.241.15 - - [14/Mar/2026:05:17:56 -0700] "GET /?fileloc=//lib64/python3.12/lib-dynload/audioop.cpython-312-x86_64-linux-gnu.so&path=//lib64/python3.12/lib-dynload HTTP/2.0" 200 2299 "https://thebettingexchange.in/?path=//lib64/python3.12/lib-dynload" "Mozilla/5.0 AppleWebKit/537.36 (KHTML, like Gecko; compatible; GPTBot/1.3; +https://openai.com/gptbot)" 482 **0/482017**
57.141.2.49 - - [14/Mar/2026:05:17:56 -0700] "GET /items/158413839 HTTP/2.0" 200 97145 "-" "meta-externalagent/1.1 (+https://developers.facebook.com/docs/sharing/webmasters/crawler)" 827 **0/827092**
74.7.241.15 - - [14/Mar/2026:05:17:57 -0700] "GET /?fileloc=//lib64/girepository-1.0/Poppler-0.18.typelib&path=//lib64/girepository-1.0 HTTP/2.0" 200 2272 "https://thebettingexchange.in/?path=//lib64/girepository-1.0" "Mozilla/5.0 AppleWebKit/537.36 (KHTML, like Gecko; compatible; GPTBot/1.3; +https://openai.com/gptbot)" 488 **0/488664**
47.89.184.18 - - [14/Mar/2026:05:17:58 -0700] "-" 408 - "-" "-" 0 **0/193**
74.7.241.15 - - [14/Mar/2026:05:17:58 -0700] "GET /?path=/home/e9ohhh9viiv2/www/germanybettingexchange.com/.well-known/pki-validation HTTP/2.0" 200 2359 "https://thebettingexchange.in/?path=/home/e9ohhh9viiv2/www/germanybettingexchange.com/.well-known" "Mozilla/5.0 AppleWebKit/537.36 (KHTML, like Gecko; compatible; GPTBot/1.3; +https://openai.com/gptbot)" 499 **0/499180**
57.141.2.48 - - [14/Mar/2026:05:17:58 -0700] "GET /items/349794382 HTTP/2.0" 200 97145 "-" "meta-externalagent/1.1 (+https://developers.facebook.com/docs/sharing/webmasters/crawler)" 852 **0/852100**
74.7.241.15 - - [14/Mar/2026:05:17:59 -0700] "GET /?path=/home/e9ohhh9viiv2/public_html/bestsportsbettingexchanges.com/.well-known/acme-challenge HTTP/2.0" 200 2624 "https://thebettingexchange.in/?path=/home/e9ohhh9viiv2/public_html/bestsportsbettingexchanges.com/.well-known" "Mozilla/5.0 AppleWebKit/537.36 (KHTML, like Gecko; compatible; GPTBot/1.3; +https://openai.com/gptbot)" 478 **0/478412**
57.141.2.63 - - [14/Mar/2026:05:17:59 -0700] "GET /items/2454932441 HTTP/2.0" 200 97145 "-" "meta-externalagent/1.1 (+https://developers.facebook.com/docs/sharing/webmasters/crawler)" 825 **0/825240**
74.7.241.15 - - [14/Mar/2026:05:17:59 -0700] "GET /?path=/home/e9ohhh9viiv2/public_html/bestsportsbettingexchanges.com/.well-known/pki-validation HTTP/2.0" 200 2663 "https://thebettingexchange.in/?path=/home/e9ohhh9viiv2/public_html/bestsportsbettingexchanges.com/.well-known" "Mozilla/5.0 AppleWebKit/537.36 (KHTML, like Gecko; compatible; GPTBot/1.3; +https://openai.com/gptbot)" 514 **0/514324**
74.7.241.15 - - [14/Mar/2026:05:18:00 -0700] "GET /?path=//lib64/security HTTP/2.0" 200 4297 "https://thebettingexchange.in/?path=//lib64" "Mozilla/5.0 AppleWebKit/537.36 (KHTML, like Gecko; compatible; GPTBot/1.3; +https://openai.com/gptbot)" 492 **0/492803**
57.141.2.15 - - [14/Mar/2026:05:18:00 -0700] "GET /items/3777199343 HTTP/2.0" 200 97145 "-" "meta-externalagent/1.1 (+https://developers.facebook.com/docs/sharing/webmasters/crawler)" 854 **0/854554**
47.89.184.18 - - [14/Mar/2026:05:18:01 -0700] "-" 408 - "-" "-" 0 **0/961**
74.7.241.15 - - [14/Mar/2026:05:18:01 -0700] "GET /?path=//lib64/gssproxy HTTP/2.0" 200 2574 "https://thebettingexchange.in/?path=//lib64" "Mozilla/5.0 AppleWebKit/537.36 (KHTML, like Gecko; compatible; GPTBot/1.3; +https://openai.com/gptbot)" 542 **0/542538**
74.7.241.15 - - [14/Mar/2026:05:18:02 -0700] "GET /?path=/home/e9ohhh9viiv2/www/bettingexchangeonline.com/PWA/src HTTP/2.0" 200 2644 "https://thebettingexchange.in/?path=/home/e9ohhh9viiv2/www/bettingexchangeonline.com/PWA" "Mozilla/5.0 AppleWebKit/537.36 (KHTML, like Gecko; compatible; GPTBot/1.3; +https://openai.com/gptbot)" 500 **0/500230**
57.141.2.38 - - [14/Mar/2026:05:18:02 -0700] "GET /items/3720799442 HTTP/2.0" 200 97145 "-" "meta-externalagent/1.1 (+https://developers.facebook.com/docs/sharing/webmasters/crawler)" 866 **0/866510**
74.7.241.15 - - [14/Mar/2026:05:18:03 -0700] "GET /?path=/home/e9ohhh9viiv2/public_html/todaysiplmatch.in/.well-known HTTP/2.0" 200 2588 "https://thebettingexchange.in/?path=/home/e9ohhh9viiv2/public_html/todaysiplmatch.in" "Mozilla/5.0 AppleWebKit/537.36 (KHTML, like Gecko; compatible; GPTBot/1.3; +https://openai.com/gptbot)" 487 **0/487287**
57.141.2.49 - - [14/Mar/2026:05:18:03 -0700] "GET /items/737565423 HTTP/2.0" 200 97145 "-" "meta-externalagent/1.1 (+https://developers.facebook.com/docs/sharing/webmasters/crawler)" 836 **0/836058**
74.7.241.15 - - [14/Mar/2026:05:18:03 -0700] "GET /?path=/home/e9ohhh9viiv2/public_html/todayiplmatches.in/.well-known HTTP/2.0" 200 2621 "https://thebettingexchange.in/?path=/home/e9ohhh9viiv2/public_html/todayiplmatches.in" "Mozilla/5.0 AppleWebKit/537.36 (KHTML, like Gecko; compatible; GPTBot/1.3; +https://openai.com/gptbot)" 496 **0/496377**
74.7.241.15 - - [14/Mar/2026:05:18:04 -0700] "GET /?path=/home/e9ohhh9viiv2/public_html/bettingexchangesite.org/.well-known/acme-challenge HTTP/2.0" 200 2936 "https://thebettingexchange.in/?path=/home/e9ohhh9viiv2/public_html/bettingexchangesite.org/.well-known" "Mozilla/5.0 AppleWebKit/537.36 (KHTML, like Gecko; compatible; GPTBot/1.3; +https://openai.com/gptbot)" 500 **0/500620**
57.141.2.8 - - [14/Mar/2026:05:18:04 -0700] "GET /items/3348443268 HTTP/2.0" 200 97145 "-" "meta-externalagent/1.1 (+https://developers.facebook.com/docs/sharing/webmasters/crawler)" 864 **0/864874**
74.7.241.15 - - [14/Mar/2026:05:18:05 -0700] "GET /?path=/home/e9ohhh9viiv2/www/indiabettingexchange.in/.well-known HTTP/2.0" 200 2617 "https://thebettingexchange.in/?path=/home/e9ohhh9viiv2/www/indiabettingexchange.in" "Mozilla/5.0 AppleWebKit/537.36 (KHTML, like Gecko; compatible; GPTBot/1.3; +https://openai.com/gptbot)" 483 **0/483030**
74.7.241.15 - - [14/Mar/2026:05:18:06 -0700] "GET /?path=/home/e9ohhh9viiv2/www/portugalbettingexchange.com/.well-known/pki-validation HTTP/2.0" 200 2358 "https://thebettingexchange.in/?path=/home/e9ohhh9viiv2/www/portugalbettingexchange.com/.well-known" "Mozilla/5.0 AppleWebKit/537.36 (KHTML, like Gecko; compatible; GPTBot/1.3; +https://openai.com/gptbot)" 500 **0/500123**
57.141.2.15 - - [14/Mar/2026:05:18:06 -0700] "GET /items/1799681618 HTTP/2.0" 200 97145 "-" "meta-externalagent/1.1 (+https://developers.facebook.com/docs/sharing/webmasters/crawler)" 830 **0/830121**
74.7.241.15 - - [14/Mar/2026:05:18:07 -0700] "GET /?path=/home/e9ohhh9viiv2/www/bettingexchangeonline.com/62e17e43 HTTP/2.0" 200 2599 "https://thebettingexchange.in/?path=/home/e9ohhh9viiv2/www/bettingexchangeonline.com" "Mozilla/5.0 AppleWebKit/537.36 (KHTML, like Gecko; compatible; GPTBot/1.3; +https://openai.com/gptbot)" 480 **0/480525**
57.141.2.62 - - [14/Mar/2026:05:18:07 -0700] "GET /items/3384088431 HTTP/2.0" 200 97145 "-" "meta-externalagent/1.1 (+https://developers.facebook.com/docs/sharing/webmasters/crawler)" 833 **0/833527**
74.7.241.15 - - [14/Mar/2026:05:18:07 -0700] "GET /?path=/home/e9ohhh9viiv2/www/bestsportsbettingexchanges.com/.well-known/acme-challenge HTTP/2.0" 200 2621 "https://thebettingexchange.in/?path=/home/e9ohhh9viiv2/www/bestsportsbettingexchanges.com/.well-known" "Mozilla/5.0 AppleWebKit/537.36 (KHTML, like Gecko; compatible; GPTBot/1.3; +https://openai.com/gptbot)" 490 **0/490832**
74.7.241.15 - - [14/Mar/2026:05:18:08 -0700] "GET /?path=/home/e9ohhh9viiv2/public_html/indiacricketnews.in/cgi-bin HTTP/2.0" 200 2333 "https://thebettingexchange.in/?path=/home/e9ohhh9viiv2/public_html/indiacricketnews.in" "Mozilla/5.0 AppleWebKit/537.36 (KHTML, like Gecko; compatible; GPTBot/1.3; +https://openai.com/gptbot)" 485 **0/485008**
57.141.2.70 - - [14/Mar/2026:05:18:08 -0700] "GET /items/835105263 HTTP/2.0" 200 97145 "-" "meta-externalagent/1.1 (+https://developers.facebook.com/docs/sharing/webmasters/crawler)" 830 **0/830661**
74.7.241.15 - - [14/Mar/2026:05:18:09 -0700] "GET /?fileloc=//lib64/security/pam_selinux.so&path=//lib64/security HTTP/2.0" 200 2265 "https://thebettingexchange.in/?path=//lib64/security" "Mozilla/5.0 AppleWebKit/537.36 (KHTML, like Gecko; compatible; GPTBot/1.3; +https://openai.com/gptbot)" 497 **0/497968**
57.141.2.70 - - [14/Mar/2026:05:18:09 -0700] "GET /items/4168121810 HTTP/2.0" 200 97145 "-" "meta-externalagent/1.1 (+https://developers.facebook.com/docs/sharing/webmasters/crawler)" 822 **0/822258**
74.7.241.15 - - [14/Mar/2026:05:18:10 -0700] "GET /?path=/home/e9ohhh9viiv2/public_html/bettingexchangeonline.com/PWA HTTP/2.0" 200 2834 "https://thebettingexchange.in/?path=/home/e9ohhh9viiv2/public_html/bettingexchangeonline.com" "Mozilla/5.0 AppleWebKit/537.36 (KHTML, like Gecko; compatible; GPTBot/1.3; +https://openai.com/gptbot)" 497 **0/497374**
42.1.70.44 - - [14/Mar/2026:05:18:10 -0700] "GET /comparativa-sobre-bitcoin-delante-otros-metodos-de-paga/ HTTP/1.1" 200 4874 "-" "Mozilla/5.0 (Windows NT 6.1; Win64; x64) AppleWebKit/537.36 (KHTML, like Gecko) Chrome/83.0.4103.106 Safari/537.36" 492 **0/492476**
47.89.184.18 - - [14/Mar/2026:05:18:11 -0700] "-" 408 - "-" "-" 0 **0/181**
74.7.241.15 - - [14/Mar/2026:05:18:11 -0700] "GET /?fileloc=/home/e9ohhh9viiv2/www/bettingexchangeonline.com/PWA/src/master.css&path=/home/e9ohhh9viiv2/www/bettingexchangeonline.com/PWA/src HTTP/2.0" 200 2318 "https://thebettingexchange.in/?path=/home/e9ohhh9viiv2/www/bettingexchangeonline.com/PWA/src" "Mozilla/5.0 AppleWebKit/537.36 (KHTML, like Gecko; compatible; GPTBot/1.3; +https://openai.com/gptbot)" 484 **0/484512**
57.141.2.71 - - [14/Mar/2026:05:18:11 -0700] "GET /items/4101916450 HTTP/2.0" 200 97145 "-" "meta-externalagent/1.1 (+https://developers.facebook.com/docs/sharing/webmasters/crawler)" 833 **0/833785**
74.7.241.15 - - [14/Mar/2026:05:18:12 -0700] "GET /?path=/home/e9ohhh9viiv2/public_html/todaysiplmatch.in/.well-known/acme-challenge HTTP/2.0" 200 2357 "https://thebettingexchange.in/?path=/home/e9ohhh9viiv2/public_html/todaysiplmatch.in/.well-known" "Mozilla/5.0 AppleWebKit/537.36 (KHTML, like Gecko; compatible; GPTBot/1.3; +https://openai.com/gptbot)" 486 **0/486570**
57.141.2.10 - - [14/Mar/2026:05:18:12 -0700] "GET /items/3778410582 HTTP/2.0" 200 97145 "-" "meta-externalagent/1.1 (+https://developers.facebook.com/docs/sharing/webmasters/crawler)" 823 **0/823667**
74.7.241.15 - - [14/Mar/2026:05:18:12 -0700] "GET /?path=/home/e9ohhh9viiv2/public_html/todayiplmatches.in/.well-known/pki-validation HTTP/2.0" 200 2598 "https://thebettingexchange.in/?path=/home/e9ohhh9viiv2/public_html/todayiplmatches.in/.well-known" "Mozilla/5.0 AppleWebKit/537.36 (KHTML, like Gecko; compatible; GPTBot/1.3; +https://openai.com/gptbot)" 480 **0/480650**
57.141.2.16 - - [14/Mar/2026:05:18:13 -0700] "GET /items/976144420 HTTP/2.0" 200 - "-" "meta-externalagent/1.1 (+https://developers.facebook.com/docs/sharing/webmasters/crawler)" 474 **0/474693**
74.7.241.15 - - [14/Mar/2026:05:18:14 -0700] "GET /?path=/home/e9ohhh9viiv2/public_html/todayiplmatches.in/.well-known/acme-challenge HTTP/2.0" 200 2357 "https://thebettingexchange.in/?path=/home/e9ohhh9viiv2/public_html/todayiplmatches.in/.well-known" "Mozilla/5.0 AppleWebKit/537.36 (KHTML, like Gecko; compatible; GPTBot/1.3; +https://openai.com/gptbot)" 498 **0/498715**
57.141.2.19 - - [14/Mar/2026:05:18:14 -0700] "GET /items/1077622904 HTTP/2.0" 200 97145 "-" "meta-externalagent/1.1 (+https://developers.facebook.com/docs/sharing/webmasters/crawler)" 839 **0/839561**
74.7.241.15 - - [14/Mar/2026:05:18:15 -0700] "GET /?path=/home/e9ohhh9viiv2/www/indiabettingexchange.in/.well-known/acme-challenge HTTP/2.0" 200 2355 "https://thebettingexchange.in/?path=/home/e9ohhh9viiv2/www/indiabettingexchange.in/.well-known" "Mozilla/5.0 AppleWebKit/537.36 (KHTML, like Gecko; compatible; GPTBot/1.3; +https://openai.com/gptbot)" 477 **0/477810**
74.7.241.15 - - [14/Mar/2026:05:18:15 -0700] "GET /?path=/home/e9ohhh9viiv2/www/indiabettingexchange.in/.well-known/pki-validation HTTP/2.0" 200 2357 "https://thebettingexchange.in/?path=/home/e9ohhh9viiv2/www/indiabettingexchange.in/.well-known" "Mozilla/5.0 AppleWebKit/537.36 (KHTML, like Gecko; compatible; GPTBot/1.3; +https://openai.com/gptbot)" 483 **0/483117**
57.141.2.43 - - [14/Mar/2026:05:18:15 -0700] "GET /items/157423858 HTTP/2.0" 200 97145 "-" "meta-externalagent/1.1 (+https://developers.facebook.com/docs/sharing/webmasters/crawler)" 830 **0/830041**
57.141.2.29 - - [14/Mar/2026:05:18:15 -0700] "GET /items/1299845606 HTTP/2.0" 200 97145 "-" "meta-externalagent/1.1 (+https://developers.facebook.com/docs/sharing/webmasters/crawler)" 857 **0/857150**
74.7.241.15 - - [14/Mar/2026:05:18:16 -0700] "GET /?fileloc=//lib64/libpng16.so.16&path=//lib64 HTTP/2.0" 200 2252 "https://thebettingexchange.in/?path=//lib64" "Mozilla/5.0 AppleWebKit/537.36 (KHTML, like Gecko; compatible; GPTBot/1.3; +https://openai.com/gptbot)" 488 **0/488105**
74.7.241.15 - - [14/Mar/2026:05:18:17 -0700] "GET /?fileloc=//lib64/libisc.so.1107&path=//lib64 HTTP/2.0" 200 2253 "https://thebettingexchange.in/?path=//lib64" "Mozilla/5.0 AppleWebKit/537.36 (KHTML, like Gecko; compatible; GPTBot/1.3; +https://openai.com/gptbot)" 487 **0/487761**
57.141.2.57 - - [14/Mar/2026:05:18:17 -0700] "GET /items/2505770529 HTTP/2.0" 200 97145 "-" "meta-externalagent/1.1 (+https://developers.facebook.com/docs/sharing/webmasters/crawler)" 846 **0/846318**
74.7.241.15 - - [14/Mar/2026:05:18:18 -0700] "GET /?path=//lib64/python3.12/tomllib HTTP/2.0" 200 2746 "https://thebettingexchange.in/?path=//lib64/python3.12" "Mozilla/5.0 AppleWebKit/537.36 (KHTML, like Gecko; compatible; GPTBot/1.3; +https://openai.com/gptbot)" 483 **0/483899**
57.141.2.64 - - [14/Mar/2026:05:18:18 -0700] "GET /items/3964633933 HTTP/2.0" 200 97145 "-" "meta-externalagent/1.1 (+https://developers.facebook.com/docs/sharing/webmasters/crawler)" 829 **0/829569**
74.7.241.15 - - [14/Mar/2026:05:18:18 -0700] "GET /?fileloc=//lib64/libprotoc.so.15&path=//lib64 HTTP/2.0" 200 2253 "https://thebettingexchange.in/?path=//lib64" "Mozilla/5.0 AppleWebKit/537.36 (KHTML, like Gecko; compatible; GPTBot/1.3; +https://openai.com/gptbot)" 506 **0/506427**
74.7.241.15 - - [14/Mar/2026:05:18:19 -0700] "GET /?fileloc=//lib64/libext2fs.so.2&path=//lib64 HTTP/2.0" 200 2253 "https://thebettingexchange.in/?path=//lib64" "Mozilla/5.0 AppleWebKit/537.36 (KHTML, like Gecko; compatible; GPTBot/1.3; +https://openai.com/gptbot)" 485 **0/485901**
57.141.2.37 - - [14/Mar/2026:05:18:19 -0700] "GET /items/1905610066 HTTP/2.0" 200 97145 "-" "meta-externalagent/1.1 (+https://developers.facebook.com/docs/sharing/webmasters/crawler)" 874 **0/874131**
74.7.241.15 - - [14/Mar/2026:05:18:20 -0700] "GET /?fileloc=//lib64/libipset.so.13&path=//lib64 HTTP/2.0" 200 2254 "https://thebettingexchange.in/?path=//lib64" "Mozilla/5.0 AppleWebKit/537.36 (KHTML, like Gecko; compatible; GPTBot/1.3; +https://openai.com/gptbot)" 480 **0/480529**
57.141.2.14 - - [14/Mar/2026:05:18:21 -0700] "GET /items/3738154496 HTTP/2.0" 200 97145 "-" "meta-externalagent/1.1 (+https://developers.facebook.com/docs/sharing/webmasters/crawler)" 821 **0/821689**
74.7.241.15 - - [14/Mar/2026:05:18:21 -0700] "GET /?fileloc=//lib64/libsqlite3.so.0&path=//lib64 HTTP/2.0" 200 2255 "https://thebettingexchange.in/?path=//lib64" "Mozilla/5.0 AppleWebKit/537.36 (KHTML, like Gecko; compatible; GPTBot/1.3; +https://openai.com/gptbot)" 509 **0/509658**
74.7.241.15 - - [14/Mar/2026:05:18:22 -0700] "GET /?path=/home/e9ohhh9viiv2/www/onlinebettingexchange.in/.well-known HTTP/2.0" 200 2617 "https://thebettingexchange.in/?path=/home/e9ohhh9viiv2/www/onlinebettingexchange.in" "Mozilla/5.0 AppleWebKit/537.36 (KHTML, like Gecko; compatible; GPTBot/1.3; +https://openai.com/gptbot)" 488 **0/488890**
57.141.2.26 - - [14/Mar/2026:05:18:22 -0700] "GET /items/2483627462 HTTP/2.0" 200 97145 "-" "meta-externalagent/1.1 (+https://developers.facebook.com/docs/sharing/webmasters/crawler)" 825 **0/825267**
74.7.241.15 - - [14/Mar/2026:05:18:23 -0700] "GET /?path=//lib64/python2.7/email HTTP/2.0" 200 3474 "https://thebettingexchange.in/?path=//lib64/python2.7" "Mozilla/5.0 AppleWebKit/537.36 (KHTML, like Gecko; compatible; GPTBot/1.3; +https://openai.com/gptbot)" 509 **0/509095**
57.141.2.12 - - [14/Mar/2026:05:18:23 -0700] "GET /items/283361779 HTTP/2.0" 200 97145 "-" "meta-externalagent/1.1 (+https://developers.facebook.com/docs/sharing/webmasters/crawler)" 829 **0/829153**
74.7.241.15 - - [14/Mar/2026:05:18:23 -0700] "GET /?path=//lib64/python3.8/email HTTP/2.0" 200 3311 "https://thebettingexchange.in/?path=//lib64/python3.8" "Mozilla/5.0 AppleWebKit/537.36 (KHTML, like Gecko; compatible; GPTBot/1.3; +https://openai.com/gptbot)" 506 **0/506225**
74.7.241.15 - - [14/Mar/2026:05:18:24 -0700] "GET /?path=//lib64/python3.12/sqlite3/__pycache__ HTTP/2.0" 200 2863 "https://thebettingexchange.in/?path=//lib64/python3.12/sqlite3" "Mozilla/5.0 AppleWebKit/537.36 (KHTML, like Gecko; compatible; GPTBot/1.3; +https://openai.com/gptbot)" 487 **0/487554**
57.141.2.18 - - [14/Mar/2026:05:18:24 -0700] "GET /items/420494119 HTTP/2.0" 200 97145 "-" "meta-externalagent/1.1 (+https://developers.facebook.com/docs/sharing/webmasters/crawler)" 837 **0/837255**
74.7.241.15 - - [14/Mar/2026:05:18:25 -0700] "GET /?path=//lib64/perl5/Sys HTTP/2.0" 200 2576 "https://thebettingexchange.in/?path=//lib64/perl5" "Mozilla/5.0 AppleWebKit/537.36 (KHTML, like Gecko; compatible; GPTBot/1.3; +https://openai.com/gptbot)" 479 **0/479669**
74.7.241.15 - - [14/Mar/2026:05:18:26 -0700] "GET /?path=//lib64/perl5/IPC HTTP/2.0" 200 2317 "https://thebettingexchange.in/?path=//lib64/perl5" "Mozilla/5.0 AppleWebKit/537.36 (KHTML, like Gecko; compatible; GPTBot/1.3; +https://openai.com/gptbot)" 492 **0/492400**
57.141.2.28 - - [14/Mar/2026:05:18:25 -0700] "GET /items/1388063952 HTTP/2.0" 403 97145 "-" "meta-externalagent/1.1 (+https://developers.facebook.com/docs/sharing/webmasters/crawler)" 862 **0/862614**
74.7.241.15 - - [14/Mar/2026:05:18:26 -0700] "GET /?path=//lib64/python2.7/pydoc_data HTTP/2.0" 200 2715 "https://thebettingexchange.in/?path=//lib64/python2.7" "Mozilla/5.0 AppleWebKit/537.36 (KHTML, like Gecko; compatible; GPTBot/1.3; +https://openai.com/gptbot)" 482 **0/482974**
57.141.2.51 - - [14/Mar/2026:05:18:27 -0700] "GET /items/3702109049 HTTP/2.0" 403 97145 "-" "meta-externalagent/1.1 (+https://developers.facebook.com/docs/sharing/webmasters/crawler)" 823 **0/823265**
74.7.241.15 - - [14/Mar/2026:05:18:27 -0700] "GET /?path=//lib64/python3.8/pydoc_data HTTP/2.0" 200 2722 "https://thebettingexchange.in/?path=//lib64/python3.8" "Mozilla/5.0 AppleWebKit/537.36 (KHTML, like Gecko; compatible; GPTBot/1.3; +https://openai.com/gptbot)" 479 **0/479455**
57.141.2.49 - - [14/Mar/2026:05:18:27 -0700] "GET /items/3968579886 HTTP/2.0" 403 97145 "-" "meta-externalagent/1.1 (+https://developers.facebook.com/docs/sharing/webmasters/crawler)" 830 **0/830246**
74.7.241.15 - - [14/Mar/2026:05:18:28 -0700] "GET /?path=//lib64/python3.12/dbm/__pycache__ HTTP/2.0" 200 2866 "https://thebettingexchange.in/?path=//lib64/python3.12/dbm" "Mozilla/5.0 AppleWebKit/537.36 (KHTML, like Gecko; compatible; GPTBot/1.3; +https://openai.com/gptbot)" 484 **0/484025**
51.68.247.218 - - [14/Mar/2026:05:18:29 -0700] "GET /one-%EF%BF%BD-greatest-alternative-for-the-newest-greeting-extra/ HTTP/2.0" 200 4197 "-" "Mozilla/5.0 (compatible; AhrefsBot/7.0; +http://ahrefs.com/robot/)" 488 **0/488299**
74.7.241.15 - - [14/Mar/2026:05:18:29 -0700] "GET /?path=//lib64/python3.8/dbm HTTP/2.0" 200 2744 "https://thebettingexchange.in/?path=//lib64/python3.8" "Mozilla/5.0 AppleWebKit/537.36 (KHTML, like Gecko; compatible; GPTBot/1.3; +https://openai.com/gptbot)" 490 **0/490256**
57.141.2.40 - - [14/Mar/2026:05:18:29 -0700] "GET /items/3648350691 HTTP/2.0" 403 97145 "-" "meta-externalagent/1.1 (+https://developers.facebook.com/docs/sharing/webmasters/crawler)" 826 **0/826438**
74.7.241.15 - - [14/Mar/2026:05:18:30 -0700] "GET /?path=//lib64/python3.6/dbm HTTP/2.0" 200 2745 "https://thebettingexchange.in/?path=//lib64/python3.6" "Mozilla/5.0 AppleWebKit/537.36 (KHTML, like Gecko; compatible; GPTBot/1.3; +https://openai.com/gptbot)" 494 **0/494720**
57.141.2.26 - - [14/Mar/2026:05:18:30 -0700] "GET /items/3688564209 HTTP/2.0" 403 97145 "-" "meta-externalagent/1.1 (+https://developers.facebook.com/docs/sharing/webmasters/crawler)" 882 **0/882653**
74.7.241.15 - - [14/Mar/2026:05:18:31 -0700] "GET /?path=/home/e9ohhh9viiv2/www/onlinebettingexchange.in/.well-known/acme-challenge HTTP/2.0" 200 2356 "https://thebettingexchange.in/?path=/home/e9ohhh9viiv2/www/onlinebettingexchange.in/.well-known" "Mozilla/5.0 AppleWebKit/537.36 (KHTML, like Gecko; compatible; GPTBot/1.3; +https://openai.com/gptbot)" 470 **0/470777**
74.7.241.15 - - [14/Mar/2026:05:18:31 -0700] "GET /?path=/home/e9ohhh9viiv2/www/onlinebettingexchange.in/.well-known/pki-validation HTTP/2.0" 200 2358 "https://thebettingexchange.in/?path=/home/e9ohhh9viiv2/www/onlinebettingexchange.in/.well-known" "Mozilla/5.0 AppleWebKit/537.36 (KHTML, like Gecko; compatible; GPTBot/1.3; +https://openai.com/gptbot)" 482 **0/482420**
57.141.2.49 - - [14/Mar/2026:05:18:31 -0700] "GET /items/195487746 HTTP/2.0" 403 97145 "-" "meta-externalagent/1.1 (+https://developers.facebook.com/docs/sharing/webmasters/crawler)" 875 **0/875741**
74.7.241.15 - - [14/Mar/2026:05:18:32 -0700] "GET /?path=//lib64/guile/2.0/ccache HTTP/2.0" 200 2949 "https://thebettingexchange.in/?path=//lib64/guile/2.0" "Mozilla/5.0 AppleWebKit/537.36 (KHTML, like Gecko; compatible; GPTBot/1.3; +https://openai.com/gptbot)" 501 **0/501184**
57.141.2.3 - - [14/Mar/2026:05:18:32 -0700] "GET /items/1662059417 HTTP/2.0" 403 97145 "-" "meta-externalagent/1.1 (+https://developers.facebook.com/docs/sharing/webmasters/crawler)" 849 **0/849897**
74.7.241.15 - - [14/Mar/2026:05:18:33 -0700] "GET /?fileloc=//lib64/libgpgme.so.11&path=//lib64 HTTP/2.0" 200 2252 "https://thebettingexchange.in/?path=//lib64" "Mozilla/5.0 AppleWebKit/537.36 (KHTML, like Gecko; compatible; GPTBot/1.3; +https://openai.com/gptbot)" 500 **0/500121**
74.7.241.15 - - [14/Mar/2026:05:18:34 -0700] "GET /?fileloc=//lib64/libopenjp2.so.7&path=//lib64 HTTP/2.0" 200 2254 "https://thebettingexchange.in/?path=//lib64" "Mozilla/5.0 AppleWebKit/537.36 (KHTML, like Gecko; compatible; GPTBot/1.3; +https://openai.com/gptbot)" 476 **0/476487**
57.141.2.2 - - [14/Mar/2026:05:18:33 -0700] "GET /items/58546366 HTTP/2.0" 403 97145 "-" "meta-externalagent/1.1 (+https://developers.facebook.com/docs/sharing/webmasters/crawler)" 842 **0/842626**
74.7.241.15 - - [14/Mar/2026:05:18:35 -0700] "GET /?fileloc=//lib64/libcrypto.so.10&path=//lib64 HTTP/2.0" 200 2254 "https://thebettingexchange.in/?path=//lib64" "Mozilla/5.0 AppleWebKit/537.36 (KHTML, like Gecko; compatible; GPTBot/1.3; +https://openai.com/gptbot)" 528 **0/528209**
57.141.2.66 - - [14/Mar/2026:05:18:34 -0700] "GET /items/2657983902 HTTP/2.0" 403 97145 "-" "meta-externalagent/1.1 (+https://developers.facebook.com/docs/sharing/webmasters/crawler)" 829 **0/829888**
74.7.241.15 - - [14/Mar/2026:05:18:35 -0700] "GET /?fileloc=//lib64/libpython2.7.so&path=//lib64 HTTP/2.0" 200 2255 "https://thebettingexchange.in/?path=//lib64" "Mozilla/5.0 AppleWebKit/537.36 (KHTML, like Gecko; compatible; GPTBot/1.3; +https://openai.com/gptbot)" 481 **0/481878**
57.141.2.60 - - [14/Mar/2026:05:18:36 -0700] "GET /items/1146125686 HTTP/2.0" 403 97145 "-" "meta-externalagent/1.1 (+https://developers.facebook.com/docs/sharing/webmasters/crawler)" 835 **0/835642**
74.7.241.15 - - [14/Mar/2026:05:18:36 -0700] "GET /?path=//lib64/python3.8/pydoc_data/__pycache__ HTTP/2.0" 200 2719 "https://thebettingexchange.in/?path=//lib64/python3.8/pydoc_data" "Mozilla/5.0 AppleWebKit/537.36 (KHTML, like Gecko; compatible; GPTBot/1.3; +https://openai.com/gptbot)" 477 **0/477777**
74.7.241.15 - - [14/Mar/2026:05:18:37 -0700] "GET /?path=/home/e9ohhh9viiv2/etc HTTP/2.0" 200 2669 "https://thebettingexchange.in/?path=/home/e9ohhh9viiv2" "Mozilla/5.0 AppleWebKit/537.36 (KHTML, like Gecko; compatible; GPTBot/1.3; +https://openai.com/gptbot)" 478 **0/478258**
57.141.2.55 - - [14/Mar/2026:05:18:37 -0700] "GET /items/1319383136 HTTP/2.0" 403 97145 "-" "meta-externalagent/1.1 (+https://developers.facebook.com/docs/sharing/webmasters/crawler)" 830 **0/830662**
74.7.241.15 - - [14/Mar/2026:05:18:38 -0700] "GET /?path=/home/e9ohhh9viiv2/mail HTTP/2.0" 200 3195 "https://thebettingexchange.in/?path=/home/e9ohhh9viiv2" "Mozilla/5.0 AppleWebKit/537.36 (KHTML, like Gecko; compatible; GPTBot/1.3; +https://openai.com/gptbot)" 468 **0/468122**
57.141.2.71 - - [14/Mar/2026:05:18:38 -0700] "GET /items/34174746 HTTP/2.0" 403 97145 "-" "meta-externalagent/1.1 (+https://developers.facebook.com/docs/sharing/webmasters/crawler)" 849 **0/849045**
74.7.241.15 - - [14/Mar/2026:05:18:39 -0700] "GET /?path=/home/e9ohhh9viiv2/tmp HTTP/2.0" 200 2922 "https://thebettingexchange.in/?path=/home/e9ohhh9viiv2" "Mozilla/5.0 AppleWebKit/537.36 (KHTML, like Gecko; compatible; GPTBot/1.3; +https://openai.com/gptbot)" 511 **0/511017**
74.7.241.15 - - [14/Mar/2026:05:18:39 -0700] "GET /?path=//lib64/python3.8/lib-dynload HTTP/2.0" 200 4523 "https://thebettingexchange.in/?path=//lib64/python3.8" "Mozilla/5.0 AppleWebKit/537.36 (KHTML, like Gecko; compatible; GPTBot/1.3; +https://openai.com/gptbot)" 528 **0/528276**
57.141.2.56 - - [14/Mar/2026:05:18:39 -0700] "GET /items/535835054 HTTP/2.0" 403 97145 "-" "meta-externalagent/1.1 (+https://developers.facebook.com/docs/sharing/webmasters/crawler)" 828 **0/828598**
57.141.2.27 - - [14/Mar/2026:05:18:40 -0700] "GET /items/2357373012 HTTP/2.0" 403 97145 "-" "meta-externalagent/1.1 (+https://developers.facebook.com/docs/sharing/webmasters/crawler)" 830 **0/830613**
74.7.241.15 - - [14/Mar/2026:05:18:40 -0700] "GET /?path=//lib64/python2.7/lib-dynload HTTP/2.0" 200 4687 "https://thebettingexchange.in/?path=//lib64/python2.7" "Mozilla/5.0 AppleWebKit/537.36 (KHTML, like Gecko; compatible; GPTBot/1.3; +https://openai.com/gptbot)" 494 **0/494130**
74.7.241.15 - - [14/Mar/2026:05:18:41 -0700] "GET /?path=//lib64/guile/2.0/ccache/ice-9 HTTP/2.0" 200 4540 "https://thebettingexchange.in/?path=//lib64/guile/2.0/ccache" "Mozilla/5.0 AppleWebKit/537.36 (KHTML, like Gecko; compatible; GPTBot/1.3; +https://openai.com/gptbot)" 502 **0/502651**
57.141.2.24 - - [14/Mar/2026:05:18:41 -0700] "GET /items/1011335625 HTTP/2.0" 403 97145 "-" "meta-externalagent/1.1 (+https://developers.facebook.com/docs/sharing/webmasters/crawler)" 847 **0/847251**
74.7.241.15 - - [14/Mar/2026:05:18:42 -0700] "GET /?path=//lib64/guile/2.0/ccache/oop HTTP/2.0" 200 2662 "https://thebettingexchange.in/?path=//lib64/guile/2.0/ccache" "Mozilla/5.0 AppleWebKit/537.36 (KHTML, like Gecko; compatible; GPTBot/1.3; +https://openai.com/gptbot)" 480 **0/480526**
74.7.241.15 - - [14/Mar/2026:05:18:43 -0700] "GET /?path=//lib64/guile/2.0/ccache/web HTTP/2.0" 200 2824 "https://thebettingexchange.in/?path=//lib64/guile/2.0/ccache" "Mozilla/5.0 AppleWebKit/537.36 (KHTML, like Gecko; compatible; GPTBot/1.3; +https://openai.com/gptbot)" 480 **0/480239**
57.141.2.3 - - [14/Mar/2026:05:18:43 -0700] "GET /items/2312371513 HTTP/2.0" 403 97145 "-" "meta-externalagent/1.1 (+https://developers.facebook.com/docs/sharing/webmasters/crawler)" 824 **0/824681**
74.7.241.15 - - [14/Mar/2026:05:18:43 -0700] "GET /?path=//lib64/guile/2.0/ccache/sxml HTTP/2.0" 200 2863 "https://thebettingexchange.in/?path=//lib64/guile/2.0/ccache" "Mozilla/5.0 AppleWebKit/537.36 (KHTML, like Gecko; compatible; GPTBot/1.3; +https://openai.com/gptbot)" 478 **0/478176**
57.141.2.11 - - [14/Mar/2026:05:18:44 -0700] "GET /items/999809226 HTTP/2.0" 403 97145 "-" "meta-externalagent/1.1 (+https://developers.facebook.com/docs/sharing/webmasters/crawler)" 828 **0/828714**
74.7.241.15 - - [14/Mar/2026:05:18:44 -0700] "GET /?path=//lib64/guile/2.0/ccache/rnrs HTTP/2.0" 200 3212 "https://thebettingexchange.in/?path=//lib64/guile/2.0/ccache" "Mozilla/5.0 AppleWebKit/537.36 (KHTML, like Gecko; compatible; GPTBot/1.3; +https://openai.com/gptbot)" 491 **0/491310**
74.7.241.15 - - [14/Mar/2026:05:18:45 -0700] "GET /?path=//lib64/guile/2.0/ccache/srfi HTTP/2.0" 200 3263 "https://thebettingexchange.in/?path=//lib64/guile/2.0/ccache" "Mozilla/5.0 AppleWebKit/537.36 (KHTML, like Gecko; compatible; GPTBot/1.3; +https://openai.com/gptbot)" 491 **0/491404**
57.141.2.49 - - [14/Mar/2026:05:18:45 -0700] "GET /items/768994282 HTTP/2.0" 403 97145 "-" "meta-externalagent/1.1 (+https://developers.facebook.com/docs/sharing/webmasters/crawler)" 830 **0/830655**
74.7.241.15 - - [14/Mar/2026:05:18:46 -0700] "GET /?path=/home/e9ohhh9viiv2/etc/thebettingexchange.in HTTP/2.0" 200 2322 "https://thebettingexchange.in/?path=/home/e9ohhh9viiv2/etc" "Mozilla/5.0 AppleWebKit/537.36 (KHTML, like Gecko; compatible; GPTBot/1.3; +https://openai.com/gptbot)" 483 **0/483910**
57.141.2.22 - - [14/Mar/2026:05:18:46 -0700] "GET /items/3894919052 HTTP/2.0" 403 97145 "-" "meta-externalagent/1.1 (+https://developers.facebook.com/docs/sharing/webmasters/crawler)" 861 **0/861593**
74.7.241.15 - - [14/Mar/2026:05:18:47 -0700] "GET /?path=/home/e9ohhh9viiv2/mail/thebettingexchange.in HTTP/2.0" 200 2322 "https://thebettingexchange.in/?path=/home/e9ohhh9viiv2/mail" "Mozilla/5.0 AppleWebKit/537.36 (KHTML, like Gecko; compatible; GPTBot/1.3; +https://openai.com/gptbot)" 493 **0/493659**
74.7.241.15 - - [14/Mar/2026:05:18:47 -0700] "GET /?path=/home/e9ohhh9viiv2/tmp/webalizer HTTP/2.0" 200 5029 "https://thebettingexchange.in/?path=/home/e9ohhh9viiv2/tmp" "Mozilla/5.0 AppleWebKit/537.36 (KHTML, like Gecko; compatible; GPTBot/1.3; +https://openai.com/gptbot)" 480 **0/480445**
57.141.2.16 - - [14/Mar/2026:05:18:47 -0700] "GET /items/2728801905 HTTP/2.0" 403 97145 "-" "meta-externalagent/1.1 (+https://developers.facebook.com/docs/sharing/webmasters/crawler)" 826 **0/826828**
74.7.241.15 - - [14/Mar/2026:05:18:48 -0700] "GET /?fileloc=//lib64/python3.8/lib-dynload/audioop.cpython-38-x86_64-linux-gnu.so&path=//lib64/python3.8/lib-dynload HTTP/2.0" 200 2297 "https://thebettingexchange.in/?path=//lib64/python3.8/lib-dynload" "Mozilla/5.0 AppleWebKit/537.36 (KHTML, like Gecko; compatible; GPTBot/1.3; +https://openai.com/gptbot)" 475 **0/475149**
57.141.2.19 - - [14/Mar/2026:05:18:48 -0700] "GET /items/245078033 HTTP/2.0" 403 97145 "-" "meta-externalagent/1.1 (+https://developers.facebook.com/docs/sharing/webmasters/crawler)" 831 **0/831678**
74.7.241.15 - - [14/Mar/2026:05:18:49 -0700] "GET /?fileloc=//lib64/python2.7/lib-dynload/gdbmmodule.so&path=//lib64/python2.7/lib-dynload HTTP/2.0" 200 2282 "https://thebettingexchange.in/?path=//lib64/python2.7/lib-dynload" "Mozilla/5.0 AppleWebKit/537.36 (KHTML, like Gecko; compatible; GPTBot/1.3; +https://openai.com/gptbot)" 493 **0/493726**
74.7.241.15 - - [14/Mar/2026:05:18:50 -0700] "GET /?path=/home/e9ohhh9viiv2/tmp/awstats HTTP/2.0" 200 18060 "https://thebettingexchange.in/?path=/home/e9ohhh9viiv2/tmp" "Mozilla/5.0 AppleWebKit/537.36 (KHTML, like Gecko; compatible; GPTBot/1.3; +https://openai.com/gptbot)" 539 **0/539900**
57.141.2.43 - - [14/Mar/2026:05:18:49 -0700] "GET /items/2445046106 HTTP/2.0" 403 97145 "-" "meta-externalagent/1.1 (+https://developers.facebook.com/docs/sharing/webmasters/crawler)" 854 **0/854905**
74.7.241.15 - - [14/Mar/2026:05:18:51 -0700] "GET /?path=/home/e9ohhh9viiv2/mail/.mailbox_format.cpanel HTTP/2.0" 200 2731 "https://thebettingexchange.in/?path=/home/e9ohhh9viiv2/mail" "Mozilla/5.0 AppleWebKit/537.36 (KHTML, like Gecko; compatible; GPTBot/1.3; +https://openai.com/gptbot)" 473 **0/473944**
57.141.2.30 - - [14/Mar/2026:05:18:50 -0700] "GET /items/2999630441 HTTP/2.0" 403 97145 "-" "meta-externalagent/1.1 (+https://developers.facebook.com/docs/sharing/webmasters/crawler)" 862 **0/862934**
74.7.241.15 - - [14/Mar/2026:05:18:51 -0700] "GET /?path=/home/e9ohhh9viiv2/tmp/pma_template_compiles_e9ohhh9viiv2 HTTP/2.0" 200 2565 "https://thebettingexchange.in/?path=/home/e9ohhh9viiv2/tmp" "Mozilla/5.0 AppleWebKit/537.36 (KHTML, like Gecko; compatible; GPTBot/1.3; +https://openai.com/gptbot)" 502 **0/502995**
57.141.2.7 - - [14/Mar/2026:05:18:52 -0700] "GET /items/3758482973 HTTP/2.0" 403 97145 "-" "meta-externalagent/1.1 (+https://developers.facebook.com/docs/sharing/webmasters/crawler)" 856 **0/856147**
74.7.241.15 - - [14/Mar/2026:05:18:52 -0700] "GET /?path=/home/e9ohhh9viiv2/tmp/webalizerftp HTTP/2.0" 200 2319 "https://thebettingexchange.in/?path=/home/e9ohhh9viiv2/tmp" "Mozilla/5.0 AppleWebKit/537.36 (KHTML, like Gecko; compatible; GPTBot/1.3; +https://openai.com/gptbot)" 475 **0/475735**
114.119.157.118 - - [14/Mar/2026:05:18:53 -0700] "GET /soluciona-tragamonedas-garage-de-balde-movil-en-linea-ruleta-descargar-slot-sobre-pin-up-casino-de-cualquier-parte-del-mundo/ HTTP/1.1" 200 4874 "https://thebettingexchange.in/zgodnie-z-uwage-zlapalem-podstawowy-wysokosc-bezpieczenstwa-gwarantowany-w-calosci-przez-kasyna-online/" "Mozilla/5.0 (Linux; Android 7.0;) AppleWebKit/537.36 (KHTML, like Gecko) Mobile Safari/537.36 (compatible; PetalBot;+https://webmaster.petalsearch.com/site/petalbot)" 483 **0/483664**
74.7.241.15 - - [14/Mar/2026:05:18:53 -0700] "GET /?path=/home/e9ohhh9viiv2/tmp/analog HTTP/2.0" 200 2313 "https://thebettingexchange.in/?path=/home/e9ohhh9viiv2/tmp" "Mozilla/5.0 AppleWebKit/537.36 (KHTML, like Gecko; compatible; GPTBot/1.3; +https://openai.com/gptbot)" 487 **0/487174**
57.141.2.70 - - [14/Mar/2026:05:18:53 -0700] "GET /items/1366762945 HTTP/2.0" 403 97145 "-" "meta-externalagent/1.1 (+https://developers.facebook.com/docs/sharing/webmasters/crawler)" 826 **0/826211**
74.7.241.15 - - [14/Mar/2026:05:18:54 -0700] "GET /?path=//lib64/guile/2.0/ccache/srfi/srfi-9 HTTP/2.0" 200 2606 "https://thebettingexchange.in/?path=//lib64/guile/2.0/ccache/srfi" "Mozilla/5.0 AppleWebKit/537.36 (KHTML, like Gecko; compatible; GPTBot/1.3; +https://openai.com/gptbot)" 492 **0/492897**
57.141.2.13 - - [14/Mar/2026:05:18:54 -0700] "GET /items/2450180146 HTTP/2.0" 403 97145 "-" "meta-externalagent/1.1 (+https://developers.facebook.com/docs/sharing/webmasters/crawler)" 843 **0/843868**
74.7.241.15 - - [14/Mar/2026:05:18:55 -0700] "GET /?path=//lib64/guile/2.0/ccache/srfi/srfi-4 HTTP/2.0" 200 2606 "https://thebettingexchange.in/?path=//lib64/guile/2.0/ccache/srfi" "Mozilla/5.0 AppleWebKit/537.36 (KHTML, like Gecko; compatible; GPTBot/1.3; +https://openai.com/gptbot)" 491 **0/491944**
57.141.2.33 - - [14/Mar/2026:05:18:55 -0700] "GET /items/2451392229 HTTP/2.0" 403 97145 "-" "meta-externalagent/1.1 (+https://developers.facebook.com/docs/sharing/webmasters/crawler)" 858 **0/858707**
74.7.241.15 - - [14/Mar/2026:05:18:56 -0700] "GET /?path=//lib64/guile/2.0/ccache/rnrs/io HTTP/2.0" 200 2642 "https://thebettingexchange.in/?path=//lib64/guile/2.0/ccache/rnrs" "Mozilla/5.0 AppleWebKit/537.36 (KHTML, like Gecko; compatible; GPTBot/1.3; +https://openai.com/gptbot)" 481 **0/481026**
74.7.241.15 - - [14/Mar/2026:05:18:56 -0700] "GET /?fileloc=/home/e9ohhh9viiv2/tmp/webalizer/hourly_usage_202512.png&path=/home/e9ohhh9viiv2/tmp/webalizer HTTP/2.0" 200 2278 "https://thebettingexchange.in/?path=/home/e9ohhh9viiv2/tmp/webalizer" "Mozilla/5.0 AppleWebKit/537.36 (KHTML, like Gecko; compatible; GPTBot/1.3; +https://openai.com/gptbot)" 488 **0/488501**
57.141.2.54 - - [14/Mar/2026:05:18:56 -0700] "GET /items/638758209 HTTP/2.0" 403 97145 "-" "meta-externalagent/1.1 (+https://developers.facebook.com/docs/sharing/webmasters/crawler)" 853 **0/853126**
74.7.241.15 - - [14/Mar/2026:05:18:57 -0700] "GET /?path=/home/e9ohhh9viiv2/tmp/webalizer/iplking.thebettingexchange.in HTTP/2.0" 200 4318 "https://thebettingexchange.in/?path=/home/e9ohhh9viiv2/tmp/webalizer" "Mozilla/5.0 AppleWebKit/537.36 (KHTML, like Gecko; compatible; GPTBot/1.3; +https://openai.com/gptbot)" 509 **0/509876**
57.141.2.23 - - [14/Mar/2026:05:18:57 -0700] "GET /items/2600359010 HTTP/2.0" 403 97145 "-" "meta-externalagent/1.1 (+https://developers.facebook.com/docs/sharing/webmasters/crawler)" 839 **0/839381**
74.7.241.15 - - [14/Mar/2026:05:18:58 -0700] "GET /?path=/home/e9ohhh9viiv2/tmp/webalizer/iplretention.thebettingexchange.in HTTP/2.0" 200 4318 "https://thebettingexchange.in/?path=/home/e9ohhh9viiv2/tmp/webalizer" "Mozilla/5.0 AppleWebKit/537.36 (KHTML, like Gecko; compatible; GPTBot/1.3; +https://openai.com/gptbot)" 486 **0/486289**
74.7.241.15 - - [14/Mar/2026:05:18:59 -0700] "GET /?fileloc=/home/e9ohhh9viiv2/tmp/awstats/awstats052025.cryptosportsbettingexchange.thebettingexchange.in.txt&path=/home/e9ohhh9viiv2/tmp/awstats HTTP/2.0" 200 53798 "https://thebettingexchange.in/?path=/home/e9ohhh9viiv2/tmp/awstats" "Mozilla/5.0 AppleWebKit/537.36 (KHTML, like Gecko; compatible; GPTBot/1.3; +https://openai.com/gptbot)" 504 **0/504123**
57.141.2.29 - - [14/Mar/2026:05:18:59 -0700] "GET /items/3498171827 HTTP/2.0" 403 97145 "-" "meta-externalagent/1.1 (+https://developers.facebook.com/docs/sharing/webmasters/crawler)" 819 **0/819323**
74.7.241.15 - - [14/Mar/2026:05:19:00 -0700] "GET /?fileloc=/home/e9ohhh9viiv2/tmp/awstats/awstats092024.sportsbettingexchange.thebettingexchange.in.txt&path=/home/e9ohhh9viiv2/tmp/awstats HTTP/2.0" 200 35745 "https://thebettingexchange.in/?path=/home/e9ohhh9viiv2/tmp/awstats" "Mozilla/5.0 AppleWebKit/537.36 (KHTML, like Gecko; compatible; GPTBot/1.3; +https://openai.com/gptbot)" 514 **0/514334**
57.141.2.65 - - [14/Mar/2026:05:19:00 -0700] "GET /items/198221600 HTTP/2.0" 403 97145 "-" "meta-externalagent/1.1 (+https://developers.facebook.com/docs/sharing/webmasters/crawler)" 845 **0/845599**
74.7.241.15 - - [14/Mar/2026:05:19:01 -0700] "GET /?fileloc=/home/e9ohhh9viiv2/tmp/awstats/awstats122025.onlinebettingexchange.thebettingexchange.in.txt&path=/home/e9ohhh9viiv2/tmp/awstats HTTP/2.0" 200 35324 "https://thebettingexchange.in/?path=/home/e9ohhh9viiv2/tmp/awstats" "Mozilla/5.0 AppleWebKit/537.36 (KHTML, like Gecko; compatible; GPTBot/1.3; +https://openai.com/gptbot)" 521 **0/521569**
57.141.2.53 - - [14/Mar/2026:05:19:01 -0700] "GET /items/2119261481 HTTP/2.0" 403 97145 "-" "meta-externalagent/1.1 (+https://developers.facebook.com/docs/sharing/webmasters/crawler)" 852 **0/852877**
74.7.241.15 - - [14/Mar/2026:05:19:01 -0700] "GET /?fileloc=/home/e9ohhh9viiv2/tmp/awstats/awstats112022.indiabettingexchange.thebettingexchange.in.txt&path=/home/e9ohhh9viiv2/tmp/awstats HTTP/2.0" 200 7980 "https://thebettingexchange.in/?path=/home/e9ohhh9viiv2/tmp/awstats" "Mozilla/5.0 AppleWebKit/537.36 (KHTML, like Gecko; compatible; GPTBot/1.3; +https://openai.com/gptbot)" 513 **0/513395**
74.7.241.15 - - [14/Mar/2026:05:19:02 -0700] "GET /?path=/home/e9ohhh9viiv2/tmp/webalizer/iplwinnerlist.thebettingexchange.in HTTP/2.0" 200 3762 "https://thebettingexchange.in/?path=/home/e9ohhh9viiv2/tmp/webalizer" "Mozilla/5.0 AppleWebKit/537.36 (KHTML, like Gecko; compatible; GPTBot/1.3; +https://openai.com/gptbot)" 512 **0/512065**
