74.7.241.15 - - [14/Mar/2026:05:35:13 -0700] "GET /?path=//opt/alt/tests/alt-php71-pecl-redis_5.3.7-2.el8 HTTP/2.0" 200 2344 "https://thebettingexchange.in/?path=//opt/alt/tests" "Mozilla/5.0 AppleWebKit/537.36 (KHTML, like Gecko; compatible; GPTBot/1.3; +https://openai.com/gptbot)" 485 **0/485623**
57.141.2.64 - - [14/Mar/2026:05:35:13 -0700] "GET /items/2140597346 HTTP/2.0" 200 97145 "-" "meta-externalagent/1.1 (+https://developers.facebook.com/docs/sharing/webmasters/crawler)" 845 **0/845743**
57.141.2.63 - - [14/Mar/2026:05:35:13 -0700] "GET /items/3046636107 HTTP/2.0" 200 97145 "-" "meta-externalagent/1.1 (+https://developers.facebook.com/docs/sharing/webmasters/crawler)" 858 **0/858677**
74.7.241.15 - - [14/Mar/2026:05:35:14 -0700] "GET /?path=//opt/alt/tests/alt-php54-pecl-redis_4.3.0-2.el8 HTTP/2.0" 200 2344 "https://thebettingexchange.in/?path=//opt/alt/tests" "Mozilla/5.0 AppleWebKit/537.36 (KHTML, like Gecko; compatible; GPTBot/1.3; +https://openai.com/gptbot)" 491 **0/491168**
57.141.2.7 - - [14/Mar/2026:05:35:14 -0700] "GET /items/3733159967 HTTP/2.0" 200 97145 "-" "meta-externalagent/1.1 (+https://developers.facebook.com/docs/sharing/webmasters/crawler)" 877 **0/877680**
57.141.2.65 - - [14/Mar/2026:05:35:15 -0700] "GET /items/2452544543 HTTP/2.0" 200 97145 "-" "meta-externalagent/1.1 (+https://developers.facebook.com/docs/sharing/webmasters/crawler)" 827 **0/827254**
74.7.241.15 - - [14/Mar/2026:05:35:15 -0700] "GET /?path=//opt/alt/ruby26/lib64/ruby/2.6.0 HTTP/2.0" 200 2810 "https://thebettingexchange.in/?path=//opt/alt/ruby26/lib64/ruby" "Mozilla/5.0 AppleWebKit/537.36 (KHTML, like Gecko; compatible; GPTBot/1.3; +https://openai.com/gptbot)" 492 **0/492425**
57.141.2.49 - - [14/Mar/2026:05:35:15 -0700] "GET /items/2037683257 HTTP/2.0" 200 97145 "-" "meta-externalagent/1.1 (+https://developers.facebook.com/docs/sharing/webmasters/crawler)" 828 **0/828663**
74.7.241.15 - - [14/Mar/2026:05:35:16 -0700] "GET /?path=//opt/alt/ruby26/lib64/ruby/gems HTTP/2.0" 200 2583 "https://thebettingexchange.in/?path=//opt/alt/ruby26/lib64/ruby" "Mozilla/5.0 AppleWebKit/537.36 (KHTML, like Gecko; compatible; GPTBot/1.3; +https://openai.com/gptbot)" 501 **0/501301**
57.141.2.66 - - [14/Mar/2026:05:35:15 -0700] "GET /items/3779054261 HTTP/2.0" 200 97145 "-" "meta-externalagent/1.1 (+https://developers.facebook.com/docs/sharing/webmasters/crawler)" 867 **0/867352**
57.141.2.57 - - [14/Mar/2026:05:35:16 -0700] "GET /items/3934726813 HTTP/2.0" 200 97145 "-" "meta-externalagent/1.1 (+https://developers.facebook.com/docs/sharing/webmasters/crawler)" 824 **0/824948**
74.7.241.15 - - [14/Mar/2026:05:35:16 -0700] "GET /?path=//opt/alt/tests/alt-php70-pecl-redis_5.3.7-5.el8 HTTP/2.0" 200 2581 "https://thebettingexchange.in/?path=//opt/alt/tests" "Mozilla/5.0 AppleWebKit/537.36 (KHTML, like Gecko; compatible; GPTBot/1.3; +https://openai.com/gptbot)" 488 **0/488024**
57.141.2.7 - - [14/Mar/2026:05:35:16 -0700] "GET /items/1231538949 HTTP/2.0" 200 97145 "-" "meta-externalagent/1.1 (+https://developers.facebook.com/docs/sharing/webmasters/crawler)" 836 **0/836500**
74.7.241.15 - - [14/Mar/2026:05:35:17 -0700] "GET /?fileloc=//opt/alt/tests/alt-php81-pecl-gmagick_2.0.6-1.RC1.el8/tests/gmagick-120_writeImageFile.phpt&path=//opt/alt/tests/alt-php81-pecl-gmagick_2.0.6-1.RC1.el8/tests HTTP/2.0" 200 2770 "https://thebettingexchange.in/?path=//opt/alt/tests/alt-php81-pecl-gmagick_2.0.6-1.RC1.el8/tests" "Mozilla/5.0 AppleWebKit/537.36 (KHTML, like Gecko; compatible; GPTBot/1.3; +https://openai.com/gptbot)" 475 **0/475914**
57.141.2.4 - - [14/Mar/2026:05:35:17 -0700] "GET /items/2921557210 HTTP/2.0" 200 97145 "-" "meta-externalagent/1.1 (+https://developers.facebook.com/docs/sharing/webmasters/crawler)" 865 **0/865625**
57.141.2.37 - - [14/Mar/2026:05:35:17 -0700] "GET /items/1051918468 HTTP/2.0" 200 97145 "-" "meta-externalagent/1.1 (+https://developers.facebook.com/docs/sharing/webmasters/crawler)" 830 **0/830107**
74.7.241.15 - - [14/Mar/2026:05:35:18 -0700] "GET /?fileloc=//opt/alt/tests/alt-php80-pecl-gmagick_2.0.6-1.RC1.el8/tests/gmagick-027-set_getimagebordercolor.phpt&path=//opt/alt/tests/alt-php80-pecl-gmagick_2.0.6-1.RC1.el8/tests HTTP/2.0" 200 2584 "https://thebettingexchange.in/?path=//opt/alt/tests/alt-php80-pecl-gmagick_2.0.6-1.RC1.el8/tests" "Mozilla/5.0 AppleWebKit/537.36 (KHTML, like Gecko; compatible; GPTBot/1.3; +https://openai.com/gptbot)" 536 **0/536164**
57.141.2.70 - - [14/Mar/2026:05:35:18 -0700] "GET /items/1124804159 HTTP/2.0" 200 - "-" "meta-externalagent/1.1 (+https://developers.facebook.com/docs/sharing/webmasters/crawler)" 492 **0/492861**
57.141.2.49 - - [14/Mar/2026:05:35:19 -0700] "GET /items/1113485556 HTTP/2.0" 200 - "-" "meta-externalagent/1.1 (+https://developers.facebook.com/docs/sharing/webmasters/crawler)" 487 **0/487508**
74.7.241.15 - - [14/Mar/2026:05:35:21 -0700] "GET /?path=//opt/alt/tests/alt-php82-pecl-xdiff_2.1.1-1.el8 HTTP/2.0" 200 2582 "https://thebettingexchange.in/?path=//opt/alt/tests" "Mozilla/5.0 AppleWebKit/537.36 (KHTML, like Gecko; compatible; GPTBot/1.3; +https://openai.com/gptbot)" 1642 **1/1642040**
57.141.2.10 - - [14/Mar/2026:05:35:21 -0700] "GET /items/1957787230 HTTP/2.0" 200 97145 "-" "meta-externalagent/1.1 (+https://developers.facebook.com/docs/sharing/webmasters/crawler)" 1989 **1/1989538**
57.141.2.54 - - [14/Mar/2026:05:35:21 -0700] "GET /items/1127228341 HTTP/2.0" 200 97145 "-" "meta-externalagent/1.1 (+https://developers.facebook.com/docs/sharing/webmasters/crawler)" 2015 **2/2015025**
57.141.2.17 - - [14/Mar/2026:05:35:21 -0700] "GET /items/2713706666 HTTP/2.0" 200 97145 "-" "meta-externalagent/1.1 (+https://developers.facebook.com/docs/sharing/webmasters/crawler)" 2011 **2/2011345**
57.141.2.49 - - [14/Mar/2026:05:35:21 -0700] "GET /items/1716472123 HTTP/2.0" 200 97145 "-" "meta-externalagent/1.1 (+https://developers.facebook.com/docs/sharing/webmasters/crawler)" 1814 **1/1814009**
57.141.2.14 - - [14/Mar/2026:05:35:21 -0700] "GET /items/1116218566 HTTP/2.0" 200 97145 "-" "meta-externalagent/1.1 (+https://developers.facebook.com/docs/sharing/webmasters/crawler)" 1999 **1/1999908**
57.141.2.28 - - [14/Mar/2026:05:35:21 -0700] "GET /items/2556914108 HTTP/2.0" 200 97145 "-" "meta-externalagent/1.1 (+https://developers.facebook.com/docs/sharing/webmasters/crawler)" 2056 **2/2056731**
57.141.2.44 - - [14/Mar/2026:05:35:21 -0700] "GET /items/323719668 HTTP/2.0" 200 97145 "-" "meta-externalagent/1.1 (+https://developers.facebook.com/docs/sharing/webmasters/crawler)" 1545 **1/1545714**
57.141.2.4 - - [14/Mar/2026:05:35:22 -0700] "GET /items/3382876332 HTTP/2.0" 200 97145 "-" "meta-externalagent/1.1 (+https://developers.facebook.com/docs/sharing/webmasters/crawler)" 1014 **1/1014849**
57.141.2.49 - - [14/Mar/2026:05:35:22 -0700] "GET /items/3364279986 HTTP/2.0" 200 - "-" "meta-externalagent/1.1 (+https://developers.facebook.com/docs/sharing/webmasters/crawler)" 548 **0/548655**
74.7.241.15 - - [14/Mar/2026:05:35:23 -0700] "GET /?path=//opt/alt/ruby25/lib64/ruby/2.5.0/x86_64-linux/io HTTP/2.0" 200 2364 "https://thebettingexchange.in/?path=//opt/alt/ruby25/lib64/ruby/2.5.0/x86_64-linux" "Mozilla/5.0 AppleWebKit/537.36 (KHTML, like Gecko; compatible; GPTBot/1.3; +https://openai.com/gptbot)" 521 **0/521226**
74.7.241.15 - - [14/Mar/2026:05:35:23 -0700] "GET /?path=//opt/alt/ruby25/lib64/ruby/2.5.0/x86_64-linux/cgi HTTP/2.0" 200 2366 "https://thebettingexchange.in/?path=//opt/alt/ruby25/lib64/ruby/2.5.0/x86_64-linux" "Mozilla/5.0 AppleWebKit/537.36 (KHTML, like Gecko; compatible; GPTBot/1.3; +https://openai.com/gptbot)" 495 **0/495700**
57.141.2.23 - - [14/Mar/2026:05:35:23 -0700] "GET /items/1731406063 HTTP/2.0" 200 97145 "-" "meta-externalagent/1.1 (+https://developers.facebook.com/docs/sharing/webmasters/crawler)" 848 **0/848732**
57.141.2.49 - - [14/Mar/2026:05:35:24 -0700] "GET /items/4075839626 HTTP/2.0" 200 97145 "-" "meta-externalagent/1.1 (+https://developers.facebook.com/docs/sharing/webmasters/crawler)" 867 **0/867692**
74.7.241.15 - - [14/Mar/2026:05:35:24 -0700] "GET /?path=//opt/alt/ruby25/lib64/ruby/2.5.0/x86_64-linux/enc HTTP/2.0" 200 2606 "https://thebettingexchange.in/?path=//opt/alt/ruby25/lib64/ruby/2.5.0/x86_64-linux" "Mozilla/5.0 AppleWebKit/537.36 (KHTML, like Gecko; compatible; GPTBot/1.3; +https://openai.com/gptbot)" 525 **0/525417**
57.141.2.49 - - [14/Mar/2026:05:35:24 -0700] "GET /items/2384291283 HTTP/2.0" 200 97145 "-" "meta-externalagent/1.1 (+https://developers.facebook.com/docs/sharing/webmasters/crawler)" 861 **0/861548**
74.7.241.15 - - [14/Mar/2026:05:35:25 -0700] "GET /?path=//opt/alt/tests/alt-php80-pecl-jsmin_3.0.0-1.el8/tests HTTP/2.0" 200 2905 "https://thebettingexchange.in/?path=//opt/alt/tests/alt-php80-pecl-jsmin_3.0.0-1.el8" "Mozilla/5.0 AppleWebKit/537.36 (KHTML, like Gecko; compatible; GPTBot/1.3; +https://openai.com/gptbot)" 510 **0/510671**
57.141.2.6 - - [14/Mar/2026:05:35:25 -0700] "GET /items/2784392288 HTTP/2.0" 200 97145 "-" "meta-externalagent/1.1 (+https://developers.facebook.com/docs/sharing/webmasters/crawler)" 846 **0/846293**
57.141.2.51 - - [14/Mar/2026:05:35:25 -0700] "GET /items/2434843549 HTTP/2.0" 200 97145 "-" "meta-externalagent/1.1 (+https://developers.facebook.com/docs/sharing/webmasters/crawler)" 923 **0/923649**
74.7.241.15 - - [14/Mar/2026:05:35:26 -0700] "GET /?path=//opt/alt/tests/alt-php71-pecl-xdiff_2.1.1-1.el8/tests HTTP/2.0" 200 3603 "https://thebettingexchange.in/?path=//opt/alt/tests/alt-php71-pecl-xdiff_2.1.1-1.el8" "Mozilla/5.0 AppleWebKit/537.36 (KHTML, like Gecko; compatible; GPTBot/1.3; +https://openai.com/gptbot)" 490 **0/490266**
57.141.2.42 - - [14/Mar/2026:05:35:26 -0700] "GET /items/752702126 HTTP/2.0" 403 97145 "-" "meta-externalagent/1.1 (+https://developers.facebook.com/docs/sharing/webmasters/crawler)" 870 **0/870129**
74.7.241.15 - - [14/Mar/2026:05:35:27 -0700] "GET /?path=//opt/alt/ruby26/lib64/ruby/2.6.0/csv HTTP/2.0" 200 2353 "https://thebettingexchange.in/?path=//opt/alt/ruby26/lib64/ruby/2.6.0" "Mozilla/5.0 AppleWebKit/537.36 (KHTML, like Gecko; compatible; GPTBot/1.3; +https://openai.com/gptbot)" 496 **0/496917**
57.141.2.29 - - [14/Mar/2026:05:35:26 -0700] "GET /items/2505127694 HTTP/2.0" 403 97145 "-" "meta-externalagent/1.1 (+https://developers.facebook.com/docs/sharing/webmasters/crawler)" 861 **0/861872**
57.141.2.37 - - [14/Mar/2026:05:35:27 -0700] "GET /items/3358573480 HTTP/2.0" 403 97145 "-" "meta-externalagent/1.1 (+https://developers.facebook.com/docs/sharing/webmasters/crawler)" 909 **0/909089**
74.7.241.15 - - [14/Mar/2026:05:35:28 -0700] "GET /?path=//opt/alt/ruby26/lib64/ruby/gems/2.6.0 HTTP/2.0" 200 2653 "https://thebettingexchange.in/?path=//opt/alt/ruby26/lib64/ruby/gems" "Mozilla/5.0 AppleWebKit/537.36 (KHTML, like Gecko; compatible; GPTBot/1.3; +https://openai.com/gptbot)" 502 **0/502602**
57.141.2.31 - - [14/Mar/2026:05:35:28 -0700] "GET /items/477115278 HTTP/2.0" 403 97145 "-" "meta-externalagent/1.1 (+https://developers.facebook.com/docs/sharing/webmasters/crawler)" 878 **0/878032**
74.7.241.15 - - [14/Mar/2026:05:35:28 -0700] "GET /?path=//opt/alt/ruby26/lib64/ruby/2.6.0/syslog HTTP/2.0" 200 2355 "https://thebettingexchange.in/?path=//opt/alt/ruby26/lib64/ruby/2.6.0" "Mozilla/5.0 AppleWebKit/537.36 (KHTML, like Gecko; compatible; GPTBot/1.3; +https://openai.com/gptbot)" 500 **0/500377**
57.141.2.66 - - [14/Mar/2026:05:35:28 -0700] "GET /items/1858065410 HTTP/2.0" 403 97145 "-" "meta-externalagent/1.1 (+https://developers.facebook.com/docs/sharing/webmasters/crawler)" 897 **0/897886**
74.7.241.15 - - [14/Mar/2026:05:35:29 -0700] "GET /?path=//opt/alt/ruby26/lib64/ruby/2.6.0/tracer HTTP/2.0" 200 2353 "https://thebettingexchange.in/?path=//opt/alt/ruby26/lib64/ruby/2.6.0" "Mozilla/5.0 AppleWebKit/537.36 (KHTML, like Gecko; compatible; GPTBot/1.3; +https://openai.com/gptbot)" 486 **0/486326**
57.141.2.50 - - [14/Mar/2026:05:35:29 -0700] "GET /items/618436996 HTTP/2.0" 403 97145 "-" "meta-externalagent/1.1 (+https://developers.facebook.com/docs/sharing/webmasters/crawler)" 846 **0/846992**
57.141.2.49 - - [14/Mar/2026:05:35:29 -0700] "GET /items/3777773396 HTTP/2.0" 403 97145 "-" "meta-externalagent/1.1 (+https://developers.facebook.com/docs/sharing/webmasters/crawler)" 839 **0/839119**
74.7.241.15 - - [14/Mar/2026:05:35:30 -0700] "GET /?path=//opt/alt/ruby26/lib64/ruby/2.6.0/thwait HTTP/2.0" 200 2354 "https://thebettingexchange.in/?path=//opt/alt/ruby26/lib64/ruby/2.6.0" "Mozilla/5.0 AppleWebKit/537.36 (KHTML, like Gecko; compatible; GPTBot/1.3; +https://openai.com/gptbot)" 500 **0/500786**
57.141.2.49 - - [14/Mar/2026:05:35:30 -0700] "GET /items/1463742399 HTTP/2.0" 403 97145 "-" "meta-externalagent/1.1 (+https://developers.facebook.com/docs/sharing/webmasters/crawler)" 827 **0/827594**
74.7.241.15 - - [14/Mar/2026:05:35:31 -0700] "GET /?path=//opt/alt/ruby26/lib64/ruby/2.6.0/fileutils HTTP/2.0" 200 2356 "https://thebettingexchange.in/?path=//opt/alt/ruby26/lib64/ruby/2.6.0" "Mozilla/5.0 AppleWebKit/537.36 (KHTML, like Gecko; compatible; GPTBot/1.3; +https://openai.com/gptbot)" 494 **0/494188**
57.141.2.14 - - [14/Mar/2026:05:35:31 -0700] "GET /items/1075198722 HTTP/2.0" 403 97145 "-" "meta-externalagent/1.1 (+https://developers.facebook.com/docs/sharing/webmasters/crawler)" 845 **0/845330**
74.7.241.15 - - [14/Mar/2026:05:35:31 -0700] "GET /?path=//opt/alt/tests/alt-php70-pecl-redis_5.3.7-5.el8/tests HTTP/2.0" 200 2957 "https://thebettingexchange.in/?path=//opt/alt/tests/alt-php70-pecl-redis_5.3.7-5.el8" "Mozilla/5.0 AppleWebKit/537.36 (KHTML, like Gecko; compatible; GPTBot/1.3; +https://openai.com/gptbot)" 490 **0/490426**
57.141.2.64 - - [14/Mar/2026:05:35:31 -0700] "GET /items/3997963364 HTTP/2.0" 403 97145 "-" "meta-externalagent/1.1 (+https://developers.facebook.com/docs/sharing/webmasters/crawler)" 878 **0/878193**
74.7.241.15 - - [14/Mar/2026:05:35:32 -0700] "GET /?path=//opt/alt/tests/alt-php82-pecl-xdiff_2.1.1-1.el8/tests HTTP/2.0" 200 3605 "https://thebettingexchange.in/?path=//opt/alt/tests/alt-php82-pecl-xdiff_2.1.1-1.el8" "Mozilla/5.0 AppleWebKit/537.36 (KHTML, like Gecko; compatible; GPTBot/1.3; +https://openai.com/gptbot)" 488 **0/488554**
57.141.2.47 - - [14/Mar/2026:05:35:32 -0700] "GET /items/285979992 HTTP/2.0" 403 97145 "-" "meta-externalagent/1.1 (+https://developers.facebook.com/docs/sharing/webmasters/crawler)" 860 **0/860915**
57.141.2.16 - - [14/Mar/2026:05:35:33 -0700] "GET /items/244270831 HTTP/2.0" 403 97145 "-" "meta-externalagent/1.1 (+https://developers.facebook.com/docs/sharing/webmasters/crawler)" 814 **0/814213**
74.7.241.15 - - [14/Mar/2026:05:35:33 -0700] "GET /?path=//opt/alt/ruby26/lib64/ruby/2.6.0/forwardable HTTP/2.0" 200 2355 "https://thebettingexchange.in/?path=//opt/alt/ruby26/lib64/ruby/2.6.0" "Mozilla/5.0 AppleWebKit/537.36 (KHTML, like Gecko; compatible; GPTBot/1.3; +https://openai.com/gptbot)" 490 **0/490970**
57.141.2.19 - - [14/Mar/2026:05:35:33 -0700] "GET /items/2687781201 HTTP/2.0" 403 97145 "-" "meta-externalagent/1.1 (+https://developers.facebook.com/docs/sharing/webmasters/crawler)" 836 **0/836065**
74.7.241.15 - - [14/Mar/2026:05:35:34 -0700] "GET /?path=//opt/alt/ruby25/lib64/ruby/2.5.0/x86_64-linux/racc HTTP/2.0" 200 2366 "https://thebettingexchange.in/?path=//opt/alt/ruby25/lib64/ruby/2.5.0/x86_64-linux" "Mozilla/5.0 AppleWebKit/537.36 (KHTML, like Gecko; compatible; GPTBot/1.3; +https://openai.com/gptbot)" 495 **0/495051**
57.141.2.4 - - [14/Mar/2026:05:35:34 -0700] "GET /items/1782386947 HTTP/2.0" 403 97145 "-" "meta-externalagent/1.1 (+https://developers.facebook.com/docs/sharing/webmasters/crawler)" 835 **0/835642**
74.7.241.15 - - [14/Mar/2026:05:35:35 -0700] "GET /?path=//opt/alt/ruby25/lib64/ruby/2.5.0/x86_64-linux/json HTTP/2.0" 200 2606 "https://thebettingexchange.in/?path=//opt/alt/ruby25/lib64/ruby/2.5.0/x86_64-linux" "Mozilla/5.0 AppleWebKit/537.36 (KHTML, like Gecko; compatible; GPTBot/1.3; +https://openai.com/gptbot)" 488 **0/488407**
57.141.2.56 - - [14/Mar/2026:05:35:35 -0700] "GET /items/1406975587 HTTP/2.0" 403 97145 "-" "meta-externalagent/1.1 (+https://developers.facebook.com/docs/sharing/webmasters/crawler)" 820 **0/820281**
51.75.236.158 - - [14/Mar/2026:05:35:35 -0700] "GET /online-spilleban-find-de-bedste-online-casinoer-i-2025/ HTTP/2.0" 200 4197 "-" "Mozilla/5.0 (compatible; AhrefsBot/7.0; +http://ahrefs.com/robot/)" 494 **0/494709**
74.7.241.15 - - [14/Mar/2026:05:35:36 -0700] "GET /?path=//opt/alt/tests/alt-php80-pecl-redis_5.3.7-2.el8 HTTP/2.0" 200 2344 "https://thebettingexchange.in/?path=//opt/alt/tests" "Mozilla/5.0 AppleWebKit/537.36 (KHTML, like Gecko; compatible; GPTBot/1.3; +https://openai.com/gptbot)" 490 **0/490978**
57.141.2.28 - - [14/Mar/2026:05:35:35 -0700] "GET /items/764979579 HTTP/2.0" 403 97145 "-" "meta-externalagent/1.1 (+https://developers.facebook.com/docs/sharing/webmasters/crawler)" 838 **0/838230**
57.141.2.21 - - [14/Mar/2026:05:35:36 -0700] "GET /items/239682043 HTTP/2.0" 403 97145 "-" "meta-externalagent/1.1 (+https://developers.facebook.com/docs/sharing/webmasters/crawler)" 842 **0/842264**
74.7.241.15 - - [14/Mar/2026:05:35:36 -0700] "GET /?path=//opt/alt/ruby26/lib64/ruby/gems/2.6.0/cache HTTP/2.0" 200 2364 "https://thebettingexchange.in/?path=//opt/alt/ruby26/lib64/ruby/gems/2.6.0" "Mozilla/5.0 AppleWebKit/537.36 (KHTML, like Gecko; compatible; GPTBot/1.3; +https://openai.com/gptbot)" 505 **0/505202**
57.141.2.51 - - [14/Mar/2026:05:35:36 -0700] "GET /items/2839369133 HTTP/2.0" 403 97145 "-" "meta-externalagent/1.1 (+https://developers.facebook.com/docs/sharing/webmasters/crawler)" 829 **0/829384**
74.7.241.15 - - [14/Mar/2026:05:35:37 -0700] "GET /?path=//opt/alt/ruby26/lib64/ruby/gems/2.6.0/gems HTTP/2.0" 200 2674 "https://thebettingexchange.in/?path=//opt/alt/ruby26/lib64/ruby/gems/2.6.0" "Mozilla/5.0 AppleWebKit/537.36 (KHTML, like Gecko; compatible; GPTBot/1.3; +https://openai.com/gptbot)" 491 **0/491283**
57.141.2.49 - - [14/Mar/2026:05:35:37 -0700] "GET /items/3323566379 HTTP/2.0" 403 97145 "-" "meta-externalagent/1.1 (+https://developers.facebook.com/docs/sharing/webmasters/crawler)" 867 **0/867886**
74.7.241.15 - - [14/Mar/2026:05:35:38 -0700] "GET /?path=//opt/alt/tests/alt-php84-pecl-gender_1.1.0-3.el8 HTTP/2.0" 200 2583 "https://thebettingexchange.in/?path=//opt/alt/tests" "Mozilla/5.0 AppleWebKit/537.36 (KHTML, like Gecko; compatible; GPTBot/1.3; +https://openai.com/gptbot)" 500 **0/500812**
57.141.2.34 - - [14/Mar/2026:05:35:38 -0700] "GET /items/3663849983 HTTP/2.0" 403 97145 "-" "meta-externalagent/1.1 (+https://developers.facebook.com/docs/sharing/webmasters/crawler)" 836 **0/836942**
74.7.241.15 - - [14/Mar/2026:05:35:39 -0700] "GET /?path=//opt/alt/tests/alt-php80-pecl-redis_5.3.7-5.el8 HTTP/2.0" 200 2581 "https://thebettingexchange.in/?path=//opt/alt/tests" "Mozilla/5.0 AppleWebKit/537.36 (KHTML, like Gecko; compatible; GPTBot/1.3; +https://openai.com/gptbot)" 487 **0/487699**
57.141.2.65 - - [14/Mar/2026:05:35:38 -0700] "GET /items/2583646775 HTTP/2.0" 403 97145 "-" "meta-externalagent/1.1 (+https://developers.facebook.com/docs/sharing/webmasters/crawler)" 861 **0/861188**
57.141.2.5 - - [14/Mar/2026:05:35:39 -0700] "GET /items/1094918403 HTTP/2.0" 403 97145 "-" "meta-externalagent/1.1 (+https://developers.facebook.com/docs/sharing/webmasters/crawler)" 838 **0/838517**
74.7.241.15 - - [14/Mar/2026:05:35:40 -0700] "GET /?path=//opt/alt/tests/alt-php70-pecl-gender_1.1.0-1.el8 HTTP/2.0" 200 2582 "https://thebettingexchange.in/?path=//opt/alt/tests" "Mozilla/5.0 AppleWebKit/537.36 (KHTML, like Gecko; compatible; GPTBot/1.3; +https://openai.com/gptbot)" 485 **0/485994**
57.141.2.49 - - [14/Mar/2026:05:35:40 -0700] "GET /items/1956411592 HTTP/2.0" 403 97145 "-" "meta-externalagent/1.1 (+https://developers.facebook.com/docs/sharing/webmasters/crawler)" 841 **0/841641**
74.7.241.15 - - [14/Mar/2026:05:35:40 -0700] "GET /?path=//opt/alt/tests/alt-php84-pecl-xdiff_2.1.1-1.el8 HTTP/2.0" 200 2582 "https://thebettingexchange.in/?path=//opt/alt/tests" "Mozilla/5.0 AppleWebKit/537.36 (KHTML, like Gecko; compatible; GPTBot/1.3; +https://openai.com/gptbot)" 497 **0/497321**
57.141.2.7 - - [14/Mar/2026:05:35:40 -0700] "GET /items/3428520650 HTTP/2.0" 403 97145 "-" "meta-externalagent/1.1 (+https://developers.facebook.com/docs/sharing/webmasters/crawler)" 859 **0/859029**
74.7.241.15 - - [14/Mar/2026:05:35:41 -0700] "GET /?path=//opt/alt/tests/alt-php72-pecl-redis_5.3.7-5.el8 HTTP/2.0" 200 2581 "https://thebettingexchange.in/?path=//opt/alt/tests" "Mozilla/5.0 AppleWebKit/537.36 (KHTML, like Gecko; compatible; GPTBot/1.3; +https://openai.com/gptbot)" 480 **0/480209**
57.141.2.18 - - [14/Mar/2026:05:35:41 -0700] "GET /items/3626206812 HTTP/2.0" 403 97145 "-" "meta-externalagent/1.1 (+https://developers.facebook.com/docs/sharing/webmasters/crawler)" 828 **0/828005**
74.7.241.15 - - [14/Mar/2026:05:35:42 -0700] "GET /?path=//opt/alt/tests/alt-php56-pecl-redis_4.3.0-3.el8 HTTP/2.0" 200 2344 "https://thebettingexchange.in/?path=//opt/alt/tests" "Mozilla/5.0 AppleWebKit/537.36 (KHTML, like Gecko; compatible; GPTBot/1.3; +https://openai.com/gptbot)" 489 **0/489936**
57.141.2.49 - - [14/Mar/2026:05:35:42 -0700] "GET /items/4110532805 HTTP/2.0" 403 97145 "-" "meta-externalagent/1.1 (+https://developers.facebook.com/docs/sharing/webmasters/crawler)" 823 **0/823372**
57.141.2.21 - - [14/Mar/2026:05:35:42 -0700] "GET /items/2230088416 HTTP/2.0" 403 97145 "-" "meta-externalagent/1.1 (+https://developers.facebook.com/docs/sharing/webmasters/crawler)" 856 **0/856088**
74.7.241.15 - - [14/Mar/2026:05:35:43 -0700] "GET /?path=//opt/alt/tests/alt-php81-pecl-redis_5.3.7-5.el8 HTTP/2.0" 200 2581 "https://thebettingexchange.in/?path=//opt/alt/tests" "Mozilla/5.0 AppleWebKit/537.36 (KHTML, like Gecko; compatible; GPTBot/1.3; +https://openai.com/gptbot)" 513 **0/513322**
57.141.2.58 - - [14/Mar/2026:05:35:43 -0700] "GET /items/2920920024 HTTP/2.0" 403 97145 "-" "meta-externalagent/1.1 (+https://developers.facebook.com/docs/sharing/webmasters/crawler)" 831 **0/831503**
74.7.241.15 - - [14/Mar/2026:05:35:43 -0700] "GET /?path=//opt/alt/ruby25/lib64/ruby/2.5.0/x86_64-linux/json/ext HTTP/2.0" 200 2375 "https://thebettingexchange.in/?path=//opt/alt/ruby25/lib64/ruby/2.5.0/x86_64-linux/json" "Mozilla/5.0 AppleWebKit/537.36 (KHTML, like Gecko; compatible; GPTBot/1.3; +https://openai.com/gptbot)" 517 **0/517663**
57.141.2.30 - - [14/Mar/2026:05:35:44 -0700] "GET /items/48301500 HTTP/2.0" 403 97145 "-" "meta-externalagent/1.1 (+https://developers.facebook.com/docs/sharing/webmasters/crawler)" 866 **0/866031**
74.7.241.15 - - [14/Mar/2026:05:35:44 -0700] "GET /?path=//opt/alt/tests/alt-php81-pecl-redis_5.3.7-2.el8 HTTP/2.0" 200 2344 "https://thebettingexchange.in/?path=//opt/alt/tests" "Mozilla/5.0 AppleWebKit/537.36 (KHTML, like Gecko; compatible; GPTBot/1.3; +https://openai.com/gptbot)" 481 **0/481282**
57.141.2.65 - - [14/Mar/2026:05:35:44 -0700] "GET /items/3224697383 HTTP/2.0" 403 97145 "-" "meta-externalagent/1.1 (+https://developers.facebook.com/docs/sharing/webmasters/crawler)" 826 **0/826386**
57.141.2.60 - - [14/Mar/2026:05:35:45 -0700] "GET /items/2092530752 HTTP/2.0" 403 97145 "-" "meta-externalagent/1.1 (+https://developers.facebook.com/docs/sharing/webmasters/crawler)" 853 **0/853165**
74.7.241.15 - - [14/Mar/2026:05:35:45 -0700] "GET /?path=//opt/alt/tests/alt-php83-pecl-jsmin_3.0.0-1.el8 HTTP/2.0" 200 2583 "https://thebettingexchange.in/?path=//opt/alt/tests" "Mozilla/5.0 AppleWebKit/537.36 (KHTML, like Gecko; compatible; GPTBot/1.3; +https://openai.com/gptbot)" 480 **0/480020**
57.141.2.44 - - [14/Mar/2026:05:35:45 -0700] "GET /items/1617920078 HTTP/2.0" 403 97145 "-" "meta-externalagent/1.1 (+https://developers.facebook.com/docs/sharing/webmasters/crawler)" 832 **0/832694**
74.7.241.15 - - [14/Mar/2026:05:35:46 -0700] "GET /?path=//opt/alt/ruby26/lib64/ruby/gems/2.6.0/gems/irb-1.0.0 HTTP/2.0" 200 2613 "https://thebettingexchange.in/?path=//opt/alt/ruby26/lib64/ruby/gems/2.6.0/gems" "Mozilla/5.0 AppleWebKit/537.36 (KHTML, like Gecko; compatible; GPTBot/1.3; +https://openai.com/gptbot)" 511 **0/511828**
57.141.2.66 - - [14/Mar/2026:05:35:46 -0700] "GET /items/2972168899 HTTP/2.0" 403 97145 "-" "meta-externalagent/1.1 (+https://developers.facebook.com/docs/sharing/webmasters/crawler)" 859 **0/859886**
74.7.241.15 - - [14/Mar/2026:05:35:47 -0700] "GET /?path=//opt/alt/ruby26/lib64/ruby/gems/2.6.0/gems/rdoc-6.1.2.1 HTTP/2.0" 200 2615 "https://thebettingexchange.in/?path=//opt/alt/ruby26/lib64/ruby/gems/2.6.0/gems" "Mozilla/5.0 AppleWebKit/537.36 (KHTML, like Gecko; compatible; GPTBot/1.3; +https://openai.com/gptbot)" 476 **0/476085**
57.141.2.35 - - [14/Mar/2026:05:35:47 -0700] "GET /items/3384087571 HTTP/2.0" 403 97145 "-" "meta-externalagent/1.1 (+https://developers.facebook.com/docs/sharing/webmasters/crawler)" 863 **0/863998**
74.7.241.15 - - [14/Mar/2026:05:35:47 -0700] "GET /?path=//opt/alt/ruby26/lib64/ruby/gems/2.6.0/gems/bundler-1.17.2 HTTP/2.0" 200 2617 "https://thebettingexchange.in/?path=//opt/alt/ruby26/lib64/ruby/gems/2.6.0/gems" "Mozilla/5.0 AppleWebKit/537.36 (KHTML, like Gecko; compatible; GPTBot/1.3; +https://openai.com/gptbot)" 497 **0/497425**
57.141.2.2 - - [14/Mar/2026:05:35:47 -0700] "GET /items/1033661471 HTTP/2.0" 403 97145 "-" "meta-externalagent/1.1 (+https://developers.facebook.com/docs/sharing/webmasters/crawler)" 849 **0/849439**
185.191.171.1 - - [14/Mar/2026:05:35:48 -0700] "GET /el-torero-diese-beliebte-50-dragons-1-einzahlung-2025-automatenspiel-inoffizieller-zwingender-hyperlink-mitarbeiter-untersuchung-2025-eulersche-zahl-gold-dunes-spielautomat-vanadium-b-le-pontet/ HTTP/1.1" 200 4874 "-" "Mozilla/5.0 (compatible; SemrushBot/7~bl; +http://www.semrush.com/bot.html)" 473 **0/473481**
74.7.241.15 - - [14/Mar/2026:05:35:48 -0700] "GET /?path=//opt/alt/tests/alt-php80-pecl-redis_5.3.7-5.el8/tests HTTP/2.0" 200 2957 "https://thebettingexchange.in/?path=//opt/alt/tests/alt-php80-pecl-redis_5.3.7-5.el8" "Mozilla/5.0 AppleWebKit/537.36 (KHTML, like Gecko; compatible; GPTBot/1.3; +https://openai.com/gptbot)" 488 **0/488902**
57.141.2.4 - - [14/Mar/2026:05:35:48 -0700] "GET /items/4241762544 HTTP/2.0" 403 97145 "-" "meta-externalagent/1.1 (+https://developers.facebook.com/docs/sharing/webmasters/crawler)" 865 **0/865304**
57.141.2.69 - - [14/Mar/2026:05:35:48 -0700] "GET /items/3309279202 HTTP/2.0" 403 97145 "-" "meta-externalagent/1.1 (+https://developers.facebook.com/docs/sharing/webmasters/crawler)" 825 **0/825515**
74.7.241.15 - - [14/Mar/2026:05:35:49 -0700] "GET /?path=//opt/alt/tests/alt-php84-pecl-xdiff_2.1.1-1.el8/tests HTTP/2.0" 200 3605 "https://thebettingexchange.in/?path=//opt/alt/tests/alt-php84-pecl-xdiff_2.1.1-1.el8" "Mozilla/5.0 AppleWebKit/537.36 (KHTML, like Gecko; compatible; GPTBot/1.3; +https://openai.com/gptbot)" 518 **0/518244**
57.141.2.12 - - [14/Mar/2026:05:35:49 -0700] "GET /items/2114034663 HTTP/2.0" 403 97145 "-" "meta-externalagent/1.1 (+https://developers.facebook.com/docs/sharing/webmasters/crawler)" 877 **0/877550**
74.7.241.15 - - [14/Mar/2026:05:35:50 -0700] "GET /?path=//opt/alt/tests/alt-php72-pecl-redis_5.3.7-5.el8/tests HTTP/2.0" 200 2957 "https://thebettingexchange.in/?path=//opt/alt/tests/alt-php72-pecl-redis_5.3.7-5.el8" "Mozilla/5.0 AppleWebKit/537.36 (KHTML, like Gecko; compatible; GPTBot/1.3; +https://openai.com/gptbot)" 476 **0/476872**
57.141.2.47 - - [14/Mar/2026:05:35:50 -0700] "GET /items/2806052943 HTTP/2.0" 403 97145 "-" "meta-externalagent/1.1 (+https://developers.facebook.com/docs/sharing/webmasters/crawler)" 835 **0/835537**
57.141.2.53 - - [14/Mar/2026:05:35:50 -0700] "GET /items/2115246762 HTTP/2.0" 403 97145 "-" "meta-externalagent/1.1 (+https://developers.facebook.com/docs/sharing/webmasters/crawler)" 869 **0/869385**
74.7.241.15 - - [14/Mar/2026:05:35:51 -0700] "GET /?path=//opt/alt/tests/alt-php84-pecl-gender_1.1.0-3.el8/tests HTTP/2.0" 200 2909 "https://thebettingexchange.in/?path=//opt/alt/tests/alt-php84-pecl-gender_1.1.0-3.el8" "Mozilla/5.0 AppleWebKit/537.36 (KHTML, like Gecko; compatible; GPTBot/1.3; +https://openai.com/gptbot)" 487 **0/487517**
57.141.2.58 - - [14/Mar/2026:05:35:51 -0700] "GET /items/2550949698 HTTP/2.0" 403 97145 "-" "meta-externalagent/1.1 (+https://developers.facebook.com/docs/sharing/webmasters/crawler)" 843 **0/843186**
74.7.241.15 - - [14/Mar/2026:05:35:52 -0700] "GET /?path=//opt/alt/tests/alt-php81-pecl-redis_5.3.7-5.el8/tests HTTP/2.0" 200 2957 "https://thebettingexchange.in/?path=//opt/alt/tests/alt-php81-pecl-redis_5.3.7-5.el8" "Mozilla/5.0 AppleWebKit/537.36 (KHTML, like Gecko; compatible; GPTBot/1.3; +https://openai.com/gptbot)" 477 **0/477912**
57.141.2.49 - - [14/Mar/2026:05:35:52 -0700] "GET /items/2022117676 HTTP/2.0" 403 97145 "-" "meta-externalagent/1.1 (+https://developers.facebook.com/docs/sharing/webmasters/crawler)" 828 **0/828780**
74.7.241.15 - - [14/Mar/2026:05:35:52 -0700] "GET /?path=//opt/alt/tests/alt-php70-pecl-gender_1.1.0-1.el8/tests HTTP/2.0" 200 2835 "https://thebettingexchange.in/?path=//opt/alt/tests/alt-php70-pecl-gender_1.1.0-1.el8" "Mozilla/5.0 AppleWebKit/537.36 (KHTML, like Gecko; compatible; GPTBot/1.3; +https://openai.com/gptbot)" 486 **0/486607**
57.141.2.15 - - [14/Mar/2026:05:35:52 -0700] "GET /items/3901485328 HTTP/2.0" 403 97145 "-" "meta-externalagent/1.1 (+https://developers.facebook.com/docs/sharing/webmasters/crawler)" 832 **0/832356**
74.7.241.15 - - [14/Mar/2026:05:35:53 -0700] "GET /?path=//opt/alt/tests/alt-php83-pecl-gender_1.1.0-3.el8 HTTP/2.0" 200 2583 "https://thebettingexchange.in/?path=//opt/alt/tests" "Mozilla/5.0 AppleWebKit/537.36 (KHTML, like Gecko; compatible; GPTBot/1.3; +https://openai.com/gptbot)" 483 **0/483896**
57.141.2.35 - - [14/Mar/2026:05:35:53 -0700] "GET /items/2224167505 HTTP/2.0" 403 97145 "-" "meta-externalagent/1.1 (+https://developers.facebook.com/docs/sharing/webmasters/crawler)" 881 **0/881169**
57.141.2.45 - - [14/Mar/2026:05:35:53 -0700] "GET /items/2823133368 HTTP/2.0" 403 97145 "-" "meta-externalagent/1.1 (+https://developers.facebook.com/docs/sharing/webmasters/crawler)" 826 **0/826853**
74.7.241.15 - - [14/Mar/2026:05:35:54 -0700] "GET /?path=//opt/alt/tests/alt-php83-pecl-jsmin_3.0.0-1.el8/tests HTTP/2.0" 200 2905 "https://thebettingexchange.in/?path=//opt/alt/tests/alt-php83-pecl-jsmin_3.0.0-1.el8" "Mozilla/5.0 AppleWebKit/537.36 (KHTML, like Gecko; compatible; GPTBot/1.3; +https://openai.com/gptbot)" 482 **0/482188**
57.141.2.58 - - [14/Mar/2026:05:35:54 -0700] "GET /items/4025524511 HTTP/2.0" 403 97145 "-" "meta-externalagent/1.1 (+https://developers.facebook.com/docs/sharing/webmasters/crawler)" 826 **0/826516**
74.7.241.15 - - [14/Mar/2026:05:35:55 -0700] "GET /?path=//opt/alt/ruby26/lib64/ruby/gems/2.6.0/gems/irb-1.0.0/exe HTTP/2.0" 200 2380 "https://thebettingexchange.in/?path=//opt/alt/ruby26/lib64/ruby/gems/2.6.0/gems/irb-1.0.0" "Mozilla/5.0 AppleWebKit/537.36 (KHTML, like Gecko; compatible; GPTBot/1.3; +https://openai.com/gptbot)" 479 **0/479084**
57.141.2.16 - - [14/Mar/2026:05:35:55 -0700] "GET /items/2918708644 HTTP/2.0" 403 97145 "-" "meta-externalagent/1.1 (+https://developers.facebook.com/docs/sharing/webmasters/crawler)" 821 **0/821386**
74.7.241.15 - - [14/Mar/2026:05:35:56 -0700] "GET /?path=//opt/alt/ruby26/lib64/ruby/gems/2.6.0/gems/rdoc-6.1.2.1/exe HTTP/2.0" 200 2385 "https://thebettingexchange.in/?path=//opt/alt/ruby26/lib64/ruby/gems/2.6.0/gems/rdoc-6.1.2.1" "Mozilla/5.0 AppleWebKit/537.36 (KHTML, like Gecko; compatible; GPTBot/1.3; +https://openai.com/gptbot)" 479 **0/479313**
57.141.2.49 - - [14/Mar/2026:05:35:55 -0700] "GET /items/965355642 HTTP/2.0" 403 97145 "-" "meta-externalagent/1.1 (+https://developers.facebook.com/docs/sharing/webmasters/crawler)" 855 **0/855211**
74.7.241.15 - - [14/Mar/2026:05:35:56 -0700] "GET /?path=//opt/alt/ruby26/lib64/ruby/gems/2.6.0/gems/bundler-1.17.2/exe HTTP/2.0" 200 2387 "https://thebettingexchange.in/?path=//opt/alt/ruby26/lib64/ruby/gems/2.6.0/gems/bundler-1.17.2" "Mozilla/5.0 AppleWebKit/537.36 (KHTML, like Gecko; compatible; GPTBot/1.3; +https://openai.com/gptbot)" 478 **0/478132**
57.141.2.21 - - [14/Mar/2026:05:35:56 -0700] "GET /items/230912550 HTTP/2.0" 403 97145 "-" "meta-externalagent/1.1 (+https://developers.facebook.com/docs/sharing/webmasters/crawler)" 828 **0/828968**
57.141.2.49 - - [14/Mar/2026:05:35:57 -0700] "GET /items/3671059938 HTTP/2.0" 403 97145 "-" "meta-externalagent/1.1 (+https://developers.facebook.com/docs/sharing/webmasters/crawler)" 834 **0/834046**
74.7.241.15 - - [14/Mar/2026:05:35:57 -0700] "GET /?path=//opt/alt/tests/alt-php74-pecl-gender_1.1.0-1.el8 HTTP/2.0" 200 2583 "https://thebettingexchange.in/?path=//opt/alt/tests" "Mozilla/5.0 AppleWebKit/537.36 (KHTML, like Gecko; compatible; GPTBot/1.3; +https://openai.com/gptbot)" 482 **0/482673**
57.141.2.48 - - [14/Mar/2026:05:35:57 -0700] "GET /items/4211925516 HTTP/2.0" 403 97145 "-" "meta-externalagent/1.1 (+https://developers.facebook.com/docs/sharing/webmasters/crawler)" 881 **0/881068**
74.7.241.15 - - [14/Mar/2026:05:35:58 -0700] "GET /?path=//opt/alt/tests/alt-php84-pecl-redis_6.1.0-7.el8 HTTP/2.0" 200 2581 "https://thebettingexchange.in/?path=//opt/alt/tests" "Mozilla/5.0 AppleWebKit/537.36 (KHTML, like Gecko; compatible; GPTBot/1.3; +https://openai.com/gptbot)" 482 **0/482549**
57.141.2.69 - - [14/Mar/2026:05:35:58 -0700] "GET /items/894655905 HTTP/2.0" 403 97145 "-" "meta-externalagent/1.1 (+https://developers.facebook.com/docs/sharing/webmasters/crawler)" 843 **0/843371**
74.7.241.15 - - [14/Mar/2026:05:35:59 -0700] "GET /?path=//opt/alt/tests/alt-php72-pecl-redis_5.3.7-2.el8 HTTP/2.0" 200 2344 "https://thebettingexchange.in/?path=//opt/alt/tests" "Mozilla/5.0 AppleWebKit/537.36 (KHTML, like Gecko; compatible; GPTBot/1.3; +https://openai.com/gptbot)" 499 **0/499643**
57.141.2.49 - - [14/Mar/2026:05:35:59 -0700] "GET /items/4049239978 HTTP/2.0" 403 97145 "-" "meta-externalagent/1.1 (+https://developers.facebook.com/docs/sharing/webmasters/crawler)" 839 **0/839347**
74.7.241.15 - - [14/Mar/2026:05:35:59 -0700] "GET /?path=//opt/alt/tests/alt-php70-pecl-jsmin_3.0.0-1.el8 HTTP/2.0" 200 2582 "https://thebettingexchange.in/?path=//opt/alt/tests" "Mozilla/5.0 AppleWebKit/537.36 (KHTML, like Gecko; compatible; GPTBot/1.3; +https://openai.com/gptbot)" 484 **0/484192**
57.141.2.42 - - [14/Mar/2026:05:35:59 -0700] "GET /items/4213301138 HTTP/2.0" 403 97145 "-" "meta-externalagent/1.1 (+https://developers.facebook.com/docs/sharing/webmasters/crawler)" 838 **0/838741**
95.108.213.226 - - [14/Mar/2026:05:35:59 -0700] "GET /items/4003311050 HTTP/1.1" 200 4874 "-" "Mozilla/5.0 (compatible; YandexBot/3.0; +http://yandex.com/bots)" 491 **0/491205**
57.141.2.3 - - [14/Mar/2026:05:36:00 -0700] "GET /items/445385346 HTTP/2.0" 403 97145 "-" "meta-externalagent/1.1 (+https://developers.facebook.com/docs/sharing/webmasters/crawler)" 858 **0/858326**
74.7.241.15 - - [14/Mar/2026:05:36:00 -0700] "GET /?path=//opt/alt/tests/alt-php72-pecl-xdiff_2.1.1-1.el8 HTTP/2.0" 200 2582 "https://thebettingexchange.in/?path=//opt/alt/tests" "Mozilla/5.0 AppleWebKit/537.36 (KHTML, like Gecko; compatible; GPTBot/1.3; +https://openai.com/gptbot)" 491 **0/491004**
57.141.2.49 - - [14/Mar/2026:05:36:00 -0700] "GET /items/4034819766 HTTP/2.0" 403 97145 "-" "meta-externalagent/1.1 (+https://developers.facebook.com/docs/sharing/webmasters/crawler)" 883 **0/883522**
74.7.241.15 - - [14/Mar/2026:05:36:01 -0700] "GET /?path=//opt/alt/tests/alt-php83-pecl-redis_5.3.7-2.el8 HTTP/2.0" 200 2344 "https://thebettingexchange.in/?path=//opt/alt/tests" "Mozilla/5.0 AppleWebKit/537.36 (KHTML, like Gecko; compatible; GPTBot/1.3; +https://openai.com/gptbot)" 544 **0/544633**
57.141.2.29 - - [14/Mar/2026:05:36:01 -0700] "GET /items/1658296243 HTTP/2.0" 403 97145 "-" "meta-externalagent/1.1 (+https://developers.facebook.com/docs/sharing/webmasters/crawler)" 910 **0/910511**
74.7.241.15 - - [14/Mar/2026:05:36:02 -0700] "GET /?path=//opt/alt/tests/alt-php83-pecl-gender_1.1.0-3.el8/tests HTTP/2.0" 200 2909 "https://thebettingexchange.in/?path=//opt/alt/tests/alt-php83-pecl-gender_1.1.0-3.el8" "Mozilla/5.0 AppleWebKit/537.36 (KHTML, like Gecko; compatible; GPTBot/1.3; +https://openai.com/gptbot)" 502 **0/502444**
57.141.2.5 - - [14/Mar/2026:05:36:02 -0700] "GET /items/1636188894 HTTP/2.0" 403 97145 "-" "meta-externalagent/1.1 (+https://developers.facebook.com/docs/sharing/webmasters/crawler)" 877 **0/877200**
74.7.241.15 - - [14/Mar/2026:05:36:03 -0700] "GET /?path=//opt/alt/tests/alt-php74-pecl-redis_5.3.7-5.el8 HTTP/2.0" 200 2581 "https://thebettingexchange.in/?path=//opt/alt/tests" "Mozilla/5.0 AppleWebKit/537.36 (KHTML, like Gecko; compatible; GPTBot/1.3; +https://openai.com/gptbot)" 510 **0/510514**
57.141.2.47 - - [14/Mar/2026:05:36:02 -0700] "GET /items/1875765806 HTTP/2.0" 403 97145 "-" "meta-externalagent/1.1 (+https://developers.facebook.com/docs/sharing/webmasters/crawler)" 859 **0/859985**
57.141.2.34 - - [14/Mar/2026:05:36:03 -0700] "GET /items/2146561756 HTTP/2.0" 403 97145 "-" "meta-externalagent/1.1 (+https://developers.facebook.com/docs/sharing/webmasters/crawler)" 829 **0/829563**
74.7.241.15 - - [14/Mar/2026:05:36:03 -0700] "GET /?path=//opt/alt/tests/alt-php82-pecl-redis_5.3.7-5.el8 HTTP/2.0" 200 2581 "https://thebettingexchange.in/?path=//opt/alt/tests" "Mozilla/5.0 AppleWebKit/537.36 (KHTML, like Gecko; compatible; GPTBot/1.3; +https://openai.com/gptbot)" 479 **0/479950**
57.141.2.24 - - [14/Mar/2026:05:36:04 -0700] "GET /items/3196878889 HTTP/2.0" 403 97145 "-" "meta-externalagent/1.1 (+https://developers.facebook.com/docs/sharing/webmasters/crawler)" 865 **0/865447**
74.7.241.15 - - [14/Mar/2026:05:36:04 -0700] "GET /?path=//opt/alt/tests/alt-php74-pecl-redis_5.3.7-2.el8 HTTP/2.0" 200 2344 "https://thebettingexchange.in/?path=//opt/alt/tests" "Mozilla/5.0 AppleWebKit/537.36 (KHTML, like Gecko; compatible; GPTBot/1.3; +https://openai.com/gptbot)" 486 **0/486400**
57.141.2.66 - - [14/Mar/2026:05:36:04 -0700] "GET /items/921472082 HTTP/2.0" 403 97145 "-" "meta-externalagent/1.1 (+https://developers.facebook.com/docs/sharing/webmasters/crawler)" 851 **0/851654**
74.7.241.15 - - [14/Mar/2026:05:36:05 -0700] "GET /?path=//opt/alt/tests/alt-php83-pecl-xdiff_2.1.1-1.el8 HTTP/2.0" 200 2582 "https://thebettingexchange.in/?path=//opt/alt/tests" "Mozilla/5.0 AppleWebKit/537.36 (KHTML, like Gecko; compatible; GPTBot/1.3; +https://openai.com/gptbot)" 480 **0/480927**
57.141.2.66 - - [14/Mar/2026:05:36:05 -0700] "GET /items/1723768656 HTTP/2.0" 403 97145 "-" "meta-externalagent/1.1 (+https://developers.facebook.com/docs/sharing/webmasters/crawler)" 875 **0/875187**
74.7.241.15 - - [14/Mar/2026:05:36:06 -0700] "GET /?path=//opt/alt/tests/alt-php74-pecl-gender_1.1.0-1.el8/tests HTTP/2.0" 200 2835 "https://thebettingexchange.in/?path=//opt/alt/tests/alt-php74-pecl-gender_1.1.0-1.el8" "Mozilla/5.0 AppleWebKit/537.36 (KHTML, like Gecko; compatible; GPTBot/1.3; +https://openai.com/gptbot)" 476 **0/476225**
57.141.2.26 - - [14/Mar/2026:05:36:06 -0700] "GET /items/1416284466 HTTP/2.0" 403 97145 "-" "meta-externalagent/1.1 (+https://developers.facebook.com/docs/sharing/webmasters/crawler)" 829 **0/829229**
57.141.2.44 - - [14/Mar/2026:05:36:06 -0700] "GET /items/134848653 HTTP/2.0" 403 97145 "-" "meta-externalagent/1.1 (+https://developers.facebook.com/docs/sharing/webmasters/crawler)" 831 **0/831110**
74.7.241.15 - - [14/Mar/2026:05:36:07 -0700] "GET /?path=//opt/alt/tests/alt-php84-pecl-redis_6.1.0-7.el8/tests HTTP/2.0" 200 2999 "https://thebettingexchange.in/?path=//opt/alt/tests/alt-php84-pecl-redis_6.1.0-7.el8" "Mozilla/5.0 AppleWebKit/537.36 (KHTML, like Gecko; compatible; GPTBot/1.3; +https://openai.com/gptbot)" 492 **0/492908**
74.7.241.15 - - [14/Mar/2026:05:36:07 -0700] "GET /?path=//opt/alt/tests/alt-php73-pecl-gender_1.1.0-1.el8 HTTP/2.0" 200 2582 "https://thebettingexchange.in/?path=//opt/alt/tests" "Mozilla/5.0 AppleWebKit/537.36 (KHTML, like Gecko; compatible; GPTBot/1.3; +https://openai.com/gptbot)" 472 **0/472720**
57.141.2.3 - - [14/Mar/2026:05:36:07 -0700] "GET /items/3278091217 HTTP/2.0" 403 97145 "-" "meta-externalagent/1.1 (+https://developers.facebook.com/docs/sharing/webmasters/crawler)" 880 **0/880744**
57.141.2.29 - - [14/Mar/2026:05:36:08 -0700] "GET /items/2003396722 HTTP/2.0" 403 97145 "-" "meta-externalagent/1.1 (+https://developers.facebook.com/docs/sharing/webmasters/crawler)" 839 **0/839833**
74.7.241.15 - - [14/Mar/2026:05:36:08 -0700] "GET /?path=//opt/alt/tests/alt-php70-pecl-jsmin_3.0.0-1.el8/tests HTTP/2.0" 200 2905 "https://thebettingexchange.in/?path=//opt/alt/tests/alt-php70-pecl-jsmin_3.0.0-1.el8" "Mozilla/5.0 AppleWebKit/537.36 (KHTML, like Gecko; compatible; GPTBot/1.3; +https://openai.com/gptbot)" 488 **0/488936**
57.141.2.3 - - [14/Mar/2026:05:36:08 -0700] "GET /items/2311158570 HTTP/2.0" 403 97145 "-" "meta-externalagent/1.1 (+https://developers.facebook.com/docs/sharing/webmasters/crawler)" 829 **0/829895**
57.141.2.29 - - [14/Mar/2026:05:36:09 -0700] "GET /items/2778427862 HTTP/2.0" 403 97145 "-" "meta-externalagent/1.1 (+https://developers.facebook.com/docs/sharing/webmasters/crawler)" 860 **0/860773**
74.7.241.15 - - [14/Mar/2026:05:36:09 -0700] "GET /?path=//opt/alt/tests/alt-php72-pecl-xdiff_2.1.1-1.el8/tests HTTP/2.0" 200 3603 "https://thebettingexchange.in/?path=//opt/alt/tests/alt-php72-pecl-xdiff_2.1.1-1.el8" "Mozilla/5.0 AppleWebKit/537.36 (KHTML, like Gecko; compatible; GPTBot/1.3; +https://openai.com/gptbot)" 490 **0/490910**
57.141.2.38 - - [14/Mar/2026:05:36:09 -0700] "GET /items/1659103445 HTTP/2.0" 403 97145 "-" "meta-externalagent/1.1 (+https://developers.facebook.com/docs/sharing/webmasters/crawler)" 846 **0/846764**
74.7.241.15 - - [14/Mar/2026:05:36:10 -0700] "GET /?path=//opt/alt/tests/alt-php82-pecl-redis_5.3.7-2.el8 HTTP/2.0" 200 2344 "https://thebettingexchange.in/?path=//opt/alt/tests" "Mozilla/5.0 AppleWebKit/537.36 (KHTML, like Gecko; compatible; GPTBot/1.3; +https://openai.com/gptbot)" 488 **0/488142**
57.141.2.60 - - [14/Mar/2026:05:36:10 -0700] "GET /items/1311398945 HTTP/2.0" 403 97145 "-" "meta-externalagent/1.1 (+https://developers.facebook.com/docs/sharing/webmasters/crawler)" 853 **0/853762**
74.7.241.15 - - [14/Mar/2026:05:36:11 -0700] "GET /?path=//opt/alt/tests/alt-php56-pecl-redis_4.3.0-6.el8 HTTP/2.0" 200 2581 "https://thebettingexchange.in/?path=//opt/alt/tests" "Mozilla/5.0 AppleWebKit/537.36 (KHTML, like Gecko; compatible; GPTBot/1.3; +https://openai.com/gptbot)" 500 **0/500160**
57.141.2.25 - - [14/Mar/2026:05:36:11 -0700] "GET /items/2033240122 HTTP/2.0" 403 97145 "-" "meta-externalagent/1.1 (+https://developers.facebook.com/docs/sharing/webmasters/crawler)" 854 **0/854497**
74.7.241.15 - - [14/Mar/2026:05:36:11 -0700] "GET /?path=//opt/alt/tests/alt-php74-pecl-redis_5.3.7-5.el8/tests HTTP/2.0" 200 2957 "https://thebettingexchange.in/?path=//opt/alt/tests/alt-php74-pecl-redis_5.3.7-5.el8" "Mozilla/5.0 AppleWebKit/537.36 (KHTML, like Gecko; compatible; GPTBot/1.3; +https://openai.com/gptbot)" 483 **0/483912**
57.141.2.50 - - [14/Mar/2026:05:36:11 -0700] "GET /items/1448678144 HTTP/2.0" 403 97145 "-" "meta-externalagent/1.1 (+https://developers.facebook.com/docs/sharing/webmasters/crawler)" 867 **0/867076**
57.141.2.52 - - [14/Mar/2026:05:36:12 -0700] "GET /items/2946270608 HTTP/2.0" 403 97145 "-" "meta-externalagent/1.1 (+https://developers.facebook.com/docs/sharing/webmasters/crawler)" 835 **0/835841**
74.7.241.15 - - [14/Mar/2026:05:36:12 -0700] "GET /?path=//opt/alt/tests/alt-php82-pecl-redis_5.3.7-5.el8/tests HTTP/2.0" 200 2957 "https://thebettingexchange.in/?path=//opt/alt/tests/alt-php82-pecl-redis_5.3.7-5.el8" "Mozilla/5.0 AppleWebKit/537.36 (KHTML, like Gecko; compatible; GPTBot/1.3; +https://openai.com/gptbot)" 479 **0/479713**
57.141.2.15 - - [14/Mar/2026:05:36:13 -0700] "GET /items/1665669721 HTTP/2.0" 403 97145 "-" "meta-externalagent/1.1 (+https://developers.facebook.com/docs/sharing/webmasters/crawler)" 826 **0/826805**
74.7.241.15 - - [14/Mar/2026:05:36:13 -0700] "GET /?path=//opt/alt/tests/alt-php54-pecl-redis_4.3.0-6.el8 HTTP/2.0" 200 2581 "https://thebettingexchange.in/?path=//opt/alt/tests" "Mozilla/5.0 AppleWebKit/537.36 (KHTML, like Gecko; compatible; GPTBot/1.3; +https://openai.com/gptbot)" 488 **0/488702**
57.141.2.65 - - [14/Mar/2026:05:36:13 -0700] "GET /items/2988311870 HTTP/2.0" 403 97145 "-" "meta-externalagent/1.1 (+https://developers.facebook.com/docs/sharing/webmasters/crawler)" 850 **0/850213**
74.7.241.15 - - [14/Mar/2026:05:36:14 -0700] "GET /?path=//opt/alt/tests/alt-php83-pecl-xdiff_2.1.1-1.el8/tests HTTP/2.0" 200 3605 "https://thebettingexchange.in/?path=//opt/alt/tests/alt-php83-pecl-xdiff_2.1.1-1.el8" "Mozilla/5.0 AppleWebKit/537.36 (KHTML, like Gecko; compatible; GPTBot/1.3; +https://openai.com/gptbot)" 479 **0/479932**
57.141.2.24 - - [14/Mar/2026:05:36:14 -0700] "GET /items/329587573 HTTP/2.0" 403 97145 "-" "meta-externalagent/1.1 (+https://developers.facebook.com/docs/sharing/webmasters/crawler)" 825 **0/825509**
74.7.241.15 - - [14/Mar/2026:05:36:15 -0700] "GET /?path=//opt/alt/tests/alt-php82-pecl-gender_1.1.0-3.el8 HTTP/2.0" 200 2582 "https://thebettingexchange.in/?path=//opt/alt/tests" "Mozilla/5.0 AppleWebKit/537.36 (KHTML, like Gecko; compatible; GPTBot/1.3; +https://openai.com/gptbot)" 487 **0/487799**
57.141.2.46 - - [14/Mar/2026:05:36:14 -0700] "GET /items/2171629005 HTTP/2.0" 403 97145 "-" "meta-externalagent/1.1 (+https://developers.facebook.com/docs/sharing/webmasters/crawler)" 821 **0/821538**
57.141.2.13 - - [14/Mar/2026:05:36:15 -0700] "GET /items/3243706399 HTTP/2.0" 403 97145 "-" "meta-externalagent/1.1 (+https://developers.facebook.com/docs/sharing/webmasters/crawler)" 833 **0/833323**
74.7.241.15 - - [14/Mar/2026:05:36:15 -0700] "GET /?path=//opt/alt/tests/alt-php72-pecl-gender_1.1.0-1.el8 HTTP/2.0" 200 2582 "https://thebettingexchange.in/?path=//opt/alt/tests" "Mozilla/5.0 AppleWebKit/537.36 (KHTML, like Gecko; compatible; GPTBot/1.3; +https://openai.com/gptbot)" 491 **0/491871**
57.141.2.4 - - [14/Mar/2026:05:36:16 -0700] "GET /items/1818618141 HTTP/2.0" 403 97145 "-" "meta-externalagent/1.1 (+https://developers.facebook.com/docs/sharing/webmasters/crawler)" 828 **0/828106**
74.7.241.15 - - [14/Mar/2026:05:36:16 -0700] "GET /?path=//opt/alt/tests/alt-php73-pecl-gender_1.1.0-1.el8/tests HTTP/2.0" 200 2835 "https://thebettingexchange.in/?path=//opt/alt/tests/alt-php73-pecl-gender_1.1.0-1.el8" "Mozilla/5.0 AppleWebKit/537.36 (KHTML, like Gecko; compatible; GPTBot/1.3; +https://openai.com/gptbot)" 478 **0/478480**
57.141.2.55 - - [14/Mar/2026:05:36:16 -0700] "GET /items/61595889 HTTP/2.0" 403 97145 "-" "meta-externalagent/1.1 (+https://developers.facebook.com/docs/sharing/webmasters/crawler)" 818 **0/818806**
74.7.241.15 - - [14/Mar/2026:05:36:17 -0700] "GET /?path=//opt/alt/tests/alt-php70-pecl-gnupg_1.5.1-1.el8 HTTP/2.0" 200 2582 "https://thebettingexchange.in/?path=//opt/alt/tests" "Mozilla/5.0 AppleWebKit/537.36 (KHTML, like Gecko; compatible; GPTBot/1.3; +https://openai.com/gptbot)" 502 **0/502018**
57.141.2.50 - - [14/Mar/2026:05:36:17 -0700] "GET /items/2848010289 HTTP/2.0" 403 97145 "-" "meta-externalagent/1.1 (+https://developers.facebook.com/docs/sharing/webmasters/crawler)" 833 **0/833711**
74.7.241.15 - - [14/Mar/2026:05:36:18 -0700] "GET /?fileloc=//opt/alt/tests/alt-php72-pecl-xdiff_2.1.1-1.el8/tests/004.phpt&path=//opt/alt/tests/alt-php72-pecl-xdiff_2.1.1-1.el8/tests HTTP/2.0" 200 2480 "https://thebettingexchange.in/?path=//opt/alt/tests/alt-php72-pecl-xdiff_2.1.1-1.el8/tests" "Mozilla/5.0 AppleWebKit/537.36 (KHTML, like Gecko; compatible; GPTBot/1.3; +https://openai.com/gptbot)" 491 **0/491266**
57.141.2.23 - - [14/Mar/2026:05:36:18 -0700] "GET /items/2049383077 HTTP/2.0" 403 97145 "-" "meta-externalagent/1.1 (+https://developers.facebook.com/docs/sharing/webmasters/crawler)" 842 **0/842157**
57.141.2.48 - - [14/Mar/2026:05:36:18 -0700] "GET /items/351005621 HTTP/2.0" 403 97145 "-" "meta-externalagent/1.1 (+https://developers.facebook.com/docs/sharing/webmasters/crawler)" 819 **0/819813**
74.7.241.15 - - [14/Mar/2026:05:36:19 -0700] "GET /?path=//opt/alt/tests/alt-php70-pecl-redis_5.3.7-2.el8 HTTP/2.0" 200 2344 "https://thebettingexchange.in/?path=//opt/alt/tests" "Mozilla/5.0 AppleWebKit/537.36 (KHTML, like Gecko; compatible; GPTBot/1.3; +https://openai.com/gptbot)" 477 **0/477004**
57.141.2.38 - - [14/Mar/2026:05:36:19 -0700] "GET /items/2787096933 HTTP/2.0" 403 97145 "-" "meta-externalagent/1.1 (+https://developers.facebook.com/docs/sharing/webmasters/crawler)" 839 **0/839910**
74.7.241.15 - - [14/Mar/2026:05:36:19 -0700] "GET /?path=//opt/alt/tests/alt-php56-pecl-redis_4.3.0-6.el8/tests HTTP/2.0" 200 2923 "https://thebettingexchange.in/?path=//opt/alt/tests/alt-php56-pecl-redis_4.3.0-6.el8" "Mozilla/5.0 AppleWebKit/537.36 (KHTML, like Gecko; compatible; GPTBot/1.3; +https://openai.com/gptbot)" 500 **0/500977**
57.141.2.26 - - [14/Mar/2026:05:36:19 -0700] "GET /items/3429732765 HTTP/2.0" 403 97145 "-" "meta-externalagent/1.1 (+https://developers.facebook.com/docs/sharing/webmasters/crawler)" 821 **0/821233**
74.7.241.15 - - [14/Mar/2026:05:36:20 -0700] "GET /?path=//opt/alt/tests/alt-php80-pecl-gender_1.1.0-3.el8 HTTP/2.0" 200 2582 "https://thebettingexchange.in/?path=//opt/alt/tests" "Mozilla/5.0 AppleWebKit/537.36 (KHTML, like Gecko; compatible; GPTBot/1.3; +https://openai.com/gptbot)" 476 **0/476741**
57.141.2.66 - - [14/Mar/2026:05:36:20 -0700] "GET /items/3499383926 HTTP/2.0" 403 97145 "-" "meta-externalagent/1.1 (+https://developers.facebook.com/docs/sharing/webmasters/crawler)" 836 **0/836389**
74.7.241.15 - - [14/Mar/2026:05:36:21 -0700] "GET /?path=//opt/alt/tests/alt-php81-pecl-jsmin_3.0.0-1.el8 HTTP/2.0" 200 2582 "https://thebettingexchange.in/?path=//opt/alt/tests" "Mozilla/5.0 AppleWebKit/537.36 (KHTML, like Gecko; compatible; GPTBot/1.3; +https://openai.com/gptbot)" 490 **0/490295**
