74.7.241.15 - - [14/Mar/2026:05:12:48 -0700] "GET /?path=/home/e9ohhh9viiv2/public_html/spainbettingexchange.com/cgi-bin HTTP/2.0" 200 2336 "https://thebettingexchange.in/?path=/home/e9ohhh9viiv2/public_html/spainbettingexchange.com" "Mozilla/5.0 AppleWebKit/537.36 (KHTML, like Gecko; compatible; GPTBot/1.3; +https://openai.com/gptbot)" 504 **0/504424**
57.141.2.39 - - [14/Mar/2026:05:12:48 -0700] "GET /items/1838509120 HTTP/2.0" 200 97145 "-" "meta-externalagent/1.1 (+https://developers.facebook.com/docs/sharing/webmasters/crawler)" 836 **0/836454**
57.141.2.53 - - [14/Mar/2026:05:12:48 -0700] "GET /items/785359371 HTTP/2.0" 200 97145 "-" "meta-externalagent/1.1 (+https://developers.facebook.com/docs/sharing/webmasters/crawler)" 829 **0/829854**
74.7.241.15 - - [14/Mar/2026:05:12:49 -0700] "GET /?path=//lib64/sa HTTP/2.0" 200 2617 "https://thebettingexchange.in/?path=//lib64" "Mozilla/5.0 AppleWebKit/537.36 (KHTML, like Gecko; compatible; GPTBot/1.3; +https://openai.com/gptbot)" 480 **0/480983**
57.141.2.25 - - [14/Mar/2026:05:12:49 -0700] "GET /items/3585876503 HTTP/2.0" 200 97145 "-" "meta-externalagent/1.1 (+https://developers.facebook.com/docs/sharing/webmasters/crawler)" 865 **0/865146**
216.73.216.129 - - [14/Mar/2026:05:12:49 -0700] "GET /neue-spielsaal-casinos-ohne-einzahlung-2026-heutig-inoffizieller-mitarbeiter-februar/feed HTTP/2.0" 200 4197 "-" "Mozilla/5.0 AppleWebKit/537.36 (KHTML, like Gecko; compatible; ClaudeBot/1.0; +claudebot@anthropic.com)" 499 **0/499732**
74.7.241.15 - - [14/Mar/2026:05:12:49 -0700] "GET /?path=/home/e9ohhh9viiv2/public_html/purplecapinipl.in HTTP/2.0" 200 3441 "https://thebettingexchange.in/?p=5077" "Mozilla/5.0 AppleWebKit/537.36 (KHTML, like Gecko; compatible; GPTBot/1.3; +https://openai.com/gptbot)" 488 **0/488178**
57.141.2.24 - - [14/Mar/2026:05:12:49 -0700] "GET /items/1414334759 HTTP/2.0" 200 97145 "-" "meta-externalagent/1.1 (+https://developers.facebook.com/docs/sharing/webmasters/crawler)" 817 **0/817028**
57.141.2.20 - - [14/Mar/2026:05:12:50 -0700] "GET /items/4068417844 HTTP/2.0" 200 97145 "-" "meta-externalagent/1.1 (+https://developers.facebook.com/docs/sharing/webmasters/crawler)" 821 **0/821835**
74.7.241.15 - - [14/Mar/2026:05:12:50 -0700] "GET /?path=//lib64/pkcs11 HTTP/2.0" 200 2576 "https://thebettingexchange.in/?path=//lib64" "Mozilla/5.0 AppleWebKit/537.36 (KHTML, like Gecko; compatible; GPTBot/1.3; +https://openai.com/gptbot)" 487 **0/487952**
57.141.2.29 - - [14/Mar/2026:05:12:50 -0700] "GET /items/2287088867 HTTP/2.0" 200 97145 "-" "meta-externalagent/1.1 (+https://developers.facebook.com/docs/sharing/webmasters/crawler)" 824 **0/824376**
74.7.241.15 - - [14/Mar/2026:05:12:51 -0700] "GET /?path=/home/e9ohhh9viiv2/public_html HTTP/2.0" 200 4197 "https://thebettingexchange.in/?p=5077" "Mozilla/5.0 AppleWebKit/537.36 (KHTML, like Gecko; compatible; GPTBot/1.3; +https://openai.com/gptbot)" 497 **0/497848**
57.141.2.61 - - [14/Mar/2026:05:12:51 -0700] "GET /items/3546773953 HTTP/2.0" 200 97145 "-" "meta-externalagent/1.1 (+https://developers.facebook.com/docs/sharing/webmasters/crawler)" 860 **0/860476**
57.141.2.54 - - [14/Mar/2026:05:12:51 -0700] "GET /items/3417005342 HTTP/2.0" 200 97145 "-" "meta-externalagent/1.1 (+https://developers.facebook.com/docs/sharing/webmasters/crawler)" 837 **0/837306**
74.7.241.15 - - [14/Mar/2026:05:12:52 -0700] "GET /?path=/home/e9ohhh9viiv2/public_html/iplretention.in/cgi-bin HTTP/2.0" 200 2333 "https://thebettingexchange.in/?path=/home/e9ohhh9viiv2/public_html/iplretention.in" "Mozilla/5.0 AppleWebKit/537.36 (KHTML, like Gecko; compatible; GPTBot/1.3; +https://openai.com/gptbot)" 482 **0/482509**
57.141.2.48 - - [14/Mar/2026:05:12:52 -0700] "GET /items/1983494230 HTTP/2.0" 200 97145 "-" "meta-externalagent/1.1 (+https://developers.facebook.com/docs/sharing/webmasters/crawler)" 835 **0/835157**
57.141.2.40 - - [14/Mar/2026:05:12:52 -0700] "GET /items/3918583858 HTTP/2.0" 200 97145 "-" "meta-externalagent/1.1 (+https://developers.facebook.com/docs/sharing/webmasters/crawler)" 825 **0/825676**
74.7.241.15 - - [14/Mar/2026:05:12:53 -0700] "GET /?path=/home/e9ohhh9viiv2/public_html/indiancricketteams.com HTTP/2.0" 200 2754 "https://thebettingexchange.in/?p=5077" "Mozilla/5.0 AppleWebKit/537.36 (KHTML, like Gecko; compatible; GPTBot/1.3; +https://openai.com/gptbot)" 481 **0/481809**
57.141.2.28 - - [14/Mar/2026:05:12:53 -0700] "GET /items/1736751697 HTTP/2.0" 200 97145 "-" "meta-externalagent/1.1 (+https://developers.facebook.com/docs/sharing/webmasters/crawler)" 832 **0/832763**
74.7.241.15 - - [14/Mar/2026:05:12:53 -0700] "GET /?path=//lib64/guile/2.0 HTTP/2.0" 200 2555 "https://thebettingexchange.in/?path=//lib64/guile" "Mozilla/5.0 AppleWebKit/537.36 (KHTML, like Gecko; compatible; GPTBot/1.3; +https://openai.com/gptbot)" 489 **0/489154**
57.141.2.52 - - [14/Mar/2026:05:12:53 -0700] "GET /items/2146399061 HTTP/2.0" 200 97145 "-" "meta-externalagent/1.1 (+https://developers.facebook.com/docs/sharing/webmasters/crawler)" 827 **0/827405**
57.141.2.38 - - [14/Mar/2026:05:12:54 -0700] "GET /items/749091822 HTTP/2.0" 200 97145 "-" "meta-externalagent/1.1 (+https://developers.facebook.com/docs/sharing/webmasters/crawler)" 823 **0/823372**
74.7.241.15 - - [14/Mar/2026:05:12:54 -0700] "GET /?path=/home/e9ohhh9viiv2/public_html/livecricketscoreipl.in/cgi-bin HTTP/2.0" 200 2336 "https://thebettingexchange.in/?path=/home/e9ohhh9viiv2/public_html/livecricketscoreipl.in" "Mozilla/5.0 AppleWebKit/537.36 (KHTML, like Gecko; compatible; GPTBot/1.3; +https://openai.com/gptbot)" 475 **0/475573**
57.141.2.11 - - [14/Mar/2026:05:12:54 -0700] "GET /items/1713706131 HTTP/2.0" 200 97145 "-" "meta-externalagent/1.1 (+https://developers.facebook.com/docs/sharing/webmasters/crawler)" 822 **0/822837**
74.7.241.15 - - [14/Mar/2026:05:12:55 -0700] "GET /?path=//lib64/libmysqlclient21 HTTP/2.0" 200 2609 "https://thebettingexchange.in/?path=//lib64" "Mozilla/5.0 AppleWebKit/537.36 (KHTML, like Gecko; compatible; GPTBot/1.3; +https://openai.com/gptbot)" 487 **0/487138**
57.141.2.19 - - [14/Mar/2026:05:12:55 -0700] "GET /items/498761147 HTTP/2.0" 200 97145 "-" "meta-externalagent/1.1 (+https://developers.facebook.com/docs/sharing/webmasters/crawler)" 823 **0/823552**
57.141.2.29 - - [14/Mar/2026:05:12:55 -0700] "GET /items/1780184867 HTTP/2.0" 200 97145 "-" "meta-externalagent/1.1 (+https://developers.facebook.com/docs/sharing/webmasters/crawler)" 818 **0/818209**
74.7.241.15 - - [14/Mar/2026:05:12:56 -0700] "GET /?path=/home/e9ohhh9viiv2/public_html/indiabettingexchange.in/.tmb HTTP/2.0" 200 2336 "https://thebettingexchange.in/?path=/home/e9ohhh9viiv2/public_html/indiabettingexchange.in" "Mozilla/5.0 AppleWebKit/537.36 (KHTML, like Gecko; compatible; GPTBot/1.3; +https://openai.com/gptbot)" 480 **0/480839**
57.141.2.54 - - [14/Mar/2026:05:12:56 -0700] "GET /items/175768893 HTTP/2.0" 200 97145 "-" "meta-externalagent/1.1 (+https://developers.facebook.com/docs/sharing/webmasters/crawler)" 824 **0/824689**
57.141.2.3 - - [14/Mar/2026:05:12:56 -0700] "GET /items/2726599825 HTTP/2.0" 200 97145 "-" "meta-externalagent/1.1 (+https://developers.facebook.com/docs/sharing/webmasters/crawler)" 817 **0/817897**
74.7.241.15 - - [14/Mar/2026:05:12:56 -0700] "GET /?path=/home/e9ohhh9viiv2/public_html/bettingexchangesite.org/.tmb HTTP/2.0" 200 2599 "https://thebettingexchange.in/?path=/home/e9ohhh9viiv2/public_html/bettingexchangesite.org" "Mozilla/5.0 AppleWebKit/537.36 (KHTML, like Gecko; compatible; GPTBot/1.3; +https://openai.com/gptbot)" 493 **0/493771**
57.141.2.49 - - [14/Mar/2026:05:12:57 -0700] "GET /items/2954836770 HTTP/2.0" 200 97145 "-" "meta-externalagent/1.1 (+https://developers.facebook.com/docs/sharing/webmasters/crawler)" 827 **0/827676**
74.7.241.15 - - [14/Mar/2026:05:12:57 -0700] "GET /?fileloc=//lib64/sa/sa2&path=//lib64/sa HTTP/2.0" 200 2941 "https://thebettingexchange.in/?path=//lib64/sa" "Mozilla/5.0 AppleWebKit/537.36 (KHTML, like Gecko; compatible; GPTBot/1.3; +https://openai.com/gptbot)" 517 **0/517123**
57.141.2.58 - - [14/Mar/2026:05:12:57 -0700] "GET /items/1811707003 HTTP/2.0" 200 97145 "-" "meta-externalagent/1.1 (+https://developers.facebook.com/docs/sharing/webmasters/crawler)" 833 **0/833249**
57.141.2.49 - - [14/Mar/2026:05:12:58 -0700] "GET /items/467864046 HTTP/2.0" 200 97145 "-" "meta-externalagent/1.1 (+https://developers.facebook.com/docs/sharing/webmasters/crawler)" 828 **0/828986**
74.7.241.15 - - [14/Mar/2026:05:12:58 -0700] "GET /?fileloc=//lib64/sa/sa1&path=//lib64/sa HTTP/2.0" 200 2794 "https://thebettingexchange.in/?path=//lib64/sa" "Mozilla/5.0 AppleWebKit/537.36 (KHTML, like Gecko; compatible; GPTBot/1.3; +https://openai.com/gptbot)" 479 **0/479922**
57.141.2.22 - - [14/Mar/2026:05:12:58 -0700] "GET /items/1812052329 HTTP/2.0" 200 97145 "-" "meta-externalagent/1.1 (+https://developers.facebook.com/docs/sharing/webmasters/crawler)" 853 **0/853738**
74.7.241.15 - - [14/Mar/2026:05:12:59 -0700] "GET /?fileloc=//lib64/sa/sadc&path=//lib64/sa HTTP/2.0" 200 2255 "https://thebettingexchange.in/?path=//lib64/sa" "Mozilla/5.0 AppleWebKit/537.36 (KHTML, like Gecko; compatible; GPTBot/1.3; +https://openai.com/gptbot)" 482 **0/482462**
57.141.2.28 - - [14/Mar/2026:05:12:59 -0700] "GET /items/2561889365 HTTP/2.0" 200 97145 "-" "meta-externalagent/1.1 (+https://developers.facebook.com/docs/sharing/webmasters/crawler)" 833 **0/833193**
57.141.2.26 - - [14/Mar/2026:05:12:59 -0700] "GET /items/1784937178 HTTP/2.0" 200 97145 "-" "meta-externalagent/1.1 (+https://developers.facebook.com/docs/sharing/webmasters/crawler)" 831 **0/831730**
74.7.241.15 - - [14/Mar/2026:05:13:00 -0700] "GET /?path=/home/e9ohhh9viiv2/public_html/purplecapinipl.in/cgi-bin HTTP/2.0" 200 2340 "https://thebettingexchange.in/?path=/home/e9ohhh9viiv2/public_html/purplecapinipl.in" "Mozilla/5.0 AppleWebKit/537.36 (KHTML, like Gecko; compatible; GPTBot/1.3; +https://openai.com/gptbot)" 496 **0/496727**
57.141.2.50 - - [14/Mar/2026:05:13:00 -0700] "GET /items/4210739410 HTTP/2.0" 200 97145 "-" "meta-externalagent/1.1 (+https://developers.facebook.com/docs/sharing/webmasters/crawler)" 831 **0/831795**
74.7.241.15 - - [14/Mar/2026:05:13:00 -0700] "GET /?path=/home/e9ohhh9viiv2/public_html/cricketbetstips.com HTTP/2.0" 200 3469 "https://thebettingexchange.in/?p=5077" "Mozilla/5.0 AppleWebKit/537.36 (KHTML, like Gecko; compatible; GPTBot/1.3; +https://openai.com/gptbot)" 508 **0/508702**
57.141.2.15 - - [14/Mar/2026:05:13:00 -0700] "GET /items/1264196210 HTTP/2.0" 200 97145 "-" "meta-externalagent/1.1 (+https://developers.facebook.com/docs/sharing/webmasters/crawler)" 855 **0/855208**
57.141.2.23 - - [14/Mar/2026:05:13:01 -0700] "GET /items/1876978749 HTTP/2.0" 200 97145 "-" "meta-externalagent/1.1 (+https://developers.facebook.com/docs/sharing/webmasters/crawler)" 837 **0/837501**
57.141.2.16 - - [14/Mar/2026:05:13:01 -0700] "GET /items/3019558082 HTTP/2.0" 200 97145 "-" "meta-externalagent/1.1 (+https://developers.facebook.com/docs/sharing/webmasters/crawler)" 840 **0/840795**
74.7.241.15 - - [14/Mar/2026:05:13:01 -0700] "GET /?path=/home/e9ohhh9viiv2/public_html/indiancricketteams.com/cgi-bin HTTP/2.0" 200 2334 "https://thebettingexchange.in/?path=/home/e9ohhh9viiv2/public_html/indiancricketteams.com" "Mozilla/5.0 AppleWebKit/537.36 (KHTML, like Gecko; compatible; GPTBot/1.3; +https://openai.com/gptbot)" 511 **0/511885**
57.141.2.10 - - [14/Mar/2026:05:13:02 -0700] "GET /items/3101011566 HTTP/2.0" 200 97145 "-" "meta-externalagent/1.1 (+https://developers.facebook.com/docs/sharing/webmasters/crawler)" 858 **0/858266**
74.7.241.15 - - [14/Mar/2026:05:13:02 -0700] "GET /?path=/home/e9ohhh9viiv2/public_html/iplpointtables.com HTTP/2.0" 200 3438 "https://thebettingexchange.in/?p=5077" "Mozilla/5.0 AppleWebKit/537.36 (KHTML, like Gecko; compatible; GPTBot/1.3; +https://openai.com/gptbot)" 494 **0/494365**
57.141.2.50 - - [14/Mar/2026:05:13:02 -0700] "GET /items/3435112919 HTTP/2.0" 200 97145 "-" "meta-externalagent/1.1 (+https://developers.facebook.com/docs/sharing/webmasters/crawler)" 879 **0/879167**
74.7.241.15 - - [14/Mar/2026:05:13:03 -0700] "GET /?path=/home/e9ohhh9viiv2/public_html/bestsportsbettingexchanges.com HTTP/2.0" 200 3409 "https://thebettingexchange.in/?p=5077" "Mozilla/5.0 AppleWebKit/537.36 (KHTML, like Gecko; compatible; GPTBot/1.3; +https://openai.com/gptbot)" 496 **0/496766**
57.141.2.63 - - [14/Mar/2026:05:13:03 -0700] "GET /items/3870397211 HTTP/2.0" 200 97145 "-" "meta-externalagent/1.1 (+https://developers.facebook.com/docs/sharing/webmasters/crawler)" 840 **0/840104**
57.141.2.28 - - [14/Mar/2026:05:13:03 -0700] "GET /items/909390636 HTTP/2.0" 200 97145 "-" "meta-externalagent/1.1 (+https://developers.facebook.com/docs/sharing/webmasters/crawler)" 845 **0/845885**
74.7.241.15 - - [14/Mar/2026:05:13:04 -0700] "GET /?path=//lib64/python3.8 HTTP/2.0" 200 8016 "https://thebettingexchange.in/?path=//lib64" "Mozilla/5.0 AppleWebKit/537.36 (KHTML, like Gecko; compatible; GPTBot/1.3; +https://openai.com/gptbot)" 497 **0/497182**
57.141.2.17 - - [14/Mar/2026:05:13:04 -0700] "GET /items/3793342282 HTTP/2.0" 403 97145 "-" "meta-externalagent/1.1 (+https://developers.facebook.com/docs/sharing/webmasters/crawler)" 861 **0/861330**
74.7.241.15 - - [14/Mar/2026:05:13:05 -0700] "GET /?path=//lib64/python3.6 HTTP/2.0" 200 7890 "https://thebettingexchange.in/?path=//lib64" "Mozilla/5.0 AppleWebKit/537.36 (KHTML, like Gecko; compatible; GPTBot/1.3; +https://openai.com/gptbot)" 492 **0/492792**
57.141.2.57 - - [14/Mar/2026:05:13:04 -0700] "GET /items/2124072387 HTTP/2.0" 403 97145 "-" "meta-externalagent/1.1 (+https://developers.facebook.com/docs/sharing/webmasters/crawler)" 815 **0/815336**
57.141.2.3 - - [14/Mar/2026:05:13:05 -0700] "GET /items/3597576323 HTTP/2.0" 403 97145 "-" "meta-externalagent/1.1 (+https://developers.facebook.com/docs/sharing/webmasters/crawler)" 849 **0/849671**
74.7.241.15 - - [14/Mar/2026:05:13:05 -0700] "GET /?path=//lib64/python2.7 HTTP/2.0" 200 14383 "https://thebettingexchange.in/?path=//lib64" "Mozilla/5.0 AppleWebKit/537.36 (KHTML, like Gecko; compatible; GPTBot/1.3; +https://openai.com/gptbot)" 514 **0/514744**
57.141.2.25 - - [14/Mar/2026:05:13:05 -0700] "GET /items/1171003451 HTTP/2.0" 403 97145 "-" "meta-externalagent/1.1 (+https://developers.facebook.com/docs/sharing/webmasters/crawler)" 839 **0/839954**
57.141.2.18 - - [14/Mar/2026:05:13:06 -0700] "GET /items/3949131569 HTTP/2.0" 403 97145 "-" "meta-externalagent/1.1 (+https://developers.facebook.com/docs/sharing/webmasters/crawler)" 844 **0/844615**
74.7.241.15 - - [14/Mar/2026:05:13:06 -0700] "GET /?path=//lib64/perl5/gnu HTTP/2.0" 200 2600 "https://thebettingexchange.in/?path=//lib64/perl5" "Mozilla/5.0 AppleWebKit/537.36 (KHTML, like Gecko; compatible; GPTBot/1.3; +https://openai.com/gptbot)" 491 **0/491953**
57.141.2.62 - - [14/Mar/2026:05:13:06 -0700] "GET /items/816999110 HTTP/2.0" 403 97145 "-" "meta-externalagent/1.1 (+https://developers.facebook.com/docs/sharing/webmasters/crawler)" 845 **0/845029**
74.7.241.15 - - [14/Mar/2026:05:13:07 -0700] "GET /?path=/home/e9ohhh9viiv2/public_html/sportsbettingexchange.in/.tmb HTTP/2.0" 200 7427 "https://thebettingexchange.in/?path=/home/e9ohhh9viiv2/public_html/sportsbettingexchange.in" "Mozilla/5.0 AppleWebKit/537.36 (KHTML, like Gecko; compatible; GPTBot/1.3; +https://openai.com/gptbot)" 494 **0/494799**
57.141.2.43 - - [14/Mar/2026:05:13:07 -0700] "GET /items/503204266 HTTP/2.0" 403 97145 "-" "meta-externalagent/1.1 (+https://developers.facebook.com/docs/sharing/webmasters/crawler)" 827 **0/827858**
57.141.2.52 - - [14/Mar/2026:05:13:07 -0700] "GET /items/2441050177 HTTP/2.0" 403 97145 "-" "meta-externalagent/1.1 (+https://developers.facebook.com/docs/sharing/webmasters/crawler)" 831 **0/831953**
74.7.241.15 - - [14/Mar/2026:05:13:08 -0700] "GET /?path=/home/e9ohhh9viiv2/public_html/onlinebettingexchange.in/.well-known HTTP/2.0" 200 2622 "https://thebettingexchange.in/?path=/home/e9ohhh9viiv2/public_html/onlinebettingexchange.in" "Mozilla/5.0 AppleWebKit/537.36 (KHTML, like Gecko; compatible; GPTBot/1.3; +https://openai.com/gptbot)" 488 **0/488052**
57.141.2.25 - - [14/Mar/2026:05:13:08 -0700] "GET /items/3209890893 HTTP/2.0" 403 97145 "-" "meta-externalagent/1.1 (+https://developers.facebook.com/docs/sharing/webmasters/crawler)" 820 **0/820555**
74.7.241.15 - - [14/Mar/2026:05:13:08 -0700] "GET /?path=/home/e9ohhh9viiv2/public_html/bettingexchangeonline.com/.well-known HTTP/2.0" 200 2623 "https://thebettingexchange.in/?path=/home/e9ohhh9viiv2/public_html/bettingexchangeonline.com" "Mozilla/5.0 AppleWebKit/537.36 (KHTML, like Gecko; compatible; GPTBot/1.3; +https://openai.com/gptbot)" 492 **0/492357**
57.141.2.9 - - [14/Mar/2026:05:13:08 -0700] "GET /items/3027139372 HTTP/2.0" 403 97145 "-" "meta-externalagent/1.1 (+https://developers.facebook.com/docs/sharing/webmasters/crawler)" 837 **0/837359**
57.141.2.28 - - [14/Mar/2026:05:13:09 -0700] "GET /items/1038636728 HTTP/2.0" 403 97145 "-" "meta-externalagent/1.1 (+https://developers.facebook.com/docs/sharing/webmasters/crawler)" 825 **0/825778**
74.7.241.15 - - [14/Mar/2026:05:13:09 -0700] "GET /?path=/home/e9ohhh9viiv2/public_html/cricketbetstips.com/.tmb HTTP/2.0" 200 2333 "https://thebettingexchange.in/?path=/home/e9ohhh9viiv2/public_html/cricketbetstips.com" "Mozilla/5.0 AppleWebKit/537.36 (KHTML, like Gecko; compatible; GPTBot/1.3; +https://openai.com/gptbot)" 470 **0/470916**
57.141.2.53 - - [14/Mar/2026:05:13:09 -0700] "GET /items/1264780450 HTTP/2.0" 403 97145 "-" "meta-externalagent/1.1 (+https://developers.facebook.com/docs/sharing/webmasters/crawler)" 835 **0/835241**
74.7.241.15 - - [14/Mar/2026:05:13:10 -0700] "GET /?path=//lib64/apache2 HTTP/2.0" 200 2547 "https://thebettingexchange.in/?path=//lib64" "Mozilla/5.0 AppleWebKit/537.36 (KHTML, like Gecko; compatible; GPTBot/1.3; +https://openai.com/gptbot)" 474 **0/474877**
57.141.2.44 - - [14/Mar/2026:05:13:10 -0700] "GET /items/2313014364 HTTP/2.0" 403 97145 "-" "meta-externalagent/1.1 (+https://developers.facebook.com/docs/sharing/webmasters/crawler)" 852 **0/852915**
57.141.2.52 - - [14/Mar/2026:05:13:10 -0700] "GET /items/2525032963 HTTP/2.0" 403 97145 "-" "meta-externalagent/1.1 (+https://developers.facebook.com/docs/sharing/webmasters/crawler)" 820 **0/820527**
74.7.241.15 - - [14/Mar/2026:05:13:11 -0700] "GET /?path=//lib64/icinga2 HTTP/2.0" 200 2549 "https://thebettingexchange.in/?path=//lib64" "Mozilla/5.0 AppleWebKit/537.36 (KHTML, like Gecko; compatible; GPTBot/1.3; +https://openai.com/gptbot)" 470 **0/470276**
57.141.2.53 - - [14/Mar/2026:05:13:11 -0700] "GET /items/3621463263 HTTP/2.0" 403 97145 "-" "meta-externalagent/1.1 (+https://developers.facebook.com/docs/sharing/webmasters/crawler)" 819 **0/819126**
57.141.2.20 - - [14/Mar/2026:05:13:11 -0700] "GET /items/3098586872 HTTP/2.0" 403 97145 "-" "meta-externalagent/1.1 (+https://developers.facebook.com/docs/sharing/webmasters/crawler)" 843 **0/843621**
74.7.241.15 - - [14/Mar/2026:05:13:12 -0700] "GET /?path=/home/e9ohhh9viiv2/public_html/germanybettingexchange.com/cgi-bin HTTP/2.0" 200 2339 "https://thebettingexchange.in/?path=/home/e9ohhh9viiv2/public_html/germanybettingexchange.com" "Mozilla/5.0 AppleWebKit/537.36 (KHTML, like Gecko; compatible; GPTBot/1.3; +https://openai.com/gptbot)" 478 **0/478122**
57.141.2.69 - - [14/Mar/2026:05:13:12 -0700] "GET /items/1787335383 HTTP/2.0" 403 97145 "-" "meta-externalagent/1.1 (+https://developers.facebook.com/docs/sharing/webmasters/crawler)" 830 **0/830645**
74.7.241.15 - - [14/Mar/2026:05:13:12 -0700] "GET /?path=//lib64/python3.8/xmlrpc HTTP/2.0" 200 2712 "https://thebettingexchange.in/?path=//lib64/python3.8" "Mozilla/5.0 AppleWebKit/537.36 (KHTML, like Gecko; compatible; GPTBot/1.3; +https://openai.com/gptbot)" 489 **0/489602**
57.141.2.59 - - [14/Mar/2026:05:13:12 -0700] "GET /items/2548002472 HTTP/2.0" 403 97145 "-" "meta-externalagent/1.1 (+https://developers.facebook.com/docs/sharing/webmasters/crawler)" 865 **0/865872**
57.141.2.45 - - [14/Mar/2026:05:13:13 -0700] "GET /items/317559149 HTTP/2.0" 403 97145 "-" "meta-externalagent/1.1 (+https://developers.facebook.com/docs/sharing/webmasters/crawler)" 822 **0/822528**
74.7.241.15 - - [14/Mar/2026:05:13:13 -0700] "GET /?fileloc=//lib64/python3.6/warnings.py&path=//lib64/python3.6 HTTP/2.0" 200 7321 "https://thebettingexchange.in/?path=//lib64/python3.6" "Mozilla/5.0 AppleWebKit/537.36 (KHTML, like Gecko; compatible; GPTBot/1.3; +https://openai.com/gptbot)" 495 **0/495272**
57.141.2.22 - - [14/Mar/2026:05:13:13 -0700] "GET /items/1343407779 HTTP/2.0" 403 97145 "-" "meta-externalagent/1.1 (+https://developers.facebook.com/docs/sharing/webmasters/crawler)" 839 **0/839632**
74.7.241.15 - - [14/Mar/2026:05:13:14 -0700] "GET /?fileloc=//lib64/python2.7/HTMLParser.py&path=//lib64/python2.7 HTTP/2.0" 200 6900 "https://thebettingexchange.in/?path=//lib64/python2.7" "Mozilla/5.0 AppleWebKit/537.36 (KHTML, like Gecko; compatible; GPTBot/1.3; +https://openai.com/gptbot)" 486 **0/486772**
57.141.2.25 - - [14/Mar/2026:05:13:14 -0700] "GET /items/3122508202 HTTP/2.0" 403 97145 "-" "meta-externalagent/1.1 (+https://developers.facebook.com/docs/sharing/webmasters/crawler)" 822 **0/822500**
57.141.2.64 - - [14/Mar/2026:05:13:14 -0700] "GET /items/3405205799 HTTP/2.0" 403 97145 "-" "meta-externalagent/1.1 (+https://developers.facebook.com/docs/sharing/webmasters/crawler)" 861 **0/861385**
74.7.241.15 - - [14/Mar/2026:05:13:15 -0700] "GET /?fileloc=//lib64/python2.7/xmllib.py&path=//lib64/python2.7 HTTP/2.0" 200 9903 "https://thebettingexchange.in/?path=//lib64/python2.7" "Mozilla/5.0 AppleWebKit/537.36 (KHTML, like Gecko; compatible; GPTBot/1.3; +https://openai.com/gptbot)" 485 **0/485158**
57.141.2.49 - - [14/Mar/2026:05:13:15 -0700] "GET /items/2724855952 HTTP/2.0" 403 97145 "-" "meta-externalagent/1.1 (+https://developers.facebook.com/docs/sharing/webmasters/crawler)" 843 **0/843973**
57.141.2.46 - - [14/Mar/2026:05:13:15 -0700] "GET /items/1056981763 HTTP/2.0" 403 97145 "-" "meta-externalagent/1.1 (+https://developers.facebook.com/docs/sharing/webmasters/crawler)" 821 **0/821296**
74.7.241.15 - - [14/Mar/2026:05:13:16 -0700] "GET /?fileloc=//lib64/python3.8/binhex.py&path=//lib64/python3.8 HTTP/2.0" 200 6105 "https://thebettingexchange.in/?path=//lib64/python3.8" "Mozilla/5.0 AppleWebKit/537.36 (KHTML, like Gecko; compatible; GPTBot/1.3; +https://openai.com/gptbot)" 482 **0/482464**
57.141.2.53 - - [14/Mar/2026:05:13:16 -0700] "GET /items/907025017 HTTP/2.0" 403 97145 "-" "meta-externalagent/1.1 (+https://developers.facebook.com/docs/sharing/webmasters/crawler)" 825 **0/825439**
74.7.241.15 - - [14/Mar/2026:05:13:16 -0700] "GET /?fileloc=//lib64/python3.8/keyword.py&path=//lib64/python3.8 HTTP/2.0" 200 2689 "https://thebettingexchange.in/?path=//lib64/python3.8" "Mozilla/5.0 AppleWebKit/537.36 (KHTML, like Gecko; compatible; GPTBot/1.3; +https://openai.com/gptbot)" 478 **0/478466**
57.141.2.14 - - [14/Mar/2026:05:13:16 -0700] "GET /items/889302208 HTTP/2.0" 403 97145 "-" "meta-externalagent/1.1 (+https://developers.facebook.com/docs/sharing/webmasters/crawler)" 857 **0/857694**
57.141.2.21 - - [14/Mar/2026:05:13:17 -0700] "GET /items/1568053851 HTTP/2.0" 403 97145 "-" "meta-externalagent/1.1 (+https://developers.facebook.com/docs/sharing/webmasters/crawler)" 826 **0/826136**
74.7.241.15 - - [14/Mar/2026:05:13:17 -0700] "GET /?fileloc=//lib64/python3.6/this.py&path=//lib64/python3.6 HTTP/2.0" 200 2824 "https://thebettingexchange.in/?path=//lib64/python3.6" "Mozilla/5.0 AppleWebKit/537.36 (KHTML, like Gecko; compatible; GPTBot/1.3; +https://openai.com/gptbot)" 486 **0/486591**
57.141.2.49 - - [14/Mar/2026:05:13:17 -0700] "GET /items/4043886281 HTTP/2.0" 403 97145 "-" "meta-externalagent/1.1 (+https://developers.facebook.com/docs/sharing/webmasters/crawler)" 858 **0/858264**
74.7.241.15 - - [14/Mar/2026:05:13:18 -0700] "GET /?path=//lib64/python3.8/__pycache__ HTTP/2.0" 200 12360 "https://thebettingexchange.in/?path=//lib64/python3.8" "Mozilla/5.0 AppleWebKit/537.36 (KHTML, like Gecko; compatible; GPTBot/1.3; +https://openai.com/gptbot)" 499 **0/499546**
57.141.2.1 - - [14/Mar/2026:05:13:18 -0700] "GET /items/2081840444 HTTP/2.0" 403 97145 "-" "meta-externalagent/1.1 (+https://developers.facebook.com/docs/sharing/webmasters/crawler)" 840 **0/840302**
57.141.2.16 - - [14/Mar/2026:05:13:18 -0700] "GET /items/3117905108 HTTP/2.0" 403 97145 "-" "meta-externalagent/1.1 (+https://developers.facebook.com/docs/sharing/webmasters/crawler)" 845 **0/845155**
74.7.241.15 - - [14/Mar/2026:05:13:19 -0700] "GET /?path=//lib64/python3.6/__pycache__ HTTP/2.0" 200 12160 "https://thebettingexchange.in/?path=//lib64/python3.6" "Mozilla/5.0 AppleWebKit/537.36 (KHTML, like Gecko; compatible; GPTBot/1.3; +https://openai.com/gptbot)" 516 **0/516616**
57.141.2.49 - - [14/Mar/2026:05:13:19 -0700] "GET /items/3793564416 HTTP/2.0" 403 97145 "-" "meta-externalagent/1.1 (+https://developers.facebook.com/docs/sharing/webmasters/crawler)" 827 **0/827052**
74.7.241.15 - - [14/Mar/2026:05:13:19 -0700] "GET /?path=/home/e9ohhh9viiv2/public_html/bettingexchangeonline.com/.well-known/acme-challenge HTTP/2.0" 200 2357 "https://thebettingexchange.in/?path=/home/e9ohhh9viiv2/public_html/bettingexchangeonline.com/.well-known" "Mozilla/5.0 AppleWebKit/537.36 (KHTML, like Gecko; compatible; GPTBot/1.3; +https://openai.com/gptbot)" 478 **0/478129**
57.141.2.36 - - [14/Mar/2026:05:13:19 -0700] "GET /items/2996700958 HTTP/2.0" 403 97145 "-" "meta-externalagent/1.1 (+https://developers.facebook.com/docs/sharing/webmasters/crawler)" 815 **0/815970**
57.141.2.17 - - [14/Mar/2026:05:13:20 -0700] "GET /items/51901151 HTTP/2.0" 403 97145 "-" "meta-externalagent/1.1 (+https://developers.facebook.com/docs/sharing/webmasters/crawler)" 861 **0/861457**
74.7.241.15 - - [14/Mar/2026:05:13:20 -0700] "GET /?path=/home/e9ohhh9viiv2/public_html/onlinebettingexchange.in/.well-known/acme-challenge HTTP/2.0" 200 2358 "https://thebettingexchange.in/?path=/home/e9ohhh9viiv2/public_html/onlinebettingexchange.in/.well-known" "Mozilla/5.0 AppleWebKit/537.36 (KHTML, like Gecko; compatible; GPTBot/1.3; +https://openai.com/gptbot)" 491 **0/491460**
57.141.2.38 - - [14/Mar/2026:05:13:20 -0700] "GET /items/3869407230 HTTP/2.0" 403 97145 "-" "meta-externalagent/1.1 (+https://developers.facebook.com/docs/sharing/webmasters/crawler)" 856 **0/856161**
74.7.241.15 - - [14/Mar/2026:05:13:21 -0700] "GET /?path=/home/e9ohhh9viiv2/public_html/portugalbettingexchange.com/cgi-bin HTTP/2.0" 200 2342 "https://thebettingexchange.in/?path=/home/e9ohhh9viiv2/public_html/portugalbettingexchange.com" "Mozilla/5.0 AppleWebKit/537.36 (KHTML, like Gecko; compatible; GPTBot/1.3; +https://openai.com/gptbot)" 502 **0/502330**
57.141.2.63 - - [14/Mar/2026:05:13:21 -0700] "GET /items/4192853046 HTTP/2.0" 403 97145 "-" "meta-externalagent/1.1 (+https://developers.facebook.com/docs/sharing/webmasters/crawler)" 835 **0/835497**
57.141.2.35 - - [14/Mar/2026:05:13:21 -0700] "GET /items/566491293 HTTP/2.0" 403 97145 "-" "meta-externalagent/1.1 (+https://developers.facebook.com/docs/sharing/webmasters/crawler)" 827 **0/827257**
74.7.241.15 - - [14/Mar/2026:05:13:22 -0700] "GET /?path=/home/e9ohhh9viiv2/public_html/bestsportsbettingexchanges.com/.tmb HTTP/2.0" 200 2602 "https://thebettingexchange.in/?path=/home/e9ohhh9viiv2/public_html/bestsportsbettingexchanges.com" "Mozilla/5.0 AppleWebKit/537.36 (KHTML, like Gecko; compatible; GPTBot/1.3; +https://openai.com/gptbot)" 474 **0/474114**
57.141.2.1 - - [14/Mar/2026:05:13:22 -0700] "GET /items/2365598113 HTTP/2.0" 403 97145 "-" "meta-externalagent/1.1 (+https://developers.facebook.com/docs/sharing/webmasters/crawler)" 836 **0/836852**
74.7.241.15 - - [14/Mar/2026:05:13:23 -0700] "GET /?path=/home/e9ohhh9viiv2/public_html/orangecapinipl.in HTTP/2.0" 200 3459 "https://thebettingexchange.in/?p=5077" "Mozilla/5.0 AppleWebKit/537.36 (KHTML, like Gecko; compatible; GPTBot/1.3; +https://openai.com/gptbot)" 482 **0/482754**
57.141.2.51 - - [14/Mar/2026:05:13:22 -0700] "GET /items/4163127281 HTTP/2.0" 403 97145 "-" "meta-externalagent/1.1 (+https://developers.facebook.com/docs/sharing/webmasters/crawler)" 839 **0/839486**
57.141.2.54 - - [14/Mar/2026:05:13:23 -0700] "GET /items/1833534675 HTTP/2.0" 403 97145 "-" "meta-externalagent/1.1 (+https://developers.facebook.com/docs/sharing/webmasters/crawler)" 822 **0/822793**
74.7.241.15 - - [14/Mar/2026:05:13:23 -0700] "GET /?fileloc=//lib64/libcupsmime.so.1&path=//lib64 HTTP/2.0" 200 2255 "https://thebettingexchange.in/?path=//lib64" "Mozilla/5.0 AppleWebKit/537.36 (KHTML, like Gecko; compatible; GPTBot/1.3; +https://openai.com/gptbot)" 479 **0/479071**
57.141.2.12 - - [14/Mar/2026:05:13:23 -0700] "GET /items/1861460813 HTTP/2.0" 403 97145 "-" "meta-externalagent/1.1 (+https://developers.facebook.com/docs/sharing/webmasters/crawler)" 834 **0/834755**
57.141.2.51 - - [14/Mar/2026:05:13:24 -0700] "GET /items/3262884249 HTTP/2.0" 403 97145 "-" "meta-externalagent/1.1 (+https://developers.facebook.com/docs/sharing/webmasters/crawler)" 843 **0/843779**
74.7.241.15 - - [14/Mar/2026:05:13:24 -0700] "GET /?path=/home/e9ohhh9viiv2/public_html/iplwinnerlist.com/.tmb HTTP/2.0" 200 2335 "https://thebettingexchange.in/?path=/home/e9ohhh9viiv2/public_html/iplwinnerlist.com" "Mozilla/5.0 AppleWebKit/537.36 (KHTML, like Gecko; compatible; GPTBot/1.3; +https://openai.com/gptbot)" 481 **0/481584**
57.141.2.60 - - [14/Mar/2026:05:13:24 -0700] "GET /items/382874816 HTTP/2.0" 403 97145 "-" "meta-externalagent/1.1 (+https://developers.facebook.com/docs/sharing/webmasters/crawler)" 823 **0/823551**
74.7.241.15 - - [14/Mar/2026:05:13:25 -0700] "GET /?path=/home/e9ohhh9viiv2/public_html/bettingexchangesite.org/images HTTP/2.0" 200 2711 "https://thebettingexchange.in/?path=/home/e9ohhh9viiv2/public_html/bettingexchangesite.org" "Mozilla/5.0 AppleWebKit/537.36 (KHTML, like Gecko; compatible; GPTBot/1.3; +https://openai.com/gptbot)" 492 **0/492864**
57.141.2.35 - - [14/Mar/2026:05:13:25 -0700] "GET /items/3974544280 HTTP/2.0" 403 97145 "-" "meta-externalagent/1.1 (+https://developers.facebook.com/docs/sharing/webmasters/crawler)" 831 **0/831636**
216.73.216.129 - - [14/Mar/2026:05:13:25 -0700] "GET /beste-casinos-mrbet-no-deposit-bonus-50-kostenlose-spins-exklusive-einzahlungsbonus-in-brd-2026-vollstandige-aktualisierte-verzeichnis/feed HTTP/2.0" 200 4197 "-" "Mozilla/5.0 AppleWebKit/537.36 (KHTML, like Gecko; compatible; ClaudeBot/1.0; +claudebot@anthropic.com)" 483 **0/483957**
57.141.2.64 - - [14/Mar/2026:05:13:25 -0700] "GET /items/3888740426 HTTP/2.0" 403 97145 "-" "meta-externalagent/1.1 (+https://developers.facebook.com/docs/sharing/webmasters/crawler)" 815 **0/815641**
74.7.241.15 - - [14/Mar/2026:05:13:26 -0700] "GET /?path=/home/e9ohhh9viiv2/public_html/bettingexchangeonline.com/62e17e43 HTTP/2.0" 200 2604 "https://thebettingexchange.in/?path=/home/e9ohhh9viiv2/public_html/bettingexchangeonline.com" "Mozilla/5.0 AppleWebKit/537.36 (KHTML, like Gecko; compatible; GPTBot/1.3; +https://openai.com/gptbot)" 480 **0/480726**
57.141.2.49 - - [14/Mar/2026:05:13:26 -0700] "GET /items/522938691 HTTP/2.0" 403 97145 "-" "meta-externalagent/1.1 (+https://developers.facebook.com/docs/sharing/webmasters/crawler)" 833 **0/833412**
74.7.241.15 - - [14/Mar/2026:05:13:27 -0700] "GET /?fileloc=//lib64/python3.8/__pycache__/inspect.cpython-38.opt-1.pyc&path=//lib64/python3.8/__pycache__ HTTP/2.0" 200 2292 "https://thebettingexchange.in/?path=//lib64/python3.8/__pycache__" "Mozilla/5.0 AppleWebKit/537.36 (KHTML, like Gecko; compatible; GPTBot/1.3; +https://openai.com/gptbot)" 486 **0/486668**
57.141.2.71 - - [14/Mar/2026:05:13:26 -0700] "GET /items/3797785417 HTTP/2.0" 403 97145 "-" "meta-externalagent/1.1 (+https://developers.facebook.com/docs/sharing/webmasters/crawler)" 822 **0/822924**
57.141.2.69 - - [14/Mar/2026:05:13:27 -0700] "GET /items/2678588516 HTTP/2.0" 403 97145 "-" "meta-externalagent/1.1 (+https://developers.facebook.com/docs/sharing/webmasters/crawler)" 818 **0/818532**
74.7.241.15 - - [14/Mar/2026:05:13:27 -0700] "GET /?fileloc=//lib64/python3.6/__pycache__/colorsys.cpython-36.pyc&path=//lib64/python3.6/__pycache__ HTTP/2.0" 200 2289 "https://thebettingexchange.in/?path=//lib64/python3.6/__pycache__" "Mozilla/5.0 AppleWebKit/537.36 (KHTML, like Gecko; compatible; GPTBot/1.3; +https://openai.com/gptbot)" 480 **0/480752**
57.141.2.33 - - [14/Mar/2026:05:13:27 -0700] "GET /items/700327977 HTTP/2.0" 403 97145 "-" "meta-externalagent/1.1 (+https://developers.facebook.com/docs/sharing/webmasters/crawler)" 829 **0/829660**
74.7.241.15 - - [14/Mar/2026:05:13:28 -0700] "GET /?fileloc=//lib64/python3.6/__pycache__/filecmp.cpython-36.opt-2.pyc&path=//lib64/python3.6/__pycache__ HTTP/2.0" 200 2291 "https://thebettingexchange.in/?path=//lib64/python3.6/__pycache__" "Mozilla/5.0 AppleWebKit/537.36 (KHTML, like Gecko; compatible; GPTBot/1.3; +https://openai.com/gptbot)" 493 **0/493911**
57.141.2.71 - - [14/Mar/2026:05:13:28 -0700] "GET /items/956365184 HTTP/2.0" 403 97145 "-" "meta-externalagent/1.1 (+https://developers.facebook.com/docs/sharing/webmasters/crawler)" 825 **0/825297**
57.141.2.19 - - [14/Mar/2026:05:13:28 -0700] "GET /items/4280473411 HTTP/2.0" 403 97145 "-" "meta-externalagent/1.1 (+https://developers.facebook.com/docs/sharing/webmasters/crawler)" 820 **0/820793**
57.141.2.39 - - [14/Mar/2026:05:13:28 -0700] "GET /items/1839189909 HTTP/2.0" 403 97145 "-" "meta-externalagent/1.1 (+https://developers.facebook.com/docs/sharing/webmasters/crawler)" 842 **0/842825**
74.7.241.15 - - [14/Mar/2026:05:13:29 -0700] "GET /?fileloc=//lib64/python3.6/__pycache__/zipapp.cpython-36.opt-1.pyc&path=//lib64/python3.6/__pycache__ HTTP/2.0" 200 2292 "https://thebettingexchange.in/?path=//lib64/python3.6/__pycache__" "Mozilla/5.0 AppleWebKit/537.36 (KHTML, like Gecko; compatible; GPTBot/1.3; +https://openai.com/gptbot)" 491 **0/491876**
57.141.2.59 - - [14/Mar/2026:05:13:29 -0700] "GET /items/3311023059 HTTP/2.0" 403 97145 "-" "meta-externalagent/1.1 (+https://developers.facebook.com/docs/sharing/webmasters/crawler)" 843 **0/843610**
74.7.241.15 - - [14/Mar/2026:05:13:30 -0700] "GET /?fileloc=//lib64/python3.8/__pycache__/configparser.cpython-38.opt-1.pyc&path=//lib64/python3.8/__pycache__ HTTP/2.0" 200 2293 "https://thebettingexchange.in/?path=//lib64/python3.8/__pycache__" "Mozilla/5.0 AppleWebKit/537.36 (KHTML, like Gecko; compatible; GPTBot/1.3; +https://openai.com/gptbot)" 480 **0/480704**
57.141.2.31 - - [14/Mar/2026:05:13:30 -0700] "GET /items/1349594307 HTTP/2.0" 403 97145 "-" "meta-externalagent/1.1 (+https://developers.facebook.com/docs/sharing/webmasters/crawler)" 836 **0/836314**
74.7.241.15 - - [14/Mar/2026:05:13:31 -0700] "GET /?path=//lib64/tk8.6 HTTP/2.0" 200 2572 "https://thebettingexchange.in/?path=//lib64" "Mozilla/5.0 AppleWebKit/537.36 (KHTML, like Gecko; compatible; GPTBot/1.3; +https://openai.com/gptbot)" 483 **0/483534**
57.141.2.50 - - [14/Mar/2026:05:13:30 -0700] "GET /items/1297643526 HTTP/2.0" 403 97145 "-" "meta-externalagent/1.1 (+https://developers.facebook.com/docs/sharing/webmasters/crawler)" 853 **0/853845**
57.141.2.35 - - [14/Mar/2026:05:13:31 -0700] "GET /items/169398726 HTTP/2.0" 403 97145 "-" "meta-externalagent/1.1 (+https://developers.facebook.com/docs/sharing/webmasters/crawler)" 804 **0/804538**
74.7.241.15 - - [14/Mar/2026:05:13:31 -0700] "GET /?fileloc=/home/e9ohhh9viiv2/public_html/orangecapinipl.in/ads.txt&path=/home/e9ohhh9viiv2/public_html/orangecapinipl.in HTTP/2.0" 200 2320 "https://thebettingexchange.in/?path=/home/e9ohhh9viiv2/public_html/orangecapinipl.in" "Mozilla/5.0 AppleWebKit/537.36 (KHTML, like Gecko; compatible; GPTBot/1.3; +https://openai.com/gptbot)" 475 **0/475621**
57.141.2.71 - - [14/Mar/2026:05:13:31 -0700] "GET /items/426844170 HTTP/2.0" 403 97145 "-" "meta-externalagent/1.1 (+https://developers.facebook.com/docs/sharing/webmasters/crawler)" 820 **0/820551**
57.141.2.61 - - [14/Mar/2026:05:13:32 -0700] "GET /items/2799892392 HTTP/2.0" 403 97145 "-" "meta-externalagent/1.1 (+https://developers.facebook.com/docs/sharing/webmasters/crawler)" 838 **0/838381**
74.7.241.15 - - [14/Mar/2026:05:13:32 -0700] "GET /?fileloc=/home/e9ohhh9viiv2/public_html/orangecapinipl.in/error_log&path=/home/e9ohhh9viiv2/public_html/orangecapinipl.in HTTP/2.0" 200 11524 "https://thebettingexchange.in/?path=/home/e9ohhh9viiv2/public_html/orangecapinipl.in" "Mozilla/5.0 AppleWebKit/537.36 (KHTML, like Gecko; compatible; GPTBot/1.3; +https://openai.com/gptbot)" 490 **0/490683**
57.141.2.6 - - [14/Mar/2026:05:13:33 -0700] "GET /items/1363532373 HTTP/2.0" 403 97145 "-" "meta-externalagent/1.1 (+https://developers.facebook.com/docs/sharing/webmasters/crawler)" 814 **0/814298**
57.141.2.27 - - [14/Mar/2026:05:13:33 -0700] "GET /items/293833928 HTTP/2.0" 403 97145 "-" "meta-externalagent/1.1 (+https://developers.facebook.com/docs/sharing/webmasters/crawler)" 871 **0/871995**
74.7.241.15 - - [14/Mar/2026:05:13:33 -0700] "GET /?path=/home/e9ohhh9viiv2/public_html/orangecapinipl.in/.tmb HTTP/2.0" 200 2334 "https://thebettingexchange.in/?path=/home/e9ohhh9viiv2/public_html/orangecapinipl.in" "Mozilla/5.0 AppleWebKit/537.36 (KHTML, like Gecko; compatible; GPTBot/1.3; +https://openai.com/gptbot)" 468 **0/468881**
74.7.241.15 - - [14/Mar/2026:05:13:34 -0700] "GET /?path=/home/e9ohhh9viiv2/public_html/orangecapinipl.in/cgi-bin HTTP/2.0" 200 2335 "https://thebettingexchange.in/?path=/home/e9ohhh9viiv2/public_html/orangecapinipl.in" "Mozilla/5.0 AppleWebKit/537.36 (KHTML, like Gecko; compatible; GPTBot/1.3; +https://openai.com/gptbot)" 476 **0/476764**
57.141.2.49 - - [14/Mar/2026:05:13:34 -0700] "GET /items/200921268 HTTP/2.0" 403 97145 "-" "meta-externalagent/1.1 (+https://developers.facebook.com/docs/sharing/webmasters/crawler)" 845 **0/845009**
57.141.2.64 - - [14/Mar/2026:05:13:34 -0700] "GET /items/1420521287 HTTP/2.0" 403 97145 "-" "meta-externalagent/1.1 (+https://developers.facebook.com/docs/sharing/webmasters/crawler)" 828 **0/828611**
74.7.241.15 - - [14/Mar/2026:05:13:35 -0700] "GET /?path=/home/e9ohhh9viiv2/public_html/iplwinnerslist.in HTTP/2.0" 200 3417 "https://thebettingexchange.in/?p=5077" "Mozilla/5.0 AppleWebKit/537.36 (KHTML, like Gecko; compatible; GPTBot/1.3; +https://openai.com/gptbot)" 482 **0/482163**
57.141.2.52 - - [14/Mar/2026:05:13:34 -0700] "GET /items/4011618203 HTTP/2.0" 403 97145 "-" "meta-externalagent/1.1 (+https://developers.facebook.com/docs/sharing/webmasters/crawler)" 859 **0/859304**
57.141.2.65 - - [14/Mar/2026:05:13:35 -0700] "GET /items/2335913095 HTTP/2.0" 403 97145 "-" "meta-externalagent/1.1 (+https://developers.facebook.com/docs/sharing/webmasters/crawler)" 821 **0/821040**
74.7.241.15 - - [14/Mar/2026:05:13:35 -0700] "GET /?path=/home/e9ohhh9viiv2/public_html/todaysiplmatch.in HTTP/2.0" 200 3621 "https://thebettingexchange.in/?p=5077" "Mozilla/5.0 AppleWebKit/537.36 (KHTML, like Gecko; compatible; GPTBot/1.3; +https://openai.com/gptbot)" 494 **0/494732**
57.141.2.67 - - [14/Mar/2026:05:13:35 -0700] "GET /items/1562089441 HTTP/2.0" 403 97145 "-" "meta-externalagent/1.1 (+https://developers.facebook.com/docs/sharing/webmasters/crawler)" 819 **0/819938**
57.141.2.31 - - [14/Mar/2026:05:13:36 -0700] "GET /items/2997232252 HTTP/2.0" 403 97145 "-" "meta-externalagent/1.1 (+https://developers.facebook.com/docs/sharing/webmasters/crawler)" 862 **0/862329**
74.7.241.15 - - [14/Mar/2026:05:13:36 -0700] "GET /?path=/home/e9ohhh9viiv2/public_html/images HTTP/2.0" 200 2626 "https://thebettingexchange.in/?p=5077" "Mozilla/5.0 AppleWebKit/537.36 (KHTML, like Gecko; compatible; GPTBot/1.3; +https://openai.com/gptbot)" 478 **0/478072**
57.141.2.70 - - [14/Mar/2026:05:13:36 -0700] "GET /items/2529089977 HTTP/2.0" 403 97145 "-" "meta-externalagent/1.1 (+https://developers.facebook.com/docs/sharing/webmasters/crawler)" 848 **0/848588**
74.7.227.158 - - [14/Mar/2026:05:13:37 -0700] "GET /trendy-fruit-ranch-slot-comment-over-help-guide-to-has-rtp-and-play/ HTTP/2.0" 431 313 "https://indiabettingexchange.in/?p=224676" "Mozilla/5.0 AppleWebKit/537.36 (KHTML, like Gecko; compatible; GPTBot/1.3; +https://openai.com/gptbot)" 0 **0/933**
74.7.241.15 - - [14/Mar/2026:05:13:37 -0700] "GET /?path=/home/e9ohhh9viiv2/public_html/todayiplmatches.in HTTP/2.0" 200 2758 "https://thebettingexchange.in/?p=5077" "Mozilla/5.0 AppleWebKit/537.36 (KHTML, like Gecko; compatible; GPTBot/1.3; +https://openai.com/gptbot)" 478 **0/478027**
57.141.2.49 - - [14/Mar/2026:05:13:37 -0700] "GET /items/1076411665 HTTP/2.0" 403 97145 "-" "meta-externalagent/1.1 (+https://developers.facebook.com/docs/sharing/webmasters/crawler)" 829 **0/829211**
57.141.2.65 - - [14/Mar/2026:05:13:37 -0700] "GET /items/3503166356 HTTP/2.0" 403 97145 "-" "meta-externalagent/1.1 (+https://developers.facebook.com/docs/sharing/webmasters/crawler)" 815 **0/815661**
74.7.241.15 - - [14/Mar/2026:05:13:38 -0700] "GET /?path=/home/e9ohhh9viiv2/public_html/bettingexchangesite.org/cgi-bin HTTP/2.0" 200 2669 "https://thebettingexchange.in/?path=/home/e9ohhh9viiv2/public_html/bettingexchangesite.org" "Mozilla/5.0 AppleWebKit/537.36 (KHTML, like Gecko; compatible; GPTBot/1.3; +https://openai.com/gptbot)" 487 **0/487083**
57.141.2.21 - - [14/Mar/2026:05:13:38 -0700] "GET /items/3600970898 HTTP/2.0" 403 97145 "-" "meta-externalagent/1.1 (+https://developers.facebook.com/docs/sharing/webmasters/crawler)" 816 **0/816260**
74.7.241.15 - - [14/Mar/2026:05:13:39 -0700] "GET /?path=//lib64/perl5/sys HTTP/2.0" 200 2877 "https://thebettingexchange.in/?path=//lib64/perl5" "Mozilla/5.0 AppleWebKit/537.36 (KHTML, like Gecko; compatible; GPTBot/1.3; +https://openai.com/gptbot)" 483 **0/483673**
57.141.2.35 - - [14/Mar/2026:05:13:38 -0700] "GET /items/810228342 HTTP/2.0" 403 97145 "-" "meta-externalagent/1.1 (+https://developers.facebook.com/docs/sharing/webmasters/crawler)" 840 **0/840634**
57.141.2.56 - - [14/Mar/2026:05:13:39 -0700] "GET /items/3723223624 HTTP/2.0" 403 97145 "-" "meta-externalagent/1.1 (+https://developers.facebook.com/docs/sharing/webmasters/crawler)" 845 **0/845565**
74.7.241.15 - - [14/Mar/2026:05:13:39 -0700] "GET /?path=//lib64/perl5/asm HTTP/2.0" 200 2952 "https://thebettingexchange.in/?path=//lib64/perl5" "Mozilla/5.0 AppleWebKit/537.36 (KHTML, like Gecko; compatible; GPTBot/1.3; +https://openai.com/gptbot)" 499 **0/499186**
57.141.2.1 - - [14/Mar/2026:05:13:39 -0700] "GET /items/1618489342 HTTP/2.0" 403 97145 "-" "meta-externalagent/1.1 (+https://developers.facebook.com/docs/sharing/webmasters/crawler)" 871 **0/871729**
57.141.2.2 - - [14/Mar/2026:05:13:40 -0700] "GET /items/4118758750 HTTP/2.0" 403 97145 "-" "meta-externalagent/1.1 (+https://developers.facebook.com/docs/sharing/webmasters/crawler)" 832 **0/832849**
74.7.241.15 - - [14/Mar/2026:05:13:40 -0700] "GET /?fileloc=//lib64/python3.8/_compat_pickle.py&path=//lib64/python3.8 HTTP/2.0" 200 4658 "https://thebettingexchange.in/?path=//lib64/python3.8" "Mozilla/5.0 AppleWebKit/537.36 (KHTML, like Gecko; compatible; GPTBot/1.3; +https://openai.com/gptbot)" 483 **0/483420**
57.141.2.7 - - [14/Mar/2026:05:13:40 -0700] "GET /items/1603109285 HTTP/2.0" 403 97145 "-" "meta-externalagent/1.1 (+https://developers.facebook.com/docs/sharing/webmasters/crawler)" 834 **0/834162**
74.7.241.15 - - [14/Mar/2026:05:13:41 -0700] "GET /?path=//lib64/cmake/expat-2.5.0 HTTP/2.0" 200 2663 "https://thebettingexchange.in/?path=//lib64/cmake" "Mozilla/5.0 AppleWebKit/537.36 (KHTML, like Gecko; compatible; GPTBot/1.3; +https://openai.com/gptbot)" 474 **0/474682**
57.141.2.44 - - [14/Mar/2026:05:13:41 -0700] "GET /items/4149414970 HTTP/2.0" 403 97145 "-" "meta-externalagent/1.1 (+https://developers.facebook.com/docs/sharing/webmasters/crawler)" 817 **0/817813**
57.141.2.61 - - [14/Mar/2026:05:13:41 -0700] "GET /items/3652518762 HTTP/2.0" 403 97145 "-" "meta-externalagent/1.1 (+https://developers.facebook.com/docs/sharing/webmasters/crawler)" 816 **0/816915**
74.7.241.15 - - [14/Mar/2026:05:13:42 -0700] "GET /?fileloc=//lib64/xml2Conf.sh&path=//lib64 HTTP/2.0" 200 2393 "https://thebettingexchange.in/?path=//lib64" "Mozilla/5.0 AppleWebKit/537.36 (KHTML, like Gecko; compatible; GPTBot/1.3; +https://openai.com/gptbot)" 484 **0/484974**
57.141.2.12 - - [14/Mar/2026:05:13:42 -0700] "GET /items/1511748535 HTTP/2.0" 403 97145 "-" "meta-externalagent/1.1 (+https://developers.facebook.com/docs/sharing/webmasters/crawler)" 845 **0/845336**
74.7.241.15 - - [14/Mar/2026:05:13:43 -0700] "GET /?path=/home/e9ohhh9viiv2/public_html/purplecapinipl.in/.well-known HTTP/2.0" 200 2623 "https://thebettingexchange.in/?path=/home/e9ohhh9viiv2/public_html/purplecapinipl.in" "Mozilla/5.0 AppleWebKit/537.36 (KHTML, like Gecko; compatible; GPTBot/1.3; +https://openai.com/gptbot)" 491 **0/491179**
57.141.2.33 - - [14/Mar/2026:05:13:42 -0700] "GET /items/2175024392 HTTP/2.0" 403 97145 "-" "meta-externalagent/1.1 (+https://developers.facebook.com/docs/sharing/webmasters/crawler)" 829 **0/829729**
57.141.2.67 - - [14/Mar/2026:05:13:43 -0700] "GET /items/3140012473 HTTP/2.0" 403 97145 "-" "meta-externalagent/1.1 (+https://developers.facebook.com/docs/sharing/webmasters/crawler)" 823 **0/823391**
74.7.241.15 - - [14/Mar/2026:05:13:43 -0700] "GET /?fileloc=/home/e9ohhh9viiv2/public_html/iplwinnerslist.in/wp-trackback.php&path=/home/e9ohhh9viiv2/public_html/iplwinnerslist.in HTTP/2.0" 200 4083 "https://thebettingexchange.in/?path=/home/e9ohhh9viiv2/public_html/iplwinnerslist.in" "Mozilla/5.0 AppleWebKit/537.36 (KHTML, like Gecko; compatible; GPTBot/1.3; +https://openai.com/gptbot)" 473 **0/473274**
57.141.2.2 - - [14/Mar/2026:05:13:43 -0700] "GET /items/672881221 HTTP/2.0" 403 97145 "-" "meta-externalagent/1.1 (+https://developers.facebook.com/docs/sharing/webmasters/crawler)" 823 **0/823313**
57.141.2.67 - - [14/Mar/2026:05:13:44 -0700] "GET /items/497548204 HTTP/2.0" 403 97145 "-" "meta-externalagent/1.1 (+https://developers.facebook.com/docs/sharing/webmasters/crawler)" 820 **0/820115**
74.7.241.15 - - [14/Mar/2026:05:13:44 -0700] "GET /?path=/home/e9ohhh9viiv2/public_html/todaysiplmatch.in/.tmb HTTP/2.0" 200 2334 "https://thebettingexchange.in/?path=/home/e9ohhh9viiv2/public_html/todaysiplmatch.in" "Mozilla/5.0 AppleWebKit/537.36 (KHTML, like Gecko; compatible; GPTBot/1.3; +https://openai.com/gptbot)" 469 **0/469190**
57.141.2.27 - - [14/Mar/2026:05:13:44 -0700] "GET /items/3137588275 HTTP/2.0" 403 97145 "-" "meta-externalagent/1.1 (+https://developers.facebook.com/docs/sharing/webmasters/crawler)" 825 **0/825257**
74.7.241.15 - - [14/Mar/2026:05:13:45 -0700] "GET /?path=/home/e9ohhh9viiv2/public_html/iplwinnerslist.in/cgi-bin HTTP/2.0" 200 2337 "https://thebettingexchange.in/?path=/home/e9ohhh9viiv2/public_html/iplwinnerslist.in" "Mozilla/5.0 AppleWebKit/537.36 (KHTML, like Gecko; compatible; GPTBot/1.3; +https://openai.com/gptbot)" 480 **0/480067**
57.141.2.61 - - [14/Mar/2026:05:13:45 -0700] "GET /items/4067205761 HTTP/2.0" 403 97145 "-" "meta-externalagent/1.1 (+https://developers.facebook.com/docs/sharing/webmasters/crawler)" 819 **0/819272**
57.141.2.57 - - [14/Mar/2026:05:13:45 -0700] "GET /items/2600299193 HTTP/2.0" 403 97145 "-" "meta-externalagent/1.1 (+https://developers.facebook.com/docs/sharing/webmasters/crawler)" 823 **0/823443**
74.7.241.15 - - [14/Mar/2026:05:13:46 -0700] "GET /?path=/home/e9ohhh9viiv2/public_html/bestsportsbettingexchanges.com/cgi-bin HTTP/2.0" 200 2604 "https://thebettingexchange.in/?path=/home/e9ohhh9viiv2/public_html/bestsportsbettingexchanges.com" "Mozilla/5.0 AppleWebKit/537.36 (KHTML, like Gecko; compatible; GPTBot/1.3; +https://openai.com/gptbot)" 474 **0/474026**
57.141.2.46 - - [14/Mar/2026:05:13:46 -0700] "GET /items/370543995 HTTP/2.0" 403 97145 "-" "meta-externalagent/1.1 (+https://developers.facebook.com/docs/sharing/webmasters/crawler)" 835 **0/835108**
74.7.241.15 - - [14/Mar/2026:05:13:46 -0700] "GET /?path=/home/e9ohhh9viiv2/public_html/sportsbettingexchange.in/cgi-bin HTTP/2.0" 200 2337 "https://thebettingexchange.in/?path=/home/e9ohhh9viiv2/public_html/sportsbettingexchange.in" "Mozilla/5.0 AppleWebKit/537.36 (KHTML, like Gecko; compatible; GPTBot/1.3; +https://openai.com/gptbot)" 500 **0/500977**
57.141.2.59 - - [14/Mar/2026:05:13:46 -0700] "GET /items/398212853 HTTP/2.0" 403 97145 "-" "meta-externalagent/1.1 (+https://developers.facebook.com/docs/sharing/webmasters/crawler)" 823 **0/823007**
57.141.2.54 - - [14/Mar/2026:05:13:47 -0700] "GET /items/889138205 HTTP/2.0" 403 97145 "-" "meta-externalagent/1.1 (+https://developers.facebook.com/docs/sharing/webmasters/crawler)" 833 **0/833924**
74.7.241.15 - - [14/Mar/2026:05:13:47 -0700] "GET /?path=/home/e9ohhh9viiv2/public_html/.well-known/acme-challenge HTTP/2.0" 200 2595 "https://thebettingexchange.in/?path=/home/e9ohhh9viiv2/public_html/.well-known" "Mozilla/5.0 AppleWebKit/537.36 (KHTML, like Gecko; compatible; GPTBot/1.3; +https://openai.com/gptbot)" 475 **0/475160**
57.141.2.5 - - [14/Mar/2026:05:13:47 -0700] "GET /items/3556916127 HTTP/2.0" 403 97145 "-" "meta-externalagent/1.1 (+https://developers.facebook.com/docs/sharing/webmasters/crawler)" 856 **0/856543**
74.7.241.15 - - [14/Mar/2026:05:13:48 -0700] "GET /?path=//lib64/man-db HTTP/2.0" 200 2639 "https://thebettingexchange.in/?path=//lib64" "Mozilla/5.0 AppleWebKit/537.36 (KHTML, like Gecko; compatible; GPTBot/1.3; +https://openai.com/gptbot)" 484 **0/484947**
57.141.2.15 - - [14/Mar/2026:05:13:48 -0700] "GET /items/2475863409 HTTP/2.0" 403 97145 "-" "meta-externalagent/1.1 (+https://developers.facebook.com/docs/sharing/webmasters/crawler)" 846 **0/846576**
57.141.2.31 - - [14/Mar/2026:05:13:48 -0700] "GET /items/3849501101 HTTP/2.0" 403 97145 "-" "meta-externalagent/1.1 (+https://developers.facebook.com/docs/sharing/webmasters/crawler)" 825 **0/825302**
