57.141.2.69 - - [14/Mar/2026:05:19:02 -0700] "GET /items/1643365403 HTTP/2.0" 403 97145 "-" "meta-externalagent/1.1 (+https://developers.facebook.com/docs/sharing/webmasters/crawler)" 873 **0/873634**
74.7.241.15 - - [14/Mar/2026:05:19:03 -0700] "GET /?path=/home/e9ohhh9viiv2/tmp/webalizer/iplpointtables.thebettingexchange.in HTTP/2.0" 200 4334 "https://thebettingexchange.in/?path=/home/e9ohhh9viiv2/tmp/webalizer" "Mozilla/5.0 AppleWebKit/537.36 (KHTML, like Gecko; compatible; GPTBot/1.3; +https://openai.com/gptbot)" 497 **0/497720**
57.141.2.70 - - [14/Mar/2026:05:19:03 -0700] "GET /items/2829166560 HTTP/2.0" 403 97145 "-" "meta-externalagent/1.1 (+https://developers.facebook.com/docs/sharing/webmasters/crawler)" 826 **0/826075**
74.7.241.15 - - [14/Mar/2026:05:19:04 -0700] "GET /?path=/home/e9ohhh9viiv2/tmp/webalizer/orangecapinipl.thebettingexchange.in HTTP/2.0" 200 4343 "https://thebettingexchange.in/?path=/home/e9ohhh9viiv2/tmp/webalizer" "Mozilla/5.0 AppleWebKit/537.36 (KHTML, like Gecko; compatible; GPTBot/1.3; +https://openai.com/gptbot)" 484 **0/484197**
57.141.2.13 - - [14/Mar/2026:05:19:04 -0700] "GET /items/3117335844 HTTP/2.0" 403 97145 "-" "meta-externalagent/1.1 (+https://developers.facebook.com/docs/sharing/webmasters/crawler)" 824 **0/824306**
74.7.241.15 - - [14/Mar/2026:05:19:05 -0700] "GET /?path=/home/e9ohhh9viiv2/tmp/webalizer/purplecapinipl.thebettingexchange.in HTTP/2.0" 200 4331 "https://thebettingexchange.in/?path=/home/e9ohhh9viiv2/tmp/webalizer" "Mozilla/5.0 AppleWebKit/537.36 (KHTML, like Gecko; compatible; GPTBot/1.3; +https://openai.com/gptbot)" 486 **0/486337**
74.7.241.15 - - [14/Mar/2026:05:19:05 -0700] "GET /?path=/home/e9ohhh9viiv2/tmp/webalizer/ssl HTTP/2.0" 200 3248 "https://thebettingexchange.in/?path=/home/e9ohhh9viiv2/tmp/webalizer" "Mozilla/5.0 AppleWebKit/537.36 (KHTML, like Gecko; compatible; GPTBot/1.3; +https://openai.com/gptbot)" 471 **0/471473**
57.141.2.16 - - [14/Mar/2026:05:19:06 -0700] "GET /items/962734491 HTTP/2.0" 403 97145 "-" "meta-externalagent/1.1 (+https://developers.facebook.com/docs/sharing/webmasters/crawler)" 840 **0/840946**
74.7.241.15 - - [14/Mar/2026:05:19:06 -0700] "GET /?path=/home/e9ohhh9viiv2/tmp/webalizer/purplecapipl.thebettingexchange.in HTTP/2.0" 200 3804 "https://thebettingexchange.in/?path=/home/e9ohhh9viiv2/tmp/webalizer" "Mozilla/5.0 AppleWebKit/537.36 (KHTML, like Gecko; compatible; GPTBot/1.3; +https://openai.com/gptbot)" 484 **0/484354**
57.141.2.27 - - [14/Mar/2026:05:19:06 -0700] "GET /items/790955994 HTTP/2.0" 403 97145 "-" "meta-externalagent/1.1 (+https://developers.facebook.com/docs/sharing/webmasters/crawler)" 831 **0/831345**
74.7.241.15 - - [14/Mar/2026:05:19:07 -0700] "GET /?path=/home/e9ohhh9viiv2/tmp/webalizer/cricketbetstips.thebettingexchange.in HTTP/2.0" 200 4282 "https://thebettingexchange.in/?path=/home/e9ohhh9viiv2/tmp/webalizer" "Mozilla/5.0 AppleWebKit/537.36 (KHTML, like Gecko; compatible; GPTBot/1.3; +https://openai.com/gptbot)" 481 **0/481386**
74.7.241.15 - - [14/Mar/2026:05:19:08 -0700] "GET /?path=/home/e9ohhh9viiv2/tmp/webalizer/iplwinnerslist.thebettingexchange.in HTTP/2.0" 200 4279 "https://thebettingexchange.in/?path=/home/e9ohhh9viiv2/tmp/webalizer" "Mozilla/5.0 AppleWebKit/537.36 (KHTML, like Gecko; compatible; GPTBot/1.3; +https://openai.com/gptbot)" 489 **0/489723**
57.141.2.63 - - [14/Mar/2026:05:19:08 -0700] "GET /items/2758872532 HTTP/2.0" 403 97145 "-" "meta-externalagent/1.1 (+https://developers.facebook.com/docs/sharing/webmasters/crawler)" 822 **0/822816**
74.7.241.15 - - [14/Mar/2026:05:19:09 -0700] "GET /?path=/home/e9ohhh9viiv2/tmp/webalizer/todayiplmatches.thebettingexchange.in HTTP/2.0" 200 4317 "https://thebettingexchange.in/?path=/home/e9ohhh9viiv2/tmp/webalizer" "Mozilla/5.0 AppleWebKit/537.36 (KHTML, like Gecko; compatible; GPTBot/1.3; +https://openai.com/gptbot)" 492 **0/492260**
57.141.2.34 - - [14/Mar/2026:05:19:09 -0700] "GET /items/771418496 HTTP/2.0" 403 97145 "-" "meta-externalagent/1.1 (+https://developers.facebook.com/docs/sharing/webmasters/crawler)" 838 **0/838156**
74.7.241.15 - - [14/Mar/2026:05:19:09 -0700] "GET /?path=/home/e9ohhh9viiv2/tmp/webalizer/todaysiplmatch.thebettingexchange.in HTTP/2.0" 200 4145 "https://thebettingexchange.in/?path=/home/e9ohhh9viiv2/tmp/webalizer" "Mozilla/5.0 AppleWebKit/537.36 (KHTML, like Gecko; compatible; GPTBot/1.3; +https://openai.com/gptbot)" 502 **0/502154**
74.7.241.15 - - [14/Mar/2026:05:19:10 -0700] "GET /?path=/home/e9ohhh9viiv2/tmp/pma_template_compiles_e9ohhh9viiv2/twig HTTP/2.0" 200 3005 "https://thebettingexchange.in/?path=/home/e9ohhh9viiv2/tmp/pma_template_compiles_e9ohhh9viiv2" "Mozilla/5.0 AppleWebKit/537.36 (KHTML, like Gecko; compatible; GPTBot/1.3; +https://openai.com/gptbot)" 494 **0/494980**
57.141.2.63 - - [14/Mar/2026:05:19:10 -0700] "GET /items/1172215550 HTTP/2.0" 403 97145 "-" "meta-externalagent/1.1 (+https://developers.facebook.com/docs/sharing/webmasters/crawler)" 843 **0/843646**
74.7.241.15 - - [14/Mar/2026:05:19:11 -0700] "GET /?path=//lib64/guile/2.0/ccache/system HTTP/2.0" 200 2741 "https://thebettingexchange.in/?path=//lib64/guile/2.0/ccache" "Mozilla/5.0 AppleWebKit/537.36 (KHTML, like Gecko; compatible; GPTBot/1.3; +https://openai.com/gptbot)" 514 **0/514701**
57.141.2.40 - - [14/Mar/2026:05:19:11 -0700] "GET /items/2674989725 HTTP/2.0" 403 97145 "-" "meta-externalagent/1.1 (+https://developers.facebook.com/docs/sharing/webmasters/crawler)" 851 **0/851478**
74.7.241.15 - - [14/Mar/2026:05:19:12 -0700] "GET /?path=//lib64/guile/2.0/ccache/web/server HTTP/2.0" 200 2606 "https://thebettingexchange.in/?path=//lib64/guile/2.0/ccache/web" "Mozilla/5.0 AppleWebKit/537.36 (KHTML, like Gecko; compatible; GPTBot/1.3; +https://openai.com/gptbot)" 478 **0/478749**
74.7.241.15 - - [14/Mar/2026:05:19:13 -0700] "GET /?fileloc=/home/e9ohhh9viiv2/tmp/webalizer/orangecapinipl.thebettingexchange.in/hourly_usage_202403.png&path=/home/e9ohhh9viiv2/tmp/webalizer/orangecapinipl.thebettingexchange.in HTTP/2.0" 200 2307 "https://thebettingexchange.in/?path=/home/e9ohhh9viiv2/tmp/webalizer/orangecapinipl.thebettingexchange.in" "Mozilla/5.0 AppleWebKit/537.36 (KHTML, like Gecko; compatible; GPTBot/1.3; +https://openai.com/gptbot)" 493 **0/493755**
57.141.2.8 - - [14/Mar/2026:05:19:12 -0700] "GET /items/4153571982 HTTP/2.0" 403 97145 "-" "meta-externalagent/1.1 (+https://developers.facebook.com/docs/sharing/webmasters/crawler)" 825 **0/825070**
74.7.241.15 - - [14/Mar/2026:05:19:13 -0700] "GET /?path=//lib64/i360_pam_imunify HTTP/2.0" 200 2730 "https://thebettingexchange.in/?path=//lib64" "Mozilla/5.0 AppleWebKit/537.36 (KHTML, like Gecko; compatible; GPTBot/1.3; +https://openai.com/gptbot)" 477 **0/477672**
57.141.2.57 - - [14/Mar/2026:05:19:13 -0700] "GET /items/2486051676 HTTP/2.0" 403 97145 "-" "meta-externalagent/1.1 (+https://developers.facebook.com/docs/sharing/webmasters/crawler)" 834 **0/834058**
74.7.241.15 - - [14/Mar/2026:05:19:14 -0700] "GET /?path=/home/e9ohhh9viiv2/tmp/webalizer/ssl/thebettingexchange.in HTTP/2.0" 200 4454 "https://thebettingexchange.in/?path=/home/e9ohhh9viiv2/tmp/webalizer/ssl" "Mozilla/5.0 AppleWebKit/537.36 (KHTML, like Gecko; compatible; GPTBot/1.3; +https://openai.com/gptbot)" 513 **0/513578**
57.141.2.34 - - [14/Mar/2026:05:19:14 -0700] "GET /items/3782010233 HTTP/2.0" 403 97145 "-" "meta-externalagent/1.1 (+https://developers.facebook.com/docs/sharing/webmasters/crawler)" 824 **0/824178**
74.7.241.15 - - [14/Mar/2026:05:19:15 -0700] "GET /?path=/home/e9ohhh9viiv2/tmp/webalizer/ssl/iplretention.thebettingexchange.in HTTP/2.0" 200 4332 "https://thebettingexchange.in/?path=/home/e9ohhh9viiv2/tmp/webalizer/ssl" "Mozilla/5.0 AppleWebKit/537.36 (KHTML, like Gecko; compatible; GPTBot/1.3; +https://openai.com/gptbot)" 483 **0/483955**
74.7.241.15 - - [14/Mar/2026:05:19:16 -0700] "GET /?path=/home/e9ohhh9viiv2/tmp/webalizer/ssl/iplpointtables.thebettingexchange.in HTTP/2.0" 200 4372 "https://thebettingexchange.in/?path=/home/e9ohhh9viiv2/tmp/webalizer/ssl" "Mozilla/5.0 AppleWebKit/537.36 (KHTML, like Gecko; compatible; GPTBot/1.3; +https://openai.com/gptbot)" 482 **0/482826**
57.141.2.3 - - [14/Mar/2026:05:19:16 -0700] "GET /items/3938672766 HTTP/2.0" 403 97145 "-" "meta-externalagent/1.1 (+https://developers.facebook.com/docs/sharing/webmasters/crawler)" 826 **0/826465**
74.7.241.15 - - [14/Mar/2026:05:19:17 -0700] "GET /?fileloc=/home/e9ohhh9viiv2/tmp/webalizer/iplwinnerslist.thebettingexchange.in/hourly_usage_202509.png&path=/home/e9ohhh9viiv2/tmp/webalizer/iplwinnerslist.thebettingexchange.in HTTP/2.0" 200 2308 "https://thebettingexchange.in/?path=/home/e9ohhh9viiv2/tmp/webalizer/iplwinnerslist.thebettingexchange.in" "Mozilla/5.0 AppleWebKit/537.36 (KHTML, like Gecko; compatible; GPTBot/1.3; +https://openai.com/gptbot)" 499 **0/499494**
57.141.2.9 - - [14/Mar/2026:05:19:17 -0700] "GET /items/168186627 HTTP/2.0" 403 97145 "-" "meta-externalagent/1.1 (+https://developers.facebook.com/docs/sharing/webmasters/crawler)" 841 **0/841124**
74.7.241.15 - - [14/Mar/2026:05:19:17 -0700] "GET /?path=/home/e9ohhh9viiv2/tmp/webalizer/ssl/iplking.thebettingexchange.in HTTP/2.0" 200 4352 "https://thebettingexchange.in/?path=/home/e9ohhh9viiv2/tmp/webalizer/ssl" "Mozilla/5.0 AppleWebKit/537.36 (KHTML, like Gecko; compatible; GPTBot/1.3; +https://openai.com/gptbot)" 511 **0/511780**
57.141.2.10 - - [14/Mar/2026:05:19:18 -0700] "GET /items/3775987244 HTTP/2.0" 403 97145 "-" "meta-externalagent/1.1 (+https://developers.facebook.com/docs/sharing/webmasters/crawler)" 843 **0/843196**
74.7.241.15 - - [14/Mar/2026:05:19:18 -0700] "GET /?path=/home/e9ohhh9viiv2/tmp/webalizer/ssl/cricketbetstips.thebettingexchange.in HTTP/2.0" 200 4312 "https://thebettingexchange.in/?path=/home/e9ohhh9viiv2/tmp/webalizer/ssl" "Mozilla/5.0 AppleWebKit/537.36 (KHTML, like Gecko; compatible; GPTBot/1.3; +https://openai.com/gptbot)" 480 **0/480855**
74.7.241.15 - - [14/Mar/2026:05:19:19 -0700] "GET /?path=/home/e9ohhh9viiv2/tmp/webalizer/ssl/iplwinnerlist.thebettingexchange.in HTTP/2.0" 200 3783 "https://thebettingexchange.in/?path=/home/e9ohhh9viiv2/tmp/webalizer/ssl" "Mozilla/5.0 AppleWebKit/537.36 (KHTML, like Gecko; compatible; GPTBot/1.3; +https://openai.com/gptbot)" 497 **0/497753**
57.141.2.20 - - [14/Mar/2026:05:19:19 -0700] "GET /items/3419950239 HTTP/2.0" 403 97145 "-" "meta-externalagent/1.1 (+https://developers.facebook.com/docs/sharing/webmasters/crawler)" 840 **0/840324**
74.7.241.15 - - [14/Mar/2026:05:19:20 -0700] "GET /?path=/home/e9ohhh9viiv2/tmp/webalizer/ssl/livecricketscoreipl.thebettingexchange.in HTTP/2.0" 200 4340 "https://thebettingexchange.in/?path=/home/e9ohhh9viiv2/tmp/webalizer/ssl" "Mozilla/5.0 AppleWebKit/537.36 (KHTML, like Gecko; compatible; GPTBot/1.3; +https://openai.com/gptbot)" 487 **0/487765**
74.7.241.15 - - [14/Mar/2026:05:19:21 -0700] "GET /?path=/home/e9ohhh9viiv2/tmp/webalizer/ssl/orangecapinipl.thebettingexchange.in HTTP/2.0" 200 4338 "https://thebettingexchange.in/?path=/home/e9ohhh9viiv2/tmp/webalizer/ssl" "Mozilla/5.0 AppleWebKit/537.36 (KHTML, like Gecko; compatible; GPTBot/1.3; +https://openai.com/gptbot)" 500 **0/500165**
57.141.2.22 - - [14/Mar/2026:05:19:20 -0700] "GET /items/515710460 HTTP/2.0" 403 97145 "-" "meta-externalagent/1.1 (+https://developers.facebook.com/docs/sharing/webmasters/crawler)" 847 **0/847491**
74.7.241.15 - - [14/Mar/2026:05:19:21 -0700] "GET /?path=/home/e9ohhh9viiv2/tmp/webalizer/ssl/iplwinnerslist.thebettingexchange.in HTTP/2.0" 200 4319 "https://thebettingexchange.in/?path=/home/e9ohhh9viiv2/tmp/webalizer/ssl" "Mozilla/5.0 AppleWebKit/537.36 (KHTML, like Gecko; compatible; GPTBot/1.3; +https://openai.com/gptbot)" 484 **0/484479**
57.141.2.32 - - [14/Mar/2026:05:19:21 -0700] "GET /items/1681997595 HTTP/2.0" 403 97145 "-" "meta-externalagent/1.1 (+https://developers.facebook.com/docs/sharing/webmasters/crawler)" 847 **0/847833**
74.7.241.15 - - [14/Mar/2026:05:19:22 -0700] "GET /?path=/home/e9ohhh9viiv2/tmp/webalizer/ssl/indiancricketteams.thebettingexchange.in HTTP/2.0" 200 4324 "https://thebettingexchange.in/?path=/home/e9ohhh9viiv2/tmp/webalizer/ssl" "Mozilla/5.0 AppleWebKit/537.36 (KHTML, like Gecko; compatible; GPTBot/1.3; +https://openai.com/gptbot)" 482 **0/482786**
74.7.241.15 - - [14/Mar/2026:05:19:23 -0700] "GET /?fileloc=/home/e9ohhh9viiv2/tmp/webalizer/ssl/thebettingexchange.in/daily_usage_202603.png&path=/home/e9ohhh9viiv2/tmp/webalizer/ssl/thebettingexchange.in HTTP/2.0" 200 2306 "https://thebettingexchange.in/?path=/home/e9ohhh9viiv2/tmp/webalizer/ssl/thebettingexchange.in" "Mozilla/5.0 AppleWebKit/537.36 (KHTML, like Gecko; compatible; GPTBot/1.3; +https://openai.com/gptbot)" 487 **0/487590**
57.141.2.54 - - [14/Mar/2026:05:19:23 -0700] "GET /items/2027275728 HTTP/2.0" 403 97145 "-" "meta-externalagent/1.1 (+https://developers.facebook.com/docs/sharing/webmasters/crawler)" 842 **0/842907**
74.7.241.15 - - [14/Mar/2026:05:19:24 -0700] "GET /?fileloc=/home/e9ohhh9viiv2/tmp/webalizer/ssl/iplretention.thebettingexchange.in/usage_202504.html&path=/home/e9ohhh9viiv2/tmp/webalizer/ssl/iplretention.thebettingexchange.in HTTP/2.0" 200 8519 "https://thebettingexchange.in/?path=/home/e9ohhh9viiv2/tmp/webalizer/ssl/iplretention.thebettingexchange.in" "Mozilla/5.0 AppleWebKit/537.36 (KHTML, like Gecko; compatible; GPTBot/1.3; +https://openai.com/gptbot)" 491 **0/491160**
57.141.2.7 - - [14/Mar/2026:05:19:24 -0700] "GET /items/1118642780 HTTP/2.0" 403 97145 "-" "meta-externalagent/1.1 (+https://developers.facebook.com/docs/sharing/webmasters/crawler)" 825 **0/825714**
74.7.241.15 - - [14/Mar/2026:05:19:25 -0700] "GET /?fileloc=/home/e9ohhh9viiv2/tmp/webalizer/ssl/iplpointtables.thebettingexchange.in/hourly_usage_202406.png&path=/home/e9ohhh9viiv2/tmp/webalizer/ssl/iplpointtables.thebettingexchange.in HTTP/2.0" 200 2319 "https://thebettingexchange.in/?path=/home/e9ohhh9viiv2/tmp/webalizer/ssl/iplpointtables.thebettingexchange.in" "Mozilla/5.0 AppleWebKit/537.36 (KHTML, like Gecko; compatible; GPTBot/1.3; +https://openai.com/gptbot)" 474 **0/474542**
74.7.241.15 - - [14/Mar/2026:05:19:25 -0700] "GET /?fileloc=/home/e9ohhh9viiv2/tmp/webalizer/ssl/iplpointtables.thebettingexchange.in/hourly_usage_202603.png&path=/home/e9ohhh9viiv2/tmp/webalizer/ssl/iplpointtables.thebettingexchange.in HTTP/2.0" 200 2319 "https://thebettingexchange.in/?path=/home/e9ohhh9viiv2/tmp/webalizer/ssl/iplpointtables.thebettingexchange.in" "Mozilla/5.0 AppleWebKit/537.36 (KHTML, like Gecko; compatible; GPTBot/1.3; +https://openai.com/gptbot)" 488 **0/488354**
57.141.2.7 - - [14/Mar/2026:05:19:25 -0700] "GET /items/774972998 HTTP/2.0" 200 97145 "-" "meta-externalagent/1.1 (+https://developers.facebook.com/docs/sharing/webmasters/crawler)" 800 **0/800610**
74.7.241.15 - - [14/Mar/2026:05:19:26 -0700] "GET /?fileloc=/home/e9ohhh9viiv2/tmp/webalizer/ssl/iplpointtables.thebettingexchange.in/hourly_usage_202511.png&path=/home/e9ohhh9viiv2/tmp/webalizer/ssl/iplpointtables.thebettingexchange.in HTTP/2.0" 200 2319 "https://thebettingexchange.in/?path=/home/e9ohhh9viiv2/tmp/webalizer/ssl/iplpointtables.thebettingexchange.in" "Mozilla/5.0 AppleWebKit/537.36 (KHTML, like Gecko; compatible; GPTBot/1.3; +https://openai.com/gptbot)" 516 **0/516511**
57.141.2.54 - - [14/Mar/2026:05:19:26 -0700] "GET /items/492390980 HTTP/2.0" 200 97145 "-" "meta-externalagent/1.1 (+https://developers.facebook.com/docs/sharing/webmasters/crawler)" 824 **0/824200**
74.7.241.15 - - [14/Mar/2026:05:19:27 -0700] "GET /?path=/home/e9ohhh9viiv2/tmp/webalizer/ssl/purplecapipl.thebettingexchange.in HTTP/2.0" 200 3788 "https://thebettingexchange.in/?path=/home/e9ohhh9viiv2/tmp/webalizer/ssl" "Mozilla/5.0 AppleWebKit/537.36 (KHTML, like Gecko; compatible; GPTBot/1.3; +https://openai.com/gptbot)" 484 **0/484307**
57.141.2.49 - - [14/Mar/2026:05:19:27 -0700] "GET /items/823565386 HTTP/2.0" 200 97145 "-" "meta-externalagent/1.1 (+https://developers.facebook.com/docs/sharing/webmasters/crawler)" 828 **0/828576**
74.7.241.15 - - [14/Mar/2026:05:19:28 -0700] "GET /?path=/home/e9ohhh9viiv2/tmp/webalizer/ssl/todayiplmatches.thebettingexchange.in HTTP/2.0" 200 4324 "https://thebettingexchange.in/?path=/home/e9ohhh9viiv2/tmp/webalizer/ssl" "Mozilla/5.0 AppleWebKit/537.36 (KHTML, like Gecko; compatible; GPTBot/1.3; +https://openai.com/gptbot)" 496 **0/496593**
74.7.241.15 - - [14/Mar/2026:05:19:29 -0700] "GET /?path=/home/e9ohhh9viiv2/tmp/webalizer/ssl/todayiplmatchscore.thebettingexchange.in HTTP/2.0" 200 4347 "https://thebettingexchange.in/?path=/home/e9ohhh9viiv2/tmp/webalizer/ssl" "Mozilla/5.0 AppleWebKit/537.36 (KHTML, like Gecko; compatible; GPTBot/1.3; +https://openai.com/gptbot)" 494 **0/494033**
57.141.2.66 - - [14/Mar/2026:05:19:28 -0700] "GET /items/2217437690 HTTP/2.0" 200 97145 "-" "meta-externalagent/1.1 (+https://developers.facebook.com/docs/sharing/webmasters/crawler)" 841 **0/841019**
74.7.241.15 - - [14/Mar/2026:05:19:29 -0700] "GET /?path=/home/e9ohhh9viiv2/tmp/webalizer/ssl/indiacricketnews.thebettingexchange.in HTTP/2.0" 200 4274 "https://thebettingexchange.in/?path=/home/e9ohhh9viiv2/tmp/webalizer/ssl" "Mozilla/5.0 AppleWebKit/537.36 (KHTML, like Gecko; compatible; GPTBot/1.3; +https://openai.com/gptbot)" 479 **0/479876**
57.141.2.51 - - [14/Mar/2026:05:19:29 -0700] "GET /items/118823583 HTTP/2.0" 200 97145 "-" "meta-externalagent/1.1 (+https://developers.facebook.com/docs/sharing/webmasters/crawler)" 814 **0/814417**
74.7.241.15 - - [14/Mar/2026:05:19:30 -0700] "GET /?fileloc=/home/e9ohhh9viiv2/tmp/webalizer/ssl/iplwinnerslist.thebettingexchange.in/hourly_usage_202406.png&path=/home/e9ohhh9viiv2/tmp/webalizer/ssl/iplwinnerslist.thebettingexchange.in HTTP/2.0" 200 2322 "https://thebettingexchange.in/?path=/home/e9ohhh9viiv2/tmp/webalizer/ssl/iplwinnerslist.thebettingexchange.in" "Mozilla/5.0 AppleWebKit/537.36 (KHTML, like Gecko; compatible; GPTBot/1.3; +https://openai.com/gptbot)" 492 **0/492348**
74.7.241.15 - - [14/Mar/2026:05:19:31 -0700] "GET /?fileloc=/home/e9ohhh9viiv2/tmp/webalizer/ssl/indiancricketteams.thebettingexchange.in/webalizer.hist&path=/home/e9ohhh9viiv2/tmp/webalizer/ssl/indiancricketteams.thebettingexchange.in HTTP/2.0" 200 3045 "https://thebettingexchange.in/?path=/home/e9ohhh9viiv2/tmp/webalizer/ssl/indiancricketteams.thebettingexchange.in" "Mozilla/5.0 AppleWebKit/537.36 (KHTML, like Gecko; compatible; GPTBot/1.3; +https://openai.com/gptbot)" 478 **0/478588**
57.141.2.54 - - [14/Mar/2026:05:19:31 -0700] "GET /items/2478287591 HTTP/2.0" 200 97145 "-" "meta-externalagent/1.1 (+https://developers.facebook.com/docs/sharing/webmasters/crawler)" 830 **0/830174**
74.7.241.15 - - [14/Mar/2026:05:19:32 -0700] "GET /?path=/home/e9ohhh9viiv2/tmp/webalizer/ssl/purplecapinipl.thebettingexchange.in HTTP/2.0" 200 4328 "https://thebettingexchange.in/?path=/home/e9ohhh9viiv2/tmp/webalizer/ssl" "Mozilla/5.0 AppleWebKit/537.36 (KHTML, like Gecko; compatible; GPTBot/1.3; +https://openai.com/gptbot)" 500 **0/500762**
57.141.2.2 - - [14/Mar/2026:05:19:31 -0700] "GET /items/2600358150 HTTP/2.0" 200 97145 "-" "meta-externalagent/1.1 (+https://developers.facebook.com/docs/sharing/webmasters/crawler)" 836 **0/836886**
74.7.241.15 - - [14/Mar/2026:05:19:32 -0700] "GET /?path=/home/e9ohhh9viiv2/tmp/webalizer/ssl/todaysiplmatch.thebettingexchange.in HTTP/2.0" 200 4168 "https://thebettingexchange.in/?path=/home/e9ohhh9viiv2/tmp/webalizer/ssl" "Mozilla/5.0 AppleWebKit/537.36 (KHTML, like Gecko; compatible; GPTBot/1.3; +https://openai.com/gptbot)" 484 **0/484518**
57.141.2.5 - - [14/Mar/2026:05:19:33 -0700] "GET /items/3355797331 HTTP/2.0" 200 97145 "-" "meta-externalagent/1.1 (+https://developers.facebook.com/docs/sharing/webmasters/crawler)" 841 **0/841587**
74.7.241.15 - - [14/Mar/2026:05:19:33 -0700] "GET /?fileloc=/home/e9ohhh9viiv2/tmp/webalizer/ssl/cricketbetstips.thebettingexchange.in/usage_202406.html&path=/home/e9ohhh9viiv2/tmp/webalizer/ssl/cricketbetstips.thebettingexchange.in HTTP/2.0" 200 14479 "https://thebettingexchange.in/?path=/home/e9ohhh9viiv2/tmp/webalizer/ssl/cricketbetstips.thebettingexchange.in" "Mozilla/5.0 AppleWebKit/537.36 (KHTML, like Gecko; compatible; GPTBot/1.3; +https://openai.com/gptbot)" 486 **0/486797**
74.7.241.15 - - [14/Mar/2026:05:19:34 -0700] "GET /?path=//lib64/guile/2.0/ccache/system/vm HTTP/2.0" 200 2881 "https://thebettingexchange.in/?path=//lib64/guile/2.0/ccache/system" "Mozilla/5.0 AppleWebKit/537.36 (KHTML, like Gecko; compatible; GPTBot/1.3; +https://openai.com/gptbot)" 495 **0/495088**
57.141.2.49 - - [14/Mar/2026:05:19:34 -0700] "GET /items/3485157365 HTTP/2.0" 200 97145 "-" "meta-externalagent/1.1 (+https://developers.facebook.com/docs/sharing/webmasters/crawler)" 833 **0/833907**
74.7.241.15 - - [14/Mar/2026:05:19:35 -0700] "GET /?path=/home/e9ohhh9viiv2/tmp/pma_template_compiles_e9ohhh9viiv2/twig/aa HTTP/2.0" 200 2631 "https://thebettingexchange.in/?path=/home/e9ohhh9viiv2/tmp/pma_template_compiles_e9ohhh9viiv2/twig" "Mozilla/5.0 AppleWebKit/537.36 (KHTML, like Gecko; compatible; GPTBot/1.3; +https://openai.com/gptbot)" 485 **0/485934**
57.141.2.58 - - [14/Mar/2026:05:19:35 -0700] "GET /items/4275642541 HTTP/2.0" 200 97145 "-" "meta-externalagent/1.1 (+https://developers.facebook.com/docs/sharing/webmasters/crawler)" 823 **0/823704**
74.7.241.15 - - [14/Mar/2026:05:19:36 -0700] "GET /?fileloc=/home/e9ohhh9viiv2/tmp/webalizer/ssl/purplecapipl.thebettingexchange.in/usage_202503.html&path=/home/e9ohhh9viiv2/tmp/webalizer/ssl/purplecapipl.thebettingexchange.in HTTP/2.0" 200 18195 "https://thebettingexchange.in/?path=/home/e9ohhh9viiv2/tmp/webalizer/ssl/purplecapipl.thebettingexchange.in" "Mozilla/5.0 AppleWebKit/537.36 (KHTML, like Gecko; compatible; GPTBot/1.3; +https://openai.com/gptbot)" 491 **0/491749**
57.141.2.3 - - [14/Mar/2026:05:19:36 -0700] "GET /items/4093662520 HTTP/2.0" 200 97145 "-" "meta-externalagent/1.1 (+https://developers.facebook.com/docs/sharing/webmasters/crawler)" 849 **0/849619**
74.7.241.15 - - [14/Mar/2026:05:19:37 -0700] "GET /?path=/home/e9ohhh9viiv2/tmp/pma_template_compiles_e9ohhh9viiv2/twig/df HTTP/2.0" 200 2653 "https://thebettingexchange.in/?path=/home/e9ohhh9viiv2/tmp/pma_template_compiles_e9ohhh9viiv2/twig" "Mozilla/5.0 AppleWebKit/537.36 (KHTML, like Gecko; compatible; GPTBot/1.3; +https://openai.com/gptbot)" 485 **0/485862**
57.141.2.60 - - [14/Mar/2026:05:19:37 -0700] "GET /items/30783751 HTTP/2.0" 200 97145 "-" "meta-externalagent/1.1 (+https://developers.facebook.com/docs/sharing/webmasters/crawler)" 835 **0/835962**
74.7.241.15 - - [14/Mar/2026:05:19:37 -0700] "GET /?path=/home/e9ohhh9viiv2/tmp/pma_template_compiles_e9ohhh9viiv2/twig/ff HTTP/2.0" 200 2630 "https://thebettingexchange.in/?path=/home/e9ohhh9viiv2/tmp/pma_template_compiles_e9ohhh9viiv2/twig" "Mozilla/5.0 AppleWebKit/537.36 (KHTML, like Gecko; compatible; GPTBot/1.3; +https://openai.com/gptbot)" 483 **0/483279**
74.7.241.15 - - [14/Mar/2026:05:19:38 -0700] "GET /?path=/home/e9ohhh9viiv2/tmp/pma_template_compiles_e9ohhh9viiv2/twig/6d HTTP/2.0" 200 2652 "https://thebettingexchange.in/?path=/home/e9ohhh9viiv2/tmp/pma_template_compiles_e9ohhh9viiv2/twig" "Mozilla/5.0 AppleWebKit/537.36 (KHTML, like Gecko; compatible; GPTBot/1.3; +https://openai.com/gptbot)" 483 **0/483623**
57.141.2.4 - - [14/Mar/2026:05:19:38 -0700] "GET /items/1599326855 HTTP/2.0" 200 97145 "-" "meta-externalagent/1.1 (+https://developers.facebook.com/docs/sharing/webmasters/crawler)" 829 **0/829337**
74.7.241.15 - - [14/Mar/2026:05:19:39 -0700] "GET /?path=/home/e9ohhh9viiv2/tmp/pma_template_compiles_e9ohhh9viiv2/twig/8d HTTP/2.0" 200 2779 "https://thebettingexchange.in/?path=/home/e9ohhh9viiv2/tmp/pma_template_compiles_e9ohhh9viiv2/twig" "Mozilla/5.0 AppleWebKit/537.36 (KHTML, like Gecko; compatible; GPTBot/1.3; +https://openai.com/gptbot)" 484 **0/484706**
57.141.2.3 - - [14/Mar/2026:05:19:39 -0700] "GET /items/3306048630 HTTP/2.0" 200 97145 "-" "meta-externalagent/1.1 (+https://developers.facebook.com/docs/sharing/webmasters/crawler)" 844 **0/844928**
74.7.241.15 - - [14/Mar/2026:05:19:40 -0700] "GET /?path=/home/e9ohhh9viiv2/tmp/pma_template_compiles_e9ohhh9viiv2/twig/2f HTTP/2.0" 200 2630 "https://thebettingexchange.in/?path=/home/e9ohhh9viiv2/tmp/pma_template_compiles_e9ohhh9viiv2/twig" "Mozilla/5.0 AppleWebKit/537.36 (KHTML, like Gecko; compatible; GPTBot/1.3; +https://openai.com/gptbot)" 485 **0/485661**
57.141.2.31 - - [14/Mar/2026:05:19:40 -0700] "GET /items/2887910844 HTTP/2.0" 200 97145 "-" "meta-externalagent/1.1 (+https://developers.facebook.com/docs/sharing/webmasters/crawler)" 849 **0/849909**
74.7.241.15 - - [14/Mar/2026:05:19:41 -0700] "GET /?path=/home/e9ohhh9viiv2/tmp/pma_template_compiles_e9ohhh9viiv2/twig/b8 HTTP/2.0" 200 2653 "https://thebettingexchange.in/?path=/home/e9ohhh9viiv2/tmp/pma_template_compiles_e9ohhh9viiv2/twig" "Mozilla/5.0 AppleWebKit/537.36 (KHTML, like Gecko; compatible; GPTBot/1.3; +https://openai.com/gptbot)" 496 **0/496359**
74.7.241.15 - - [14/Mar/2026:05:19:41 -0700] "GET /?path=/home/e9ohhh9viiv2/tmp/pma_template_compiles_e9ohhh9viiv2/twig/b2 HTTP/2.0" 200 2630 "https://thebettingexchange.in/?path=/home/e9ohhh9viiv2/tmp/pma_template_compiles_e9ohhh9viiv2/twig" "Mozilla/5.0 AppleWebKit/537.36 (KHTML, like Gecko; compatible; GPTBot/1.3; +https://openai.com/gptbot)" 479 **0/479698**
57.141.2.36 - - [14/Mar/2026:05:19:41 -0700] "GET /items/736759049 HTTP/2.0" 200 97145 "-" "meta-externalagent/1.1 (+https://developers.facebook.com/docs/sharing/webmasters/crawler)" 842 **0/842744**
74.7.241.15 - - [14/Mar/2026:05:19:42 -0700] "GET /?path=/home/e9ohhh9viiv2/tmp/pma_template_compiles_e9ohhh9viiv2/twig/d6 HTTP/2.0" 200 2629 "https://thebettingexchange.in/?path=/home/e9ohhh9viiv2/tmp/pma_template_compiles_e9ohhh9viiv2/twig" "Mozilla/5.0 AppleWebKit/537.36 (KHTML, like Gecko; compatible; GPTBot/1.3; +https://openai.com/gptbot)" 488 **0/488317**
57.141.2.43 - - [14/Mar/2026:05:19:42 -0700] "GET /items/2435249274 HTTP/2.0" 200 97145 "-" "meta-externalagent/1.1 (+https://developers.facebook.com/docs/sharing/webmasters/crawler)" 816 **0/816549**
74.7.241.15 - - [14/Mar/2026:05:19:43 -0700] "GET /?path=/home/e9ohhh9viiv2/tmp/pma_template_compiles_e9ohhh9viiv2/twig/0d HTTP/2.0" 200 2629 "https://thebettingexchange.in/?path=/home/e9ohhh9viiv2/tmp/pma_template_compiles_e9ohhh9viiv2/twig" "Mozilla/5.0 AppleWebKit/537.36 (KHTML, like Gecko; compatible; GPTBot/1.3; +https://openai.com/gptbot)" 472 **0/472713**
57.141.2.32 - - [14/Mar/2026:05:19:43 -0700] "GET /items/816192768 HTTP/2.0" 200 97145 "-" "meta-externalagent/1.1 (+https://developers.facebook.com/docs/sharing/webmasters/crawler)" 846 **0/846770**
74.7.241.15 - - [14/Mar/2026:05:19:44 -0700] "GET /?path=/home/e9ohhh9viiv2/tmp/pma_template_compiles_e9ohhh9viiv2/twig/7f HTTP/2.0" 200 2630 "https://thebettingexchange.in/?path=/home/e9ohhh9viiv2/tmp/pma_template_compiles_e9ohhh9viiv2/twig" "Mozilla/5.0 AppleWebKit/537.36 (KHTML, like Gecko; compatible; GPTBot/1.3; +https://openai.com/gptbot)" 480 **0/480796**
57.141.2.20 - - [14/Mar/2026:05:19:44 -0700] "GET /items/1657085004 HTTP/2.0" 200 97145 "-" "meta-externalagent/1.1 (+https://developers.facebook.com/docs/sharing/webmasters/crawler)" 831 **0/831587**
74.7.241.15 - - [14/Mar/2026:05:19:45 -0700] "GET /?path=/home/e9ohhh9viiv2/tmp/pma_template_compiles_e9ohhh9viiv2/twig/0b HTTP/2.0" 200 2630 "https://thebettingexchange.in/?path=/home/e9ohhh9viiv2/tmp/pma_template_compiles_e9ohhh9viiv2/twig" "Mozilla/5.0 AppleWebKit/537.36 (KHTML, like Gecko; compatible; GPTBot/1.3; +https://openai.com/gptbot)" 483 **0/483644**
57.141.2.49 - - [14/Mar/2026:05:19:45 -0700] "GET /items/2975124871 HTTP/2.0" 200 97145 "-" "meta-externalagent/1.1 (+https://developers.facebook.com/docs/sharing/webmasters/crawler)" 830 **0/830720**
74.7.241.15 - - [14/Mar/2026:05:19:45 -0700] "GET /?path=/home/e9ohhh9viiv2/tmp/pma_template_compiles_e9ohhh9viiv2/twig/1f HTTP/2.0" 200 2629 "https://thebettingexchange.in/?path=/home/e9ohhh9viiv2/tmp/pma_template_compiles_e9ohhh9viiv2/twig" "Mozilla/5.0 AppleWebKit/537.36 (KHTML, like Gecko; compatible; GPTBot/1.3; +https://openai.com/gptbot)" 481 **0/481994**
74.7.241.15 - - [14/Mar/2026:05:19:46 -0700] "GET /?path=/home/e9ohhh9viiv2/tmp/pma_template_compiles_e9ohhh9viiv2/twig/d5 HTTP/2.0" 200 2654 "https://thebettingexchange.in/?path=/home/e9ohhh9viiv2/tmp/pma_template_compiles_e9ohhh9viiv2/twig" "Mozilla/5.0 AppleWebKit/537.36 (KHTML, like Gecko; compatible; GPTBot/1.3; +https://openai.com/gptbot)" 476 **0/476393**
57.141.2.65 - - [14/Mar/2026:05:19:46 -0700] "GET /items/1453216096 HTTP/2.0" 200 97145 "-" "meta-externalagent/1.1 (+https://developers.facebook.com/docs/sharing/webmasters/crawler)" 857 **0/857732**
74.7.241.15 - - [14/Mar/2026:05:19:47 -0700] "GET /?path=/home/e9ohhh9viiv2/tmp/pma_template_compiles_e9ohhh9viiv2/twig/b7 HTTP/2.0" 200 2632 "https://thebettingexchange.in/?path=/home/e9ohhh9viiv2/tmp/pma_template_compiles_e9ohhh9viiv2/twig" "Mozilla/5.0 AppleWebKit/537.36 (KHTML, like Gecko; compatible; GPTBot/1.3; +https://openai.com/gptbot)" 479 **0/479412**
57.141.2.54 - - [14/Mar/2026:05:19:47 -0700] "GET /items/645771195 HTTP/2.0" 200 97145 "-" "meta-externalagent/1.1 (+https://developers.facebook.com/docs/sharing/webmasters/crawler)" 830 **0/830000**
74.7.241.15 - - [14/Mar/2026:05:19:48 -0700] "GET /?path=/home/e9ohhh9viiv2/tmp/pma_template_compiles_e9ohhh9viiv2/twig/6b HTTP/2.0" 200 2630 "https://thebettingexchange.in/?path=/home/e9ohhh9viiv2/tmp/pma_template_compiles_e9ohhh9viiv2/twig" "Mozilla/5.0 AppleWebKit/537.36 (KHTML, like Gecko; compatible; GPTBot/1.3; +https://openai.com/gptbot)" 481 **0/481895**
57.141.2.35 - - [14/Mar/2026:05:19:48 -0700] "GET /items/1779962765 HTTP/2.0" 200 97145 "-" "meta-externalagent/1.1 (+https://developers.facebook.com/docs/sharing/webmasters/crawler)" 842 **0/842454**
74.7.241.15 - - [14/Mar/2026:05:19:49 -0700] "GET /?path=/home/e9ohhh9viiv2/tmp/pma_template_compiles_e9ohhh9viiv2/twig/0e HTTP/2.0" 200 2652 "https://thebettingexchange.in/?path=/home/e9ohhh9viiv2/tmp/pma_template_compiles_e9ohhh9viiv2/twig" "Mozilla/5.0 AppleWebKit/537.36 (KHTML, like Gecko; compatible; GPTBot/1.3; +https://openai.com/gptbot)" 504 **0/504103**
57.141.2.19 - - [14/Mar/2026:05:19:49 -0700] "GET /items/2235706506 HTTP/2.0" 200 97145 "-" "meta-externalagent/1.1 (+https://developers.facebook.com/docs/sharing/webmasters/crawler)" 826 **0/826815**
74.7.241.15 - - [14/Mar/2026:05:19:49 -0700] "GET /?path=/home/e9ohhh9viiv2/tmp/pma_template_compiles_e9ohhh9viiv2/twig/a9 HTTP/2.0" 200 2727 "https://thebettingexchange.in/?path=/home/e9ohhh9viiv2/tmp/pma_template_compiles_e9ohhh9viiv2/twig" "Mozilla/5.0 AppleWebKit/537.36 (KHTML, like Gecko; compatible; GPTBot/1.3; +https://openai.com/gptbot)" 502 **0/502359**
57.141.2.32 - - [14/Mar/2026:05:19:50 -0700] "GET /items/838767611 HTTP/2.0" 200 97145 "-" "meta-externalagent/1.1 (+https://developers.facebook.com/docs/sharing/webmasters/crawler)" 843 **0/843209**
74.7.241.15 - - [14/Mar/2026:05:19:50 -0700] "GET /?path=/home/e9ohhh9viiv2/tmp/pma_template_compiles_e9ohhh9viiv2/twig/c8 HTTP/2.0" 200 2630 "https://thebettingexchange.in/?path=/home/e9ohhh9viiv2/tmp/pma_template_compiles_e9ohhh9viiv2/twig" "Mozilla/5.0 AppleWebKit/537.36 (KHTML, like Gecko; compatible; GPTBot/1.3; +https://openai.com/gptbot)" 474 **0/474635**
74.7.241.15 - - [14/Mar/2026:05:19:51 -0700] "GET /?path=/home/e9ohhh9viiv2/tmp/pma_template_compiles_e9ohhh9viiv2/twig/f9 HTTP/2.0" 200 2630 "https://thebettingexchange.in/?path=/home/e9ohhh9viiv2/tmp/pma_template_compiles_e9ohhh9viiv2/twig" "Mozilla/5.0 AppleWebKit/537.36 (KHTML, like Gecko; compatible; GPTBot/1.3; +https://openai.com/gptbot)" 516 **0/516284**
57.141.2.29 - - [14/Mar/2026:05:19:51 -0700] "GET /items/4281607779 HTTP/2.0" 200 97145 "-" "meta-externalagent/1.1 (+https://developers.facebook.com/docs/sharing/webmasters/crawler)" 882 **0/882030**
74.7.241.15 - - [14/Mar/2026:05:19:52 -0700] "GET /?path=/home/e9ohhh9viiv2/tmp/pma_template_compiles_e9ohhh9viiv2/twig/c9 HTTP/2.0" 200 2630 "https://thebettingexchange.in/?path=/home/e9ohhh9viiv2/tmp/pma_template_compiles_e9ohhh9viiv2/twig" "Mozilla/5.0 AppleWebKit/537.36 (KHTML, like Gecko; compatible; GPTBot/1.3; +https://openai.com/gptbot)" 485 **0/485591**
57.141.2.28 - - [14/Mar/2026:05:19:52 -0700] "GET /items/1925515335 HTTP/2.0" 200 97145 "-" "meta-externalagent/1.1 (+https://developers.facebook.com/docs/sharing/webmasters/crawler)" 862 **0/862942**
74.7.241.15 - - [14/Mar/2026:05:19:53 -0700] "GET /?path=/home/e9ohhh9viiv2/tmp/pma_template_compiles_e9ohhh9viiv2/twig/e1 HTTP/2.0" 200 2629 "https://thebettingexchange.in/?path=/home/e9ohhh9viiv2/tmp/pma_template_compiles_e9ohhh9viiv2/twig" "Mozilla/5.0 AppleWebKit/537.36 (KHTML, like Gecko; compatible; GPTBot/1.3; +https://openai.com/gptbot)" 489 **0/489556**
57.141.2.63 - - [14/Mar/2026:05:19:52 -0700] "GET /items/668078233 HTTP/2.0" 200 97145 "-" "meta-externalagent/1.1 (+https://developers.facebook.com/docs/sharing/webmasters/crawler)" 850 **0/850378**
74.7.241.15 - - [14/Mar/2026:05:19:53 -0700] "GET /?path=/home/e9ohhh9viiv2/tmp/pma_template_compiles_e9ohhh9viiv2/twig/4e HTTP/2.0" 200 2710 "https://thebettingexchange.in/?path=/home/e9ohhh9viiv2/tmp/pma_template_compiles_e9ohhh9viiv2/twig" "Mozilla/5.0 AppleWebKit/537.36 (KHTML, like Gecko; compatible; GPTBot/1.3; +https://openai.com/gptbot)" 511 **0/511127**
57.141.2.5 - - [14/Mar/2026:05:19:53 -0700] "GET /items/2871803400 HTTP/2.0" 200 97145 "-" "meta-externalagent/1.1 (+https://developers.facebook.com/docs/sharing/webmasters/crawler)" 831 **0/831497**
74.7.241.15 - - [14/Mar/2026:05:19:54 -0700] "GET /?fileloc=//lib64/libsodium.so.23&path=//lib64 HTTP/2.0" 200 2254 "https://thebettingexchange.in/?path=//lib64" "Mozilla/5.0 AppleWebKit/537.36 (KHTML, like Gecko; compatible; GPTBot/1.3; +https://openai.com/gptbot)" 488 **0/488279**
57.141.2.53 - - [14/Mar/2026:05:19:54 -0700] "GET /items/3655527696 HTTP/2.0" 200 97145 "-" "meta-externalagent/1.1 (+https://developers.facebook.com/docs/sharing/webmasters/crawler)" 831 **0/831257**
74.7.241.15 - - [14/Mar/2026:05:19:55 -0700] "GET /?fileloc=//lib64/libgnutls.so.30&path=//lib64 HTTP/2.0" 200 2254 "https://thebettingexchange.in/?path=//lib64" "Mozilla/5.0 AppleWebKit/537.36 (KHTML, like Gecko; compatible; GPTBot/1.3; +https://openai.com/gptbot)" 482 **0/482212**
57.141.2.60 - - [14/Mar/2026:05:19:55 -0700] "GET /items/3403462406 HTTP/2.0" 200 97145 "-" "meta-externalagent/1.1 (+https://developers.facebook.com/docs/sharing/webmasters/crawler)" 847 **0/847689**
74.7.241.15 - - [14/Mar/2026:05:19:56 -0700] "GET /?fileloc=//lib64/libargon2.so.1&path=//lib64 HTTP/2.0" 200 2252 "https://thebettingexchange.in/?path=//lib64" "Mozilla/5.0 AppleWebKit/537.36 (KHTML, like Gecko; compatible; GPTBot/1.3; +https://openai.com/gptbot)" 486 **0/486259**
57.141.2.61 - - [14/Mar/2026:05:19:56 -0700] "GET /items/230552058 HTTP/2.0" 200 97145 "-" "meta-externalagent/1.1 (+https://developers.facebook.com/docs/sharing/webmasters/crawler)" 851 **0/851898**
74.7.241.15 - - [14/Mar/2026:05:19:57 -0700] "GET /?path=/home/e9ohhh9viiv2/www/livecricketscoreipl.in/.well-known HTTP/2.0" 200 2617 "https://thebettingexchange.in/?path=/home/e9ohhh9viiv2/www/livecricketscoreipl.in" "Mozilla/5.0 AppleWebKit/537.36 (KHTML, like Gecko; compatible; GPTBot/1.3; +https://openai.com/gptbot)" 479 **0/479419**
57.141.2.4 - - [14/Mar/2026:05:19:57 -0700] "GET /items/2945059337 HTTP/2.0" 200 97145 "-" "meta-externalagent/1.1 (+https://developers.facebook.com/docs/sharing/webmasters/crawler)" 864 **0/864731**
74.7.241.15 - - [14/Mar/2026:05:19:57 -0700] "GET /?path=//lib64/ImageMagick-6.9.13 HTTP/2.0" 200 2594 "https://thebettingexchange.in/?path=//lib64" "Mozilla/5.0 AppleWebKit/537.36 (KHTML, like Gecko; compatible; GPTBot/1.3; +https://openai.com/gptbot)" 484 **0/484351**
57.141.2.34 - - [14/Mar/2026:05:19:58 -0700] "GET /items/387436693 HTTP/2.0" 200 97145 "-" "meta-externalagent/1.1 (+https://developers.facebook.com/docs/sharing/webmasters/crawler)" 825 **0/825797**
74.7.241.15 - - [14/Mar/2026:05:19:58 -0700] "GET /?path=//lib64/guile/2.0/ccache/oop/goops HTTP/2.0" 200 2919 "https://thebettingexchange.in/?path=//lib64/guile/2.0/ccache/oop" "Mozilla/5.0 AppleWebKit/537.36 (KHTML, like Gecko; compatible; GPTBot/1.3; +https://openai.com/gptbot)" 484 **0/484019**
74.7.241.15 - - [14/Mar/2026:05:19:59 -0700] "GET /?path=/home/e9ohhh9viiv2/www/indiacricketnews.in HTTP/2.0" 200 3435 "https://thebettingexchange.in/?path=/home/e9ohhh9viiv2/www" "Mozilla/5.0 AppleWebKit/537.36 (KHTML, like Gecko; compatible; GPTBot/1.3; +https://openai.com/gptbot)" 477 **0/477148**
57.141.2.10 - - [14/Mar/2026:05:19:59 -0700] "GET /items/2229968376 HTTP/2.0" 200 97145 "-" "meta-externalagent/1.1 (+https://developers.facebook.com/docs/sharing/webmasters/crawler)" 846 **0/846187**
57.141.2.32 - - [14/Mar/2026:05:19:59 -0700] "GET /items/2129058313 HTTP/2.0" 200 97145 "-" "meta-externalagent/1.1 (+https://developers.facebook.com/docs/sharing/webmasters/crawler)" 867 **0/867976**
74.7.241.15 - - [14/Mar/2026:05:20:00 -0700] "GET /?path=/home/e9ohhh9viiv2/www/cryptosportsbettingexchange.com/.well-known HTTP/2.0" 200 2625 "https://thebettingexchange.in/?path=/home/e9ohhh9viiv2/www/cryptosportsbettingexchange.com" "Mozilla/5.0 AppleWebKit/537.36 (KHTML, like Gecko; compatible; GPTBot/1.3; +https://openai.com/gptbot)" 520 **0/520647**
57.141.2.9 - - [14/Mar/2026:05:20:00 -0700] "GET /items/440031169 HTTP/2.0" 200 97145 "-" "meta-externalagent/1.1 (+https://developers.facebook.com/docs/sharing/webmasters/crawler)" 821 **0/821044**
74.7.241.15 - - [14/Mar/2026:05:20:01 -0700] "GET /?path=//lib64/python2.7/test HTTP/2.0" 200 2824 "https://thebettingexchange.in/?path=//lib64/python2.7" "Mozilla/5.0 AppleWebKit/537.36 (KHTML, like Gecko; compatible; GPTBot/1.3; +https://openai.com/gptbot)" 564 **0/564842**
74.7.241.15 - - [14/Mar/2026:05:20:01 -0700] "GET /?path=//lib64/python3.6/venv HTTP/2.0" 200 2712 "https://thebettingexchange.in/?path=//lib64/python3.6" "Mozilla/5.0 AppleWebKit/537.36 (KHTML, like Gecko; compatible; GPTBot/1.3; +https://openai.com/gptbot)" 726 **0/726163**
57.141.2.36 - - [14/Mar/2026:05:20:01 -0700] "GET /items/1122405954 HTTP/2.0" 200 97145 "-" "meta-externalagent/1.1 (+https://developers.facebook.com/docs/sharing/webmasters/crawler)" 977 **0/977150**
57.141.2.51 - - [14/Mar/2026:05:20:02 -0700] "GET /items/3338116366 HTTP/2.0" 200 97145 "-" "meta-externalagent/1.1 (+https://developers.facebook.com/docs/sharing/webmasters/crawler)" 965 **0/965529**
74.7.241.15 - - [14/Mar/2026:05:20:02 -0700] "GET /?path=//lib64/python3.8/venv HTTP/2.0" 200 2713 "https://thebettingexchange.in/?path=//lib64/python3.8" "Mozilla/5.0 AppleWebKit/537.36 (KHTML, like Gecko; compatible; GPTBot/1.3; +https://openai.com/gptbot)" 623 **0/623522**
57.141.2.37 - - [14/Mar/2026:05:20:03 -0700] "GET /items/473884242 HTTP/2.0" 200 97145 "-" "meta-externalagent/1.1 (+https://developers.facebook.com/docs/sharing/webmasters/crawler)" 954 **0/954381**
74.7.241.15 - - [14/Mar/2026:05:20:03 -0700] "GET /?path=//lib64/python3.6/test HTTP/2.0" 200 2683 "https://thebettingexchange.in/?path=//lib64/python3.6" "Mozilla/5.0 AppleWebKit/537.36 (KHTML, like Gecko; compatible; GPTBot/1.3; +https://openai.com/gptbot)" 548 **0/548447**
57.141.2.52 - - [14/Mar/2026:05:20:04 -0700] "GET /items/1120662561 HTTP/2.0" 200 97145 "-" "meta-externalagent/1.1 (+https://developers.facebook.com/docs/sharing/webmasters/crawler)" 922 **0/922626**
74.7.241.15 - - [14/Mar/2026:05:20:04 -0700] "GET /?fileloc=//lib64/python3.12/ctypes/__pycache__/wintypes.cpython-312.opt-2.pyc&path=//lib64/python3.12/ctypes/__pycache__ HTTP/2.0" 200 2307 "https://thebettingexchange.in/?path=//lib64/python3.12/ctypes/__pycache__" "Mozilla/5.0 AppleWebKit/537.36 (KHTML, like Gecko; compatible; GPTBot/1.3; +https://openai.com/gptbot)" 539 **0/539466**
57.141.2.46 - - [14/Mar/2026:05:20:04 -0700] "GET /items/3427877815 HTTP/2.0" 200 97145 "-" "meta-externalagent/1.1 (+https://developers.facebook.com/docs/sharing/webmasters/crawler)" 924 **0/924705**
74.7.241.15 - - [14/Mar/2026:05:20:05 -0700] "GET /?path=/home/e9ohhh9viiv2/tmp/webalizer/ssl/bettingexchangesite.thebettingexchange.in HTTP/2.0" 200 4452 "https://thebettingexchange.in/?path=/home/e9ohhh9viiv2/tmp/webalizer/ssl" "Mozilla/5.0 AppleWebKit/537.36 (KHTML, like Gecko; compatible; GPTBot/1.3; +https://openai.com/gptbot)" 542 **0/542304**
57.141.2.25 - - [14/Mar/2026:05:20:05 -0700] "GET /items/967546241 HTTP/2.0" 200 97145 "-" "meta-externalagent/1.1 (+https://developers.facebook.com/docs/sharing/webmasters/crawler)" 876 **0/876753**
74.7.241.15 - - [14/Mar/2026:05:20:06 -0700] "GET /?path=/home/e9ohhh9viiv2/www/livecricketscoreipl.in/.well-known/acme-challenge HTTP/2.0" 200 2646 "https://thebettingexchange.in/?path=/home/e9ohhh9viiv2/www/livecricketscoreipl.in/.well-known" "Mozilla/5.0 AppleWebKit/537.36 (KHTML, like Gecko; compatible; GPTBot/1.3; +https://openai.com/gptbot)" 505 **0/505036**
57.141.2.3 - - [14/Mar/2026:05:20:06 -0700] "GET /items/2761940061 HTTP/2.0" 200 97145 "-" "meta-externalagent/1.1 (+https://developers.facebook.com/docs/sharing/webmasters/crawler)" 862 **0/862263**
74.7.241.15 - - [14/Mar/2026:05:20:07 -0700] "GET /?path=/home/e9ohhh9viiv2/www/livecricketscoreipl.in/.well-known/pki-validation HTTP/2.0" 200 2356 "https://thebettingexchange.in/?path=/home/e9ohhh9viiv2/www/livecricketscoreipl.in/.well-known" "Mozilla/5.0 AppleWebKit/537.36 (KHTML, like Gecko; compatible; GPTBot/1.3; +https://openai.com/gptbot)" 501 **0/501130**
57.141.2.19 - - [14/Mar/2026:05:20:07 -0700] "GET /items/2437268211 HTTP/2.0" 200 97145 "-" "meta-externalagent/1.1 (+https://developers.facebook.com/docs/sharing/webmasters/crawler)" 855 **0/855346**
74.7.241.15 - - [14/Mar/2026:05:20:07 -0700] "GET /?path=//lib64/perl5/B HTTP/2.0" 200 2675 "https://thebettingexchange.in/?path=//lib64/perl5" "Mozilla/5.0 AppleWebKit/537.36 (KHTML, like Gecko; compatible; GPTBot/1.3; +https://openai.com/gptbot)" 495 **0/495954**
57.141.2.56 - - [14/Mar/2026:05:20:07 -0700] "GET /items/441243732 HTTP/2.0" 200 97145 "-" "meta-externalagent/1.1 (+https://developers.facebook.com/docs/sharing/webmasters/crawler)" 854 **0/854564**
74.7.241.15 - - [14/Mar/2026:05:20:08 -0700] "GET /?fileloc=/home/e9ohhh9viiv2/www/indiacricketnews.in/.htaccess.bk&path=/home/e9ohhh9viiv2/www/indiacricketnews.in HTTP/2.0" 200 2730 "https://thebettingexchange.in/?path=/home/e9ohhh9viiv2/www/indiacricketnews.in" "Mozilla/5.0 AppleWebKit/537.36 (KHTML, like Gecko; compatible; GPTBot/1.3; +https://openai.com/gptbot)" 513 **0/513540**
57.141.2.24 - - [14/Mar/2026:05:20:08 -0700] "GET /items/2328514468 HTTP/2.0" 200 97145 "-" "meta-externalagent/1.1 (+https://developers.facebook.com/docs/sharing/webmasters/crawler)" 859 **0/859491**
74.7.241.15 - - [14/Mar/2026:05:20:09 -0700] "GET /?path=/home/e9ohhh9viiv2/www/cryptosportsbettingexchange.com/.well-known/acme-challenge HTTP/2.0" 200 2360 "https://thebettingexchange.in/?path=/home/e9ohhh9viiv2/www/cryptosportsbettingexchange.com/.well-known" "Mozilla/5.0 AppleWebKit/537.36 (KHTML, like Gecko; compatible; GPTBot/1.3; +https://openai.com/gptbot)" 511 **0/511050**
57.141.2.46 - - [14/Mar/2026:05:20:09 -0700] "GET /items/32802224 HTTP/2.0" 200 97145 "-" "meta-externalagent/1.1 (+https://developers.facebook.com/docs/sharing/webmasters/crawler)" 848 **0/848447**
74.7.241.15 - - [14/Mar/2026:05:20:10 -0700] "GET /?path=/home/e9ohhh9viiv2/www/indiacricketnews.in/.well-known HTTP/2.0" 200 2582 "https://thebettingexchange.in/?path=/home/e9ohhh9viiv2/www/indiacricketnews.in" "Mozilla/5.0 AppleWebKit/537.36 (KHTML, like Gecko; compatible; GPTBot/1.3; +https://openai.com/gptbot)" 499 **0/499959**
57.141.2.46 - - [14/Mar/2026:05:20:10 -0700] "GET /items/470470063 HTTP/2.0" 200 97145 "-" "meta-externalagent/1.1 (+https://developers.facebook.com/docs/sharing/webmasters/crawler)" 839 **0/839075**
114.119.148.165 - - [14/Mar/2026:05:20:10 -0700] "GET /soluciona-a-algunas-20-100-tragaperras-sin-cargo-en-internet/ HTTP/1.1" 200 4874 "https://thebettingexchange.in/twice-diamond-harbors-a-valley-of-the-gods-2-online-slot-real-income-slot-machine-game-totally-free-enjoy-demo/" "Mozilla/5.0 (Linux; Android 7.0;) AppleWebKit/537.36 (KHTML, like Gecko) Mobile Safari/537.36 (compatible; PetalBot;+https://webmaster.petalsearch.com/site/petalbot)" 488 **0/488440**
74.7.241.15 - - [14/Mar/2026:05:20:11 -0700] "GET /?path=/home/e9ohhh9viiv2/www/ivecricketscoreipl.in HTTP/2.0" 200 2688 "https://thebettingexchange.in/?path=/home/e9ohhh9viiv2/www" "Mozilla/5.0 AppleWebKit/537.36 (KHTML, like Gecko; compatible; GPTBot/1.3; +https://openai.com/gptbot)" 491 **0/491451**
185.191.171.12 - - [14/Mar/2026:05:20:11 -0700] "GET /why-does-they-compare-to-other-new-jersey-online-casinos/ HTTP/1.1" 200 4874 "-" "Mozilla/5.0 (compatible; SemrushBot/7~bl; +http://www.semrush.com/bot.html)" 486 **0/486742**
57.141.2.55 - - [14/Mar/2026:05:20:10 -0700] "GET /items/2718891526 HTTP/2.0" 200 97145 "-" "meta-externalagent/1.1 (+https://developers.facebook.com/docs/sharing/webmasters/crawler)" 870 **0/870507**
74.7.241.15 - - [14/Mar/2026:05:20:12 -0700] "GET /?path=//lib64/python3.12/json HTTP/2.0" 200 2771 "https://thebettingexchange.in/?path=//lib64/python3.12" "Mozilla/5.0 AppleWebKit/537.36 (KHTML, like Gecko; compatible; GPTBot/1.3; +https://openai.com/gptbot)" 499 **0/499903**
57.141.2.36 - - [14/Mar/2026:05:20:11 -0700] "GET /items/1922559363 HTTP/2.0" 200 97145 "-" "meta-externalagent/1.1 (+https://developers.facebook.com/docs/sharing/webmasters/crawler)" 841 **0/841103**
57.141.2.2 - - [14/Mar/2026:05:20:12 -0700] "GET /items/223376393 HTTP/2.0" 200 97145 "-" "meta-externalagent/1.1 (+https://developers.facebook.com/docs/sharing/webmasters/crawler)" 860 **0/860846**
74.7.241.15 - - [14/Mar/2026:05:20:12 -0700] "GET /?fileloc=//lib64/python3.6/test/__init__.py&path=//lib64/python3.6/test HTTP/2.0" 200 2306 "https://thebettingexchange.in/?path=//lib64/python3.6/test" "Mozilla/5.0 AppleWebKit/537.36 (KHTML, like Gecko; compatible; GPTBot/1.3; +https://openai.com/gptbot)" 500 **0/500698**
57.141.2.29 - - [14/Mar/2026:05:20:13 -0700] "GET /items/318365491 HTTP/2.0" 200 97145 "-" "meta-externalagent/1.1 (+https://developers.facebook.com/docs/sharing/webmasters/crawler)" 836 **0/836965**
74.7.241.15 - - [14/Mar/2026:05:20:13 -0700] "GET /?path=//lib64/python3.8/asyncio HTTP/2.0" 200 3480 "https://thebettingexchange.in/?path=//lib64/python3.8" "Mozilla/5.0 AppleWebKit/537.36 (KHTML, like Gecko; compatible; GPTBot/1.3; +https://openai.com/gptbot)" 521 **0/521058**
57.141.2.67 - - [14/Mar/2026:05:20:13 -0700] "GET /items/2780852076 HTTP/2.0" 200 97145 "-" "meta-externalagent/1.1 (+https://developers.facebook.com/docs/sharing/webmasters/crawler)" 829 **0/829691**
74.7.241.15 - - [14/Mar/2026:05:20:14 -0700] "GET /?path=//lib64/python3.8/tkinter HTTP/2.0" 200 3042 "https://thebettingexchange.in/?path=//lib64/python3.8" "Mozilla/5.0 AppleWebKit/537.36 (KHTML, like Gecko; compatible; GPTBot/1.3; +https://openai.com/gptbot)" 494 **0/494845**
57.141.2.39 - - [14/Mar/2026:05:20:14 -0700] "GET /items/940478753 HTTP/2.0" 200 97145 "-" "meta-externalagent/1.1 (+https://developers.facebook.com/docs/sharing/webmasters/crawler)" 871 **0/871876**
74.7.241.15 - - [14/Mar/2026:05:20:15 -0700] "GET /?fileloc=/home/e9ohhh9viiv2/tmp/webalizer/ssl/cricketbetstips.thebettingexchange.in/daily_usage_202406.png&path=/home/e9ohhh9viiv2/tmp/webalizer/ssl/cricketbetstips.thebettingexchange.in HTTP/2.0" 200 2316 "https://thebettingexchange.in/?path=/home/e9ohhh9viiv2/tmp/webalizer/ssl/cricketbetstips.thebettingexchange.in" "Mozilla/5.0 AppleWebKit/537.36 (KHTML, like Gecko; compatible; GPTBot/1.3; +https://openai.com/gptbot)" 506 **0/506202**
57.141.2.67 - - [14/Mar/2026:05:20:15 -0700] "GET /items/2905473710 HTTP/2.0" 200 97145 "-" "meta-externalagent/1.1 (+https://developers.facebook.com/docs/sharing/webmasters/crawler)" 850 **0/850131**
74.7.241.15 - - [14/Mar/2026:05:20:16 -0700] "GET /?fileloc=/home/e9ohhh9viiv2/tmp/webalizer/ssl/indiacricketnews.thebettingexchange.in/daily_usage_202404.png&path=/home/e9ohhh9viiv2/tmp/webalizer/ssl/indiacricketnews.thebettingexchange.in HTTP/2.0" 200 2315 "https://thebettingexchange.in/?path=/home/e9ohhh9viiv2/tmp/webalizer/ssl/indiacricketnews.thebettingexchange.in" "Mozilla/5.0 AppleWebKit/537.36 (KHTML, like Gecko; compatible; GPTBot/1.3; +https://openai.com/gptbot)" 513 **0/513794**
57.141.2.5 - - [14/Mar/2026:05:20:16 -0700] "GET /items/2869380062 HTTP/2.0" 200 97145 "-" "meta-externalagent/1.1 (+https://developers.facebook.com/docs/sharing/webmasters/crawler)" 854 **0/854364**
74.7.241.15 - - [14/Mar/2026:05:20:16 -0700] "GET /?fileloc=//lib64/libpcre2-32.so.0&path=//lib64 HTTP/2.0" 200 2254 "https://thebettingexchange.in/?path=//lib64" "Mozilla/5.0 AppleWebKit/537.36 (KHTML, like Gecko; compatible; GPTBot/1.3; +https://openai.com/gptbot)" 506 **0/506920**
57.141.2.2 - - [14/Mar/2026:05:20:16 -0700] "GET /items/4286196567 HTTP/2.0" 200 97145 "-" "meta-externalagent/1.1 (+https://developers.facebook.com/docs/sharing/webmasters/crawler)" 857 **0/857774**
57.141.2.9 - - [14/Mar/2026:05:20:17 -0700] "GET /items/206534109 HTTP/2.0" 200 97145 "-" "meta-externalagent/1.1 (+https://developers.facebook.com/docs/sharing/webmasters/crawler)" 852 **0/852299**
74.7.241.15 - - [14/Mar/2026:05:20:17 -0700] "GET /?path=//lib64/python3.6/http HTTP/2.0" 200 2771 "https://thebettingexchange.in/?path=//lib64/python3.6" "Mozilla/5.0 AppleWebKit/537.36 (KHTML, like Gecko; compatible; GPTBot/1.3; +https://openai.com/gptbot)" 482 **0/482528**
57.141.2.53 - - [14/Mar/2026:05:20:18 -0700] "GET /items/3636004472 HTTP/2.0" 200 97145 "-" "meta-externalagent/1.1 (+https://developers.facebook.com/docs/sharing/webmasters/crawler)" 838 **0/838834**
