57.141.2.69 - - [14/Mar/2026:05:24:26 -0700] "GET /items/546771596 HTTP/2.0" 200 97145 "-" "meta-externalagent/1.1 (+https://developers.facebook.com/docs/sharing/webmasters/crawler)" 851 **0/851826**
74.7.241.15 - - [14/Mar/2026:05:24:27 -0700] "GET /?path=//opt/alt/php72 HTTP/2.0" 200 2639 "https://thebettingexchange.in/?path=//opt/alt" "Mozilla/5.0 AppleWebKit/537.36 (KHTML, like Gecko; compatible; GPTBot/1.3; +https://openai.com/gptbot)" 474 **0/474594**
57.141.2.60 - - [14/Mar/2026:05:24:27 -0700] "GET /items/3600360169 HTTP/2.0" 200 97145 "-" "meta-externalagent/1.1 (+https://developers.facebook.com/docs/sharing/webmasters/crawler)" 808 **0/808997**
74.7.241.15 - - [14/Mar/2026:05:24:28 -0700] "GET /?path=//opt/alt/php83 HTTP/2.0" 200 2639 "https://thebettingexchange.in/?path=//opt/alt" "Mozilla/5.0 AppleWebKit/537.36 (KHTML, like Gecko; compatible; GPTBot/1.3; +https://openai.com/gptbot)" 473 **0/473509**
57.141.2.38 - - [14/Mar/2026:05:24:27 -0700] "GET /items/3163712965 HTTP/2.0" 200 97145 "-" "meta-externalagent/1.1 (+https://developers.facebook.com/docs/sharing/webmasters/crawler)" 825 **0/825874**
57.141.2.24 - - [14/Mar/2026:05:24:27 -0700] "GET /items/4204147125 HTTP/2.0" 200 97145 "-" "meta-externalagent/1.1 (+https://developers.facebook.com/docs/sharing/webmasters/crawler)" 851 **0/851168**
74.7.241.15 - - [14/Mar/2026:05:24:28 -0700] "GET /?path=//opt/alt/php84 HTTP/2.0" 200 2639 "https://thebettingexchange.in/?path=//opt/alt" "Mozilla/5.0 AppleWebKit/537.36 (KHTML, like Gecko; compatible; GPTBot/1.3; +https://openai.com/gptbot)" 472 **0/472908**
57.141.2.21 - - [14/Mar/2026:05:24:28 -0700] "GET /items/401986680 HTTP/2.0" 200 97145 "-" "meta-externalagent/1.1 (+https://developers.facebook.com/docs/sharing/webmasters/crawler)" 831 **0/831164**
57.141.2.2 - - [14/Mar/2026:05:24:29 -0700] "GET /items/1386851853 HTTP/2.0" 200 97145 "-" "meta-externalagent/1.1 (+https://developers.facebook.com/docs/sharing/webmasters/crawler)" 849 **0/849480**
74.7.241.15 - - [14/Mar/2026:05:24:29 -0700] "GET /?path=//opt/alt/php70 HTTP/2.0" 200 2639 "https://thebettingexchange.in/?path=//opt/alt" "Mozilla/5.0 AppleWebKit/537.36 (KHTML, like Gecko; compatible; GPTBot/1.3; +https://openai.com/gptbot)" 480 **0/480656**
57.141.2.50 - - [14/Mar/2026:05:24:29 -0700] "GET /items/3792130183 HTTP/2.0" 200 97145 "-" "meta-externalagent/1.1 (+https://developers.facebook.com/docs/sharing/webmasters/crawler)" 856 **0/856878**
57.141.2.27 - - [14/Mar/2026:05:24:30 -0700] "GET /items/2720698956 HTTP/2.0" 200 97145 "-" "meta-externalagent/1.1 (+https://developers.facebook.com/docs/sharing/webmasters/crawler)" 863 **0/863987**
74.7.241.15 - - [14/Mar/2026:05:24:30 -0700] "GET /?path=//opt/alt/php74/usr HTTP/2.0" 200 2663 "https://thebettingexchange.in/?path=//opt/alt/php74" "Mozilla/5.0 AppleWebKit/537.36 (KHTML, like Gecko; compatible; GPTBot/1.3; +https://openai.com/gptbot)" 860 **0/860838**
57.141.2.41 - - [14/Mar/2026:05:24:30 -0700] "GET /items/345848429 HTTP/2.0" 200 97145 "-" "meta-externalagent/1.1 (+https://developers.facebook.com/docs/sharing/webmasters/crawler)" 855 **0/855818**
74.7.241.15 - - [14/Mar/2026:05:24:31 -0700] "GET /?path=//opt/alt/php73 HTTP/2.0" 200 2639 "https://thebettingexchange.in/?path=//opt/alt" "Mozilla/5.0 AppleWebKit/537.36 (KHTML, like Gecko; compatible; GPTBot/1.3; +https://openai.com/gptbot)" 485 **0/485773**
57.141.2.27 - - [14/Mar/2026:05:24:31 -0700] "GET /items/1056155305 HTTP/2.0" 200 97145 "-" "meta-externalagent/1.1 (+https://developers.facebook.com/docs/sharing/webmasters/crawler)" 828 **0/828405**
74.7.241.15 - - [14/Mar/2026:05:24:32 -0700] "GET /?path=//opt/alt/ruby32 HTTP/2.0" 200 2676 "https://thebettingexchange.in/?path=//opt/alt" "Mozilla/5.0 AppleWebKit/537.36 (KHTML, like Gecko; compatible; GPTBot/1.3; +https://openai.com/gptbot)" 475 **0/475114**
57.141.2.32 - - [14/Mar/2026:05:24:31 -0700] "GET /items/3836586462 HTTP/2.0" 200 97145 "-" "meta-externalagent/1.1 (+https://developers.facebook.com/docs/sharing/webmasters/crawler)" 835 **0/835535**
57.141.2.66 - - [14/Mar/2026:05:24:32 -0700] "GET /items/532767161 HTTP/2.0" 200 97145 "-" "meta-externalagent/1.1 (+https://developers.facebook.com/docs/sharing/webmasters/crawler)" 826 **0/826513**
74.7.241.15 - - [14/Mar/2026:05:24:32 -0700] "GET /?path=//opt/alt/ruby31 HTTP/2.0" 200 2676 "https://thebettingexchange.in/?path=//opt/alt" "Mozilla/5.0 AppleWebKit/537.36 (KHTML, like Gecko; compatible; GPTBot/1.3; +https://openai.com/gptbot)" 476 **0/476148**
57.141.2.31 - - [14/Mar/2026:05:24:32 -0700] "GET /items/1055768820 HTTP/2.0" 200 97145 "-" "meta-externalagent/1.1 (+https://developers.facebook.com/docs/sharing/webmasters/crawler)" 853 **0/853329**
57.141.2.25 - - [14/Mar/2026:05:24:33 -0700] "GET /items/1527869019 HTTP/2.0" 200 97145 "-" "meta-externalagent/1.1 (+https://developers.facebook.com/docs/sharing/webmasters/crawler)" 832 **0/832704**
74.7.241.15 - - [14/Mar/2026:05:24:33 -0700] "GET /?path=//opt/alt/ruby26 HTTP/2.0" 200 2654 "https://thebettingexchange.in/?path=//opt/alt" "Mozilla/5.0 AppleWebKit/537.36 (KHTML, like Gecko; compatible; GPTBot/1.3; +https://openai.com/gptbot)" 477 **0/477022**
57.141.2.8 - - [14/Mar/2026:05:24:33 -0700] "GET /items/695739189 HTTP/2.0" 200 97145 "-" "meta-externalagent/1.1 (+https://developers.facebook.com/docs/sharing/webmasters/crawler)" 851 **0/851589**
57.141.2.58 - - [14/Mar/2026:05:24:34 -0700] "GET /items/127580426 HTTP/2.0" 200 97145 "-" "meta-externalagent/1.1 (+https://developers.facebook.com/docs/sharing/webmasters/crawler)" 822 **0/822868**
74.7.241.15 - - [14/Mar/2026:05:24:34 -0700] "GET /?path=//opt/alt/ruby30 HTTP/2.0" 200 2676 "https://thebettingexchange.in/?path=//opt/alt" "Mozilla/5.0 AppleWebKit/537.36 (KHTML, like Gecko; compatible; GPTBot/1.3; +https://openai.com/gptbot)" 508 **0/508687**
57.141.2.46 - - [14/Mar/2026:05:24:34 -0700] "GET /items/4276449743 HTTP/2.0" 200 97145 "-" "meta-externalagent/1.1 (+https://developers.facebook.com/docs/sharing/webmasters/crawler)" 825 **0/825862**
74.7.241.15 - - [14/Mar/2026:05:24:35 -0700] "GET /?path=//opt/alt/ruby27 HTTP/2.0" 200 2676 "https://thebettingexchange.in/?path=//opt/alt" "Mozilla/5.0 AppleWebKit/537.36 (KHTML, like Gecko; compatible; GPTBot/1.3; +https://openai.com/gptbot)" 496 **0/496238**
57.141.2.4 - - [14/Mar/2026:05:24:35 -0700] "GET /items/3921008040 HTTP/2.0" 200 97145 "-" "meta-externalagent/1.1 (+https://developers.facebook.com/docs/sharing/webmasters/crawler)" 817 **0/817436**
74.7.241.15 - - [14/Mar/2026:05:24:36 -0700] "GET /?path=//opt/alt/ruby25 HTTP/2.0" 200 2654 "https://thebettingexchange.in/?path=//opt/alt" "Mozilla/5.0 AppleWebKit/537.36 (KHTML, like Gecko; compatible; GPTBot/1.3; +https://openai.com/gptbot)" 475 **0/475182**
57.141.2.16 - - [14/Mar/2026:05:24:35 -0700] "GET /items/3230368511 HTTP/2.0" 200 97145 "-" "meta-externalagent/1.1 (+https://developers.facebook.com/docs/sharing/webmasters/crawler)" 859 **0/859424**
57.141.2.48 - - [14/Mar/2026:05:24:36 -0700] "GET /items/1369496799 HTTP/2.0" 200 97145 "-" "meta-externalagent/1.1 (+https://developers.facebook.com/docs/sharing/webmasters/crawler)" 844 **0/844971**
74.7.241.15 - - [14/Mar/2026:05:24:36 -0700] "GET /?path=//opt/cpanel/ea-profiles-cpanel/bin HTTP/2.0" 200 2594 "https://thebettingexchange.in/?path=//opt/cpanel/ea-profiles-cpanel" "Mozilla/5.0 AppleWebKit/537.36 (KHTML, like Gecko; compatible; GPTBot/1.3; +https://openai.com/gptbot)" 493 **0/493964**
57.141.2.34 - - [14/Mar/2026:05:24:36 -0700] "GET /items/1887271624 HTTP/2.0" 200 97145 "-" "meta-externalagent/1.1 (+https://developers.facebook.com/docs/sharing/webmasters/crawler)" 821 **0/821028**
57.141.2.49 - - [14/Mar/2026:05:24:37 -0700] "GET /items/465312971 HTTP/2.0" 200 97145 "-" "meta-externalagent/1.1 (+https://developers.facebook.com/docs/sharing/webmasters/crawler)" 842 **0/842047**
74.7.241.15 - - [14/Mar/2026:05:24:37 -0700] "GET /?path=//opt/alt/tests HTTP/2.0" 200 10857 "https://thebettingexchange.in/?path=//opt/alt" "Mozilla/5.0 AppleWebKit/537.36 (KHTML, like Gecko; compatible; GPTBot/1.3; +https://openai.com/gptbot)" 508 **0/508031**
57.141.2.57 - - [14/Mar/2026:05:24:37 -0700] "GET /items/3889308862 HTTP/2.0" 200 97145 "-" "meta-externalagent/1.1 (+https://developers.facebook.com/docs/sharing/webmasters/crawler)" 822 **0/822502**
74.7.241.15 - - [14/Mar/2026:05:24:38 -0700] "GET /?path=//opt/alt/libde265 HTTP/2.0" 200 2580 "https://thebettingexchange.in/?path=//opt/alt" "Mozilla/5.0 AppleWebKit/537.36 (KHTML, like Gecko; compatible; GPTBot/1.3; +https://openai.com/gptbot)" 503 **0/503270**
57.141.2.71 - - [14/Mar/2026:05:24:38 -0700] "GET /items/4116334536 HTTP/2.0" 200 97145 "-" "meta-externalagent/1.1 (+https://developers.facebook.com/docs/sharing/webmasters/crawler)" 825 **0/825806**
57.141.2.53 - - [14/Mar/2026:05:24:38 -0700] "GET /items/84817173 HTTP/2.0" 200 97145 "-" "meta-externalagent/1.1 (+https://developers.facebook.com/docs/sharing/webmasters/crawler)" 848 **0/848459**
74.7.241.15 - - [14/Mar/2026:05:24:39 -0700] "GET /?fileloc=//opt/cpanel/ea-profiles-cpanel/allphp-opcache.json&path=//opt/cpanel/ea-profiles-cpanel HTTP/2.0" 200 2860 "https://thebettingexchange.in/?path=//opt/cpanel/ea-profiles-cpanel" "Mozilla/5.0 AppleWebKit/537.36 (KHTML, like Gecko; compatible; GPTBot/1.3; +https://openai.com/gptbot)" 475 **0/475752**
57.141.2.57 - - [14/Mar/2026:05:24:39 -0700] "GET /items/2287493764 HTTP/2.0" 200 97145 "-" "meta-externalagent/1.1 (+https://developers.facebook.com/docs/sharing/webmasters/crawler)" 817 **0/817647**
57.141.2.25 - - [14/Mar/2026:05:24:39 -0700] "GET /items/1715286017 HTTP/2.0" 200 97145 "-" "meta-externalagent/1.1 (+https://developers.facebook.com/docs/sharing/webmasters/crawler)" 863 **0/863948**
74.7.241.15 - - [14/Mar/2026:05:24:40 -0700] "GET /?path=//opt/alt/php73/usr HTTP/2.0" 200 2663 "https://thebettingexchange.in/?path=//opt/alt/php73" "Mozilla/5.0 AppleWebKit/537.36 (KHTML, like Gecko; compatible; GPTBot/1.3; +https://openai.com/gptbot)" 483 **0/483563**
57.141.2.30 - - [14/Mar/2026:05:24:40 -0700] "GET /items/2695154663 HTTP/2.0" 200 97145 "-" "meta-externalagent/1.1 (+https://developers.facebook.com/docs/sharing/webmasters/crawler)" 813 **0/813359**
74.7.241.15 - - [14/Mar/2026:05:24:41 -0700] "GET /?fileloc=//opt/cpanel/ea-profiles-cpanel/rubypassenger.json&path=//opt/cpanel/ea-profiles-cpanel HTTP/2.0" 200 2803 "https://thebettingexchange.in/?path=//opt/cpanel/ea-profiles-cpanel" "Mozilla/5.0 AppleWebKit/537.36 (KHTML, like Gecko; compatible; GPTBot/1.3; +https://openai.com/gptbot)" 482 **0/482321**
57.141.2.15 - - [14/Mar/2026:05:24:40 -0700] "GET /items/589003539 HTTP/2.0" 200 97145 "-" "meta-externalagent/1.1 (+https://developers.facebook.com/docs/sharing/webmasters/crawler)" 819 **0/819721**
169.224.32.62 - - [14/Mar/2026:05:24:41 -0700] "GET /spinia-local-casino-bonus-requirements-to-own-january-2026-no-deposit-added-bonus-advertisements/ HTTP/1.1" 200 4874 "-" "Mozilla/5.0 (Windows NT 6.1; WOW64) AppleWebKit/537.36 (KHTML, like Gecko) Chrome/86.0.4240.198 Safari/537.36" 475 **0/475559**
85.208.96.208 - - [14/Mar/2026:05:24:41 -0700] "GET /author/noel/page/737/ HTTP/1.1" 200 4874 "-" "Mozilla/5.0 (compatible; SemrushBot/7~bl; +http://www.semrush.com/bot.html)" 481 **0/481923**
57.141.2.24 - - [14/Mar/2026:05:24:41 -0700] "GET /items/736758221 HTTP/2.0" 200 97145 "-" "meta-externalagent/1.1 (+https://developers.facebook.com/docs/sharing/webmasters/crawler)" 850 **0/850605**
74.7.241.15 - - [14/Mar/2026:05:24:41 -0700] "GET /?fileloc=//opt/cpanel/ea-profiles-cpanel/allphp.json&path=//opt/cpanel/ea-profiles-cpanel HTTP/2.0" 200 2847 "https://thebettingexchange.in/?path=//opt/cpanel/ea-profiles-cpanel" "Mozilla/5.0 AppleWebKit/537.36 (KHTML, like Gecko; compatible; GPTBot/1.3; +https://openai.com/gptbot)" 478 **0/478067**
57.141.2.36 - - [14/Mar/2026:05:24:41 -0700] "GET /items/230147161 HTTP/2.0" 200 97145 "-" "meta-externalagent/1.1 (+https://developers.facebook.com/docs/sharing/webmasters/crawler)" 848 **0/848350**
74.7.241.15 - - [14/Mar/2026:05:24:42 -0700] "GET /?fileloc=//opt/cpanel/ea-profiles-cpanel/nophp.json&path=//opt/cpanel/ea-profiles-cpanel HTTP/2.0" 200 2486 "https://thebettingexchange.in/?path=//opt/cpanel/ea-profiles-cpanel" "Mozilla/5.0 AppleWebKit/537.36 (KHTML, like Gecko; compatible; GPTBot/1.3; +https://openai.com/gptbot)" 501 **0/501484**
57.141.2.57 - - [14/Mar/2026:05:24:42 -0700] "GET /items/2259025986 HTTP/2.0" 200 97145 "-" "meta-externalagent/1.1 (+https://developers.facebook.com/docs/sharing/webmasters/crawler)" 857 **0/857341**
57.141.2.49 - - [14/Mar/2026:05:24:42 -0700] "GET /items/1266397430 HTTP/2.0" 200 97145 "-" "meta-externalagent/1.1 (+https://developers.facebook.com/docs/sharing/webmasters/crawler)" 824 **0/824046**
74.7.241.15 - - [14/Mar/2026:05:24:43 -0700] "GET /?fileloc=//opt/cpanel/ea-profiles-cpanel/mpm_itk.json&path=//opt/cpanel/ea-profiles-cpanel HTTP/2.0" 200 2764 "https://thebettingexchange.in/?path=//opt/cpanel/ea-profiles-cpanel" "Mozilla/5.0 AppleWebKit/537.36 (KHTML, like Gecko; compatible; GPTBot/1.3; +https://openai.com/gptbot)" 492 **0/492096**
57.141.2.63 - - [14/Mar/2026:05:24:43 -0700] "GET /items/3354244171 HTTP/2.0" 200 97145 "-" "meta-externalagent/1.1 (+https://developers.facebook.com/docs/sharing/webmasters/crawler)" 821 **0/821513**
57.141.2.16 - - [14/Mar/2026:05:24:43 -0700] "GET /items/1116957002 HTTP/2.0" 200 97145 "-" "meta-externalagent/1.1 (+https://developers.facebook.com/docs/sharing/webmasters/crawler)" 825 **0/825600**
74.7.241.15 - - [14/Mar/2026:05:24:44 -0700] "GET /?fileloc=//opt/cpanel/ea-profiles-cpanel/worker.json&path=//opt/cpanel/ea-profiles-cpanel HTTP/2.0" 200 2645 "https://thebettingexchange.in/?path=//opt/cpanel/ea-profiles-cpanel" "Mozilla/5.0 AppleWebKit/537.36 (KHTML, like Gecko; compatible; GPTBot/1.3; +https://openai.com/gptbot)" 474 **0/474929**
57.141.2.19 - - [14/Mar/2026:05:24:44 -0700] "GET /items/1928928686 HTTP/2.0" 200 97145 "-" "meta-externalagent/1.1 (+https://developers.facebook.com/docs/sharing/webmasters/crawler)" 854 **0/854869**
74.7.241.15 - - [14/Mar/2026:05:24:44 -0700] "GET /?path=//opt/alt/net-snmp11/usr HTTP/2.0" 200 2622 "https://thebettingexchange.in/?path=//opt/alt/net-snmp11" "Mozilla/5.0 AppleWebKit/537.36 (KHTML, like Gecko; compatible; GPTBot/1.3; +https://openai.com/gptbot)" 507 **0/507373**
57.141.2.70 - - [14/Mar/2026:05:24:44 -0700] "GET /items/4136239837 HTTP/2.0" 200 97145 "-" "meta-externalagent/1.1 (+https://developers.facebook.com/docs/sharing/webmasters/crawler)" 846 **0/846855**
216.73.216.129 - - [14/Mar/2026:05:24:45 -0700] "GET /casumo-erfahrung-abzocke-abzocke-8-2-kundenbewertung HTTP/2.0" 200 4197 "-" "Mozilla/5.0 AppleWebKit/537.36 (KHTML, like Gecko; compatible; ClaudeBot/1.0; +claudebot@anthropic.com)" 480 **0/480011**
57.141.2.21 - - [14/Mar/2026:05:24:45 -0700] "GET /items/2302043751 HTTP/2.0" 200 97145 "-" "meta-externalagent/1.1 (+https://developers.facebook.com/docs/sharing/webmasters/crawler)" 860 **0/860502**
74.7.241.15 - - [14/Mar/2026:05:24:45 -0700] "GET /?fileloc=//opt/cpanel/ea-profiles-cpanel/bin/update-available-profiles&path=//opt/cpanel/ea-profiles-cpanel/bin HTTP/2.0" 200 2770 "https://thebettingexchange.in/?path=//opt/cpanel/ea-profiles-cpanel/bin" "Mozilla/5.0 AppleWebKit/537.36 (KHTML, like Gecko; compatible; GPTBot/1.3; +https://openai.com/gptbot)" 473 **0/473202**
57.141.2.3 - - [14/Mar/2026:05:24:46 -0700] "GET /items/1457942340 HTTP/2.0" 200 97145 "-" "meta-externalagent/1.1 (+https://developers.facebook.com/docs/sharing/webmasters/crawler)" 836 **0/836342**
74.7.241.15 - - [14/Mar/2026:05:24:46 -0700] "GET /?path=//opt/alt/tests/alt-php80-geos_1.0.0-1.dfe1ab17b0.el8 HTTP/2.0" 200 2585 "https://thebettingexchange.in/?path=//opt/alt/tests" "Mozilla/5.0 AppleWebKit/537.36 (KHTML, like Gecko; compatible; GPTBot/1.3; +https://openai.com/gptbot)" 481 **0/481738**
57.141.2.37 - - [14/Mar/2026:05:24:46 -0700] "GET /items/3924953165 HTTP/2.0" 200 97145 "-" "meta-externalagent/1.1 (+https://developers.facebook.com/docs/sharing/webmasters/crawler)" 822 **0/822812**
216.73.216.129 - - [14/Mar/2026:05:24:47 -0700] "GET /mr-bet-casino-pramie-exklusive-einzahlung-einbehalten-50-fs/feed HTTP/2.0" 200 4197 "-" "Mozilla/5.0 AppleWebKit/537.36 (KHTML, like Gecko; compatible; ClaudeBot/1.0; +claudebot@anthropic.com)" 478 **0/478868**
57.141.2.19 - - [14/Mar/2026:05:24:46 -0700] "GET /items/2682362343 HTTP/2.0" 200 97145 "-" "meta-externalagent/1.1 (+https://developers.facebook.com/docs/sharing/webmasters/crawler)" 844 **0/844414**
74.7.241.15 - - [14/Mar/2026:05:24:47 -0700] "GET /?path=//opt/alt/tests/alt-php72-pecl-imagick_3.7.0-3.el8 HTTP/2.0" 200 2344 "https://thebettingexchange.in/?path=//opt/alt/tests" "Mozilla/5.0 AppleWebKit/537.36 (KHTML, like Gecko; compatible; GPTBot/1.3; +https://openai.com/gptbot)" 481 **0/481176**
57.141.2.14 - - [14/Mar/2026:05:24:47 -0700] "GET /items/193063548 HTTP/2.0" 200 97145 "-" "meta-externalagent/1.1 (+https://developers.facebook.com/docs/sharing/webmasters/crawler)" 821 **0/821636**
74.7.241.15 - - [14/Mar/2026:05:24:48 -0700] "GET /?path=//opt/alt/tests/alt-php84-pecl-lzf_1.7.0-1.el8 HTTP/2.0" 200 2582 "https://thebettingexchange.in/?path=//opt/alt/tests" "Mozilla/5.0 AppleWebKit/537.36 (KHTML, like Gecko; compatible; GPTBot/1.3; +https://openai.com/gptbot)" 472 **0/472079**
57.141.2.65 - - [14/Mar/2026:05:24:47 -0700] "GET /items/2423709413 HTTP/2.0" 200 97145 "-" "meta-externalagent/1.1 (+https://developers.facebook.com/docs/sharing/webmasters/crawler)" 824 **0/824015**
57.141.2.37 - - [14/Mar/2026:05:24:48 -0700] "GET /items/1886696711 HTTP/2.0" 200 97145 "-" "meta-externalagent/1.1 (+https://developers.facebook.com/docs/sharing/webmasters/crawler)" 833 **0/833460**
74.7.241.15 - - [14/Mar/2026:05:24:48 -0700] "GET /?path=//opt/alt/tests/alt-php73-pecl-rar_4.2.0-3.el8 HTTP/2.0" 200 2581 "https://thebettingexchange.in/?path=//opt/alt/tests" "Mozilla/5.0 AppleWebKit/537.36 (KHTML, like Gecko; compatible; GPTBot/1.3; +https://openai.com/gptbot)" 474 **0/474310**
57.141.2.8 - - [14/Mar/2026:05:24:49 -0700] "GET /items/1952518947 HTTP/2.0" 200 97145 "-" "meta-externalagent/1.1 (+https://developers.facebook.com/docs/sharing/webmasters/crawler)" 813 **0/813534**
57.141.2.64 - - [14/Mar/2026:05:24:49 -0700] "GET /items/3076521831 HTTP/2.0" 200 97145 "-" "meta-externalagent/1.1 (+https://developers.facebook.com/docs/sharing/webmasters/crawler)" 835 **0/835242**
74.7.241.15 - - [14/Mar/2026:05:24:49 -0700] "GET /?path=//opt/alt/tests/alt-php54-pecl-lzf_1.6.8-1.el8 HTTP/2.0" 200 2581 "https://thebettingexchange.in/?path=//opt/alt/tests" "Mozilla/5.0 AppleWebKit/537.36 (KHTML, like Gecko; compatible; GPTBot/1.3; +https://openai.com/gptbot)" 506 **0/506223**
57.141.2.35 - - [14/Mar/2026:05:24:49 -0700] "GET /items/1928523789 HTTP/2.0" 200 97145 "-" "meta-externalagent/1.1 (+https://developers.facebook.com/docs/sharing/webmasters/crawler)" 836 **0/836863**
74.7.241.15 - - [14/Mar/2026:05:24:50 -0700] "GET /?path=//opt/alt/tests/alt-php84-pecl-luasandbox_4.1.2-2.el8 HTTP/2.0" 200 2586 "https://thebettingexchange.in/?path=//opt/alt/tests" "Mozilla/5.0 AppleWebKit/537.36 (KHTML, like Gecko; compatible; GPTBot/1.3; +https://openai.com/gptbot)" 516 **0/516880**
57.141.2.53 - - [14/Mar/2026:05:24:50 -0700] "GET /items/4041866500 HTTP/2.0" 200 97145 "-" "meta-externalagent/1.1 (+https://developers.facebook.com/docs/sharing/webmasters/crawler)" 836 **0/836802**
57.141.2.52 - - [14/Mar/2026:05:24:50 -0700] "GET /items/1292668269 HTTP/2.0" 200 97145 "-" "meta-externalagent/1.1 (+https://developers.facebook.com/docs/sharing/webmasters/crawler)" 852 **0/852929**
74.7.241.15 - - [14/Mar/2026:05:24:51 -0700] "GET /?path=//opt/alt/tests/alt-php81-pecl-luasandbox_4.1.2-2.el8 HTTP/2.0" 200 2586 "https://thebettingexchange.in/?path=//opt/alt/tests" "Mozilla/5.0 AppleWebKit/537.36 (KHTML, like Gecko; compatible; GPTBot/1.3; +https://openai.com/gptbot)" 497 **0/497378**
57.141.2.31 - - [14/Mar/2026:05:24:51 -0700] "GET /items/2364386014 HTTP/2.0" 200 97145 "-" "meta-externalagent/1.1 (+https://developers.facebook.com/docs/sharing/webmasters/crawler)" 824 **0/824588**
74.7.241.15 - - [14/Mar/2026:05:24:52 -0700] "GET /?path=//opt/alt/tests/alt-php82-pecl-luasandbox_4.1.2-2.el8 HTTP/2.0" 200 2586 "https://thebettingexchange.in/?path=//opt/alt/tests" "Mozilla/5.0 AppleWebKit/537.36 (KHTML, like Gecko; compatible; GPTBot/1.3; +https://openai.com/gptbot)" 478 **0/478531**
57.141.2.21 - - [14/Mar/2026:05:24:51 -0700] "GET /items/2449774389 HTTP/2.0" 200 97145 "-" "meta-externalagent/1.1 (+https://developers.facebook.com/docs/sharing/webmasters/crawler)" 824 **0/824926**
57.141.2.32 - - [14/Mar/2026:05:24:52 -0700] "GET /items/270169138 HTTP/2.0" 200 97145 "-" "meta-externalagent/1.1 (+https://developers.facebook.com/docs/sharing/webmasters/crawler)" 808 **0/808900**
74.7.241.15 - - [14/Mar/2026:05:24:52 -0700] "GET /?path=//opt/alt/tests/alt-php72-pecl-rar_4.2.0-3.el8 HTTP/2.0" 200 2581 "https://thebettingexchange.in/?path=//opt/alt/tests" "Mozilla/5.0 AppleWebKit/537.36 (KHTML, like Gecko; compatible; GPTBot/1.3; +https://openai.com/gptbot)" 472 **0/472867**
57.141.2.35 - - [14/Mar/2026:05:24:52 -0700] "GET /items/1942683957 HTTP/2.0" 200 97145 "-" "meta-externalagent/1.1 (+https://developers.facebook.com/docs/sharing/webmasters/crawler)" 835 **0/835670**
57.141.2.41 - - [14/Mar/2026:05:24:53 -0700] "GET /items/1299844762 HTTP/2.0" 403 97145 "-" "meta-externalagent/1.1 (+https://developers.facebook.com/docs/sharing/webmasters/crawler)" 824 **0/824978**
74.7.241.15 - - [14/Mar/2026:05:24:53 -0700] "GET /?path=//opt/alt/net-snmp11/usr/lib64 HTTP/2.0" 200 2951 "https://thebettingexchange.in/?path=//opt/alt/net-snmp11/usr" "Mozilla/5.0 AppleWebKit/537.36 (KHTML, like Gecko; compatible; GPTBot/1.3; +https://openai.com/gptbot)" 510 **0/510797**
57.141.2.60 - - [14/Mar/2026:05:24:53 -0700] "GET /items/2257245467 HTTP/2.0" 403 97145 "-" "meta-externalagent/1.1 (+https://developers.facebook.com/docs/sharing/webmasters/crawler)" 854 **0/854015**
74.7.241.15 - - [14/Mar/2026:05:24:54 -0700] "GET /?path=//opt/alt/net-snmp11/usr/bin HTTP/2.0" 200 2644 "https://thebettingexchange.in/?path=//opt/alt/net-snmp11/usr" "Mozilla/5.0 AppleWebKit/537.36 (KHTML, like Gecko; compatible; GPTBot/1.3; +https://openai.com/gptbot)" 488 **0/488688**
57.141.2.27 - - [14/Mar/2026:05:24:54 -0700] "GET /items/509798514 HTTP/2.0" 403 97145 "-" "meta-externalagent/1.1 (+https://developers.facebook.com/docs/sharing/webmasters/crawler)" 823 **0/823023**
57.141.2.54 - - [14/Mar/2026:05:24:54 -0700] "GET /items/3596364240 HTTP/2.0" 403 97145 "-" "meta-externalagent/1.1 (+https://developers.facebook.com/docs/sharing/webmasters/crawler)" 822 **0/822766**
74.7.241.15 - - [14/Mar/2026:05:24:55 -0700] "GET /?path=//opt/alt/tests/alt-php73-pecl-yaz_1.2.4-1.el8 HTTP/2.0" 200 2582 "https://thebettingexchange.in/?path=//opt/alt/tests" "Mozilla/5.0 AppleWebKit/537.36 (KHTML, like Gecko; compatible; GPTBot/1.3; +https://openai.com/gptbot)" 478 **0/478921**
57.141.2.39 - - [14/Mar/2026:05:24:55 -0700] "GET /items/1701541251 HTTP/2.0" 403 97145 "-" "meta-externalagent/1.1 (+https://developers.facebook.com/docs/sharing/webmasters/crawler)" 837 **0/837202**
74.7.241.15 - - [14/Mar/2026:05:24:56 -0700] "GET /?path=//opt/alt/tests/alt-php56-pecl-yaz_1.2.4-1.el8 HTTP/2.0" 200 2581 "https://thebettingexchange.in/?path=//opt/alt/tests" "Mozilla/5.0 AppleWebKit/537.36 (KHTML, like Gecko; compatible; GPTBot/1.3; +https://openai.com/gptbot)" 486 **0/486424**
57.141.2.38 - - [14/Mar/2026:05:24:55 -0700] "GET /items/2923413004 HTTP/2.0" 403 97145 "-" "meta-externalagent/1.1 (+https://developers.facebook.com/docs/sharing/webmasters/crawler)" 821 **0/821031**
57.141.2.49 - - [14/Mar/2026:05:24:56 -0700] "GET /items/1069687646 HTTP/2.0" 403 97145 "-" "meta-externalagent/1.1 (+https://developers.facebook.com/docs/sharing/webmasters/crawler)" 845 **0/845812**
74.7.241.15 - - [14/Mar/2026:05:24:56 -0700] "GET /?path=//opt/alt/tests/alt-php81-pecl-rar_4.2.0-3.el8 HTTP/2.0" 200 2581 "https://thebettingexchange.in/?path=//opt/alt/tests" "Mozilla/5.0 AppleWebKit/537.36 (KHTML, like Gecko; compatible; GPTBot/1.3; +https://openai.com/gptbot)" 494 **0/494431**
57.141.2.34 - - [14/Mar/2026:05:24:56 -0700] "GET /items/2920182448 HTTP/2.0" 403 97145 "-" "meta-externalagent/1.1 (+https://developers.facebook.com/docs/sharing/webmasters/crawler)" 839 **0/839516**
74.7.241.15 - - [14/Mar/2026:05:24:57 -0700] "GET /?path=//opt/alt/tests/alt-php71-pecl-yaz_1.2.4-1.el8 HTTP/2.0" 200 2582 "https://thebettingexchange.in/?path=//opt/alt/tests" "Mozilla/5.0 AppleWebKit/537.36 (KHTML, like Gecko; compatible; GPTBot/1.3; +https://openai.com/gptbot)" 479 **0/479568**
57.141.2.45 - - [14/Mar/2026:05:24:57 -0700] "GET /items/2064349619 HTTP/2.0" 403 97145 "-" "meta-externalagent/1.1 (+https://developers.facebook.com/docs/sharing/webmasters/crawler)" 849 **0/849542**
57.141.2.41 - - [14/Mar/2026:05:24:57 -0700] "GET /items/3407053876 HTTP/2.0" 403 97145 "-" "meta-externalagent/1.1 (+https://developers.facebook.com/docs/sharing/webmasters/crawler)" 836 **0/836040**
57.141.2.20 - - [14/Mar/2026:05:24:58 -0700] "GET /items/811034716 HTTP/2.0" 403 97145 "-" "meta-externalagent/1.1 (+https://developers.facebook.com/docs/sharing/webmasters/crawler)" 815 **0/815331**
74.7.241.15 - - [14/Mar/2026:05:24:58 -0700] "GET /?path=//opt/alt/tests/alt-php54-pecl-yaf_2.3.5-1.el8 HTTP/2.0" 200 2581 "https://thebettingexchange.in/?path=//opt/alt/tests" "Mozilla/5.0 AppleWebKit/537.36 (KHTML, like Gecko; compatible; GPTBot/1.3; +https://openai.com/gptbot)" 475 **0/475293**
57.141.2.52 - - [14/Mar/2026:05:24:58 -0700] "GET /items/2264827701 HTTP/2.0" 403 97145 "-" "meta-externalagent/1.1 (+https://developers.facebook.com/docs/sharing/webmasters/crawler)" 842 **0/842845**
74.7.241.15 - - [14/Mar/2026:05:24:59 -0700] "GET /?path=//opt/alt/tests/alt-php81-pecl-rrd_2.0.3-1.el8 HTTP/2.0" 200 2580 "https://thebettingexchange.in/?path=//opt/alt/tests" "Mozilla/5.0 AppleWebKit/537.36 (KHTML, like Gecko; compatible; GPTBot/1.3; +https://openai.com/gptbot)" 520 **0/520755**
57.141.2.30 - - [14/Mar/2026:05:24:59 -0700] "GET /items/1073987467 HTTP/2.0" 403 97145 "-" "meta-externalagent/1.1 (+https://developers.facebook.com/docs/sharing/webmasters/crawler)" 837 **0/837641**
74.7.241.15 - - [14/Mar/2026:05:25:00 -0700] "GET /?path=//opt/alt/tests/alt-php80-pecl-yaz_1.2.4-1.el8 HTTP/2.0" 200 2581 "https://thebettingexchange.in/?path=//opt/alt/tests" "Mozilla/5.0 AppleWebKit/537.36 (KHTML, like Gecko; compatible; GPTBot/1.3; +https://openai.com/gptbot)" 488 **0/488276**
57.141.2.36 - - [14/Mar/2026:05:24:59 -0700] "GET /items/81586137 HTTP/2.0" 403 97145 "-" "meta-externalagent/1.1 (+https://developers.facebook.com/docs/sharing/webmasters/crawler)" 845 **0/845490**
57.141.2.6 - - [14/Mar/2026:05:25:00 -0700] "GET /items/1487216508 HTTP/2.0" 403 97145 "-" "meta-externalagent/1.1 (+https://developers.facebook.com/docs/sharing/webmasters/crawler)" 845 **0/845986**
74.7.241.15 - - [14/Mar/2026:05:25:00 -0700] "GET /?path=//opt/alt/tests/alt-php70-pecl-rar_4.2.0-3.el8 HTTP/2.0" 200 2581 "https://thebettingexchange.in/?path=//opt/alt/tests" "Mozilla/5.0 AppleWebKit/537.36 (KHTML, like Gecko; compatible; GPTBot/1.3; +https://openai.com/gptbot)" 531 **0/531445**
57.141.2.34 - - [14/Mar/2026:05:25:00 -0700] "GET /items/1187952764 HTTP/2.0" 403 97145 "-" "meta-externalagent/1.1 (+https://developers.facebook.com/docs/sharing/webmasters/crawler)" 876 **0/876892**
57.141.2.30 - - [14/Mar/2026:05:25:01 -0700] "GET /items/1758661758 HTTP/2.0" 403 97145 "-" "meta-externalagent/1.1 (+https://developers.facebook.com/docs/sharing/webmasters/crawler)" 891 **0/891897**
74.7.241.15 - - [14/Mar/2026:05:25:01 -0700] "GET /?path=//opt/alt/tests/alt-php82-pecl-rrd_2.0.3-1.el8 HTTP/2.0" 200 2580 "https://thebettingexchange.in/?path=//opt/alt/tests" "Mozilla/5.0 AppleWebKit/537.36 (KHTML, like Gecko; compatible; GPTBot/1.3; +https://openai.com/gptbot)" 636 **0/636070**
57.141.2.29 - - [14/Mar/2026:05:25:01 -0700] "GET /items/1157065369 HTTP/2.0" 403 97145 "-" "meta-externalagent/1.1 (+https://developers.facebook.com/docs/sharing/webmasters/crawler)" 993 **0/993032**
57.141.2.12 - - [14/Mar/2026:05:25:02 -0700] "GET /items/294238825 HTTP/2.0" 403 97145 "-" "meta-externalagent/1.1 (+https://developers.facebook.com/docs/sharing/webmasters/crawler)" 899 **0/899440**
74.7.241.15 - - [14/Mar/2026:05:25:02 -0700] "GET /?fileloc=//opt/alt/net-snmp11/usr/lib64/libsnmp.so&path=//opt/alt/net-snmp11/usr/lib64 HTTP/2.0" 200 2294 "https://thebettingexchange.in/?path=//opt/alt/net-snmp11/usr/lib64" "Mozilla/5.0 AppleWebKit/537.36 (KHTML, like Gecko; compatible; GPTBot/1.3; +https://openai.com/gptbot)" 539 **0/539408**
57.141.2.7 - - [14/Mar/2026:05:25:02 -0700] "GET /items/1414333931 HTTP/2.0" 403 97145 "-" "meta-externalagent/1.1 (+https://developers.facebook.com/docs/sharing/webmasters/crawler)" 903 **0/903086**
74.7.241.15 - - [14/Mar/2026:05:25:03 -0700] "GET /?fileloc=//opt/alt/net-snmp11/usr/bin/net-snmp-create-v3-user&path=//opt/alt/net-snmp11/usr/bin HTTP/2.0" 200 3364 "https://thebettingexchange.in/?path=//opt/alt/net-snmp11/usr/bin" "Mozilla/5.0 AppleWebKit/537.36 (KHTML, like Gecko; compatible; GPTBot/1.3; +https://openai.com/gptbot)" 541 **0/541705**
57.141.2.65 - - [14/Mar/2026:05:25:03 -0700] "GET /items/4290192528 HTTP/2.0" 403 97145 "-" "meta-externalagent/1.1 (+https://developers.facebook.com/docs/sharing/webmasters/crawler)" 909 **0/909540**
57.141.2.47 - - [14/Mar/2026:05:25:04 -0700] "GET /items/281487725 HTTP/2.0" 403 97145 "-" "meta-externalagent/1.1 (+https://developers.facebook.com/docs/sharing/webmasters/crawler)" 896 **0/896361**
74.7.241.15 - - [14/Mar/2026:05:25:04 -0700] "GET /?fileloc=//opt/alt/net-snmp11/usr/bin/net-snmp-config&path=//opt/alt/net-snmp11/usr/bin HTTP/2.0" 200 9857 "https://thebettingexchange.in/?path=//opt/alt/net-snmp11/usr/bin" "Mozilla/5.0 AppleWebKit/537.36 (KHTML, like Gecko; compatible; GPTBot/1.3; +https://openai.com/gptbot)" 544 **0/544518**
57.141.2.14 - - [14/Mar/2026:05:25:04 -0700] "GET /items/3646331406 HTTP/2.0" 403 97145 "-" "meta-externalagent/1.1 (+https://developers.facebook.com/docs/sharing/webmasters/crawler)" 866 **0/866595**
57.141.2.58 - - [14/Mar/2026:05:25:04 -0700] "GET /items/1880258654 HTTP/2.0" 403 97145 "-" "meta-externalagent/1.1 (+https://developers.facebook.com/docs/sharing/webmasters/crawler)" 869 **0/869019**
74.7.241.15 - - [14/Mar/2026:05:25:05 -0700] "GET /?fileloc=//opt/alt/net-snmp11/usr/lib64/libnetsnmp.so&path=//opt/alt/net-snmp11/usr/lib64 HTTP/2.0" 200 2296 "https://thebettingexchange.in/?path=//opt/alt/net-snmp11/usr/lib64" "Mozilla/5.0 AppleWebKit/537.36 (KHTML, like Gecko; compatible; GPTBot/1.3; +https://openai.com/gptbot)" 518 **0/518671**
57.141.2.49 - - [14/Mar/2026:05:25:05 -0700] "GET /items/3357361381 HTTP/2.0" 403 97145 "-" "meta-externalagent/1.1 (+https://developers.facebook.com/docs/sharing/webmasters/crawler)" 831 **0/831706**
74.7.241.15 - - [14/Mar/2026:05:25:06 -0700] "GET /?fileloc=//opt/alt/net-snmp11/usr/lib64/libnetsnmpagent.so&path=//opt/alt/net-snmp11/usr/lib64 HTTP/2.0" 200 2299 "https://thebettingexchange.in/?path=//opt/alt/net-snmp11/usr/lib64" "Mozilla/5.0 AppleWebKit/537.36 (KHTML, like Gecko; compatible; GPTBot/1.3; +https://openai.com/gptbot)" 533 **0/533131**
57.141.2.41 - - [14/Mar/2026:05:25:05 -0700] "GET /items/2849291154 HTTP/2.0" 403 97145 "-" "meta-externalagent/1.1 (+https://developers.facebook.com/docs/sharing/webmasters/crawler)" 861 **0/861387**
57.141.2.16 - - [14/Mar/2026:05:25:06 -0700] "GET /items/3065366783 HTTP/2.0" 403 97145 "-" "meta-externalagent/1.1 (+https://developers.facebook.com/docs/sharing/webmasters/crawler)" 848 **0/848137**
74.7.241.15 - - [14/Mar/2026:05:25:06 -0700] "GET /?fileloc=//opt/alt/net-snmp11/usr/lib64/libsnmp.so.35.0.0&path=//opt/alt/net-snmp11/usr/lib64 HTTP/2.0" 200 2297 "https://thebettingexchange.in/?path=//opt/alt/net-snmp11/usr/lib64" "Mozilla/5.0 AppleWebKit/537.36 (KHTML, like Gecko; compatible; GPTBot/1.3; +https://openai.com/gptbot)" 490 **0/490721**
57.141.2.10 - - [14/Mar/2026:05:25:06 -0700] "GET /items/2187936311 HTTP/2.0" 403 97145 "-" "meta-externalagent/1.1 (+https://developers.facebook.com/docs/sharing/webmasters/crawler)" 850 **0/850986**
57.141.2.6 - - [14/Mar/2026:05:25:07 -0700] "GET /items/3021116367 HTTP/2.0" 403 97145 "-" "meta-externalagent/1.1 (+https://developers.facebook.com/docs/sharing/webmasters/crawler)" 818 **0/818262**
74.7.241.15 - - [14/Mar/2026:05:25:07 -0700] "GET /?fileloc=//opt/alt/net-snmp11/usr/lib64/libnetsnmpmibs.so&path=//opt/alt/net-snmp11/usr/lib64 HTTP/2.0" 200 2299 "https://thebettingexchange.in/?path=//opt/alt/net-snmp11/usr/lib64" "Mozilla/5.0 AppleWebKit/537.36 (KHTML, like Gecko; compatible; GPTBot/1.3; +https://openai.com/gptbot)" 518 **0/518915**
57.141.2.16 - - [14/Mar/2026:05:25:07 -0700] "GET /items/1201695549 HTTP/2.0" 403 97145 "-" "meta-externalagent/1.1 (+https://developers.facebook.com/docs/sharing/webmasters/crawler)" 833 **0/833586**
74.7.241.15 - - [14/Mar/2026:05:25:08 -0700] "GET /?fileloc=//opt/alt/net-snmp11/usr/lib64/libnetsnmphelpers.so&path=//opt/alt/net-snmp11/usr/lib64 HTTP/2.0" 200 2300 "https://thebettingexchange.in/?path=//opt/alt/net-snmp11/usr/lib64" "Mozilla/5.0 AppleWebKit/537.36 (KHTML, like Gecko; compatible; GPTBot/1.3; +https://openai.com/gptbot)" 479 **0/479079**
57.141.2.55 - - [14/Mar/2026:05:25:08 -0700] "GET /items/1266398290 HTTP/2.0" 403 97145 "-" "meta-externalagent/1.1 (+https://developers.facebook.com/docs/sharing/webmasters/crawler)" 842 **0/842489**
57.141.2.49 - - [14/Mar/2026:05:25:08 -0700] "GET /items/3395668633 HTTP/2.0" 403 97145 "-" "meta-externalagent/1.1 (+https://developers.facebook.com/docs/sharing/webmasters/crawler)" 840 **0/840378**
74.7.241.15 - - [14/Mar/2026:05:25:09 -0700] "GET /?fileloc=//opt/alt/net-snmp11/usr/lib64/libnetsnmp.so.35.0.0&path=//opt/alt/net-snmp11/usr/lib64 HTTP/2.0" 200 2300 "https://thebettingexchange.in/?path=//opt/alt/net-snmp11/usr/lib64" "Mozilla/5.0 AppleWebKit/537.36 (KHTML, like Gecko; compatible; GPTBot/1.3; +https://openai.com/gptbot)" 497 **0/497894**
57.141.2.11 - - [14/Mar/2026:05:25:09 -0700] "GET /items/3132948231 HTTP/2.0" 403 97145 "-" "meta-externalagent/1.1 (+https://developers.facebook.com/docs/sharing/webmasters/crawler)" 849 **0/849969**
57.141.2.44 - - [14/Mar/2026:05:25:09 -0700] "GET /items/4030327499 HTTP/2.0" 403 97145 "-" "meta-externalagent/1.1 (+https://developers.facebook.com/docs/sharing/webmasters/crawler)" 816 **0/816587**
74.7.241.15 - - [14/Mar/2026:05:25:10 -0700] "GET /?fileloc=//opt/alt/net-snmp11/usr/lib64/libnetsnmp.so.35&path=//opt/alt/net-snmp11/usr/lib64 HTTP/2.0" 200 2297 "https://thebettingexchange.in/?path=//opt/alt/net-snmp11/usr/lib64" "Mozilla/5.0 AppleWebKit/537.36 (KHTML, like Gecko; compatible; GPTBot/1.3; +https://openai.com/gptbot)" 491 **0/491943**
57.141.2.29 - - [14/Mar/2026:05:25:10 -0700] "GET /items/2734457123 HTTP/2.0" 403 97145 "-" "meta-externalagent/1.1 (+https://developers.facebook.com/docs/sharing/webmasters/crawler)" 854 **0/854846**
74.7.241.15 - - [14/Mar/2026:05:25:10 -0700] "GET /?fileloc=//opt/alt/net-snmp11/usr/lib64/libnetsnmpagent.so.35&path=//opt/alt/net-snmp11/usr/lib64 HTTP/2.0" 200 2300 "https://thebettingexchange.in/?path=//opt/alt/net-snmp11/usr/lib64" "Mozilla/5.0 AppleWebKit/537.36 (KHTML, like Gecko; compatible; GPTBot/1.3; +https://openai.com/gptbot)" 485 **0/485403**
57.141.2.13 - - [14/Mar/2026:05:25:10 -0700] "GET /items/1000214139 HTTP/2.0" 403 97145 "-" "meta-externalagent/1.1 (+https://developers.facebook.com/docs/sharing/webmasters/crawler)" 877 **0/877949**
74.7.241.15 - - [14/Mar/2026:05:25:11 -0700] "GET /?fileloc=//opt/alt/net-snmp11/usr/lib64/libnetsnmpmibs.so.35&path=//opt/alt/net-snmp11/usr/lib64 HTTP/2.0" 200 2300 "https://thebettingexchange.in/?path=//opt/alt/net-snmp11/usr/lib64" "Mozilla/5.0 AppleWebKit/537.36 (KHTML, like Gecko; compatible; GPTBot/1.3; +https://openai.com/gptbot)" 494 **0/494431**
57.141.2.58 - - [14/Mar/2026:05:25:11 -0700] "GET /items/786348508 HTTP/2.0" 403 97145 "-" "meta-externalagent/1.1 (+https://developers.facebook.com/docs/sharing/webmasters/crawler)" 866 **0/866090**
57.141.2.19 - - [14/Mar/2026:05:25:11 -0700] "GET /items/1309781949 HTTP/2.0" 403 97145 "-" "meta-externalagent/1.1 (+https://developers.facebook.com/docs/sharing/webmasters/crawler)" 848 **0/848589**
74.7.241.15 - - [14/Mar/2026:05:25:12 -0700] "GET /?fileloc=//opt/alt/net-snmp11/usr/lib64/libnetsnmphelpers.so.35&path=//opt/alt/net-snmp11/usr/lib64 HTTP/2.0" 200 2302 "https://thebettingexchange.in/?path=//opt/alt/net-snmp11/usr/lib64" "Mozilla/5.0 AppleWebKit/537.36 (KHTML, like Gecko; compatible; GPTBot/1.3; +https://openai.com/gptbot)" 480 **0/480883**
57.141.2.35 - - [14/Mar/2026:05:25:12 -0700] "GET /items/298991996 HTTP/2.0" 403 97145 "-" "meta-externalagent/1.1 (+https://developers.facebook.com/docs/sharing/webmasters/crawler)" 853 **0/853782**
57.141.2.49 - - [14/Mar/2026:05:25:12 -0700] "GET /items/2669831657 HTTP/2.0" 403 97145 "-" "meta-externalagent/1.1 (+https://developers.facebook.com/docs/sharing/webmasters/crawler)" 839 **0/839781**
74.7.241.15 - - [14/Mar/2026:05:25:13 -0700] "GET /?fileloc=//opt/alt/net-snmp11/usr/lib64/libsnmp.so.35&path=//opt/alt/net-snmp11/usr/lib64 HTTP/2.0" 200 2294 "https://thebettingexchange.in/?path=//opt/alt/net-snmp11/usr/lib64" "Mozilla/5.0 AppleWebKit/537.36 (KHTML, like Gecko; compatible; GPTBot/1.3; +https://openai.com/gptbot)" 486 **0/486956**
57.141.2.63 - - [14/Mar/2026:05:25:13 -0700] "GET /items/915387648 HTTP/2.0" 403 97145 "-" "meta-externalagent/1.1 (+https://developers.facebook.com/docs/sharing/webmasters/crawler)" 814 **0/814976**
74.7.241.15 - - [14/Mar/2026:05:25:14 -0700] "GET /?fileloc=//opt/alt/net-snmp11/usr/lib64/libnetsnmpmibs.so.35.0.0&path=//opt/alt/net-snmp11/usr/lib64 HTTP/2.0" 200 2303 "https://thebettingexchange.in/?path=//opt/alt/net-snmp11/usr/lib64" "Mozilla/5.0 AppleWebKit/537.36 (KHTML, like Gecko; compatible; GPTBot/1.3; +https://openai.com/gptbot)" 486 **0/486356**
57.141.2.34 - - [14/Mar/2026:05:25:13 -0700] "GET /items/1527024269 HTTP/2.0" 403 97145 "-" "meta-externalagent/1.1 (+https://developers.facebook.com/docs/sharing/webmasters/crawler)" 837 **0/837295**
57.141.2.4 - - [14/Mar/2026:05:25:14 -0700] "GET /items/3771234073 HTTP/2.0" 403 97145 "-" "meta-externalagent/1.1 (+https://developers.facebook.com/docs/sharing/webmasters/crawler)" 839 **0/839017**
74.7.241.15 - - [14/Mar/2026:05:25:14 -0700] "GET /?fileloc=//opt/alt/net-snmp11/usr/lib64/libnetsnmpagent.so.35.0.0&path=//opt/alt/net-snmp11/usr/lib64 HTTP/2.0" 200 2303 "https://thebettingexchange.in/?path=//opt/alt/net-snmp11/usr/lib64" "Mozilla/5.0 AppleWebKit/537.36 (KHTML, like Gecko; compatible; GPTBot/1.3; +https://openai.com/gptbot)" 487 **0/487796**
57.141.2.8 - - [14/Mar/2026:05:25:15 -0700] "GET /items/3801927015 HTTP/2.0" 403 97145 "-" "meta-externalagent/1.1 (+https://developers.facebook.com/docs/sharing/webmasters/crawler)" 849 **0/849675**
74.7.241.15 - - [14/Mar/2026:05:25:15 -0700] "GET /?fileloc=//opt/alt/net-snmp11/usr/lib64/libnetsnmphelpers.so.35.0.0&path=//opt/alt/net-snmp11/usr/lib64 HTTP/2.0" 200 2305 "https://thebettingexchange.in/?path=//opt/alt/net-snmp11/usr/lib64" "Mozilla/5.0 AppleWebKit/537.36 (KHTML, like Gecko; compatible; GPTBot/1.3; +https://openai.com/gptbot)" 491 **0/491752**
57.141.2.12 - - [14/Mar/2026:05:25:15 -0700] "GET /items/2365123590 HTTP/2.0" 403 97145 "-" "meta-externalagent/1.1 (+https://developers.facebook.com/docs/sharing/webmasters/crawler)" 877 **0/877345**
57.141.2.55 - - [14/Mar/2026:05:25:15 -0700] "GET /items/1998238670 HTTP/2.0" 403 97145 "-" "meta-externalagent/1.1 (+https://developers.facebook.com/docs/sharing/webmasters/crawler)" 823 **0/823742**
74.7.241.15 - - [14/Mar/2026:05:25:16 -0700] "GET /?path=//opt/alt/tests/alt-php54-pecl-yaz_1.2.4-1.el8 HTTP/2.0" 200 2581 "https://thebettingexchange.in/?path=//opt/alt/tests" "Mozilla/5.0 AppleWebKit/537.36 (KHTML, like Gecko; compatible; GPTBot/1.3; +https://openai.com/gptbot)" 482 **0/482340**
57.141.2.36 - - [14/Mar/2026:05:25:16 -0700] "GET /items/2757496926 HTTP/2.0" 403 97145 "-" "meta-externalagent/1.1 (+https://developers.facebook.com/docs/sharing/webmasters/crawler)" 839 **0/839799**
57.141.2.2 - - [14/Mar/2026:05:25:16 -0700] "GET /items/3483446834 HTTP/2.0" 403 97145 "-" "meta-externalagent/1.1 (+https://developers.facebook.com/docs/sharing/webmasters/crawler)" 833 **0/833700**
74.7.241.15 - - [14/Mar/2026:05:25:17 -0700] "GET /?path=//opt/alt/tests/alt-php72-pecl-lzf_1.7.0-1.el8 HTTP/2.0" 200 2581 "https://thebettingexchange.in/?path=//opt/alt/tests" "Mozilla/5.0 AppleWebKit/537.36 (KHTML, like Gecko; compatible; GPTBot/1.3; +https://openai.com/gptbot)" 492 **0/492117**
57.141.2.22 - - [14/Mar/2026:05:25:17 -0700] "GET /items/4158566511 HTTP/2.0" 403 97145 "-" "meta-externalagent/1.1 (+https://developers.facebook.com/docs/sharing/webmasters/crawler)" 856 **0/856587**
74.7.241.15 - - [14/Mar/2026:05:25:18 -0700] "GET /?path=//opt/alt/tests/alt-php70-pecl-rar_4.2.0-1.el8 HTTP/2.0" 200 2342 "https://thebettingexchange.in/?path=//opt/alt/tests" "Mozilla/5.0 AppleWebKit/537.36 (KHTML, like Gecko; compatible; GPTBot/1.3; +https://openai.com/gptbot)" 482 **0/482444**
57.141.2.27 - - [14/Mar/2026:05:25:17 -0700] "GET /items/1064517936 HTTP/2.0" 403 97145 "-" "meta-externalagent/1.1 (+https://developers.facebook.com/docs/sharing/webmasters/crawler)" 865 **0/865204**
57.141.2.3 - - [14/Mar/2026:05:25:18 -0700] "GET /items/3484658917 HTTP/2.0" 403 97145 "-" "meta-externalagent/1.1 (+https://developers.facebook.com/docs/sharing/webmasters/crawler)" 866 **0/866554**
74.7.241.15 - - [14/Mar/2026:05:25:18 -0700] "GET /?path=//opt/alt/tests/alt-php80-pecl-rrd_2.0.3-1.el8 HTTP/2.0" 200 2580 "https://thebettingexchange.in/?path=//opt/alt/tests" "Mozilla/5.0 AppleWebKit/537.36 (KHTML, like Gecko; compatible; GPTBot/1.3; +https://openai.com/gptbot)" 487 **0/487569**
57.141.2.66 - - [14/Mar/2026:05:25:18 -0700] "GET /items/1039626709 HTTP/2.0" 403 97145 "-" "meta-externalagent/1.1 (+https://developers.facebook.com/docs/sharing/webmasters/crawler)" 847 **0/847226**
74.7.241.15 - - [14/Mar/2026:05:25:19 -0700] "GET /?path=//opt/alt/tests/alt-php73-pecl-lzf_1.7.0-1.el8 HTTP/2.0" 200 2581 "https://thebettingexchange.in/?path=//opt/alt/tests" "Mozilla/5.0 AppleWebKit/537.36 (KHTML, like Gecko; compatible; GPTBot/1.3; +https://openai.com/gptbot)" 483 **0/483270**
57.141.2.25 - - [14/Mar/2026:05:25:19 -0700] "GET /items/2777784183 HTTP/2.0" 403 97145 "-" "meta-externalagent/1.1 (+https://developers.facebook.com/docs/sharing/webmasters/crawler)" 835 **0/835640**
57.141.2.56 - - [14/Mar/2026:05:25:19 -0700] "GET /items/2139385247 HTTP/2.0" 403 97145 "-" "meta-externalagent/1.1 (+https://developers.facebook.com/docs/sharing/webmasters/crawler)" 844 **0/844536**
74.7.241.15 - - [14/Mar/2026:05:25:20 -0700] "GET /?path=//opt/alt/tests/alt-php56-pecl-rar_4.2.0-1.el8 HTTP/2.0" 200 2342 "https://thebettingexchange.in/?path=//opt/alt/tests" "Mozilla/5.0 AppleWebKit/537.36 (KHTML, like Gecko; compatible; GPTBot/1.3; +https://openai.com/gptbot)" 497 **0/497416**
114.119.146.114 - - [14/Mar/2026:05:25:20 -0700] "GET /societal-casino-gaming-is-created-even-more-inviting-with-exclusive-incentives-supplied-by-individuals-casinos/ HTTP/1.1" 200 4874 "https://thebettingexchange.in/wplaty-i-bedziesz-wygrana-na-vox-casino-%EF%BF%BD-bezpieczne-i-warte-zachodu-wybory/" "Mozilla/5.0 (Linux; Android 7.0;) AppleWebKit/537.36 (KHTML, like Gecko) Mobile Safari/537.36 (compatible; PetalBot;+https://webmaster.petalsearch.com/site/petalbot)" 485 **0/485239**
57.141.2.67 - - [14/Mar/2026:05:25:20 -0700] "GET /items/299634831 HTTP/2.0" 403 97145 "-" "meta-externalagent/1.1 (+https://developers.facebook.com/docs/sharing/webmasters/crawler)" 850 **0/850040**
57.141.2.40 - - [14/Mar/2026:05:25:20 -0700] "GET /items/2080861944 HTTP/2.0" 403 97145 "-" "meta-externalagent/1.1 (+https://developers.facebook.com/docs/sharing/webmasters/crawler)" 860 **0/860014**
74.7.241.15 - - [14/Mar/2026:05:25:21 -0700] "GET /?path=//opt/alt/tests/alt-php56-pecl-yaf_2.3.5-1.el8 HTTP/2.0" 200 2581 "https://thebettingexchange.in/?path=//opt/alt/tests" "Mozilla/5.0 AppleWebKit/537.36 (KHTML, like Gecko; compatible; GPTBot/1.3; +https://openai.com/gptbot)" 495 **0/495111**
57.141.2.26 - - [14/Mar/2026:05:25:21 -0700] "GET /items/2436461389 HTTP/2.0" 403 97145 "-" "meta-externalagent/1.1 (+https://developers.facebook.com/docs/sharing/webmasters/crawler)" 838 **0/838744**
74.7.241.15 - - [14/Mar/2026:05:25:21 -0700] "GET /?path=//opt/alt/tests/alt-php72-pecl-yaf_3.3.6-1.el8 HTTP/2.0" 200 2582 "https://thebettingexchange.in/?path=//opt/alt/tests" "Mozilla/5.0 AppleWebKit/537.36 (KHTML, like Gecko; compatible; GPTBot/1.3; +https://openai.com/gptbot)" 480 **0/480779**
57.141.2.17 - - [14/Mar/2026:05:25:21 -0700] "GET /items/730388914 HTTP/2.0" 403 97145 "-" "meta-externalagent/1.1 (+https://developers.facebook.com/docs/sharing/webmasters/crawler)" 846 **0/846193**
74.7.241.15 - - [14/Mar/2026:05:25:22 -0700] "GET /?path=//opt/alt/tests/alt-php73-pecl-rar_4.2.0-1.el8 HTTP/2.0" 200 2342 "https://thebettingexchange.in/?path=//opt/alt/tests" "Mozilla/5.0 AppleWebKit/537.36 (KHTML, like Gecko; compatible; GPTBot/1.3; +https://openai.com/gptbot)" 477 **0/477693**
57.141.2.40 - - [14/Mar/2026:05:25:22 -0700] "GET /items/1663952337 HTTP/2.0" 403 97145 "-" "meta-externalagent/1.1 (+https://developers.facebook.com/docs/sharing/webmasters/crawler)" 880 **0/880651**
57.141.2.40 - - [14/Mar/2026:05:25:22 -0700] "GET /items/2515371700 HTTP/2.0" 403 97145 "-" "meta-externalagent/1.1 (+https://developers.facebook.com/docs/sharing/webmasters/crawler)" 819 **0/819695**
74.7.241.15 - - [14/Mar/2026:05:25:23 -0700] "GET /?path=//opt/alt/tests/alt-php74-pecl-yaz_1.2.4-1.el8 HTTP/2.0" 200 2582 "https://thebettingexchange.in/?path=//opt/alt/tests" "Mozilla/5.0 AppleWebKit/537.36 (KHTML, like Gecko; compatible; GPTBot/1.3; +https://openai.com/gptbot)" 490 **0/490200**
57.141.2.32 - - [14/Mar/2026:05:25:23 -0700] "GET /items/4041461603 HTTP/2.0" 403 97145 "-" "meta-externalagent/1.1 (+https://developers.facebook.com/docs/sharing/webmasters/crawler)" 861 **0/861977**
57.141.2.8 - - [14/Mar/2026:05:25:23 -0700] "GET /items/2267611563 HTTP/2.0" 403 97145 "-" "meta-externalagent/1.1 (+https://developers.facebook.com/docs/sharing/webmasters/crawler)" 866 **0/866913**
74.7.241.15 - - [14/Mar/2026:05:25:24 -0700] "GET /?path=//opt/alt/tests/alt-php80-pecl-yaf_3.3.6-1.el8 HTTP/2.0" 200 2582 "https://thebettingexchange.in/?path=//opt/alt/tests" "Mozilla/5.0 AppleWebKit/537.36 (KHTML, like Gecko; compatible; GPTBot/1.3; +https://openai.com/gptbot)" 486 **0/486042**
57.141.2.66 - - [14/Mar/2026:05:25:24 -0700] "GET /items/1258816024 HTTP/2.0" 403 97145 "-" "meta-externalagent/1.1 (+https://developers.facebook.com/docs/sharing/webmasters/crawler)" 838 **0/838820**
74.7.241.15 - - [14/Mar/2026:05:25:25 -0700] "GET /?path=//opt/alt/tests/alt-php74-pecl-lzf_1.7.0-1.el8 HTTP/2.0" 200 2582 "https://thebettingexchange.in/?path=//opt/alt/tests" "Mozilla/5.0 AppleWebKit/537.36 (KHTML, like Gecko; compatible; GPTBot/1.3; +https://openai.com/gptbot)" 478 **0/478644**
57.141.2.34 - - [14/Mar/2026:05:25:24 -0700] "GET /items/3648281925 HTTP/2.0" 403 97145 "-" "meta-externalagent/1.1 (+https://developers.facebook.com/docs/sharing/webmasters/crawler)" 834 **0/834110**
57.141.2.19 - - [14/Mar/2026:05:25:25 -0700] "GET /items/245647297 HTTP/2.0" 403 97145 "-" "meta-externalagent/1.1 (+https://developers.facebook.com/docs/sharing/webmasters/crawler)" 823 **0/823008**
74.7.241.15 - - [14/Mar/2026:05:25:26 -0700] "GET /?path=//opt/alt/tests/alt-php70-pecl-yaz_1.2.4-1.el8 HTTP/2.0" 200 2582 "https://thebettingexchange.in/?path=//opt/alt/tests" "Mozilla/5.0 AppleWebKit/537.36 (KHTML, like Gecko; compatible; GPTBot/1.3; +https://openai.com/gptbot)" 487 **0/487264**
57.141.2.43 - - [14/Mar/2026:05:25:26 -0700] "GET /items/3429089086 HTTP/2.0" 403 97145 "-" "meta-externalagent/1.1 (+https://developers.facebook.com/docs/sharing/webmasters/crawler)" 823 **0/823450**
57.141.2.16 - - [14/Mar/2026:05:25:26 -0700] "GET /items/239277130 HTTP/2.0" 403 97145 "-" "meta-externalagent/1.1 (+https://developers.facebook.com/docs/sharing/webmasters/crawler)" 835 **0/835105**
74.7.241.15 - - [14/Mar/2026:05:25:26 -0700] "GET /?path=//opt/alt/tests/alt-php83-pecl-lzf_1.7.0-1.el8 HTTP/2.0" 200 2581 "https://thebettingexchange.in/?path=//opt/alt/tests" "Mozilla/5.0 AppleWebKit/537.36 (KHTML, like Gecko; compatible; GPTBot/1.3; +https://openai.com/gptbot)" 504 **0/504744**
57.141.2.34 - - [14/Mar/2026:05:25:27 -0700] "GET /items/2581627490 HTTP/2.0" 403 97145 "-" "meta-externalagent/1.1 (+https://developers.facebook.com/docs/sharing/webmasters/crawler)" 876 **0/876030**
74.7.241.15 - - [14/Mar/2026:05:25:27 -0700] "GET /?path=//opt/alt/tests/alt-php74-pecl-rar_4.2.0-1.el8 HTTP/2.0" 200 2342 "https://thebettingexchange.in/?path=//opt/alt/tests" "Mozilla/5.0 AppleWebKit/537.36 (KHTML, like Gecko; compatible; GPTBot/1.3; +https://openai.com/gptbot)" 484 **0/484243**
57.141.2.25 - - [14/Mar/2026:05:25:27 -0700] "GET /items/2977969786 HTTP/2.0" 403 97145 "-" "meta-externalagent/1.1 (+https://developers.facebook.com/docs/sharing/webmasters/crawler)" 846 **0/846014**
51.75.236.130 - - [14/Mar/2026:05:25:27 -0700] "GET /halloween-ports-on-casino-syndicate-no-deposit-bonus-the-internet-halloween-night-slot-machines/ HTTP/2.0" 200 4197 "-" "Mozilla/5.0 (compatible; AhrefsBot/7.0; +http://ahrefs.com/robot/)" 479 **0/479312**
