74.7.241.15 - - [14/Mar/2026:05:23:25 -0700] "GET /?fileloc=//lib64/libasprintf.so.0&path=//lib64 HTTP/2.0" 200 2254 "https://thebettingexchange.in/?path=//lib64" "Mozilla/5.0 AppleWebKit/537.36 (KHTML, like Gecko; compatible; GPTBot/1.3; +https://openai.com/gptbot)" 486 **0/486946**
57.141.2.60 - - [14/Mar/2026:05:23:25 -0700] "GET /items/922684165 HTTP/2.0" 403 97145 "-" "meta-externalagent/1.1 (+https://developers.facebook.com/docs/sharing/webmasters/crawler)" 857 **0/857859**
74.7.241.15 - - [14/Mar/2026:05:23:26 -0700] "GET /?fileloc=//lib64/libpkgconf.so.3&path=//lib64 HTTP/2.0" 200 2254 "https://thebettingexchange.in/?path=//lib64" "Mozilla/5.0 AppleWebKit/537.36 (KHTML, like Gecko; compatible; GPTBot/1.3; +https://openai.com/gptbot)" 493 **0/493762**
57.141.2.7 - - [14/Mar/2026:05:23:26 -0700] "GET /items/3674600134 HTTP/2.0" 403 97145 "-" "meta-externalagent/1.1 (+https://developers.facebook.com/docs/sharing/webmasters/crawler)" 824 **0/824719**
57.141.2.52 - - [14/Mar/2026:05:23:26 -0700] "GET /items/2508194711 HTTP/2.0" 403 97145 "-" "meta-externalagent/1.1 (+https://developers.facebook.com/docs/sharing/webmasters/crawler)" 854 **0/854864**
74.7.241.15 - - [14/Mar/2026:05:23:27 -0700] "GET /?fileloc=//lib64/libxcb-dri3.so&path=//lib64 HTTP/2.0" 200 2253 "https://thebettingexchange.in/?path=//lib64" "Mozilla/5.0 AppleWebKit/537.36 (KHTML, like Gecko; compatible; GPTBot/1.3; +https://openai.com/gptbot)" 486 **0/486036**
57.141.2.70 - - [14/Mar/2026:05:23:27 -0700] "GET /items/2119260653 HTTP/2.0" 403 97145 "-" "meta-externalagent/1.1 (+https://developers.facebook.com/docs/sharing/webmasters/crawler)" 833 **0/833567**
74.7.241.15 - - [14/Mar/2026:05:23:27 -0700] "GET /?fileloc=//lib64/libtomcrypt.so.1&path=//lib64 HTTP/2.0" 200 2255 "https://thebettingexchange.in/?path=//lib64" "Mozilla/5.0 AppleWebKit/537.36 (KHTML, like Gecko; compatible; GPTBot/1.3; +https://openai.com/gptbot)" 483 **0/483183**
57.141.2.2 - - [14/Mar/2026:05:23:27 -0700] "GET /items/572642119 HTTP/2.0" 403 97145 "-" "meta-externalagent/1.1 (+https://developers.facebook.com/docs/sharing/webmasters/crawler)" 850 **0/850119**
57.141.2.28 - - [14/Mar/2026:05:23:28 -0700] "GET /items/4111176484 HTTP/2.0" 403 97145 "-" "meta-externalagent/1.1 (+https://developers.facebook.com/docs/sharing/webmasters/crawler)" 848 **0/848972**
74.7.241.15 - - [14/Mar/2026:05:23:28 -0700] "GET /?path=//lib64/gdk-pixbuf-2.0 HTTP/2.0" 200 2555 "https://thebettingexchange.in/?path=//lib64" "Mozilla/5.0 AppleWebKit/537.36 (KHTML, like Gecko; compatible; GPTBot/1.3; +https://openai.com/gptbot)" 474 **0/474344**
57.141.2.37 - - [14/Mar/2026:05:23:28 -0700] "GET /items/3475436154 HTTP/2.0" 403 97145 "-" "meta-externalagent/1.1 (+https://developers.facebook.com/docs/sharing/webmasters/crawler)" 815 **0/815793**
185.191.171.10 - - [14/Mar/2026:05:23:29 -0700] "GET /category/articles/page/201/ HTTP/1.1" 200 4874 "-" "Mozilla/5.0 (compatible; SemrushBot/7~bl; +http://www.semrush.com/bot.html)" 469 **0/469841**
74.7.241.15 - - [14/Mar/2026:05:23:29 -0700] "GET /?fileloc=//lib64/libodbcmyS.so.2&path=//lib64 HTTP/2.0" 200 2253 "https://thebettingexchange.in/?path=//lib64" "Mozilla/5.0 AppleWebKit/537.36 (KHTML, like Gecko; compatible; GPTBot/1.3; +https://openai.com/gptbot)" 472 **0/472584**
57.141.2.52 - - [14/Mar/2026:05:23:29 -0700] "GET /items/2115315528 HTTP/2.0" 403 97145 "-" "meta-externalagent/1.1 (+https://developers.facebook.com/docs/sharing/webmasters/crawler)" 869 **0/869664**
74.7.241.15 - - [14/Mar/2026:05:23:30 -0700] "GET /?fileloc=//lib64/libXinerama.so.1&path=//lib64 HTTP/2.0" 200 2254 "https://thebettingexchange.in/?path=//lib64" "Mozilla/5.0 AppleWebKit/537.36 (KHTML, like Gecko; compatible; GPTBot/1.3; +https://openai.com/gptbot)" 481 **0/481282**
57.141.2.66 - - [14/Mar/2026:05:23:29 -0700] "GET /items/4127482978 HTTP/2.0" 403 97145 "-" "meta-externalagent/1.1 (+https://developers.facebook.com/docs/sharing/webmasters/crawler)" 844 **0/844380**
57.141.2.30 - - [14/Mar/2026:05:23:30 -0700] "GET /items/856738105 HTTP/2.0" 403 97145 "-" "meta-externalagent/1.1 (+https://developers.facebook.com/docs/sharing/webmasters/crawler)" 832 **0/832964**
74.7.241.15 - - [14/Mar/2026:05:23:30 -0700] "GET /?path=//lib64/python3.6/concurrent HTTP/2.0" 200 2689 "https://thebettingexchange.in/?path=//lib64/python3.6" "Mozilla/5.0 AppleWebKit/537.36 (KHTML, like Gecko; compatible; GPTBot/1.3; +https://openai.com/gptbot)" 483 **0/483086**
57.141.2.29 - - [14/Mar/2026:05:23:30 -0700] "GET /items/945231048 HTTP/2.0" 403 97145 "-" "meta-externalagent/1.1 (+https://developers.facebook.com/docs/sharing/webmasters/crawler)" 859 **0/859031**
57.141.2.42 - - [14/Mar/2026:05:23:31 -0700] "GET /items/2329252076 HTTP/2.0" 403 97145 "-" "meta-externalagent/1.1 (+https://developers.facebook.com/docs/sharing/webmasters/crawler)" 843 **0/843061**
74.7.241.15 - - [14/Mar/2026:05:23:31 -0700] "GET /?path=//lib64/python3.8/concurrent HTTP/2.0" 200 2689 "https://thebettingexchange.in/?path=//lib64/python3.8" "Mozilla/5.0 AppleWebKit/537.36 (KHTML, like Gecko; compatible; GPTBot/1.3; +https://openai.com/gptbot)" 488 **0/488351**
57.141.2.49 - - [14/Mar/2026:05:23:31 -0700] "GET /items/204463070 HTTP/2.0" 403 97145 "-" "meta-externalagent/1.1 (+https://developers.facebook.com/docs/sharing/webmasters/crawler)" 826 **0/826737**
74.7.241.15 - - [14/Mar/2026:05:23:32 -0700] "GET /?path=/home/e9ohhh9viiv2/www/spainbettingexchange.com/.well-known HTTP/2.0" 200 2620 "https://thebettingexchange.in/?path=/home/e9ohhh9viiv2/www/spainbettingexchange.com" "Mozilla/5.0 AppleWebKit/537.36 (KHTML, like Gecko; compatible; GPTBot/1.3; +https://openai.com/gptbot)" 470 **0/470513**
57.141.2.19 - - [14/Mar/2026:05:23:32 -0700] "GET /items/2256602616 HTTP/2.0" 403 97145 "-" "meta-externalagent/1.1 (+https://developers.facebook.com/docs/sharing/webmasters/crawler)" 852 **0/852556**
57.141.2.48 - - [14/Mar/2026:05:23:32 -0700] "GET /items/103856181 HTTP/2.0" 403 97145 "-" "meta-externalagent/1.1 (+https://developers.facebook.com/docs/sharing/webmasters/crawler)" 805 **0/805930**
74.7.241.15 - - [14/Mar/2026:05:23:33 -0700] "GET /?fileloc=//lib64/perl5/arybase.pm&path=//lib64/perl5 HTTP/2.0" 200 3541 "https://thebettingexchange.in/?path=//lib64/perl5" "Mozilla/5.0 AppleWebKit/537.36 (KHTML, like Gecko; compatible; GPTBot/1.3; +https://openai.com/gptbot)" 483 **0/483775**
57.141.2.70 - - [14/Mar/2026:05:23:33 -0700] "GET /items/507891116 HTTP/2.0" 403 97145 "-" "meta-externalagent/1.1 (+https://developers.facebook.com/docs/sharing/webmasters/crawler)" 823 **0/823233**
57.141.2.13 - - [14/Mar/2026:05:23:33 -0700] "GET /items/3510702529 HTTP/2.0" 403 97145 "-" "meta-externalagent/1.1 (+https://developers.facebook.com/docs/sharing/webmasters/crawler)" 859 **0/859492**
74.7.241.15 - - [14/Mar/2026:05:23:34 -0700] "GET /?path=/home/e9ohhh9viiv2/www/purplecapipl.com/.well-known HTTP/2.0" 200 2584 "https://thebettingexchange.in/?path=/home/e9ohhh9viiv2/www/purplecapipl.com" "Mozilla/5.0 AppleWebKit/537.36 (KHTML, like Gecko; compatible; GPTBot/1.3; +https://openai.com/gptbot)" 477 **0/477738**
57.141.2.36 - - [14/Mar/2026:05:23:34 -0700] "GET /items/2486858034 HTTP/2.0" 403 97145 "-" "meta-externalagent/1.1 (+https://developers.facebook.com/docs/sharing/webmasters/crawler)" 816 **0/816241**
74.7.241.15 - - [14/Mar/2026:05:23:34 -0700] "GET /?path=//lib64/python3.12/importlib/resources HTTP/2.0" 200 2886 "https://thebettingexchange.in/?path=//lib64/python3.12/importlib" "Mozilla/5.0 AppleWebKit/537.36 (KHTML, like Gecko; compatible; GPTBot/1.3; +https://openai.com/gptbot)" 470 **0/470371**
57.141.2.40 - - [14/Mar/2026:05:23:34 -0700] "GET /items/573854218 HTTP/2.0" 403 97145 "-" "meta-externalagent/1.1 (+https://developers.facebook.com/docs/sharing/webmasters/crawler)" 865 **0/865737**
74.7.241.15 - - [14/Mar/2026:05:23:35 -0700] "GET /?fileloc=//lib64/libwebpmux.so.3&path=//lib64 HTTP/2.0" 200 2256 "https://thebettingexchange.in/?path=//lib64" "Mozilla/5.0 AppleWebKit/537.36 (KHTML, like Gecko; compatible; GPTBot/1.3; +https://openai.com/gptbot)" 473 **0/473355**
57.141.2.42 - - [14/Mar/2026:05:23:35 -0700] "GET /items/2729024007 HTTP/2.0" 403 97145 "-" "meta-externalagent/1.1 (+https://developers.facebook.com/docs/sharing/webmasters/crawler)" 852 **0/852629**
57.141.2.4 - - [14/Mar/2026:05:23:35 -0700] "GET /items/4239212297 HTTP/2.0" 403 97145 "-" "meta-externalagent/1.1 (+https://developers.facebook.com/docs/sharing/webmasters/crawler)" 831 **0/831579**
74.7.241.15 - - [14/Mar/2026:05:23:36 -0700] "GET /?fileloc=//lib64/libunwind.so.8&path=//lib64 HTTP/2.0" 200 2253 "https://thebettingexchange.in/?path=//lib64" "Mozilla/5.0 AppleWebKit/537.36 (KHTML, like Gecko; compatible; GPTBot/1.3; +https://openai.com/gptbot)" 483 **0/483660**
57.141.2.34 - - [14/Mar/2026:05:23:36 -0700] "GET /items/3028128509 HTTP/2.0" 403 97145 "-" "meta-externalagent/1.1 (+https://developers.facebook.com/docs/sharing/webmasters/crawler)" 834 **0/834811**
74.7.241.15 - - [14/Mar/2026:05:23:37 -0700] "GET /?path=//lib64/gdk-pixbuf-2.0/2.10.0 HTTP/2.0" 200 2653 "https://thebettingexchange.in/?path=//lib64/gdk-pixbuf-2.0" "Mozilla/5.0 AppleWebKit/537.36 (KHTML, like Gecko; compatible; GPTBot/1.3; +https://openai.com/gptbot)" 476 **0/476685**
57.141.2.18 - - [14/Mar/2026:05:23:36 -0700] "GET /items/2242720352 HTTP/2.0" 403 97145 "-" "meta-externalagent/1.1 (+https://developers.facebook.com/docs/sharing/webmasters/crawler)" 851 **0/851927**
57.141.2.12 - - [14/Mar/2026:05:23:37 -0700] "GET /items/1807263868 HTTP/2.0" 403 97145 "-" "meta-externalagent/1.1 (+https://developers.facebook.com/docs/sharing/webmasters/crawler)" 833 **0/833318**
74.7.241.15 - - [14/Mar/2026:05:23:37 -0700] "GET /?fileloc=//lib64/librpmsign.so.8&path=//lib64 HTTP/2.0" 200 2253 "https://thebettingexchange.in/?path=//lib64" "Mozilla/5.0 AppleWebKit/537.36 (KHTML, like Gecko; compatible; GPTBot/1.3; +https://openai.com/gptbot)" 474 **0/474980**
57.141.2.67 - - [14/Mar/2026:05:23:37 -0700] "GET /items/352217720 HTTP/2.0" 403 97145 "-" "meta-externalagent/1.1 (+https://developers.facebook.com/docs/sharing/webmasters/crawler)" 864 **0/864039**
57.141.2.65 - - [14/Mar/2026:05:23:38 -0700] "GET /items/3393861219 HTTP/2.0" 403 97145 "-" "meta-externalagent/1.1 (+https://developers.facebook.com/docs/sharing/webmasters/crawler)" 817 **0/817080**
74.7.241.15 - - [14/Mar/2026:05:23:38 -0700] "GET /?fileloc=//lib64/libgfortran.so.5&path=//lib64 HTTP/2.0" 200 2254 "https://thebettingexchange.in/?path=//lib64" "Mozilla/5.0 AppleWebKit/537.36 (KHTML, like Gecko; compatible; GPTBot/1.3; +https://openai.com/gptbot)" 500 **0/500276**
57.141.2.38 - - [14/Mar/2026:05:23:38 -0700] "GET /items/2991045724 HTTP/2.0" 403 97145 "-" "meta-externalagent/1.1 (+https://developers.facebook.com/docs/sharing/webmasters/crawler)" 820 **0/820452**
57.141.2.49 - - [14/Mar/2026:05:23:39 -0700] "GET /items/2705481597 HTTP/2.0" 403 97145 "-" "meta-externalagent/1.1 (+https://developers.facebook.com/docs/sharing/webmasters/crawler)" 815 **0/815283**
74.7.241.15 - - [14/Mar/2026:05:23:39 -0700] "GET /?path=//lib64/python2.7/Demo HTTP/2.0" 200 3111 "https://thebettingexchange.in/?path=//lib64/python2.7" "Mozilla/5.0 AppleWebKit/537.36 (KHTML, like Gecko; compatible; GPTBot/1.3; +https://openai.com/gptbot)" 498 **0/498957**
57.141.2.69 - - [14/Mar/2026:05:23:39 -0700] "GET /items/814979825 HTTP/2.0" 403 97145 "-" "meta-externalagent/1.1 (+https://developers.facebook.com/docs/sharing/webmasters/crawler)" 817 **0/817115**
74.7.241.15 - - [14/Mar/2026:05:23:40 -0700] "GET /?fileloc=//lib64/perl5/lib.pm&path=//lib64/perl5 HTTP/2.0" 200 4623 "https://thebettingexchange.in/?path=//lib64/perl5" "Mozilla/5.0 AppleWebKit/537.36 (KHTML, like Gecko; compatible; GPTBot/1.3; +https://openai.com/gptbot)" 485 **0/485468**
57.141.2.5 - - [14/Mar/2026:05:23:40 -0700] "GET /items/1415072367 HTTP/2.0" 403 97145 "-" "meta-externalagent/1.1 (+https://developers.facebook.com/docs/sharing/webmasters/crawler)" 841 **0/841507**
57.141.2.47 - - [14/Mar/2026:05:23:40 -0700] "GET /items/3103435748 HTTP/2.0" 403 97145 "-" "meta-externalagent/1.1 (+https://developers.facebook.com/docs/sharing/webmasters/crawler)" 824 **0/824859**
74.7.241.15 - - [14/Mar/2026:05:23:41 -0700] "GET /?path=/home/e9ohhh9viiv2/www/spainbettingexchange.com/.well-known/acme-challenge HTTP/2.0" 200 2354 "https://thebettingexchange.in/?path=/home/e9ohhh9viiv2/www/spainbettingexchange.com/.well-known" "Mozilla/5.0 AppleWebKit/537.36 (KHTML, like Gecko; compatible; GPTBot/1.3; +https://openai.com/gptbot)" 477 **0/477457**
57.141.2.31 - - [14/Mar/2026:05:23:41 -0700] "GET /items/937498577 HTTP/2.0" 403 97145 "-" "meta-externalagent/1.1 (+https://developers.facebook.com/docs/sharing/webmasters/crawler)" 812 **0/812488**
74.7.241.15 - - [14/Mar/2026:05:23:41 -0700] "GET /?path=/home/e9ohhh9viiv2/www/spainbettingexchange.com/.well-known/pki-validation HTTP/2.0" 200 2356 "https://thebettingexchange.in/?path=/home/e9ohhh9viiv2/www/spainbettingexchange.com/.well-known" "Mozilla/5.0 AppleWebKit/537.36 (KHTML, like Gecko; compatible; GPTBot/1.3; +https://openai.com/gptbot)" 475 **0/475656**
57.141.2.28 - - [14/Mar/2026:05:23:41 -0700] "GET /items/171822940 HTTP/2.0" 403 97145 "-" "meta-externalagent/1.1 (+https://developers.facebook.com/docs/sharing/webmasters/crawler)" 854 **0/854836**
57.141.2.36 - - [14/Mar/2026:05:23:42 -0700] "GET /items/1005773636 HTTP/2.0" 403 97145 "-" "meta-externalagent/1.1 (+https://developers.facebook.com/docs/sharing/webmasters/crawler)" 822 **0/822814**
74.7.241.15 - - [14/Mar/2026:05:23:42 -0700] "GET /?path=/home/e9ohhh9viiv2/www/purplecapipl.com/.well-known/acme-challenge HTTP/2.0" 200 2352 "https://thebettingexchange.in/?path=/home/e9ohhh9viiv2/www/purplecapipl.com/.well-known" "Mozilla/5.0 AppleWebKit/537.36 (KHTML, like Gecko; compatible; GPTBot/1.3; +https://openai.com/gptbot)" 473 **0/473195**
57.141.2.49 - - [14/Mar/2026:05:23:42 -0700] "GET /items/2411370284 HTTP/2.0" 403 97145 "-" "meta-externalagent/1.1 (+https://developers.facebook.com/docs/sharing/webmasters/crawler)" 823 **0/823218**
74.7.241.15 - - [14/Mar/2026:05:23:43 -0700] "GET /?path=/home/e9ohhh9viiv2/www/iplwinnerslist.in HTTP/2.0" 200 3413 "https://thebettingexchange.in/?path=/home/e9ohhh9viiv2/www" "Mozilla/5.0 AppleWebKit/537.36 (KHTML, like Gecko; compatible; GPTBot/1.3; +https://openai.com/gptbot)" 486 **0/486811**
57.141.2.56 - - [14/Mar/2026:05:23:43 -0700] "GET /items/1879520202 HTTP/2.0" 403 97145 "-" "meta-externalagent/1.1 (+https://developers.facebook.com/docs/sharing/webmasters/crawler)" 830 **0/830757**
57.141.2.48 - - [14/Mar/2026:05:23:43 -0700] "GET /items/704323938 HTTP/2.0" 403 97145 "-" "meta-externalagent/1.1 (+https://developers.facebook.com/docs/sharing/webmasters/crawler)" 820 **0/820097**
74.7.241.15 - - [14/Mar/2026:05:23:44 -0700] "GET /?path=/home/e9ohhh9viiv2/www/orangecapinipl.in HTTP/2.0" 200 3455 "https://thebettingexchange.in/?path=/home/e9ohhh9viiv2/www" "Mozilla/5.0 AppleWebKit/537.36 (KHTML, like Gecko; compatible; GPTBot/1.3; +https://openai.com/gptbot)" 477 **0/477848**
57.141.2.64 - - [14/Mar/2026:05:23:44 -0700] "GET /items/2113413822 HTTP/2.0" 403 97145 "-" "meta-externalagent/1.1 (+https://developers.facebook.com/docs/sharing/webmasters/crawler)" 882 **0/882703**
74.7.241.15 - - [14/Mar/2026:05:23:44 -0700] "GET /?path=/home/e9ohhh9viiv2/www/purplecapinipl.in HTTP/2.0" 200 3436 "https://thebettingexchange.in/?path=/home/e9ohhh9viiv2/www" "Mozilla/5.0 AppleWebKit/537.36 (KHTML, like Gecko; compatible; GPTBot/1.3; +https://openai.com/gptbot)" 477 **0/477667**
57.141.2.15 - - [14/Mar/2026:05:23:44 -0700] "GET /items/885501892 HTTP/2.0" 403 97145 "-" "meta-externalagent/1.1 (+https://developers.facebook.com/docs/sharing/webmasters/crawler)" 834 **0/834567**
57.141.2.60 - - [14/Mar/2026:05:23:45 -0700] "GET /items/2241102512 HTTP/2.0" 403 97145 "-" "meta-externalagent/1.1 (+https://developers.facebook.com/docs/sharing/webmasters/crawler)" 821 **0/821295**
74.7.241.15 - - [14/Mar/2026:05:23:45 -0700] "GET /?path=//lib64/python3.6/sqlite3 HTTP/2.0" 200 2719 "https://thebettingexchange.in/?path=//lib64/python3.6" "Mozilla/5.0 AppleWebKit/537.36 (KHTML, like Gecko; compatible; GPTBot/1.3; +https://openai.com/gptbot)" 477 **0/477603**
57.141.2.1 - - [14/Mar/2026:05:23:45 -0700] "GET /items/2722837479 HTTP/2.0" 403 97145 "-" "meta-externalagent/1.1 (+https://developers.facebook.com/docs/sharing/webmasters/crawler)" 829 **0/829161**
57.141.2.58 - - [14/Mar/2026:05:23:45 -0700] "GET /items/2189148410 HTTP/2.0" 403 97145 "-" "meta-externalagent/1.1 (+https://developers.facebook.com/docs/sharing/webmasters/crawler)" 829 **0/829059**
74.7.241.15 - - [14/Mar/2026:05:23:46 -0700] "GET /?path=/home/e9ohhh9viiv2/mail/tmp HTTP/2.0" 200 2310 "https://thebettingexchange.in/?path=/home/e9ohhh9viiv2/mail" "Mozilla/5.0 AppleWebKit/537.36 (KHTML, like Gecko; compatible; GPTBot/1.3; +https://openai.com/gptbot)" 481 **0/481662**
57.141.2.55 - - [14/Mar/2026:05:23:46 -0700] "GET /items/1815833451 HTTP/2.0" 200 97145 "-" "meta-externalagent/1.1 (+https://developers.facebook.com/docs/sharing/webmasters/crawler)" 831 **0/831581**
74.7.241.15 - - [14/Mar/2026:05:23:47 -0700] "GET /?path=//tmp HTTP/2.0" 200 3709 "https://thebettingexchange.in/?path=/" "Mozilla/5.0 AppleWebKit/537.36 (KHTML, like Gecko; compatible; GPTBot/1.3; +https://openai.com/gptbot)" 473 **0/473876**
57.141.2.66 - - [14/Mar/2026:05:23:47 -0700] "GET /items/2210079378 HTTP/2.0" 200 97145 "-" "meta-externalagent/1.1 (+https://developers.facebook.com/docs/sharing/webmasters/crawler)" 854 **0/854321**
57.141.2.6 - - [14/Mar/2026:05:23:47 -0700] "GET /items/2015735867 HTTP/2.0" 200 97145 "-" "meta-externalagent/1.1 (+https://developers.facebook.com/docs/sharing/webmasters/crawler)" 821 **0/821498**
74.7.241.15 - - [14/Mar/2026:05:23:48 -0700] "GET /?path=//lib64/python2.7/Demo/embed HTTP/2.0" 200 2720 "https://thebettingexchange.in/?path=//lib64/python2.7/Demo" "Mozilla/5.0 AppleWebKit/537.36 (KHTML, like Gecko; compatible; GPTBot/1.3; +https://openai.com/gptbot)" 470 **0/470397**
57.141.2.16 - - [14/Mar/2026:05:23:48 -0700] "GET /items/29570808 HTTP/2.0" 200 97145 "-" "meta-externalagent/1.1 (+https://developers.facebook.com/docs/sharing/webmasters/crawler)" 840 **0/840984**
74.7.241.15 - - [14/Mar/2026:05:23:48 -0700] "GET /?path=//lib64/python2.7/Demo/rpc HTTP/2.0" 200 3048 "https://thebettingexchange.in/?path=//lib64/python2.7/Demo" "Mozilla/5.0 AppleWebKit/537.36 (KHTML, like Gecko; compatible; GPTBot/1.3; +https://openai.com/gptbot)" 477 **0/477819**
57.141.2.49 - - [14/Mar/2026:05:23:48 -0700] "GET /items/3020952844 HTTP/2.0" 200 97145 "-" "meta-externalagent/1.1 (+https://developers.facebook.com/docs/sharing/webmasters/crawler)" 840 **0/840383**
57.141.2.39 - - [14/Mar/2026:05:23:49 -0700] "GET /items/351228583 HTTP/2.0" 200 97145 "-" "meta-externalagent/1.1 (+https://developers.facebook.com/docs/sharing/webmasters/crawler)" 839 **0/839352**
74.7.241.15 - - [14/Mar/2026:05:23:49 -0700] "GET /?path=//lib64/python2.7/Demo/tix HTTP/2.0" 200 2872 "https://thebettingexchange.in/?path=//lib64/python2.7/Demo" "Mozilla/5.0 AppleWebKit/537.36 (KHTML, like Gecko; compatible; GPTBot/1.3; +https://openai.com/gptbot)" 484 **0/484703**
57.141.2.65 - - [14/Mar/2026:05:23:49 -0700] "GET /items/1686992124 HTTP/2.0" 200 97145 "-" "meta-externalagent/1.1 (+https://developers.facebook.com/docs/sharing/webmasters/crawler)" 864 **0/864339**
74.7.241.15 - - [14/Mar/2026:05:23:50 -0700] "GET /?path=//lib64/python2.7/Demo/cgi HTTP/2.0" 200 2860 "https://thebettingexchange.in/?path=//lib64/python2.7/Demo" "Mozilla/5.0 AppleWebKit/537.36 (KHTML, like Gecko; compatible; GPTBot/1.3; +https://openai.com/gptbot)" 526 **0/526720**
57.141.2.69 - - [14/Mar/2026:05:23:50 -0700] "GET /items/2556914936 HTTP/2.0" 200 97145 "-" "meta-externalagent/1.1 (+https://developers.facebook.com/docs/sharing/webmasters/crawler)" 853 **0/853671**
57.141.2.57 - - [14/Mar/2026:05:23:50 -0700] "GET /items/593978828 HTTP/2.0" 200 97145 "-" "meta-externalagent/1.1 (+https://developers.facebook.com/docs/sharing/webmasters/crawler)" 827 **0/827183**
74.7.241.15 - - [14/Mar/2026:05:23:51 -0700] "GET /?path=//lib64/python2.7/Demo/zlib HTTP/2.0" 200 2723 "https://thebettingexchange.in/?path=//lib64/python2.7/Demo" "Mozilla/5.0 AppleWebKit/537.36 (KHTML, like Gecko; compatible; GPTBot/1.3; +https://openai.com/gptbot)" 474 **0/474176**
57.141.2.16 - - [14/Mar/2026:05:23:51 -0700] "GET /items/885907649 HTTP/2.0" 200 97145 "-" "meta-externalagent/1.1 (+https://developers.facebook.com/docs/sharing/webmasters/crawler)" 817 **0/817003**
74.7.241.15 - - [14/Mar/2026:05:23:51 -0700] "GET /?fileloc=/home/e9ohhh9viiv2/www/iplwinnerslist.in/license.txt&path=/home/e9ohhh9viiv2/www/iplwinnerslist.in HTTP/2.0" 200 9327 "https://thebettingexchange.in/?path=/home/e9ohhh9viiv2/www/iplwinnerslist.in" "Mozilla/5.0 AppleWebKit/537.36 (KHTML, like Gecko; compatible; GPTBot/1.3; +https://openai.com/gptbot)" 484 **0/484852**
57.141.2.20 - - [14/Mar/2026:05:23:51 -0700] "GET /items/2160670910 HTTP/2.0" 200 97145 "-" "meta-externalagent/1.1 (+https://developers.facebook.com/docs/sharing/webmasters/crawler)" 840 **0/840021**
57.141.2.4 - - [14/Mar/2026:05:23:52 -0700] "GET /items/197104726 HTTP/2.0" 200 97145 "-" "meta-externalagent/1.1 (+https://developers.facebook.com/docs/sharing/webmasters/crawler)" 853 **0/853190**
74.7.241.15 - - [14/Mar/2026:05:23:52 -0700] "GET /?path=/home/e9ohhh9viiv2/www/iplwinnerslist.in/.well-known HTTP/2.0" 200 2618 "https://thebettingexchange.in/?path=/home/e9ohhh9viiv2/www/iplwinnerslist.in" "Mozilla/5.0 AppleWebKit/537.36 (KHTML, like Gecko; compatible; GPTBot/1.3; +https://openai.com/gptbot)" 493 **0/493169**
57.141.2.44 - - [14/Mar/2026:05:23:52 -0700] "GET /items/1517102232 HTTP/2.0" 200 97145 "-" "meta-externalagent/1.1 (+https://developers.facebook.com/docs/sharing/webmasters/crawler)" 886 **0/886587**
74.7.241.15 - - [14/Mar/2026:05:23:53 -0700] "GET /?path=/home/e9ohhh9viiv2/www/orangecapinipl.in/.well-known HTTP/2.0" 200 2616 "https://thebettingexchange.in/?path=/home/e9ohhh9viiv2/www/orangecapinipl.in" "Mozilla/5.0 AppleWebKit/537.36 (KHTML, like Gecko; compatible; GPTBot/1.3; +https://openai.com/gptbot)" 478 **0/478691**
57.141.2.18 - - [14/Mar/2026:05:23:53 -0700] "GET /items/589810741 HTTP/2.0" 200 97145 "-" "meta-externalagent/1.1 (+https://developers.facebook.com/docs/sharing/webmasters/crawler)" 847 **0/847582**
57.141.2.33 - - [14/Mar/2026:05:23:53 -0700] "GET /items/1182783054 HTTP/2.0" 200 97145 "-" "meta-externalagent/1.1 (+https://developers.facebook.com/docs/sharing/webmasters/crawler)" 822 **0/822636**
74.7.241.15 - - [14/Mar/2026:05:23:54 -0700] "GET /?path=//lib64/python3.6/sqlite3/__pycache__ HTTP/2.0" 200 2781 "https://thebettingexchange.in/?path=//lib64/python3.6/sqlite3" "Mozilla/5.0 AppleWebKit/537.36 (KHTML, like Gecko; compatible; GPTBot/1.3; +https://openai.com/gptbot)" 472 **0/472594**
57.141.2.23 - - [14/Mar/2026:05:23:54 -0700] "GET /items/549195794 HTTP/2.0" 200 97145 "-" "meta-externalagent/1.1 (+https://developers.facebook.com/docs/sharing/webmasters/crawler)" 832 **0/832731**
74.7.241.15 - - [14/Mar/2026:05:23:55 -0700] "GET /?path=/home/e9ohhh9viiv2/www/purplecapinipl.in/.well-known HTTP/2.0" 200 2617 "https://thebettingexchange.in/?path=/home/e9ohhh9viiv2/www/purplecapinipl.in" "Mozilla/5.0 AppleWebKit/537.36 (KHTML, like Gecko; compatible; GPTBot/1.3; +https://openai.com/gptbot)" 480 **0/480339**
57.141.2.16 - - [14/Mar/2026:05:23:54 -0700] "GET /items/1889317878 HTTP/2.0" 200 97145 "-" "meta-externalagent/1.1 (+https://developers.facebook.com/docs/sharing/webmasters/crawler)" 812 **0/812065**
57.141.2.35 - - [14/Mar/2026:05:23:55 -0700] "GET /items/3865239143 HTTP/2.0" 200 97145 "-" "meta-externalagent/1.1 (+https://developers.facebook.com/docs/sharing/webmasters/crawler)" 831 **0/831741**
74.7.241.15 - - [14/Mar/2026:05:23:55 -0700] "GET /?path=//tmp/mbdvd0 HTTP/2.0" 200 2903 "https://thebettingexchange.in/?path=//tmp" "Mozilla/5.0 AppleWebKit/537.36 (KHTML, like Gecko; compatible; GPTBot/1.3; +https://openai.com/gptbot)" 479 **0/479819**
57.141.2.33 - - [14/Mar/2026:05:23:55 -0700] "GET /items/2104167118 HTTP/2.0" 200 97145 "-" "meta-externalagent/1.1 (+https://developers.facebook.com/docs/sharing/webmasters/crawler)" 863 **0/863521**
57.141.2.16 - - [14/Mar/2026:05:23:56 -0700] "GET /items/3647138608 HTTP/2.0" 200 97145 "-" "meta-externalagent/1.1 (+https://developers.facebook.com/docs/sharing/webmasters/crawler)" 823 **0/823080**
74.7.241.15 - - [14/Mar/2026:05:23:56 -0700] "GET /?fileloc=//lib64/python2.7/Demo/embed/loop.c&path=//lib64/python2.7/Demo/embed HTTP/2.0" 200 2659 "https://thebettingexchange.in/?path=//lib64/python2.7/Demo/embed" "Mozilla/5.0 AppleWebKit/537.36 (KHTML, like Gecko; compatible; GPTBot/1.3; +https://openai.com/gptbot)" 488 **0/488238**
57.141.2.33 - - [14/Mar/2026:05:23:56 -0700] "GET /items/1908841102 HTTP/2.0" 200 97145 "-" "meta-externalagent/1.1 (+https://developers.facebook.com/docs/sharing/webmasters/crawler)" 826 **0/826456**
74.7.241.15 - - [14/Mar/2026:05:23:57 -0700] "GET /?fileloc=//tmp/.crontab.lock&path=//tmp HTTP/2.0" 200 2241 "https://thebettingexchange.in/?path=//tmp" "Mozilla/5.0 AppleWebKit/537.36 (KHTML, like Gecko; compatible; GPTBot/1.3; +https://openai.com/gptbot)" 477 **0/477875**
57.141.2.46 - - [14/Mar/2026:05:23:57 -0700] "GET /items/3748613283 HTTP/2.0" 200 97145 "-" "meta-externalagent/1.1 (+https://developers.facebook.com/docs/sharing/webmasters/crawler)" 817 **0/817795**
57.141.2.34 - - [14/Mar/2026:05:23:57 -0700] "GET /items/2958610581 HTTP/2.0" 200 97145 "-" "meta-externalagent/1.1 (+https://developers.facebook.com/docs/sharing/webmasters/crawler)" 818 **0/818327**
74.7.241.15 - - [14/Mar/2026:05:23:58 -0700] "GET /?path=//opt HTTP/2.0" 200 2788 "https://thebettingexchange.in/?path=/" "Mozilla/5.0 AppleWebKit/537.36 (KHTML, like Gecko; compatible; GPTBot/1.3; +https://openai.com/gptbot)" 470 **0/470713**
57.141.2.9 - - [14/Mar/2026:05:23:58 -0700] "GET /items/3002054655 HTTP/2.0" 200 97145 "-" "meta-externalagent/1.1 (+https://developers.facebook.com/docs/sharing/webmasters/crawler)" 843 **0/843369**
74.7.241.15 - - [14/Mar/2026:05:23:58 -0700] "GET /?fileloc=//lib64/libmenuw.so.6.1&path=//lib64 HTTP/2.0" 200 2254 "https://thebettingexchange.in/?path=//lib64" "Mozilla/5.0 AppleWebKit/537.36 (KHTML, like Gecko; compatible; GPTBot/1.3; +https://openai.com/gptbot)" 485 **0/485648**
57.141.2.58 - - [14/Mar/2026:05:23:58 -0700] "GET /items/1294687570 HTTP/2.0" 200 97145 "-" "meta-externalagent/1.1 (+https://developers.facebook.com/docs/sharing/webmasters/crawler)" 822 **0/822113**
57.141.2.55 - - [14/Mar/2026:05:23:59 -0700] "GET /items/1223760590 HTTP/2.0" 200 97145 "-" "meta-externalagent/1.1 (+https://developers.facebook.com/docs/sharing/webmasters/crawler)" 861 **0/861367**
74.7.241.15 - - [14/Mar/2026:05:23:59 -0700] "GET /?fileloc=//lib64/libsecret-1.so.0&path=//lib64 HTTP/2.0" 200 2252 "https://thebettingexchange.in/?path=//lib64" "Mozilla/5.0 AppleWebKit/537.36 (KHTML, like Gecko; compatible; GPTBot/1.3; +https://openai.com/gptbot)" 487 **0/487032**
57.141.2.54 - - [14/Mar/2026:05:23:59 -0700] "GET /items/1790971696 HTTP/2.0" 200 97145 "-" "meta-externalagent/1.1 (+https://developers.facebook.com/docs/sharing/webmasters/crawler)" 828 **0/828456**
57.141.2.57 - - [14/Mar/2026:05:24:00 -0700] "GET /items/3794148656 HTTP/2.0" 200 97145 "-" "meta-externalagent/1.1 (+https://developers.facebook.com/docs/sharing/webmasters/crawler)" 837 **0/837186**
74.7.241.15 - - [14/Mar/2026:05:24:00 -0700] "GET /?fileloc=//lib64/libdbus-1.so.3&path=//lib64 HTTP/2.0" 200 2253 "https://thebettingexchange.in/?path=//lib64" "Mozilla/5.0 AppleWebKit/537.36 (KHTML, like Gecko; compatible; GPTBot/1.3; +https://openai.com/gptbot)" 504 **0/504033**
57.141.2.58 - - [14/Mar/2026:05:24:00 -0700] "GET /items/3722011525 HTTP/2.0" 200 97145 "-" "meta-externalagent/1.1 (+https://developers.facebook.com/docs/sharing/webmasters/crawler)" 859 **0/859833**
74.7.241.15 - - [14/Mar/2026:05:24:01 -0700] "GET /?path=/home/e9ohhh9viiv2/www/iplwinnerslist.in/.well-known/pki-validation HTTP/2.0" 200 2358 "https://thebettingexchange.in/?path=/home/e9ohhh9viiv2/www/iplwinnerslist.in/.well-known" "Mozilla/5.0 AppleWebKit/537.36 (KHTML, like Gecko; compatible; GPTBot/1.3; +https://openai.com/gptbot)" 485 **0/485893**
57.141.2.27 - - [14/Mar/2026:05:24:01 -0700] "GET /items/2334478050 HTTP/2.0" 200 97145 "-" "meta-externalagent/1.1 (+https://developers.facebook.com/docs/sharing/webmasters/crawler)" 846 **0/846481**
57.141.2.14 - - [14/Mar/2026:05:24:01 -0700] "GET /items/1106099460 HTTP/2.0" 200 97145 "-" "meta-externalagent/1.1 (+https://developers.facebook.com/docs/sharing/webmasters/crawler)" 834 **0/834369**
74.7.241.15 - - [14/Mar/2026:05:24:02 -0700] "GET /?path=/home/e9ohhh9viiv2/www/orangecapinipl.in/.well-known/acme-challenge HTTP/2.0" 200 2644 "https://thebettingexchange.in/?path=/home/e9ohhh9viiv2/www/orangecapinipl.in/.well-known" "Mozilla/5.0 AppleWebKit/537.36 (KHTML, like Gecko; compatible; GPTBot/1.3; +https://openai.com/gptbot)" 516 **0/516610**
57.141.2.16 - - [14/Mar/2026:05:24:02 -0700] "GET /items/473883382 HTTP/2.0" 200 97145 "-" "meta-externalagent/1.1 (+https://developers.facebook.com/docs/sharing/webmasters/crawler)" 855 **0/855124**
74.7.241.15 - - [14/Mar/2026:05:24:02 -0700] "GET /?path=/home/e9ohhh9viiv2/www/iplwinnerslist.in/.well-known/acme-challenge HTTP/2.0" 200 2647 "https://thebettingexchange.in/?path=/home/e9ohhh9viiv2/www/iplwinnerslist.in/.well-known" "Mozilla/5.0 AppleWebKit/537.36 (KHTML, like Gecko; compatible; GPTBot/1.3; +https://openai.com/gptbot)" 482 **0/482616**
57.141.2.54 - - [14/Mar/2026:05:24:02 -0700] "GET /items/908014154 HTTP/2.0" 200 97145 "-" "meta-externalagent/1.1 (+https://developers.facebook.com/docs/sharing/webmasters/crawler)" 846 **0/846346**
57.141.2.49 - - [14/Mar/2026:05:24:03 -0700] "GET /items/421869757 HTTP/2.0" 200 97145 "-" "meta-externalagent/1.1 (+https://developers.facebook.com/docs/sharing/webmasters/crawler)" 816 **0/816124**
74.7.241.15 - - [14/Mar/2026:05:24:03 -0700] "GET /?path=/home/e9ohhh9viiv2/www/purplecapinipl.in/.well-known/pki-validation HTTP/2.0" 200 2354 "https://thebettingexchange.in/?path=/home/e9ohhh9viiv2/www/purplecapinipl.in/.well-known" "Mozilla/5.0 AppleWebKit/537.36 (KHTML, like Gecko; compatible; GPTBot/1.3; +https://openai.com/gptbot)" 491 **0/491063**
57.141.2.23 - - [14/Mar/2026:05:24:03 -0700] "GET /items/2365192356 HTTP/2.0" 200 97145 "-" "meta-externalagent/1.1 (+https://developers.facebook.com/docs/sharing/webmasters/crawler)" 856 **0/856096**
74.7.241.15 - - [14/Mar/2026:05:24:04 -0700] "GET /?path=/home/e9ohhh9viiv2/www/orangecapinipl.in/.well-known/pki-validation HTTP/2.0" 200 2356 "https://thebettingexchange.in/?path=/home/e9ohhh9viiv2/www/orangecapinipl.in/.well-known" "Mozilla/5.0 AppleWebKit/537.36 (KHTML, like Gecko; compatible; GPTBot/1.3; +https://openai.com/gptbot)" 504 **0/504886**
57.141.2.60 - - [14/Mar/2026:05:24:04 -0700] "GET /items/2167040201 HTTP/2.0" 200 97145 "-" "meta-externalagent/1.1 (+https://developers.facebook.com/docs/sharing/webmasters/crawler)" 850 **0/850382**
41.214.49.105 - - [14/Mar/2026:05:24:05 -0700] "GET /when-a-new-player-signs-up-along-with-jackpots-local-casino-he-is-lower-than-no-duty-anyway-to-experience-the-real-deal-currency/ HTTP/1.1" 200 4874 "-" "Mozilla/5.0 (Macintosh; Intel Mac OS X 10_13_6) AppleWebKit/537.36 (KHTML, like Gecko) Brave Chrome/87.0.4280.141 Safari/537.36" 479 **0/479513**
57.141.2.49 - - [14/Mar/2026:05:24:04 -0700] "GET /items/1611312833 HTTP/2.0" 200 97145 "-" "meta-externalagent/1.1 (+https://developers.facebook.com/docs/sharing/webmasters/crawler)" 845 **0/845542**
74.7.241.15 - - [14/Mar/2026:05:24:05 -0700] "GET /?path=/home/e9ohhh9viiv2/www/purplecapinipl.in/.well-known/acme-challenge HTTP/2.0" 200 2645 "https://thebettingexchange.in/?path=/home/e9ohhh9viiv2/www/purplecapinipl.in/.well-known" "Mozilla/5.0 AppleWebKit/537.36 (KHTML, like Gecko; compatible; GPTBot/1.3; +https://openai.com/gptbot)" 480 **0/480366**
57.141.2.3 - - [14/Mar/2026:05:24:05 -0700] "GET /items/2510927721 HTTP/2.0" 200 97145 "-" "meta-externalagent/1.1 (+https://developers.facebook.com/docs/sharing/webmasters/crawler)" 837 **0/837236**
85.208.96.193 - - [14/Mar/2026:05:24:06 -0700] "GET /secret-of-the-stones-los-mejores-promociones-sobre-metodos-de-pago-del-casino-en-linea-tragamonedas-en-linea-novedosas-slot-keller-williams/ HTTP/1.1" 200 4874 "-" "Mozilla/5.0 (compatible; SemrushBot/7~bl; +http://www.semrush.com/bot.html)" 471 **0/471460**
74.7.241.15 - - [14/Mar/2026:05:24:06 -0700] "GET /?path=//lib64/perl5/CORE HTTP/2.0" 200 4630 "https://thebettingexchange.in/?path=//lib64/perl5" "Mozilla/5.0 AppleWebKit/537.36 (KHTML, like Gecko; compatible; GPTBot/1.3; +https://openai.com/gptbot)" 496 **0/496006**
57.141.2.46 - - [14/Mar/2026:05:24:05 -0700] "GET /items/1785298110 HTTP/2.0" 200 97145 "-" "meta-externalagent/1.1 (+https://developers.facebook.com/docs/sharing/webmasters/crawler)" 828 **0/828129**
57.141.2.9 - - [14/Mar/2026:05:24:06 -0700] "GET /items/3468896847 HTTP/2.0" 200 97145 "-" "meta-externalagent/1.1 (+https://developers.facebook.com/docs/sharing/webmasters/crawler)" 890 **0/890889**
74.7.241.15 - - [14/Mar/2026:05:24:06 -0700] "GET /?path=//opt/suphp HTTP/2.0" 200 2543 "https://thebettingexchange.in/?path=//opt" "Mozilla/5.0 AppleWebKit/537.36 (KHTML, like Gecko; compatible; GPTBot/1.3; +https://openai.com/gptbot)" 498 **0/498520**
57.141.2.39 - - [14/Mar/2026:05:24:06 -0700] "GET /items/2575826603 HTTP/2.0" 200 97145 "-" "meta-externalagent/1.1 (+https://developers.facebook.com/docs/sharing/webmasters/crawler)" 839 **0/839131**
57.141.2.49 - - [14/Mar/2026:05:24:07 -0700] "GET /items/355449616 HTTP/2.0" 200 97145 "-" "meta-externalagent/1.1 (+https://developers.facebook.com/docs/sharing/webmasters/crawler)" 834 **0/834398**
74.7.241.15 - - [14/Mar/2026:05:24:07 -0700] "GET /?path=//opt/liblve HTTP/2.0" 200 2693 "https://thebettingexchange.in/?path=//opt" "Mozilla/5.0 AppleWebKit/537.36 (KHTML, like Gecko; compatible; GPTBot/1.3; +https://openai.com/gptbot)" 493 **0/493402**
57.141.2.18 - - [14/Mar/2026:05:24:07 -0700] "GET /items/1264548161 HTTP/2.0" 200 97145 "-" "meta-externalagent/1.1 (+https://developers.facebook.com/docs/sharing/webmasters/crawler)" 850 **0/850766**
74.7.241.15 - - [14/Mar/2026:05:24:08 -0700] "GET /?path=//opt/cpanel HTTP/2.0" 200 3127 "https://thebettingexchange.in/?path=//opt" "Mozilla/5.0 AppleWebKit/537.36 (KHTML, like Gecko; compatible; GPTBot/1.3; +https://openai.com/gptbot)" 489 **0/489098**
57.141.2.61 - - [14/Mar/2026:05:24:08 -0700] "GET /items/409237821 HTTP/2.0" 200 97145 "-" "meta-externalagent/1.1 (+https://developers.facebook.com/docs/sharing/webmasters/crawler)" 835 **0/835842**
57.141.2.52 - - [14/Mar/2026:05:24:08 -0700] "GET /items/1004967294 HTTP/2.0" 200 97145 "-" "meta-externalagent/1.1 (+https://developers.facebook.com/docs/sharing/webmasters/crawler)" 825 **0/825462**
216.73.216.129 - - [14/Mar/2026:05:24:09 -0700] "GET /?p=57761 HTTP/2.0" 200 4197 "-" "Mozilla/5.0 AppleWebKit/537.36 (KHTML, like Gecko; compatible; ClaudeBot/1.0; +claudebot@anthropic.com)" 512 **0/512582**
74.7.241.15 - - [14/Mar/2026:05:24:09 -0700] "GET /?path=//opt/imunify360 HTTP/2.0" 200 2588 "https://thebettingexchange.in/?path=//opt" "Mozilla/5.0 AppleWebKit/537.36 (KHTML, like Gecko; compatible; GPTBot/1.3; +https://openai.com/gptbot)" 478 **0/478029**
57.141.2.36 - - [14/Mar/2026:05:24:09 -0700] "GET /items/225326084 HTTP/2.0" 200 97145 "-" "meta-externalagent/1.1 (+https://developers.facebook.com/docs/sharing/webmasters/crawler)" 839 **0/839151**
74.7.241.15 - - [14/Mar/2026:05:24:10 -0700] "GET /?path=//opt/python38 HTTP/2.0" 200 2635 "https://thebettingexchange.in/?path=//opt" "Mozilla/5.0 AppleWebKit/537.36 (KHTML, like Gecko; compatible; GPTBot/1.3; +https://openai.com/gptbot)" 482 **0/482449**
57.141.2.49 - - [14/Mar/2026:05:24:09 -0700] "GET /items/3419143865 HTTP/2.0" 200 97145 "-" "meta-externalagent/1.1 (+https://developers.facebook.com/docs/sharing/webmasters/crawler)" 850 **0/850364**
57.141.2.24 - - [14/Mar/2026:05:24:10 -0700] "GET /items/555357157 HTTP/2.0" 200 97145 "-" "meta-externalagent/1.1 (+https://developers.facebook.com/docs/sharing/webmasters/crawler)" 839 **0/839154**
74.7.241.15 - - [14/Mar/2026:05:24:10 -0700] "GET /?path=//opt/alt HTTP/2.0" 200 4043 "https://thebettingexchange.in/?path=//opt" "Mozilla/5.0 AppleWebKit/537.36 (KHTML, like Gecko; compatible; GPTBot/1.3; +https://openai.com/gptbot)" 496 **0/496281**
57.141.2.71 - - [14/Mar/2026:05:24:10 -0700] "GET /items/3947377507 HTTP/2.0" 200 97145 "-" "meta-externalagent/1.1 (+https://developers.facebook.com/docs/sharing/webmasters/crawler)" 832 **0/832391**
216.73.216.129 - - [14/Mar/2026:05:24:11 -0700] "GET /?p=57769 HTTP/2.0" 200 4197 "-" "Mozilla/5.0 AppleWebKit/537.36 (KHTML, like Gecko; compatible; ClaudeBot/1.0; +claudebot@anthropic.com)" 504 **0/504145**
57.141.2.20 - - [14/Mar/2026:05:24:11 -0700] "GET /items/1606339857 HTTP/2.0" 200 97145 "-" "meta-externalagent/1.1 (+https://developers.facebook.com/docs/sharing/webmasters/crawler)" 827 **0/827621**
74.7.241.15 - - [14/Mar/2026:05:24:11 -0700] "GET /?path=//opt/ai-bolit HTTP/2.0" 200 2667 "https://thebettingexchange.in/?path=//opt" "Mozilla/5.0 AppleWebKit/537.36 (KHTML, like Gecko; compatible; GPTBot/1.3; +https://openai.com/gptbot)" 495 **0/495982**
57.141.2.47 - - [14/Mar/2026:05:24:11 -0700] "GET /items/665490048 HTTP/2.0" 200 97145 "-" "meta-externalagent/1.1 (+https://developers.facebook.com/docs/sharing/webmasters/crawler)" 839 **0/839016**
74.7.241.15 - - [14/Mar/2026:05:24:12 -0700] "GET /?path=//opt/cyberark HTTP/2.0" 200 2550 "https://thebettingexchange.in/?path=//opt" "Mozilla/5.0 AppleWebKit/537.36 (KHTML, like Gecko; compatible; GPTBot/1.3; +https://openai.com/gptbot)" 496 **0/496260**
57.141.2.13 - - [14/Mar/2026:05:24:12 -0700] "GET /items/977888293 HTTP/2.0" 200 97145 "-" "meta-externalagent/1.1 (+https://developers.facebook.com/docs/sharing/webmasters/crawler)" 863 **0/863999**
74.7.241.15 - - [14/Mar/2026:05:24:13 -0700] "GET /?fileloc=//lib64/python2.7/lib-tk/test/README&path=//lib64/python2.7/lib-tk/test HTTP/2.0" 200 2573 "https://thebettingexchange.in/?path=//lib64/python2.7/lib-tk/test" "Mozilla/5.0 AppleWebKit/537.36 (KHTML, like Gecko; compatible; GPTBot/1.3; +https://openai.com/gptbot)" 480 **0/480381**
57.141.2.60 - - [14/Mar/2026:05:24:12 -0700] "GET /items/2523289106 HTTP/2.0" 200 97145 "-" "meta-externalagent/1.1 (+https://developers.facebook.com/docs/sharing/webmasters/crawler)" 848 **0/848203**
57.141.2.13 - - [14/Mar/2026:05:24:13 -0700] "GET /items/1858066254 HTTP/2.0" 200 97145 "-" "meta-externalagent/1.1 (+https://developers.facebook.com/docs/sharing/webmasters/crawler)" 812 **0/812988**
57.141.2.34 - - [14/Mar/2026:05:24:13 -0700] "GET /items/399562498 HTTP/2.0" 200 97145 "-" "meta-externalagent/1.1 (+https://developers.facebook.com/docs/sharing/webmasters/crawler)" 820 **0/820675**
74.7.241.15 - - [14/Mar/2026:05:24:14 -0700] "GET /?path=//lib64/python3.6/pydoc_data HTTP/2.0" 200 2722 "https://thebettingexchange.in/?path=//lib64/python3.6" "Mozilla/5.0 AppleWebKit/537.36 (KHTML, like Gecko; compatible; GPTBot/1.3; +https://openai.com/gptbot)" 493 **0/493316**
57.141.2.55 - - [14/Mar/2026:05:24:14 -0700] "GET /items/2292469053 HTTP/2.0" 200 97145 "-" "meta-externalagent/1.1 (+https://developers.facebook.com/docs/sharing/webmasters/crawler)" 816 **0/816210**
74.7.241.15 - - [14/Mar/2026:05:24:14 -0700] "GET /?path=//lib64/python3.12/json/__pycache__ HTTP/2.0" 200 2920 "https://thebettingexchange.in/?path=//lib64/python3.12/json" "Mozilla/5.0 AppleWebKit/537.36 (KHTML, like Gecko; compatible; GPTBot/1.3; +https://openai.com/gptbot)" 479 **0/479393**
57.141.2.38 - - [14/Mar/2026:05:24:14 -0700] "GET /items/3875208101 HTTP/2.0" 200 97145 "-" "meta-externalagent/1.1 (+https://developers.facebook.com/docs/sharing/webmasters/crawler)" 826 **0/826173**
74.7.241.15 - - [14/Mar/2026:05:24:15 -0700] "GET /?path=//opt/suphp/sbin HTTP/2.0" 200 2313 "https://thebettingexchange.in/?path=//opt/suphp" "Mozilla/5.0 AppleWebKit/537.36 (KHTML, like Gecko; compatible; GPTBot/1.3; +https://openai.com/gptbot)" 482 **0/482126**
57.141.2.53 - - [14/Mar/2026:05:24:15 -0700] "GET /items/3501808140 HTTP/2.0" 200 97145 "-" "meta-externalagent/1.1 (+https://developers.facebook.com/docs/sharing/webmasters/crawler)" 859 **0/859808**
57.141.2.45 - - [14/Mar/2026:05:24:15 -0700] "GET /items/2508504383 HTTP/2.0" 200 97145 "-" "meta-externalagent/1.1 (+https://developers.facebook.com/docs/sharing/webmasters/crawler)" 832 **0/832090**
41.254.92.85 - - [14/Mar/2026:05:24:16 -0700] "GET /casa-da-gioco-online-stranieri-migliori-congerie-esteri-sicuri-di-nuovo-apbet-bonus-senza-deposito-affidabili/ HTTP/1.1" 200 4874 "-" "Mozilla/5.0 (X11; U; Linux i686; de; rv:1.9.2.18) Gecko/20110615 Ubuntu/10.10 (maverick) Firefox/3.6.18" 481 **0/481878**
74.7.241.15 - - [14/Mar/2026:05:24:16 -0700] "GET /?fileloc=//opt/liblve/liblve.so&path=//opt/liblve HTTP/2.0" 200 2260 "https://thebettingexchange.in/?path=//opt/liblve" "Mozilla/5.0 AppleWebKit/537.36 (KHTML, like Gecko; compatible; GPTBot/1.3; +https://openai.com/gptbot)" 495 **0/495198**
57.141.2.29 - - [14/Mar/2026:05:24:16 -0700] "GET /items/2777215763 HTTP/2.0" 200 97145 "-" "meta-externalagent/1.1 (+https://developers.facebook.com/docs/sharing/webmasters/crawler)" 826 **0/826787**
57.141.2.49 - - [14/Mar/2026:05:24:16 -0700] "GET /items/1262761149 HTTP/2.0" 200 97145 "-" "meta-externalagent/1.1 (+https://developers.facebook.com/docs/sharing/webmasters/crawler)" 839 **0/839251**
74.7.241.15 - - [14/Mar/2026:05:24:17 -0700] "GET /?path=//opt/cpanel/ea-profiles-cpanel HTTP/2.0" 200 3076 "https://thebettingexchange.in/?path=//opt/cpanel" "Mozilla/5.0 AppleWebKit/537.36 (KHTML, like Gecko; compatible; GPTBot/1.3; +https://openai.com/gptbot)" 504 **0/504568**
57.141.2.49 - - [14/Mar/2026:05:24:17 -0700] "GET /items/3324373581 HTTP/2.0" 200 97145 "-" "meta-externalagent/1.1 (+https://developers.facebook.com/docs/sharing/webmasters/crawler)" 828 **0/828773**
57.141.2.6 - - [14/Mar/2026:05:24:17 -0700] "GET /items/392832699 HTTP/2.0" 200 97145 "-" "meta-externalagent/1.1 (+https://developers.facebook.com/docs/sharing/webmasters/crawler)" 830 **0/830179**
74.7.241.15 - - [14/Mar/2026:05:24:17 -0700] "GET /?fileloc=//opt/liblve/liblve.so.0&path=//opt/liblve HTTP/2.0" 200 2261 "https://thebettingexchange.in/?path=//opt/liblve" "Mozilla/5.0 AppleWebKit/537.36 (KHTML, like Gecko; compatible; GPTBot/1.3; +https://openai.com/gptbot)" 483 **0/483620**
216.73.216.129 - - [14/Mar/2026:05:24:18 -0700] "GET /titanic-slot-on-the-web-by-bally/feed HTTP/2.0" 200 4197 "-" "Mozilla/5.0 AppleWebKit/537.36 (KHTML, like Gecko; compatible; ClaudeBot/1.0; +claudebot@anthropic.com)" 482 **0/482817**
57.141.2.34 - - [14/Mar/2026:05:24:18 -0700] "GET /items/3163549458 HTTP/2.0" 200 97145 "-" "meta-externalagent/1.1 (+https://developers.facebook.com/docs/sharing/webmasters/crawler)" 841 **0/841781**
74.7.241.15 - - [14/Mar/2026:05:24:18 -0700] "GET /?fileloc=//lib64/ruby/rbconfig.rb&path=//lib64/ruby HTTP/2.0" 200 6711 "https://thebettingexchange.in/?path=//lib64/ruby" "Mozilla/5.0 AppleWebKit/537.36 (KHTML, like Gecko; compatible; GPTBot/1.3; +https://openai.com/gptbot)" 487 **0/487013**
57.141.2.49 - - [14/Mar/2026:05:24:18 -0700] "GET /items/2920568073 HTTP/2.0" 200 97145 "-" "meta-externalagent/1.1 (+https://developers.facebook.com/docs/sharing/webmasters/crawler)" 846 **0/846604**
74.7.241.15 - - [14/Mar/2026:05:24:19 -0700] "GET /?path=//opt/alt/php55 HTTP/2.0" 200 2554 "https://thebettingexchange.in/?path=//opt/alt" "Mozilla/5.0 AppleWebKit/537.36 (KHTML, like Gecko; compatible; GPTBot/1.3; +https://openai.com/gptbot)" 481 **0/481383**
57.141.2.24 - - [14/Mar/2026:05:24:19 -0700] "GET /items/3819025545 HTTP/2.0" 200 97145 "-" "meta-externalagent/1.1 (+https://developers.facebook.com/docs/sharing/webmasters/crawler)" 850 **0/850523**
57.141.2.33 - - [14/Mar/2026:05:24:19 -0700] "GET /items/244271675 HTTP/2.0" 200 97145 "-" "meta-externalagent/1.1 (+https://developers.facebook.com/docs/sharing/webmasters/crawler)" 838 **0/838995**
74.7.241.15 - - [14/Mar/2026:05:24:20 -0700] "GET /?path=//opt/alt/net-snmp11 HTTP/2.0" 200 2559 "https://thebettingexchange.in/?path=//opt/alt" "Mozilla/5.0 AppleWebKit/537.36 (KHTML, like Gecko; compatible; GPTBot/1.3; +https://openai.com/gptbot)" 471 **0/471604**
57.141.2.50 - - [14/Mar/2026:05:24:20 -0700] "GET /items/2608342341 HTTP/2.0" 200 97145 "-" "meta-externalagent/1.1 (+https://developers.facebook.com/docs/sharing/webmasters/crawler)" 836 **0/836088**
216.73.216.129 - - [14/Mar/2026:05:24:20 -0700] "GET /?p=57218 HTTP/2.0" 200 4197 "-" "Mozilla/5.0 AppleWebKit/537.36 (KHTML, like Gecko; compatible; ClaudeBot/1.0; +claudebot@anthropic.com)" 478 **0/478940**
57.141.2.8 - - [14/Mar/2026:05:24:20 -0700] "GET /items/2259669665 HTTP/2.0" 200 97145 "-" "meta-externalagent/1.1 (+https://developers.facebook.com/docs/sharing/webmasters/crawler)" 833 **0/833269**
74.7.241.15 - - [14/Mar/2026:05:24:21 -0700] "GET /?path=//opt/alt/php85 HTTP/2.0" 200 2581 "https://thebettingexchange.in/?path=//opt/alt" "Mozilla/5.0 AppleWebKit/537.36 (KHTML, like Gecko; compatible; GPTBot/1.3; +https://openai.com/gptbot)" 502 **0/502854**
185.191.171.8 - - [14/Mar/2026:05:24:21 -0700] "GET /%D8%A7%D8%B3%D8%AA%D9%85%D8%AA%D8%B9-%D8%A8%D9%84%D8%B9%D8%A8%D8%A9-%D9%81%D9%8A%D8%AF%D9%8A%D9%88-%D8%A7%D9%84%D9%85%D9%88%D8%B6%D8%B9-%D8%AF%D9%88%D9%86-%D8%A3%D9%8A-%D8%AA%D9%83%D9%84%D9%81%D8%A9/ HTTP/1.1" 200 4874 "-" "Mozilla/5.0 (compatible; SemrushBot/7~bl; +http://www.semrush.com/bot.html)" 485 **0/485540**
57.141.2.66 - - [14/Mar/2026:05:24:21 -0700] "GET /items/3605112496 HTTP/2.0" 200 97145 "-" "meta-externalagent/1.1 (+https://developers.facebook.com/docs/sharing/webmasters/crawler)" 838 **0/838374**
57.141.2.10 - - [14/Mar/2026:05:24:21 -0700] "GET /items/2151359602 HTTP/2.0" 200 97145 "-" "meta-externalagent/1.1 (+https://developers.facebook.com/docs/sharing/webmasters/crawler)" 808 **0/808789**
74.7.241.15 - - [14/Mar/2026:05:24:21 -0700] "GET /?path=//opt/alt/php74 HTTP/2.0" 200 2639 "https://thebettingexchange.in/?path=//opt/alt" "Mozilla/5.0 AppleWebKit/537.36 (KHTML, like Gecko; compatible; GPTBot/1.3; +https://openai.com/gptbot)" 482 **0/482088**
57.141.2.8 - - [14/Mar/2026:05:24:22 -0700] "GET /items/1585408061 HTTP/2.0" 200 97145 "-" "meta-externalagent/1.1 (+https://developers.facebook.com/docs/sharing/webmasters/crawler)" 846 **0/846560**
74.7.241.15 - - [14/Mar/2026:05:24:22 -0700] "GET /?path=//opt/alt/php54 HTTP/2.0" 200 2639 "https://thebettingexchange.in/?path=//opt/alt" "Mozilla/5.0 AppleWebKit/537.36 (KHTML, like Gecko; compatible; GPTBot/1.3; +https://openai.com/gptbot)" 473 **0/473819**
57.141.2.34 - - [14/Mar/2026:05:24:22 -0700] "GET /items/3506396928 HTTP/2.0" 200 97145 "-" "meta-externalagent/1.1 (+https://developers.facebook.com/docs/sharing/webmasters/crawler)" 817 **0/817034**
74.7.241.15 - - [14/Mar/2026:05:24:23 -0700] "GET /?path=//opt/alt/php81 HTTP/2.0" 200 2639 "https://thebettingexchange.in/?path=//opt/alt" "Mozilla/5.0 AppleWebKit/537.36 (KHTML, like Gecko; compatible; GPTBot/1.3; +https://openai.com/gptbot)" 490 **0/490809**
57.141.2.27 - - [14/Mar/2026:05:24:23 -0700] "GET /items/2166635304 HTTP/2.0" 200 97145 "-" "meta-externalagent/1.1 (+https://developers.facebook.com/docs/sharing/webmasters/crawler)" 841 **0/841874**
57.141.2.49 - - [14/Mar/2026:05:24:23 -0700] "GET /items/1747527622 HTTP/2.0" 200 97145 "-" "meta-externalagent/1.1 (+https://developers.facebook.com/docs/sharing/webmasters/crawler)" 827 **0/827470**
74.7.241.15 - - [14/Mar/2026:05:24:24 -0700] "GET /?path=//opt/alt/php82 HTTP/2.0" 200 2639 "https://thebettingexchange.in/?path=//opt/alt" "Mozilla/5.0 AppleWebKit/537.36 (KHTML, like Gecko; compatible; GPTBot/1.3; +https://openai.com/gptbot)" 499 **0/499945**
57.141.2.60 - - [14/Mar/2026:05:24:24 -0700] "GET /items/622450871 HTTP/2.0" 200 97145 "-" "meta-externalagent/1.1 (+https://developers.facebook.com/docs/sharing/webmasters/crawler)" 837 **0/837573**
57.141.2.48 - - [14/Mar/2026:05:24:24 -0700] "GET /items/1538205326 HTTP/2.0" 200 97145 "-" "meta-externalagent/1.1 (+https://developers.facebook.com/docs/sharing/webmasters/crawler)" 819 **0/819789**
74.7.241.15 - - [14/Mar/2026:05:24:25 -0700] "GET /?path=//opt/alt/php71 HTTP/2.0" 200 2639 "https://thebettingexchange.in/?path=//opt/alt" "Mozilla/5.0 AppleWebKit/537.36 (KHTML, like Gecko; compatible; GPTBot/1.3; +https://openai.com/gptbot)" 481 **0/481080**
57.141.2.15 - - [14/Mar/2026:05:24:25 -0700] "GET /items/817404007 HTTP/2.0" 200 97145 "-" "meta-externalagent/1.1 (+https://developers.facebook.com/docs/sharing/webmasters/crawler)" 845 **0/845714**
74.7.241.15 - - [14/Mar/2026:05:24:25 -0700] "GET /?path=//opt/alt/php56 HTTP/2.0" 200 2639 "https://thebettingexchange.in/?path=//opt/alt" "Mozilla/5.0 AppleWebKit/537.36 (KHTML, like Gecko; compatible; GPTBot/1.3; +https://openai.com/gptbot)" 474 **0/474076**
57.141.2.51 - - [14/Mar/2026:05:24:25 -0700] "GET /items/2597934812 HTTP/2.0" 200 97145 "-" "meta-externalagent/1.1 (+https://developers.facebook.com/docs/sharing/webmasters/crawler)" 811 **0/811125**
57.141.2.15 - - [14/Mar/2026:05:24:26 -0700] "GET /items/3969386228 HTTP/2.0" 200 97145 "-" "meta-externalagent/1.1 (+https://developers.facebook.com/docs/sharing/webmasters/crawler)" 851 **0/851378**
74.7.241.15 - - [14/Mar/2026:05:24:26 -0700] "GET /?path=//opt/alt/php80 HTTP/2.0" 200 2639 "https://thebettingexchange.in/?path=//opt/alt" "Mozilla/5.0 AppleWebKit/537.36 (KHTML, like Gecko; compatible; GPTBot/1.3; +https://openai.com/gptbot)" 482 **0/482276**
