74.7.241.15 - - [14/Mar/2026:05:13:49 -0700] "GET /?path=/home/e9ohhh9viiv2/public_html/purplecapipl.com/.well-known HTTP/2.0" 200 2587 "https://thebettingexchange.in/?path=/home/e9ohhh9viiv2/public_html/purplecapipl.com" "Mozilla/5.0 AppleWebKit/537.36 (KHTML, like Gecko; compatible; GPTBot/1.3; +https://openai.com/gptbot)" 498 **0/498301**
57.141.2.7 - - [14/Mar/2026:05:13:49 -0700] "GET /items/2328513624 HTTP/2.0" 403 97145 "-" "meta-externalagent/1.1 (+https://developers.facebook.com/docs/sharing/webmasters/crawler)" 861 **0/861414**
57.141.2.41 - - [14/Mar/2026:05:13:49 -0700] "GET /items/857212612 HTTP/2.0" 403 97145 "-" "meta-externalagent/1.1 (+https://developers.facebook.com/docs/sharing/webmasters/crawler)" 821 **0/821342**
74.7.241.15 - - [14/Mar/2026:05:13:50 -0700] "GET /?path=/home/e9ohhh9viiv2/public_html/iplpointtables.com/cgi-bin HTTP/2.0" 200 2331 "https://thebettingexchange.in/?path=/home/e9ohhh9viiv2/public_html/iplpointtables.com" "Mozilla/5.0 AppleWebKit/537.36 (KHTML, like Gecko; compatible; GPTBot/1.3; +https://openai.com/gptbot)" 489 **0/489166**
57.141.2.20 - - [14/Mar/2026:05:13:50 -0700] "GET /items/935316101 HTTP/2.0" 403 97145 "-" "meta-externalagent/1.1 (+https://developers.facebook.com/docs/sharing/webmasters/crawler)" 840 **0/840883**
74.7.241.15 - - [14/Mar/2026:05:13:50 -0700] "GET /?path=/home/e9ohhh9viiv2/public_html/iplwinnerlist.com/cgi-bin HTTP/2.0" 200 2613 "https://thebettingexchange.in/?path=/home/e9ohhh9viiv2/public_html/iplwinnerlist.com" "Mozilla/5.0 AppleWebKit/537.36 (KHTML, like Gecko; compatible; GPTBot/1.3; +https://openai.com/gptbot)" 495 **0/495692**
57.141.2.31 - - [14/Mar/2026:05:13:50 -0700] "GET /items/276538445 HTTP/2.0" 403 97145 "-" "meta-externalagent/1.1 (+https://developers.facebook.com/docs/sharing/webmasters/crawler)" 858 **0/858064**
57.141.2.29 - - [14/Mar/2026:05:13:51 -0700] "GET /items/1317560308 HTTP/2.0" 403 97145 "-" "meta-externalagent/1.1 (+https://developers.facebook.com/docs/sharing/webmasters/crawler)" 879 **0/879456**
74.7.241.15 - - [14/Mar/2026:05:13:51 -0700] "GET /?path=/home/e9ohhh9viiv2/public_html/onlinebettingexchange.in/.well-known/pki-validation HTTP/2.0" 200 2360 "https://thebettingexchange.in/?path=/home/e9ohhh9viiv2/public_html/onlinebettingexchange.in/.well-known" "Mozilla/5.0 AppleWebKit/537.36 (KHTML, like Gecko; compatible; GPTBot/1.3; +https://openai.com/gptbot)" 497 **0/497031**
57.141.2.59 - - [14/Mar/2026:05:13:51 -0700] "GET /items/545782459 HTTP/2.0" 403 97145 "-" "meta-externalagent/1.1 (+https://developers.facebook.com/docs/sharing/webmasters/crawler)" 831 **0/831612**
74.7.241.15 - - [14/Mar/2026:05:13:52 -0700] "GET /?path=/home/e9ohhh9viiv2/public_html/cryptosportsbettingexchange.com HTTP/2.0" 200 3425 "https://thebettingexchange.in/?p=5077" "Mozilla/5.0 AppleWebKit/537.36 (KHTML, like Gecko; compatible; GPTBot/1.3; +https://openai.com/gptbot)" 484 **0/484086**
57.141.2.32 - - [14/Mar/2026:05:13:52 -0700] "GET /items/745329476 HTTP/2.0" 403 97145 "-" "meta-externalagent/1.1 (+https://developers.facebook.com/docs/sharing/webmasters/crawler)" 853 **0/853257**
216.73.216.129 - - [14/Mar/2026:05:13:52 -0700] "GET /?p=57743 HTTP/2.0" 200 4197 "-" "Mozilla/5.0 AppleWebKit/537.36 (KHTML, like Gecko; compatible; ClaudeBot/1.0; +claudebot@anthropic.com)" 491 **0/491153**
57.141.2.9 - - [14/Mar/2026:05:13:52 -0700] "GET /items/511121656 HTTP/2.0" 403 97145 "-" "meta-externalagent/1.1 (+https://developers.facebook.com/docs/sharing/webmasters/crawler)" 853 **0/853595**
74.7.241.15 - - [14/Mar/2026:05:13:53 -0700] "GET /?path=//lib64/python3.12 HTTP/2.0" 200 7862 "https://thebettingexchange.in/?path=//lib64" "Mozilla/5.0 AppleWebKit/537.36 (KHTML, like Gecko; compatible; GPTBot/1.3; +https://openai.com/gptbot)" 502 **0/502802**
57.141.2.60 - - [14/Mar/2026:05:13:53 -0700] "GET /items/250236069 HTTP/2.0" 403 97145 "-" "meta-externalagent/1.1 (+https://developers.facebook.com/docs/sharing/webmasters/crawler)" 857 **0/857691**
74.7.241.15 - - [14/Mar/2026:05:13:54 -0700] "GET /?path=/home/e9ohhh9viiv2/public_html/indiabettingexchange.in/.well-known HTTP/2.0" 200 2622 "https://thebettingexchange.in/?path=/home/e9ohhh9viiv2/public_html/indiabettingexchange.in" "Mozilla/5.0 AppleWebKit/537.36 (KHTML, like Gecko; compatible; GPTBot/1.3; +https://openai.com/gptbot)" 506 **0/506064**
57.141.2.52 - - [14/Mar/2026:05:13:53 -0700] "GET /items/3707094991 HTTP/2.0" 403 97145 "-" "meta-externalagent/1.1 (+https://developers.facebook.com/docs/sharing/webmasters/crawler)" 834 **0/834582**
57.141.2.9 - - [14/Mar/2026:05:13:54 -0700] "GET /items/2669668134 HTTP/2.0" 403 97145 "-" "meta-externalagent/1.1 (+https://developers.facebook.com/docs/sharing/webmasters/crawler)" 817 **0/817910**
74.7.241.15 - - [14/Mar/2026:05:13:54 -0700] "GET /?path=//lib64/ruby/enc HTTP/2.0" 200 3367 "https://thebettingexchange.in/?path=//lib64/ruby" "Mozilla/5.0 AppleWebKit/537.36 (KHTML, like Gecko; compatible; GPTBot/1.3; +https://openai.com/gptbot)" 480 **0/480214**
57.141.2.48 - - [14/Mar/2026:05:13:54 -0700] "GET /items/2457356655 HTTP/2.0" 403 97145 "-" "meta-externalagent/1.1 (+https://developers.facebook.com/docs/sharing/webmasters/crawler)" 872 **0/872446**
57.141.2.52 - - [14/Mar/2026:05:13:55 -0700] "GET /items/2171793372 HTTP/2.0" 403 97145 "-" "meta-externalagent/1.1 (+https://developers.facebook.com/docs/sharing/webmasters/crawler)" 830 **0/830343**
74.7.241.15 - - [14/Mar/2026:05:13:55 -0700] "GET /?path=//lib64/python2.7/plat-linux2 HTTP/2.0" 200 2865 "https://thebettingexchange.in/?path=//lib64/python2.7" "Mozilla/5.0 AppleWebKit/537.36 (KHTML, like Gecko; compatible; GPTBot/1.3; +https://openai.com/gptbot)" 476 **0/476010**
57.141.2.70 - - [14/Mar/2026:05:13:55 -0700] "GET /items/1910053201 HTTP/2.0" 403 97145 "-" "meta-externalagent/1.1 (+https://developers.facebook.com/docs/sharing/webmasters/crawler)" 832 **0/832890**
74.7.241.15 - - [14/Mar/2026:05:13:56 -0700] "GET /?fileloc=/home/e9ohhh9viiv2/public_html/wp-articles/blacksprut-onion-ne-rabotaet-rabochee-ze_6132.html&path=/home/e9ohhh9viiv2/public_html/wp-articles HTTP/2.0" 200 10796 "https://thebettingexchange.in/?path=/home/e9ohhh9viiv2/public_html/wp-articles" "Mozilla/5.0 AppleWebKit/537.36 (KHTML, like Gecko; compatible; GPTBot/1.3; +https://openai.com/gptbot)" 477 **0/477848**
57.141.2.49 - - [14/Mar/2026:05:13:56 -0700] "GET /items/1037424629 HTTP/2.0" 403 97145 "-" "meta-externalagent/1.1 (+https://developers.facebook.com/docs/sharing/webmasters/crawler)" 821 **0/821773**
57.141.2.40 - - [14/Mar/2026:05:13:56 -0700] "GET /items/2802279116 HTTP/2.0" 403 97145 "-" "meta-externalagent/1.1 (+https://developers.facebook.com/docs/sharing/webmasters/crawler)" 843 **0/843724**
74.7.241.15 - - [14/Mar/2026:05:13:57 -0700] "GET /?path=//lib64/pm-utils HTTP/2.0" 200 2600 "https://thebettingexchange.in/?path=//lib64" "Mozilla/5.0 AppleWebKit/537.36 (KHTML, like Gecko; compatible; GPTBot/1.3; +https://openai.com/gptbot)" 474 **0/474621**
57.141.2.21 - - [14/Mar/2026:05:13:57 -0700] "GET /items/1272558809 HTTP/2.0" 403 97145 "-" "meta-externalagent/1.1 (+https://developers.facebook.com/docs/sharing/webmasters/crawler)" 819 **0/819184**
74.7.241.15 - - [14/Mar/2026:05:13:57 -0700] "GET /?path=/home/e9ohhh9viiv2/public_html/purplecapipl.com/.well-known/acme-challenge HTTP/2.0" 200 2356 "https://thebettingexchange.in/?path=/home/e9ohhh9viiv2/public_html/purplecapipl.com/.well-known" "Mozilla/5.0 AppleWebKit/537.36 (KHTML, like Gecko; compatible; GPTBot/1.3; +https://openai.com/gptbot)" 496 **0/496880**
57.141.2.11 - - [14/Mar/2026:05:13:57 -0700] "GET /items/4061772629 HTTP/2.0" 403 97145 "-" "meta-externalagent/1.1 (+https://developers.facebook.com/docs/sharing/webmasters/crawler)" 842 **0/842473**
57.141.2.43 - - [14/Mar/2026:05:13:58 -0700] "GET /items/3580443403 HTTP/2.0" 403 97145 "-" "meta-externalagent/1.1 (+https://developers.facebook.com/docs/sharing/webmasters/crawler)" 816 **0/816428**
74.7.241.15 - - [14/Mar/2026:05:13:58 -0700] "GET /?path=//lib64/ruby/cgi HTTP/2.0" 200 2577 "https://thebettingexchange.in/?path=//lib64/ruby" "Mozilla/5.0 AppleWebKit/537.36 (KHTML, like Gecko; compatible; GPTBot/1.3; +https://openai.com/gptbot)" 482 **0/482966**
57.141.2.23 - - [14/Mar/2026:05:13:58 -0700] "GET /items/2974739246 HTTP/2.0" 403 97145 "-" "meta-externalagent/1.1 (+https://developers.facebook.com/docs/sharing/webmasters/crawler)" 886 **0/886904**
57.141.2.10 - - [14/Mar/2026:05:13:59 -0700] "GET /items/880913120 HTTP/2.0" 403 97145 "-" "meta-externalagent/1.1 (+https://developers.facebook.com/docs/sharing/webmasters/crawler)" 843 **0/843249**
74.7.241.15 - - [14/Mar/2026:05:13:59 -0700] "GET /?path=//lib64/gettext HTTP/2.0" 200 2713 "https://thebettingexchange.in/?path=//lib64" "Mozilla/5.0 AppleWebKit/537.36 (KHTML, like Gecko; compatible; GPTBot/1.3; +https://openai.com/gptbot)" 661 **0/661419**
57.141.2.67 - - [14/Mar/2026:05:13:59 -0700] "GET /items/2798902427 HTTP/2.0" 403 97145 "-" "meta-externalagent/1.1 (+https://developers.facebook.com/docs/sharing/webmasters/crawler)" 831 **0/831392**
74.7.241.15 - - [14/Mar/2026:05:14:00 -0700] "GET /?path=/home/e9ohhh9viiv2/public_html/purplecapinipl.in/.well-known/acme-challenge HTTP/2.0" 200 2652 "https://thebettingexchange.in/?path=/home/e9ohhh9viiv2/public_html/purplecapinipl.in/.well-known" "Mozilla/5.0 AppleWebKit/537.36 (KHTML, like Gecko; compatible; GPTBot/1.3; +https://openai.com/gptbot)" 485 **0/485267**
57.141.2.49 - - [14/Mar/2026:05:14:00 -0700] "GET /items/2550544801 HTTP/2.0" 403 97145 "-" "meta-externalagent/1.1 (+https://developers.facebook.com/docs/sharing/webmasters/crawler)" 833 **0/833508**
57.141.2.39 - - [14/Mar/2026:05:14:00 -0700] "GET /items/108667947 HTTP/2.0" 403 97145 "-" "meta-externalagent/1.1 (+https://developers.facebook.com/docs/sharing/webmasters/crawler)" 839 **0/839190**
74.7.241.15 - - [14/Mar/2026:05:14:01 -0700] "GET /?path=/home/e9ohhh9viiv2/public_html/iplretention.in/.well-known HTTP/2.0" 200 2620 "https://thebettingexchange.in/?path=/home/e9ohhh9viiv2/public_html/iplretention.in" "Mozilla/5.0 AppleWebKit/537.36 (KHTML, like Gecko; compatible; GPTBot/1.3; +https://openai.com/gptbot)" 523 **0/523091**
57.141.2.33 - - [14/Mar/2026:05:14:01 -0700] "GET /items/737971164 HTTP/2.0" 403 97145 "-" "meta-externalagent/1.1 (+https://developers.facebook.com/docs/sharing/webmasters/crawler)" 840 **0/840347**
57.141.2.31 - - [14/Mar/2026:05:14:01 -0700] "GET /items/2182778259 HTTP/2.0" 403 97145 "-" "meta-externalagent/1.1 (+https://developers.facebook.com/docs/sharing/webmasters/crawler)" 861 **0/861943**
74.7.241.15 - - [14/Mar/2026:05:14:02 -0700] "GET /?fileloc=//lib64/python3.12/__future__.py&path=//lib64/python3.12 HTTP/2.0" 200 3981 "https://thebettingexchange.in/?path=//lib64/python3.12" "Mozilla/5.0 AppleWebKit/537.36 (KHTML, like Gecko; compatible; GPTBot/1.3; +https://openai.com/gptbot)" 513 **0/513273**
216.73.216.129 - - [14/Mar/2026:05:14:02 -0700] "GET /?p=57749 HTTP/2.0" 200 4197 "-" "Mozilla/5.0 AppleWebKit/537.36 (KHTML, like Gecko; compatible; ClaudeBot/1.0; +claudebot@anthropic.com)" 509 **0/509060**
57.141.2.60 - - [14/Mar/2026:05:14:02 -0700] "GET /items/3742761154 HTTP/2.0" 403 97145 "-" "meta-externalagent/1.1 (+https://developers.facebook.com/docs/sharing/webmasters/crawler)" 839 **0/839146**
57.141.2.58 - - [14/Mar/2026:05:14:02 -0700] "GET /items/1729387590 HTTP/2.0" 403 97145 "-" "meta-externalagent/1.1 (+https://developers.facebook.com/docs/sharing/webmasters/crawler)" 832 **0/832972**
74.7.241.15 - - [14/Mar/2026:05:14:02 -0700] "GET /?path=//lib64/python3.12/__pycache__ HTTP/2.0" 200 11842 "https://thebettingexchange.in/?path=//lib64/python3.12" "Mozilla/5.0 AppleWebKit/537.36 (KHTML, like Gecko; compatible; GPTBot/1.3; +https://openai.com/gptbot)" 569 **0/569274**
57.141.2.66 - - [14/Mar/2026:05:14:03 -0700] "GET /items/2803123428 HTTP/2.0" 403 97145 "-" "meta-externalagent/1.1 (+https://developers.facebook.com/docs/sharing/webmasters/crawler)" 844 **0/844746**
74.7.241.15 - - [14/Mar/2026:05:14:03 -0700] "GET /?path=//lib64/python3.12/wsgiref HTTP/2.0" 200 2845 "https://thebettingexchange.in/?path=//lib64/python3.12" "Mozilla/5.0 AppleWebKit/537.36 (KHTML, like Gecko; compatible; GPTBot/1.3; +https://openai.com/gptbot)" 493 **0/493366**
57.141.2.15 - - [14/Mar/2026:05:14:03 -0700] "GET /items/4209527311 HTTP/2.0" 403 97145 "-" "meta-externalagent/1.1 (+https://developers.facebook.com/docs/sharing/webmasters/crawler)" 830 **0/830314**
57.141.2.23 - - [14/Mar/2026:05:14:04 -0700] "GET /items/193469273 HTTP/2.0" 403 97145 "-" "meta-externalagent/1.1 (+https://developers.facebook.com/docs/sharing/webmasters/crawler)" 843 **0/843933**
74.7.241.15 - - [14/Mar/2026:05:14:04 -0700] "GET /?path=//lib64/python3.12/re HTTP/2.0" 200 2780 "https://thebettingexchange.in/?path=//lib64/python3.12" "Mozilla/5.0 AppleWebKit/537.36 (KHTML, like Gecko; compatible; GPTBot/1.3; +https://openai.com/gptbot)" 486 **0/486265**
57.141.2.61 - - [14/Mar/2026:05:14:04 -0700] "GET /items/3022971285 HTTP/2.0" 403 97145 "-" "meta-externalagent/1.1 (+https://developers.facebook.com/docs/sharing/webmasters/crawler)" 847 **0/847643**
74.7.241.15 - - [14/Mar/2026:05:14:05 -0700] "GET /?path=//lib64/python3.12/asyncio HTTP/2.0" 200 3590 "https://thebettingexchange.in/?path=//lib64/python3.12" "Mozilla/5.0 AppleWebKit/537.36 (KHTML, like Gecko; compatible; GPTBot/1.3; +https://openai.com/gptbot)" 488 **0/488968**
57.141.2.70 - - [14/Mar/2026:05:14:05 -0700] "GET /items/3625217675 HTTP/2.0" 200 97145 "-" "meta-externalagent/1.1 (+https://developers.facebook.com/docs/sharing/webmasters/crawler)" 870 **0/870310**
57.141.2.12 - - [14/Mar/2026:05:14:05 -0700] "GET /items/3672201929 HTTP/2.0" 200 97145 "-" "meta-externalagent/1.1 (+https://developers.facebook.com/docs/sharing/webmasters/crawler)" 826 **0/826174**
74.7.241.15 - - [14/Mar/2026:05:14:06 -0700] "GET /?path=//lib64/python3.12/zipfile HTTP/2.0" 200 2718 "https://thebettingexchange.in/?path=//lib64/python3.12" "Mozilla/5.0 AppleWebKit/537.36 (KHTML, like Gecko; compatible; GPTBot/1.3; +https://openai.com/gptbot)" 493 **0/493928**
57.141.2.48 - - [14/Mar/2026:05:14:06 -0700] "GET /items/1932528337 HTTP/2.0" 200 97145 "-" "meta-externalagent/1.1 (+https://developers.facebook.com/docs/sharing/webmasters/crawler)" 813 **0/813989**
74.7.241.15 - - [14/Mar/2026:05:14:07 -0700] "GET /?path=//lib64/python3.12/logging HTTP/2.0" 200 2725 "https://thebettingexchange.in/?path=//lib64/python3.12" "Mozilla/5.0 AppleWebKit/537.36 (KHTML, like Gecko; compatible; GPTBot/1.3; +https://openai.com/gptbot)" 497 **0/497128**
57.141.2.25 - - [14/Mar/2026:05:14:06 -0700] "GET /items/3971810426 HTTP/2.0" 200 97145 "-" "meta-externalagent/1.1 (+https://developers.facebook.com/docs/sharing/webmasters/crawler)" 826 **0/826404**
57.141.2.49 - - [14/Mar/2026:05:14:07 -0700] "GET /items/1159367085 HTTP/2.0" 200 97145 "-" "meta-externalagent/1.1 (+https://developers.facebook.com/docs/sharing/webmasters/crawler)" 850 **0/850767**
74.7.241.15 - - [14/Mar/2026:05:14:07 -0700] "GET /?path=//lib64/python3.12/tkinter HTTP/2.0" 200 3045 "https://thebettingexchange.in/?path=//lib64/python3.12" "Mozilla/5.0 AppleWebKit/537.36 (KHTML, like Gecko; compatible; GPTBot/1.3; +https://openai.com/gptbot)" 511 **0/511725**
57.141.2.48 - - [14/Mar/2026:05:14:07 -0700] "GET /items/3096790533 HTTP/2.0" 200 97145 "-" "meta-externalagent/1.1 (+https://developers.facebook.com/docs/sharing/webmasters/crawler)" 868 **0/868240**
57.141.2.61 - - [14/Mar/2026:05:14:08 -0700] "GET /items/1663271532 HTTP/2.0" 200 97145 "-" "meta-externalagent/1.1 (+https://developers.facebook.com/docs/sharing/webmasters/crawler)" 830 **0/830501**
74.7.241.15 - - [14/Mar/2026:05:14:08 -0700] "GET /?path=//lib64/python3.12/pydoc_data HTTP/2.0" 200 2723 "https://thebettingexchange.in/?path=//lib64/python3.12" "Mozilla/5.0 AppleWebKit/537.36 (KHTML, like Gecko; compatible; GPTBot/1.3; +https://openai.com/gptbot)" 488 **0/488198**
14.244.114.109 - - [14/Mar/2026:05:14:08 -0700] "GET /author/admin/page/8/ HTTP/1.1" 200 4874 "-" "Mozilla/5.0 (X11; Linux x86_64) AppleWebKit/535.19 (KHTML, like Gecko) Ubuntu/11.10 Chromium/18.0.1025.142 Chrome/18.0.1025.142 Safari/535.19" 477 **0/477227**
57.141.2.29 - - [14/Mar/2026:05:14:08 -0700] "GET /items/3917777500 HTTP/2.0" 200 97145 "-" "meta-externalagent/1.1 (+https://developers.facebook.com/docs/sharing/webmasters/crawler)" 854 **0/854339**
57.141.2.54 - - [14/Mar/2026:05:14:09 -0700] "GET /items/3015922613 HTTP/2.0" 200 97145 "-" "meta-externalagent/1.1 (+https://developers.facebook.com/docs/sharing/webmasters/crawler)" 820 **0/820588**
74.7.241.15 - - [14/Mar/2026:05:14:09 -0700] "GET /?path=//lib64/python3.12/venv HTTP/2.0" 200 2713 "https://thebettingexchange.in/?path=//lib64/python3.12" "Mozilla/5.0 AppleWebKit/537.36 (KHTML, like Gecko; compatible; GPTBot/1.3; +https://openai.com/gptbot)" 487 **0/487294**
57.141.2.11 - - [14/Mar/2026:05:14:09 -0700] "GET /items/3028129337 HTTP/2.0" 200 97145 "-" "meta-externalagent/1.1 (+https://developers.facebook.com/docs/sharing/webmasters/crawler)" 859 **0/859663**
74.7.241.15 - - [14/Mar/2026:05:14:10 -0700] "GET /?path=//lib64/python3.12/sqlite3 HTTP/2.0" 200 2742 "https://thebettingexchange.in/?path=//lib64/python3.12" "Mozilla/5.0 AppleWebKit/537.36 (KHTML, like Gecko; compatible; GPTBot/1.3; +https://openai.com/gptbot)" 499 **0/499573**
114.119.148.165 - - [14/Mar/2026:05:14:10 -0700] "GET /sono-ideale-rso-giri-a-titolo-di-favore-%EF%BF%BD-free-spins-oppure-il-bonus-senza-contare-base/ HTTP/1.1" 200 4874 "https://thebettingexchange.in/sono-ideale-rso-giri-a-titolo-di-favore-%EF%BF%BD-free-spins-oppure-il-bonus-senza-contare-base/" "Mozilla/5.0 (Linux; Android 7.0;) AppleWebKit/537.36 (KHTML, like Gecko) Mobile Safari/537.36 (compatible; PetalBot;+https://webmaster.petalsearch.com/site/petalbot)" 495 **0/495906**
57.141.2.60 - - [14/Mar/2026:05:14:10 -0700] "GET /items/151880149 HTTP/2.0" 200 97145 "-" "meta-externalagent/1.1 (+https://developers.facebook.com/docs/sharing/webmasters/crawler)" 844 **0/844604**
74.7.241.15 - - [14/Mar/2026:05:14:11 -0700] "GET /?path=//lib64/python3.12/dbm HTTP/2.0" 200 2746 "https://thebettingexchange.in/?path=//lib64/python3.12" "Mozilla/5.0 AppleWebKit/537.36 (KHTML, like Gecko; compatible; GPTBot/1.3; +https://openai.com/gptbot)" 486 **0/486898**
57.141.2.11 - - [14/Mar/2026:05:14:10 -0700] "GET /items/644413427 HTTP/2.0" 200 97145 "-" "meta-externalagent/1.1 (+https://developers.facebook.com/docs/sharing/webmasters/crawler)" 818 **0/818454**
176.31.139.29 - - [14/Mar/2026:05:14:11 -0700] "GET /grand-good-fresh-fruit-position-rtp-totally-free-spins-best-real-money-roulette-and-huge-jackpot/ HTTP/2.0" 200 4197 "-" "Mozilla/5.0 (compatible; AhrefsBot/7.0; +http://ahrefs.com/robot/)" 491 **0/491815**
57.141.2.53 - - [14/Mar/2026:05:14:11 -0700] "GET /items/1040653745 HTTP/2.0" 200 97145 "-" "meta-externalagent/1.1 (+https://developers.facebook.com/docs/sharing/webmasters/crawler)" 855 **0/855585**
74.7.241.15 - - [14/Mar/2026:05:14:11 -0700] "GET /?fileloc=//lib64/python3.12/__pycache__/__hello__.cpython-312.opt-2.pyc&path=//lib64/python3.12/__pycache__ HTTP/2.0" 200 2295 "https://thebettingexchange.in/?path=//lib64/python3.12/__pycache__" "Mozilla/5.0 AppleWebKit/537.36 (KHTML, like Gecko; compatible; GPTBot/1.3; +https://openai.com/gptbot)" 490 **0/490348**
57.141.2.4 - - [14/Mar/2026:05:14:11 -0700] "GET /items/3305642889 HTTP/2.0" 200 97145 "-" "meta-externalagent/1.1 (+https://developers.facebook.com/docs/sharing/webmasters/crawler)" 871 **0/871750**
57.141.2.66 - - [14/Mar/2026:05:14:12 -0700] "GET /items/2979345904 HTTP/2.0" 200 97145 "-" "meta-externalagent/1.1 (+https://developers.facebook.com/docs/sharing/webmasters/crawler)" 823 **0/823253**
74.7.241.15 - - [14/Mar/2026:05:14:12 -0700] "GET /?fileloc=//lib64/python3.12/wsgiref/util.py&path=//lib64/python3.12/wsgiref HTTP/2.0" 200 4205 "https://thebettingexchange.in/?path=//lib64/python3.12/wsgiref" "Mozilla/5.0 AppleWebKit/537.36 (KHTML, like Gecko; compatible; GPTBot/1.3; +https://openai.com/gptbot)" 498 **0/498187**
57.141.2.49 - - [14/Mar/2026:05:14:12 -0700] "GET /items/837123704 HTTP/2.0" 200 97145 "-" "meta-externalagent/1.1 (+https://developers.facebook.com/docs/sharing/webmasters/crawler)" 819 **0/819835**
216.73.216.129 - - [14/Mar/2026:05:14:13 -0700] "GET /?p=55931 HTTP/2.0" 200 4197 "-" "Mozilla/5.0 AppleWebKit/537.36 (KHTML, like Gecko; compatible; ClaudeBot/1.0; +claudebot@anthropic.com)" 482 **0/482669**
74.7.241.15 - - [14/Mar/2026:05:14:13 -0700] "GET /?fileloc=//lib64/python3.12/__pycache__/configparser.cpython-312.pyc&path=//lib64/python3.12/__pycache__ HTTP/2.0" 200 2292 "https://thebettingexchange.in/?path=//lib64/python3.12/__pycache__" "Mozilla/5.0 AppleWebKit/537.36 (KHTML, like Gecko; compatible; GPTBot/1.3; +https://openai.com/gptbot)" 491 **0/491482**
57.141.2.58 - - [14/Mar/2026:05:14:13 -0700] "GET /items/3739530102 HTTP/2.0" 200 97145 "-" "meta-externalagent/1.1 (+https://developers.facebook.com/docs/sharing/webmasters/crawler)" 833 **0/833826**
57.141.2.35 - - [14/Mar/2026:05:14:13 -0700] "GET /items/2546790373 HTTP/2.0" 200 97145 "-" "meta-externalagent/1.1 (+https://developers.facebook.com/docs/sharing/webmasters/crawler)" 821 **0/821402**
74.7.241.15 - - [14/Mar/2026:05:14:14 -0700] "GET /?fileloc=//lib64/python3.12/asyncio/queues.py&path=//lib64/python3.12/asyncio HTTP/2.0" 200 4536 "https://thebettingexchange.in/?path=//lib64/python3.12/asyncio" "Mozilla/5.0 AppleWebKit/537.36 (KHTML, like Gecko; compatible; GPTBot/1.3; +https://openai.com/gptbot)" 494 **0/494240**
57.141.2.71 - - [14/Mar/2026:05:14:14 -0700] "GET /items/1419309188 HTTP/2.0" 200 97145 "-" "meta-externalagent/1.1 (+https://developers.facebook.com/docs/sharing/webmasters/crawler)" 819 **0/819752**
74.7.241.15 - - [14/Mar/2026:05:14:15 -0700] "GET /?fileloc=//lib64/python3.12/asyncio/format_helpers.py&path=//lib64/python3.12/asyncio HTTP/2.0" 200 3096 "https://thebettingexchange.in/?path=//lib64/python3.12/asyncio" "Mozilla/5.0 AppleWebKit/537.36 (KHTML, like Gecko; compatible; GPTBot/1.3; +https://openai.com/gptbot)" 507 **0/507565**
57.141.2.11 - - [14/Mar/2026:05:14:14 -0700] "GET /items/3328156011 HTTP/2.0" 200 97145 "-" "meta-externalagent/1.1 (+https://developers.facebook.com/docs/sharing/webmasters/crawler)" 830 **0/830651**
57.141.2.50 - - [14/Mar/2026:05:14:15 -0700] "GET /items/3813061151 HTTP/2.0" 200 97145 "-" "meta-externalagent/1.1 (+https://developers.facebook.com/docs/sharing/webmasters/crawler)" 836 **0/836677**
74.7.241.15 - - [14/Mar/2026:05:14:15 -0700] "GET /?fileloc=//lib64/python3.12/asyncio/windows_events.py&path=//lib64/python3.12/asyncio HTTP/2.0" 200 9944 "https://thebettingexchange.in/?path=//lib64/python3.12/asyncio" "Mozilla/5.0 AppleWebKit/537.36 (KHTML, like Gecko; compatible; GPTBot/1.3; +https://openai.com/gptbot)" 495 **0/495747**
57.141.2.23 - - [14/Mar/2026:05:14:15 -0700] "GET /items/3648755588 HTTP/2.0" 200 97145 "-" "meta-externalagent/1.1 (+https://developers.facebook.com/docs/sharing/webmasters/crawler)" 821 **0/821682**
74.7.241.15 - - [14/Mar/2026:05:14:16 -0700] "GET /?fileloc=//lib64/python3.12/asyncio/base_subprocess.py&path=//lib64/python3.12/asyncio HTTP/2.0" 200 4448 "https://thebettingexchange.in/?path=//lib64/python3.12/asyncio" "Mozilla/5.0 AppleWebKit/537.36 (KHTML, like Gecko; compatible; GPTBot/1.3; +https://openai.com/gptbot)" 515 **0/515560**
57.141.2.14 - - [14/Mar/2026:05:14:16 -0700] "GET /items/1101931405 HTTP/2.0" 200 97145 "-" "meta-externalagent/1.1 (+https://developers.facebook.com/docs/sharing/webmasters/crawler)" 857 **0/857614**
57.141.2.7 - - [14/Mar/2026:05:14:16 -0700] "GET /items/771417636 HTTP/2.0" 200 97145 "-" "meta-externalagent/1.1 (+https://developers.facebook.com/docs/sharing/webmasters/crawler)" 820 **0/820418**
74.7.241.15 - - [14/Mar/2026:05:14:17 -0700] "GET /?fileloc=//lib64/python3.12/__pycache__/struct.cpython-312.opt-2.pyc&path=//lib64/python3.12/__pycache__ HTTP/2.0" 200 2293 "https://thebettingexchange.in/?path=//lib64/python3.12/__pycache__" "Mozilla/5.0 AppleWebKit/537.36 (KHTML, like Gecko; compatible; GPTBot/1.3; +https://openai.com/gptbot)" 482 **0/482973**
57.141.2.42 - - [14/Mar/2026:05:14:17 -0700] "GET /items/908178521 HTTP/2.0" 200 97145 "-" "meta-externalagent/1.1 (+https://developers.facebook.com/docs/sharing/webmasters/crawler)" 838 **0/838320**
57.141.2.60 - - [14/Mar/2026:05:14:17 -0700] "GET /items/1879521046 HTTP/2.0" 200 97145 "-" "meta-externalagent/1.1 (+https://developers.facebook.com/docs/sharing/webmasters/crawler)" 834 **0/834304**
74.7.241.15 - - [14/Mar/2026:05:14:18 -0700] "GET /?fileloc=//lib64/python3.12/__pycache__/sre_compile.cpython-312.opt-1.pyc&path=//lib64/python3.12/__pycache__ HTTP/2.0" 200 2298 "https://thebettingexchange.in/?path=//lib64/python3.12/__pycache__" "Mozilla/5.0 AppleWebKit/537.36 (KHTML, like Gecko; compatible; GPTBot/1.3; +https://openai.com/gptbot)" 471 **0/471565**
57.141.2.23 - - [14/Mar/2026:05:14:18 -0700] "GET /items/1341671840 HTTP/2.0" 200 97145 "-" "meta-externalagent/1.1 (+https://developers.facebook.com/docs/sharing/webmasters/crawler)" 824 **0/824879**
74.7.241.15 - - [14/Mar/2026:05:14:19 -0700] "GET /?fileloc=//lib64/python3.12/__pycache__/sre_parse.cpython-312.opt-1.pyc&path=//lib64/python3.12/__pycache__ HTTP/2.0" 200 2297 "https://thebettingexchange.in/?path=//lib64/python3.12/__pycache__" "Mozilla/5.0 AppleWebKit/537.36 (KHTML, like Gecko; compatible; GPTBot/1.3; +https://openai.com/gptbot)" 481 **0/481079**
57.141.2.57 - - [14/Mar/2026:05:14:18 -0700] "GET /items/1075842401 HTTP/2.0" 200 97145 "-" "meta-externalagent/1.1 (+https://developers.facebook.com/docs/sharing/webmasters/crawler)" 836 **0/836096**
57.141.2.48 - - [14/Mar/2026:05:14:19 -0700] "GET /items/2388065110 HTTP/2.0" 200 97145 "-" "meta-externalagent/1.1 (+https://developers.facebook.com/docs/sharing/webmasters/crawler)" 843 **0/843208**
74.7.241.15 - - [14/Mar/2026:05:14:19 -0700] "GET /?fileloc=//lib64/python3.12/__pycache__/wave.cpython-312.opt-2.pyc&path=//lib64/python3.12/__pycache__ HTTP/2.0" 200 2292 "https://thebettingexchange.in/?path=//lib64/python3.12/__pycache__" "Mozilla/5.0 AppleWebKit/537.36 (KHTML, like Gecko; compatible; GPTBot/1.3; +https://openai.com/gptbot)" 539 **0/539620**
57.141.2.26 - - [14/Mar/2026:05:14:19 -0700] "GET /items/782566906 HTTP/2.0" 200 97145 "-" "meta-externalagent/1.1 (+https://developers.facebook.com/docs/sharing/webmasters/crawler)" 818 **0/818945**
57.141.2.38 - - [14/Mar/2026:05:14:20 -0700] "GET /items/957577267 HTTP/2.0" 200 97145 "-" "meta-externalagent/1.1 (+https://developers.facebook.com/docs/sharing/webmasters/crawler)" 857 **0/857475**
74.7.241.15 - - [14/Mar/2026:05:14:20 -0700] "GET /?fileloc=//lib64/python3.12/__pycache__/codecs.cpython-312.opt-2.pyc&path=//lib64/python3.12/__pycache__ HTTP/2.0" 200 2294 "https://thebettingexchange.in/?path=//lib64/python3.12/__pycache__" "Mozilla/5.0 AppleWebKit/537.36 (KHTML, like Gecko; compatible; GPTBot/1.3; +https://openai.com/gptbot)" 502 **0/502546**
57.141.2.65 - - [14/Mar/2026:05:14:20 -0700] "GET /items/1880327420 HTTP/2.0" 200 97145 "-" "meta-externalagent/1.1 (+https://developers.facebook.com/docs/sharing/webmasters/crawler)" 832 **0/832747**
74.7.241.15 - - [14/Mar/2026:05:14:21 -0700] "GET /?fileloc=//lib64/python3.12/__pycache__/tarfile.cpython-312.opt-1.pyc&path=//lib64/python3.12/__pycache__ HTTP/2.0" 200 2293 "https://thebettingexchange.in/?path=//lib64/python3.12/__pycache__" "Mozilla/5.0 AppleWebKit/537.36 (KHTML, like Gecko; compatible; GPTBot/1.3; +https://openai.com/gptbot)" 480 **0/480946**
57.141.2.25 - - [14/Mar/2026:05:14:21 -0700] "GET /items/787155710 HTTP/2.0" 200 97145 "-" "meta-externalagent/1.1 (+https://developers.facebook.com/docs/sharing/webmasters/crawler)" 824 **0/824362**
57.141.2.55 - - [14/Mar/2026:05:14:21 -0700] "GET /items/2206443065 HTTP/2.0" 200 97145 "-" "meta-externalagent/1.1 (+https://developers.facebook.com/docs/sharing/webmasters/crawler)" 823 **0/823681**
74.7.241.15 - - [14/Mar/2026:05:14:22 -0700] "GET /?fileloc=//lib64/python3.12/__pycache__/tabnanny.cpython-312.opt-2.pyc&path=//lib64/python3.12/__pycache__ HTTP/2.0" 200 2296 "https://thebettingexchange.in/?path=//lib64/python3.12/__pycache__" "Mozilla/5.0 AppleWebKit/537.36 (KHTML, like Gecko; compatible; GPTBot/1.3; +https://openai.com/gptbot)" 486 **0/486785**
57.141.2.41 - - [14/Mar/2026:05:14:22 -0700] "GET /items/153092248 HTTP/2.0" 200 97145 "-" "meta-externalagent/1.1 (+https://developers.facebook.com/docs/sharing/webmasters/crawler)" 864 **0/864351**
74.7.241.15 - - [14/Mar/2026:05:14:23 -0700] "GET /?path=//lib64/python3.12/re/__pycache__ HTTP/2.0" 200 2938 "https://thebettingexchange.in/?path=//lib64/python3.12/re" "Mozilla/5.0 AppleWebKit/537.36 (KHTML, like Gecko; compatible; GPTBot/1.3; +https://openai.com/gptbot)" 496 **0/496740**
57.141.2.13 - - [14/Mar/2026:05:14:22 -0700] "GET /items/3722010681 HTTP/2.0" 200 97145 "-" "meta-externalagent/1.1 (+https://developers.facebook.com/docs/sharing/webmasters/crawler)" 832 **0/832929**
57.141.2.27 - - [14/Mar/2026:05:14:23 -0700] "GET /items/2707906639 HTTP/2.0" 200 97145 "-" "meta-externalagent/1.1 (+https://developers.facebook.com/docs/sharing/webmasters/crawler)" 809 **0/809932**
74.7.241.15 - - [14/Mar/2026:05:14:23 -0700] "GET /?path=//lib64/python3.12/importlib HTTP/2.0" 200 2966 "https://thebettingexchange.in/?path=//lib64/python3.12" "Mozilla/5.0 AppleWebKit/537.36 (KHTML, like Gecko; compatible; GPTBot/1.3; +https://openai.com/gptbot)" 518 **0/518183**
57.141.2.56 - - [14/Mar/2026:05:14:23 -0700] "GET /items/4081269364 HTTP/2.0" 200 97145 "-" "meta-externalagent/1.1 (+https://developers.facebook.com/docs/sharing/webmasters/crawler)" 837 **0/837312**
57.141.2.11 - - [14/Mar/2026:05:14:24 -0700] "GET /items/534622955 HTTP/2.0" 200 97145 "-" "meta-externalagent/1.1 (+https://developers.facebook.com/docs/sharing/webmasters/crawler)" 863 **0/863145**
74.7.241.15 - - [14/Mar/2026:05:14:24 -0700] "GET /?path=//lib64/python3.12/encodings HTTP/2.0" 200 5273 "https://thebettingexchange.in/?path=//lib64/python3.12" "Mozilla/5.0 AppleWebKit/537.36 (KHTML, like Gecko; compatible; GPTBot/1.3; +https://openai.com/gptbot)" 490 **0/490390**
57.141.2.61 - - [14/Mar/2026:05:14:24 -0700] "GET /items/1211414355 HTTP/2.0" 200 97145 "-" "meta-externalagent/1.1 (+https://developers.facebook.com/docs/sharing/webmasters/crawler)" 819 **0/819859**
74.7.241.15 - - [14/Mar/2026:05:14:25 -0700] "GET /?path=//lib64/python3.12/email HTTP/2.0" 200 3317 "https://thebettingexchange.in/?path=//lib64/python3.12" "Mozilla/5.0 AppleWebKit/537.36 (KHTML, like Gecko; compatible; GPTBot/1.3; +https://openai.com/gptbot)" 484 **0/484428**
57.141.2.32 - - [14/Mar/2026:05:14:25 -0700] "GET /items/4152764780 HTTP/2.0" 200 97145 "-" "meta-externalagent/1.1 (+https://developers.facebook.com/docs/sharing/webmasters/crawler)" 835 **0/835490**
57.141.2.2 - - [14/Mar/2026:05:14:25 -0700] "GET /items/1735187649 HTTP/2.0" 200 97145 "-" "meta-externalagent/1.1 (+https://developers.facebook.com/docs/sharing/webmasters/crawler)" 848 **0/848422**
74.7.241.15 - - [14/Mar/2026:05:14:26 -0700] "GET /?path=//lib64/python3.12/ensurepip HTTP/2.0" 200 2714 "https://thebettingexchange.in/?path=//lib64/python3.12" "Mozilla/5.0 AppleWebKit/537.36 (KHTML, like Gecko; compatible; GPTBot/1.3; +https://openai.com/gptbot)" 477 **0/477186**
57.141.2.44 - - [14/Mar/2026:05:14:26 -0700] "GET /items/204627437 HTTP/2.0" 200 97145 "-" "meta-externalagent/1.1 (+https://developers.facebook.com/docs/sharing/webmasters/crawler)" 828 **0/828172**
74.7.241.15 - - [14/Mar/2026:05:14:27 -0700] "GET /?path=//lib64/python3.12/venv/scripts HTTP/2.0" 200 2608 "https://thebettingexchange.in/?path=//lib64/python3.12/venv" "Mozilla/5.0 AppleWebKit/537.36 (KHTML, like Gecko; compatible; GPTBot/1.3; +https://openai.com/gptbot)" 501 **0/501263**
57.141.2.10 - - [14/Mar/2026:05:14:26 -0700] "GET /items/1641990625 HTTP/2.0" 200 97145 "-" "meta-externalagent/1.1 (+https://developers.facebook.com/docs/sharing/webmasters/crawler)" 837 **0/837614**
57.141.2.2 - - [14/Mar/2026:05:14:27 -0700] "GET /items/1910420972 HTTP/2.0" 200 97145 "-" "meta-externalagent/1.1 (+https://developers.facebook.com/docs/sharing/webmasters/crawler)" 858 **0/858187**
74.7.241.15 - - [14/Mar/2026:05:14:27 -0700] "GET /?path=//lib64/python3.12/curses HTTP/2.0" 200 2780 "https://thebettingexchange.in/?path=//lib64/python3.12" "Mozilla/5.0 AppleWebKit/537.36 (KHTML, like Gecko; compatible; GPTBot/1.3; +https://openai.com/gptbot)" 500 **0/500354**
57.141.2.56 - - [14/Mar/2026:05:14:27 -0700] "GET /items/3919795941 HTTP/2.0" 200 97145 "-" "meta-externalagent/1.1 (+https://developers.facebook.com/docs/sharing/webmasters/crawler)" 817 **0/817424**
74.7.241.15 - - [14/Mar/2026:05:14:28 -0700] "GET /?path=/home/e9ohhh9viiv2/public_html/indiabettingexchange.in/.well-known/acme-challenge HTTP/2.0" 200 2358 "https://thebettingexchange.in/?path=/home/e9ohhh9viiv2/public_html/indiabettingexchange.in/.well-known" "Mozilla/5.0 AppleWebKit/537.36 (KHTML, like Gecko; compatible; GPTBot/1.3; +https://openai.com/gptbot)" 491 **0/491054**
57.141.2.64 - - [14/Mar/2026:05:14:28 -0700] "GET /items/3209321629 HTTP/2.0" 200 97145 "-" "meta-externalagent/1.1 (+https://developers.facebook.com/docs/sharing/webmasters/crawler)" 888 **0/888179**
57.141.2.19 - - [14/Mar/2026:05:14:28 -0700] "GET /items/1345831149 HTTP/2.0" 200 97145 "-" "meta-externalagent/1.1 (+https://developers.facebook.com/docs/sharing/webmasters/crawler)" 841 **0/841677**
74.7.241.15 - - [14/Mar/2026:05:14:29 -0700] "GET /?path=//lib64/python3.12/zipfile/_path HTTP/2.0" 200 2698 "https://thebettingexchange.in/?path=//lib64/python3.12/zipfile" "Mozilla/5.0 AppleWebKit/537.36 (KHTML, like Gecko; compatible; GPTBot/1.3; +https://openai.com/gptbot)" 509 **0/509393**
57.141.2.27 - - [14/Mar/2026:05:14:29 -0700] "GET /items/3894111834 HTTP/2.0" 200 97145 "-" "meta-externalagent/1.1 (+https://developers.facebook.com/docs/sharing/webmasters/crawler)" 826 **0/826969**
57.141.2.46 - - [14/Mar/2026:05:14:29 -0700] "GET /items/13279480 HTTP/2.0" 200 97145 "-" "meta-externalagent/1.1 (+https://developers.facebook.com/docs/sharing/webmasters/crawler)" 821 **0/821570**
74.7.241.15 - - [14/Mar/2026:05:14:30 -0700] "GET /?path=/home/e9ohhh9viiv2/public_html/iplretention.in/.well-known/pki-validation HTTP/2.0" 200 2359 "https://thebettingexchange.in/?path=/home/e9ohhh9viiv2/public_html/iplretention.in/.well-known" "Mozilla/5.0 AppleWebKit/537.36 (KHTML, like Gecko; compatible; GPTBot/1.3; +https://openai.com/gptbot)" 500 **0/500199**
57.141.2.43 - - [14/Mar/2026:05:14:30 -0700] "GET /items/3184269351 HTTP/2.0" 200 97145 "-" "meta-externalagent/1.1 (+https://developers.facebook.com/docs/sharing/webmasters/crawler)" 830 **0/830955**
74.7.241.15 - - [14/Mar/2026:05:14:31 -0700] "GET /?path=/home/e9ohhh9viiv2/public_html/bettingexchangeonline.com/.well-known/pki-validation HTTP/2.0" 200 2359 "https://thebettingexchange.in/?path=/home/e9ohhh9viiv2/public_html/bettingexchangeonline.com/.well-known" "Mozilla/5.0 AppleWebKit/537.36 (KHTML, like Gecko; compatible; GPTBot/1.3; +https://openai.com/gptbot)" 477 **0/477441**
57.141.2.14 - - [14/Mar/2026:05:14:30 -0700] "GET /items/1851585028 HTTP/2.0" 200 97145 "-" "meta-externalagent/1.1 (+https://developers.facebook.com/docs/sharing/webmasters/crawler)" 824 **0/824183**
57.141.2.62 - - [14/Mar/2026:05:14:31 -0700] "GET /items/4096064305 HTTP/2.0" 200 97145 "-" "meta-externalagent/1.1 (+https://developers.facebook.com/docs/sharing/webmasters/crawler)" 828 **0/828245**
74.7.241.15 - - [14/Mar/2026:05:14:31 -0700] "GET /?path=/home/e9ohhh9viiv2/public_html/iplking.in HTTP/2.0" 200 2751 "https://thebettingexchange.in/?p=5077" "Mozilla/5.0 AppleWebKit/537.36 (KHTML, like Gecko; compatible; GPTBot/1.3; +https://openai.com/gptbot)" 482 **0/482889**
57.141.2.35 - - [14/Mar/2026:05:14:31 -0700] "GET /items/547984539 HTTP/2.0" 200 97145 "-" "meta-externalagent/1.1 (+https://developers.facebook.com/docs/sharing/webmasters/crawler)" 872 **0/872175**
57.141.2.57 - - [14/Mar/2026:05:14:32 -0700] "GET /items/4280232173 HTTP/2.0" 200 97145 "-" "meta-externalagent/1.1 (+https://developers.facebook.com/docs/sharing/webmasters/crawler)" 821 **0/821281**
74.7.241.15 - - [14/Mar/2026:05:14:32 -0700] "GET /?path=/home/e9ohhh9viiv2/public_html/todaysiplmatch.in/cgi-bin HTTP/2.0" 200 2334 "https://thebettingexchange.in/?path=/home/e9ohhh9viiv2/public_html/todaysiplmatch.in" "Mozilla/5.0 AppleWebKit/537.36 (KHTML, like Gecko; compatible; GPTBot/1.3; +https://openai.com/gptbot)" 477 **0/477253**
57.141.2.41 - - [14/Mar/2026:05:14:32 -0700] "GET /items/4112388583 HTTP/2.0" 200 97145 "-" "meta-externalagent/1.1 (+https://developers.facebook.com/docs/sharing/webmasters/crawler)" 821 **0/821769**
57.141.2.65 - - [14/Mar/2026:05:14:33 -0700] "GET /items/542826471 HTTP/2.0" 200 97145 "-" "meta-externalagent/1.1 (+https://developers.facebook.com/docs/sharing/webmasters/crawler)" 825 **0/825513**
74.7.241.15 - - [14/Mar/2026:05:14:33 -0700] "GET /?path=/home/e9ohhh9viiv2/public_html/iplretention.in/.well-known/acme-challenge HTTP/2.0" 200 2648 "https://thebettingexchange.in/?path=/home/e9ohhh9viiv2/public_html/iplretention.in/.well-known" "Mozilla/5.0 AppleWebKit/537.36 (KHTML, like Gecko; compatible; GPTBot/1.3; +https://openai.com/gptbot)" 512 **0/512964**
57.141.2.40 - - [14/Mar/2026:05:14:33 -0700] "GET /items/274757910 HTTP/2.0" 200 97145 "-" "meta-externalagent/1.1 (+https://developers.facebook.com/docs/sharing/webmasters/crawler)" 837 **0/837549**
74.7.241.15 - - [14/Mar/2026:05:14:34 -0700] "GET /?path=//lib64/python3.12/email/mime HTTP/2.0" 200 2895 "https://thebettingexchange.in/?path=//lib64/python3.12/email" "Mozilla/5.0 AppleWebKit/537.36 (KHTML, like Gecko; compatible; GPTBot/1.3; +https://openai.com/gptbot)" 495 **0/495821**
57.141.2.64 - - [14/Mar/2026:05:14:34 -0700] "GET /items/3282105936 HTTP/2.0" 200 97145 "-" "meta-externalagent/1.1 (+https://developers.facebook.com/docs/sharing/webmasters/crawler)" 829 **0/829472**
57.141.2.50 - - [14/Mar/2026:05:14:34 -0700] "GET /items/458136462 HTTP/2.0" 200 97145 "-" "meta-externalagent/1.1 (+https://developers.facebook.com/docs/sharing/webmasters/crawler)" 819 **0/819742**
74.7.241.15 - - [14/Mar/2026:05:14:35 -0700] "GET /?path=/home/e9ohhh9viiv2/public_html/iplwinnerlist.com/.well-known HTTP/2.0" 200 2588 "https://thebettingexchange.in/?path=/home/e9ohhh9viiv2/public_html/iplwinnerlist.com" "Mozilla/5.0 AppleWebKit/537.36 (KHTML, like Gecko; compatible; GPTBot/1.3; +https://openai.com/gptbot)" 475 **0/475878**
57.141.2.65 - - [14/Mar/2026:05:14:35 -0700] "GET /items/3832608371 HTTP/2.0" 200 97145 "-" "meta-externalagent/1.1 (+https://developers.facebook.com/docs/sharing/webmasters/crawler)" 840 **0/840382**
74.7.241.15 - - [14/Mar/2026:05:14:35 -0700] "GET /?path=/home/e9ohhh9viiv2/public_html/iplpointtables.com/.well-known HTTP/2.0" 200 2618 "https://thebettingexchange.in/?path=/home/e9ohhh9viiv2/public_html/iplpointtables.com" "Mozilla/5.0 AppleWebKit/537.36 (KHTML, like Gecko; compatible; GPTBot/1.3; +https://openai.com/gptbot)" 473 **0/473918**
57.141.2.43 - - [14/Mar/2026:05:14:35 -0700] "GET /items/2262625621 HTTP/2.0" 200 97145 "-" "meta-externalagent/1.1 (+https://developers.facebook.com/docs/sharing/webmasters/crawler)" 824 **0/824774**
57.141.2.13 - - [14/Mar/2026:05:14:36 -0700] "GET /items/3194209418 HTTP/2.0" 200 97145 "-" "meta-externalagent/1.1 (+https://developers.facebook.com/docs/sharing/webmasters/crawler)" 850 **0/850151**
74.7.241.15 - - [14/Mar/2026:05:14:36 -0700] "GET /?path=//lib64/hmaccalc HTTP/2.0" 200 2681 "https://thebettingexchange.in/?path=//lib64" "Mozilla/5.0 AppleWebKit/537.36 (KHTML, like Gecko; compatible; GPTBot/1.3; +https://openai.com/gptbot)" 482 **0/482447**
57.141.2.34 - - [14/Mar/2026:05:14:36 -0700] "GET /items/1563464219 HTTP/2.0" 200 97145 "-" "meta-externalagent/1.1 (+https://developers.facebook.com/docs/sharing/webmasters/crawler)" 820 **0/820407**
74.7.241.15 - - [14/Mar/2026:05:14:37 -0700] "GET /?path=/home/e9ohhh9viiv2/public_html/httpslivecricketscoreipl.in/.well-known HTTP/2.0" 200 2594 "https://thebettingexchange.in/?path=/home/e9ohhh9viiv2/public_html/httpslivecricketscoreipl.in" "Mozilla/5.0 AppleWebKit/537.36 (KHTML, like Gecko; compatible; GPTBot/1.3; +https://openai.com/gptbot)" 482 **0/482955**
57.141.2.21 - - [14/Mar/2026:05:14:37 -0700] "GET /items/269361936 HTTP/2.0" 200 97145 "-" "meta-externalagent/1.1 (+https://developers.facebook.com/docs/sharing/webmasters/crawler)" 839 **0/839866**
57.141.2.38 - - [14/Mar/2026:05:14:37 -0700] "GET /items/711476403 HTTP/2.0" 200 97145 "-" "meta-externalagent/1.1 (+https://developers.facebook.com/docs/sharing/webmasters/crawler)" 808 **0/808293**
74.7.241.15 - - [14/Mar/2026:05:14:38 -0700] "GET /?path=/home/e9ohhh9viiv2/public_html/ivecricketscoreipl.in/.well-known HTTP/2.0" 200 2590 "https://thebettingexchange.in/?path=/home/e9ohhh9viiv2/public_html/ivecricketscoreipl.in" "Mozilla/5.0 AppleWebKit/537.36 (KHTML, like Gecko; compatible; GPTBot/1.3; +https://openai.com/gptbot)" 465 **0/465785**
57.141.2.47 - - [14/Mar/2026:05:14:38 -0700] "GET /items/1998807934 HTTP/2.0" 200 97145 "-" "meta-externalagent/1.1 (+https://developers.facebook.com/docs/sharing/webmasters/crawler)" 849 **0/849544**
74.7.241.15 - - [14/Mar/2026:05:14:38 -0700] "GET /?path=/home/e9ohhh9viiv2/public_html/livecricketscoreipl.in/.well-known HTTP/2.0" 200 2622 "https://thebettingexchange.in/?path=/home/e9ohhh9viiv2/public_html/livecricketscoreipl.in" "Mozilla/5.0 AppleWebKit/537.36 (KHTML, like Gecko; compatible; GPTBot/1.3; +https://openai.com/gptbot)" 485 **0/485588**
57.141.2.49 - - [14/Mar/2026:05:14:38 -0700] "GET /items/1076005908 HTTP/2.0" 200 97145 "-" "meta-externalagent/1.1 (+https://developers.facebook.com/docs/sharing/webmasters/crawler)" 845 **0/845020**
57.141.2.47 - - [14/Mar/2026:05:14:39 -0700] "GET /items/2991852082 HTTP/2.0" 200 97145 "-" "meta-externalagent/1.1 (+https://developers.facebook.com/docs/sharing/webmasters/crawler)" 842 **0/842092**
74.7.241.15 - - [14/Mar/2026:05:14:39 -0700] "GET /?path=/home/e9ohhh9viiv2/public_html/cricketbetstips.com/cgi-bin HTTP/2.0" 200 2333 "https://thebettingexchange.in/?path=/home/e9ohhh9viiv2/public_html/cricketbetstips.com" "Mozilla/5.0 AppleWebKit/537.36 (KHTML, like Gecko; compatible; GPTBot/1.3; +https://openai.com/gptbot)" 469 **0/469081**
185.191.171.17 - - [14/Mar/2026:05:14:39 -0700] "GET /nie-pokoj-nie-wyrazic-ubolewania-jednego-unibet-nie-rowniez-zapewnia-do-ten-chwila-promocji-dodatkowy-bonus-bez-depozytu/ HTTP/1.1" 200 4874 "-" "Mozilla/5.0 (compatible; SemrushBot/7~bl; +http://www.semrush.com/bot.html)" 476 **0/476610**
57.141.2.46 - - [14/Mar/2026:05:14:39 -0700] "GET /items/1768630716 HTTP/2.0" 200 97145 "-" "meta-externalagent/1.1 (+https://developers.facebook.com/docs/sharing/webmasters/crawler)" 831 **0/831401**
74.7.241.15 - - [14/Mar/2026:05:14:40 -0700] "GET /?path=/home/e9ohhh9viiv2/public_html/purplecapinipl.in/.well-known/pki-validation HTTP/2.0" 200 2359 "https://thebettingexchange.in/?path=/home/e9ohhh9viiv2/public_html/purplecapinipl.in/.well-known" "Mozilla/5.0 AppleWebKit/537.36 (KHTML, like Gecko; compatible; GPTBot/1.3; +https://openai.com/gptbot)" 474 **0/474450**
57.141.2.64 - - [14/Mar/2026:05:14:40 -0700] "GET /items/2652131757 HTTP/2.0" 200 97145 "-" "meta-externalagent/1.1 (+https://developers.facebook.com/docs/sharing/webmasters/crawler)" 870 **0/870437**
57.141.2.64 - - [14/Mar/2026:05:14:40 -0700] "GET /items/2911412127 HTTP/2.0" 200 97145 "-" "meta-externalagent/1.1 (+https://developers.facebook.com/docs/sharing/webmasters/crawler)" 830 **0/830210**
74.7.241.15 - - [14/Mar/2026:05:14:41 -0700] "GET /?path=/home/e9ohhh9viiv2/public_html/bettingexchangesite.org/.well-known HTTP/2.0" 200 2707 "https://thebettingexchange.in/?path=/home/e9ohhh9viiv2/public_html/bettingexchangesite.org" "Mozilla/5.0 AppleWebKit/537.36 (KHTML, like Gecko; compatible; GPTBot/1.3; +https://openai.com/gptbot)" 480 **0/480048**
57.141.2.69 - - [14/Mar/2026:05:14:41 -0700] "GET /items/1578336102 HTTP/2.0" 200 97145 "-" "meta-externalagent/1.1 (+https://developers.facebook.com/docs/sharing/webmasters/crawler)" 827 **0/827558**
57.141.2.58 - - [14/Mar/2026:05:14:41 -0700] "GET /items/3560318793 HTTP/2.0" 200 97145 "-" "meta-externalagent/1.1 (+https://developers.facebook.com/docs/sharing/webmasters/crawler)" 820 **0/820555**
74.7.241.15 - - [14/Mar/2026:05:14:42 -0700] "GET /?path=/home/e9ohhh9viiv2/public_html/todayiplmatches.in/cgi-bin HTTP/2.0" 200 2335 "https://thebettingexchange.in/?path=/home/e9ohhh9viiv2/public_html/todayiplmatches.in" "Mozilla/5.0 AppleWebKit/537.36 (KHTML, like Gecko; compatible; GPTBot/1.3; +https://openai.com/gptbot)" 485 **0/485313**
57.141.2.12 - - [14/Mar/2026:05:14:42 -0700] "GET /items/1387658195 HTTP/2.0" 200 97145 "-" "meta-externalagent/1.1 (+https://developers.facebook.com/docs/sharing/webmasters/crawler)" 824 **0/824580**
57.141.2.3 - - [14/Mar/2026:05:14:42 -0700] "GET /items/906802899 HTTP/2.0" 200 97145 "-" "meta-externalagent/1.1 (+https://developers.facebook.com/docs/sharing/webmasters/crawler)" 853 **0/853132**
74.7.241.15 - - [14/Mar/2026:05:14:43 -0700] "GET /?fileloc=//lib64/python3.12/email/mime/text.py&path=//lib64/python3.12/email/mime HTTP/2.0" 200 2869 "https://thebettingexchange.in/?path=//lib64/python3.12/email/mime" "Mozilla/5.0 AppleWebKit/537.36 (KHTML, like Gecko; compatible; GPTBot/1.3; +https://openai.com/gptbot)" 491 **0/491552**
57.141.2.41 - - [14/Mar/2026:05:14:43 -0700] "GET /items/84980696 HTTP/2.0" 200 97145 "-" "meta-externalagent/1.1 (+https://developers.facebook.com/docs/sharing/webmasters/crawler)" 829 **0/829175**
74.7.241.15 - - [14/Mar/2026:05:14:43 -0700] "GET /?path=/home/e9ohhh9viiv2/public_html/iplwinnerlist.com/.well-known/acme-challenge HTTP/2.0" 200 2357 "https://thebettingexchange.in/?path=/home/e9ohhh9viiv2/public_html/iplwinnerlist.com/.well-known" "Mozilla/5.0 AppleWebKit/537.36 (KHTML, like Gecko; compatible; GPTBot/1.3; +https://openai.com/gptbot)" 490 **0/490474**
57.141.2.47 - - [14/Mar/2026:05:14:43 -0700] "GET /items/2405569381 HTTP/2.0" 200 97145 "-" "meta-externalagent/1.1 (+https://developers.facebook.com/docs/sharing/webmasters/crawler)" 870 **0/870059**
74.7.241.15 - - [14/Mar/2026:05:14:44 -0700] "GET /?path=/home/e9ohhh9viiv2/public_html/iplpointtables.com/.well-known/pki-validation HTTP/2.0" 200 2355 "https://thebettingexchange.in/?path=/home/e9ohhh9viiv2/public_html/iplpointtables.com/.well-known" "Mozilla/5.0 AppleWebKit/537.36 (KHTML, like Gecko; compatible; GPTBot/1.3; +https://openai.com/gptbot)" 475 **0/475771**
57.141.2.11 - - [14/Mar/2026:05:14:44 -0700] "GET /items/2828360186 HTTP/2.0" 200 97145 "-" "meta-externalagent/1.1 (+https://developers.facebook.com/docs/sharing/webmasters/crawler)" 862 **0/862059**
57.141.2.28 - - [14/Mar/2026:05:14:44 -0700] "GET /items/694527106 HTTP/2.0" 200 97145 "-" "meta-externalagent/1.1 (+https://developers.facebook.com/docs/sharing/webmasters/crawler)" 817 **0/817772**
74.7.241.15 - - [14/Mar/2026:05:14:45 -0700] "GET /?path=/home/e9ohhh9viiv2/public_html/iplpointtables.com/.well-known/acme-challenge HTTP/2.0" 200 2353 "https://thebettingexchange.in/?path=/home/e9ohhh9viiv2/public_html/iplpointtables.com/.well-known" "Mozilla/5.0 AppleWebKit/537.36 (KHTML, like Gecko; compatible; GPTBot/1.3; +https://openai.com/gptbot)" 474 **0/474766**
57.141.2.19 - - [14/Mar/2026:05:14:45 -0700] "GET /items/2144196981 HTTP/2.0" 200 97145 "-" "meta-externalagent/1.1 (+https://developers.facebook.com/docs/sharing/webmasters/crawler)" 837 **0/837890**
57.141.2.42 - - [14/Mar/2026:05:14:45 -0700] "GET /items/545560325 HTTP/2.0" 200 97145 "-" "meta-externalagent/1.1 (+https://developers.facebook.com/docs/sharing/webmasters/crawler)" 826 **0/826061**
74.7.241.15 - - [14/Mar/2026:05:14:46 -0700] "GET /?path=/home/e9ohhh9viiv2/public_html/indiacricketnews.in HTTP/2.0" 200 3440 "https://thebettingexchange.in/?p=5077" "Mozilla/5.0 AppleWebKit/537.36 (KHTML, like Gecko; compatible; GPTBot/1.3; +https://openai.com/gptbot)" 489 **0/489182**
57.141.2.41 - - [14/Mar/2026:05:14:46 -0700] "GET /items/1993649866 HTTP/2.0" 200 97145 "-" "meta-externalagent/1.1 (+https://developers.facebook.com/docs/sharing/webmasters/crawler)" 835 **0/835539**
74.7.241.15 - - [14/Mar/2026:05:14:46 -0700] "GET /?path=/home/e9ohhh9viiv2/public_html/spainbettingexchange.com/.well-known HTTP/2.0" 200 2624 "https://thebettingexchange.in/?path=/home/e9ohhh9viiv2/public_html/spainbettingexchange.com" "Mozilla/5.0 AppleWebKit/537.36 (KHTML, like Gecko; compatible; GPTBot/1.3; +https://openai.com/gptbot)" 491 **0/491834**
57.141.2.35 - - [14/Mar/2026:05:14:46 -0700] "GET /items/4051062790 HTTP/2.0" 200 97145 "-" "meta-externalagent/1.1 (+https://developers.facebook.com/docs/sharing/webmasters/crawler)" 869 **0/869659**
57.141.2.27 - - [14/Mar/2026:05:14:47 -0700] "GET /items/3631862874 HTTP/2.0" 200 97145 "-" "meta-externalagent/1.1 (+https://developers.facebook.com/docs/sharing/webmasters/crawler)" 840 **0/840957**
74.7.241.15 - - [14/Mar/2026:05:14:47 -0700] "GET /?path=/home/e9ohhh9viiv2/public_html/livecricketscoreipl.in/.well-known/acme-challenge HTTP/2.0" 200 2649 "https://thebettingexchange.in/?path=/home/e9ohhh9viiv2/public_html/livecricketscoreipl.in/.well-known" "Mozilla/5.0 AppleWebKit/537.36 (KHTML, like Gecko; compatible; GPTBot/1.3; +https://openai.com/gptbot)" 480 **0/480005**
57.141.2.62 - - [14/Mar/2026:05:14:47 -0700] "GET /items/2709925560 HTTP/2.0" 200 97145 "-" "meta-externalagent/1.1 (+https://developers.facebook.com/docs/sharing/webmasters/crawler)" 835 **0/835896**
