74.7.241.15 - - [14/Mar/2026:05:20:18 -0700] "GET /?path=//lib64/python3.8/http HTTP/2.0" 200 2772 "https://thebettingexchange.in/?path=//lib64/python3.8" "Mozilla/5.0 AppleWebKit/537.36 (KHTML, like Gecko; compatible; GPTBot/1.3; +https://openai.com/gptbot)" 495 **0/495462**
57.141.2.32 - - [14/Mar/2026:05:20:18 -0700] "GET /items/4012187467 HTTP/2.0" 200 97145 "-" "meta-externalagent/1.1 (+https://developers.facebook.com/docs/sharing/webmasters/crawler)" 852 **0/852280**
74.7.241.15 - - [14/Mar/2026:05:20:19 -0700] "GET /?path=/home/e9ohhh9viiv2/www/indiacricketnews.in/.well-known/acme-challenge HTTP/2.0" 200 2351 "https://thebettingexchange.in/?path=/home/e9ohhh9viiv2/www/indiacricketnews.in/.well-known" "Mozilla/5.0 AppleWebKit/537.36 (KHTML, like Gecko; compatible; GPTBot/1.3; +https://openai.com/gptbot)" 479 **0/479396**
74.7.241.15 - - [14/Mar/2026:05:20:20 -0700] "GET /?path=/home/e9ohhh9viiv2/www/ivecricketscoreipl.in/.well-known HTTP/2.0" 200 2585 "https://thebettingexchange.in/?path=/home/e9ohhh9viiv2/www/ivecricketscoreipl.in" "Mozilla/5.0 AppleWebKit/537.36 (KHTML, like Gecko; compatible; GPTBot/1.3; +https://openai.com/gptbot)" 493 **0/493026**
57.141.2.13 - - [14/Mar/2026:05:20:19 -0700] "GET /items/2164616863 HTTP/2.0" 200 97145 "-" "meta-externalagent/1.1 (+https://developers.facebook.com/docs/sharing/webmasters/crawler)" 875 **0/875293**
57.141.2.13 - - [14/Mar/2026:05:20:20 -0700] "GET /items/2872243253 HTTP/2.0" 200 97145 "-" "meta-externalagent/1.1 (+https://developers.facebook.com/docs/sharing/webmasters/crawler)" 817 **0/817776**
74.7.241.15 - - [14/Mar/2026:05:20:20 -0700] "GET /?path=/home/e9ohhh9viiv2/www/sportsbettingexchange.in HTTP/2.0" 200 3427 "https://thebettingexchange.in/?path=/home/e9ohhh9viiv2/www" "Mozilla/5.0 AppleWebKit/537.36 (KHTML, like Gecko; compatible; GPTBot/1.3; +https://openai.com/gptbot)" 502 **0/502194**
57.141.2.44 - - [14/Mar/2026:05:20:20 -0700] "GET /items/2218649805 HTTP/2.0" 200 97145 "-" "meta-externalagent/1.1 (+https://developers.facebook.com/docs/sharing/webmasters/crawler)" 855 **0/855220**
74.7.241.15 - - [14/Mar/2026:05:20:21 -0700] "GET /?path=/home/e9ohhh9viiv2/www/ssl HTTP/2.0" 200 2666 "https://thebettingexchange.in/?path=/home/e9ohhh9viiv2/www" "Mozilla/5.0 AppleWebKit/537.36 (KHTML, like Gecko; compatible; GPTBot/1.3; +https://openai.com/gptbot)" 503 **0/503596**
57.141.2.70 - - [14/Mar/2026:05:20:21 -0700] "GET /items/1123395935 HTTP/2.0" 200 97145 "-" "meta-externalagent/1.1 (+https://developers.facebook.com/docs/sharing/webmasters/crawler)" 864 **0/864066**
74.7.241.15 - - [14/Mar/2026:05:20:22 -0700] "GET /?fileloc=//lib64/python3.8/asyncio/format_helpers.py&path=//lib64/python3.8/asyncio HTTP/2.0" 200 3092 "https://thebettingexchange.in/?path=//lib64/python3.8/asyncio" "Mozilla/5.0 AppleWebKit/537.36 (KHTML, like Gecko; compatible; GPTBot/1.3; +https://openai.com/gptbot)" 493 **0/493155**
57.141.2.22 - - [14/Mar/2026:05:20:22 -0700] "GET /items/2335690993 HTTP/2.0" 200 97145 "-" "meta-externalagent/1.1 (+https://developers.facebook.com/docs/sharing/webmasters/crawler)" 840 **0/840887**
74.7.241.15 - - [14/Mar/2026:05:20:23 -0700] "GET /?path=//lib64/python3.8/tkinter/__pycache__ HTTP/2.0" 200 3450 "https://thebettingexchange.in/?path=//lib64/python3.8/tkinter" "Mozilla/5.0 AppleWebKit/537.36 (KHTML, like Gecko; compatible; GPTBot/1.3; +https://openai.com/gptbot)" 488 **0/488856**
57.141.2.64 - - [14/Mar/2026:05:20:23 -0700] "GET /items/1369333276 HTTP/2.0" 200 97145 "-" "meta-externalagent/1.1 (+https://developers.facebook.com/docs/sharing/webmasters/crawler)" 826 **0/826515**
57.141.2.34 - - [14/Mar/2026:05:20:23 -0700] "GET /items/2181971917 HTTP/2.0" 200 97145 "-" "meta-externalagent/1.1 (+https://developers.facebook.com/docs/sharing/webmasters/crawler)" 862 **0/862148**
74.7.241.15 - - [14/Mar/2026:05:20:24 -0700] "GET /?path=//lib64/python3.8/asyncio/__pycache__ HTTP/2.0" 200 4394 "https://thebettingexchange.in/?path=//lib64/python3.8/asyncio" "Mozilla/5.0 AppleWebKit/537.36 (KHTML, like Gecko; compatible; GPTBot/1.3; +https://openai.com/gptbot)" 517 **0/517001**
57.141.2.36 - - [14/Mar/2026:05:20:24 -0700] "GET /items/641182391 HTTP/2.0" 200 97145 "-" "meta-externalagent/1.1 (+https://developers.facebook.com/docs/sharing/webmasters/crawler)" 875 **0/875277**
74.7.241.15 - - [14/Mar/2026:05:20:25 -0700] "GET /?path=//lib64/python3.8/email/__pycache__ HTTP/2.0" 200 3852 "https://thebettingexchange.in/?path=//lib64/python3.8/email" "Mozilla/5.0 AppleWebKit/537.36 (KHTML, like Gecko; compatible; GPTBot/1.3; +https://openai.com/gptbot)" 497 **0/497608**
57.141.2.7 - - [14/Mar/2026:05:20:24 -0700] "GET /items/123980775 HTTP/2.0" 200 97145 "-" "meta-externalagent/1.1 (+https://developers.facebook.com/docs/sharing/webmasters/crawler)" 828 **0/828746**
57.141.2.61 - - [14/Mar/2026:05:20:25 -0700] "GET /items/316347034 HTTP/2.0" 200 97145 "-" "meta-externalagent/1.1 (+https://developers.facebook.com/docs/sharing/webmasters/crawler)" 833 **0/833219**
74.7.241.15 - - [14/Mar/2026:05:20:25 -0700] "GET /?fileloc=//lib64/libpspell.so.15&path=//lib64 HTTP/2.0" 200 2252 "https://thebettingexchange.in/?path=//lib64" "Mozilla/5.0 AppleWebKit/537.36 (KHTML, like Gecko; compatible; GPTBot/1.3; +https://openai.com/gptbot)" 488 **0/488303**
57.141.2.44 - - [14/Mar/2026:05:20:26 -0700] "GET /items/737970320 HTTP/2.0" 200 97145 "-" "meta-externalagent/1.1 (+https://developers.facebook.com/docs/sharing/webmasters/crawler)" 842 **0/842622**
74.7.241.15 - - [14/Mar/2026:05:20:26 -0700] "GET /?fileloc=//lib64/python3.6/http/cookies.py&path=//lib64/python3.6/http HTTP/2.0" 200 9380 "https://thebettingexchange.in/?path=//lib64/python3.6/http" "Mozilla/5.0 AppleWebKit/537.36 (KHTML, like Gecko; compatible; GPTBot/1.3; +https://openai.com/gptbot)" 498 **0/498166**
57.141.2.29 - - [14/Mar/2026:05:20:26 -0700] "GET /items/695169925 HTTP/2.0" 200 97145 "-" "meta-externalagent/1.1 (+https://developers.facebook.com/docs/sharing/webmasters/crawler)" 825 **0/825547**
74.7.241.15 - - [14/Mar/2026:05:20:27 -0700] "GET /?fileloc=//lib64/python3.8/http/cookiejar.py&path=//lib64/python3.8/http HTTP/2.0" 200 21737 "https://thebettingexchange.in/?path=//lib64/python3.8/http" "Mozilla/5.0 AppleWebKit/537.36 (KHTML, like Gecko; compatible; GPTBot/1.3; +https://openai.com/gptbot)" 519 **0/519507**
57.141.2.4 - - [14/Mar/2026:05:20:27 -0700] "GET /items/1762298519 HTTP/2.0" 200 97145 "-" "meta-externalagent/1.1 (+https://developers.facebook.com/docs/sharing/webmasters/crawler)" 825 **0/825430**
57.141.2.57 - - [14/Mar/2026:05:20:27 -0700] "GET /items/3329531633 HTTP/2.0" 200 97145 "-" "meta-externalagent/1.1 (+https://developers.facebook.com/docs/sharing/webmasters/crawler)" 828 **0/828345**
74.7.241.15 - - [14/Mar/2026:05:20:28 -0700] "GET /?fileloc=//lib64/libicuio.so.60&path=//lib64 HTTP/2.0" 200 2253 "https://thebettingexchange.in/?path=//lib64" "Mozilla/5.0 AppleWebKit/537.36 (KHTML, like Gecko; compatible; GPTBot/1.3; +https://openai.com/gptbot)" 494 **0/494085**
74.7.241.15 - - [14/Mar/2026:05:20:29 -0700] "GET /?path=/home/e9ohhh9viiv2/www/ivecricketscoreipl.in/.well-known/pki-validation HTTP/2.0" 200 2356 "https://thebettingexchange.in/?path=/home/e9ohhh9viiv2/www/ivecricketscoreipl.in/.well-known" "Mozilla/5.0 AppleWebKit/537.36 (KHTML, like Gecko; compatible; GPTBot/1.3; +https://openai.com/gptbot)" 482 **0/482261**
57.141.2.16 - - [14/Mar/2026:05:20:28 -0700] "GET /items/2288706707 HTTP/2.0" 200 97145 "-" "meta-externalagent/1.1 (+https://developers.facebook.com/docs/sharing/webmasters/crawler)" 869 **0/869436**
57.141.2.49 - - [14/Mar/2026:05:20:29 -0700] "GET /items/1762666306 HTTP/2.0" 200 97145 "-" "meta-externalagent/1.1 (+https://developers.facebook.com/docs/sharing/webmasters/crawler)" 822 **0/822854**
74.7.241.15 - - [14/Mar/2026:05:20:29 -0700] "GET /?path=/home/e9ohhh9viiv2/www/sportsbettingexchange.in/cgi-bin HTTP/2.0" 200 2333 "https://thebettingexchange.in/?path=/home/e9ohhh9viiv2/www/sportsbettingexchange.in" "Mozilla/5.0 AppleWebKit/537.36 (KHTML, like Gecko; compatible; GPTBot/1.3; +https://openai.com/gptbot)" 507 **0/507620**
57.141.2.38 - - [14/Mar/2026:05:20:29 -0700] "GET /items/3918420335 HTTP/2.0" 200 97145 "-" "meta-externalagent/1.1 (+https://developers.facebook.com/docs/sharing/webmasters/crawler)" 880 **0/880606**
74.7.241.15 - - [14/Mar/2026:05:20:30 -0700] "GET /?path=/home/e9ohhh9viiv2/www/sportsbettingexchange.in/.tmb HTTP/2.0" 200 7394 "https://thebettingexchange.in/?path=/home/e9ohhh9viiv2/www/sportsbettingexchange.in" "Mozilla/5.0 AppleWebKit/537.36 (KHTML, like Gecko; compatible; GPTBot/1.3; +https://openai.com/gptbot)" 500 **0/500549**
57.141.2.31 - - [14/Mar/2026:05:20:30 -0700] "GET /items/4088850786 HTTP/2.0" 200 97145 "-" "meta-externalagent/1.1 (+https://developers.facebook.com/docs/sharing/webmasters/crawler)" 819 **0/819375**
74.7.241.15 - - [14/Mar/2026:05:20:31 -0700] "GET /?fileloc=//lib64/libicuuc.so.60&path=//lib64 HTTP/2.0" 200 2254 "https://thebettingexchange.in/?path=//lib64" "Mozilla/5.0 AppleWebKit/537.36 (KHTML, like Gecko; compatible; GPTBot/1.3; +https://openai.com/gptbot)" 495 **0/495413**
57.141.2.49 - - [14/Mar/2026:05:20:31 -0700] "GET /items/1104887377 HTTP/2.0" 200 97145 "-" "meta-externalagent/1.1 (+https://developers.facebook.com/docs/sharing/webmasters/crawler)" 827 **0/827019**
57.141.2.49 - - [14/Mar/2026:05:20:31 -0700] "GET /items/3169513868 HTTP/2.0" 200 97145 "-" "meta-externalagent/1.1 (+https://developers.facebook.com/docs/sharing/webmasters/crawler)" 827 **0/827680**
74.7.241.15 - - [14/Mar/2026:05:20:32 -0700] "GET /?fileloc=//lib64/libnftnl.so.11&path=//lib64 HTTP/2.0" 200 2253 "https://thebettingexchange.in/?path=//lib64" "Mozilla/5.0 AppleWebKit/537.36 (KHTML, like Gecko; compatible; GPTBot/1.3; +https://openai.com/gptbot)" 484 **0/484573**
57.141.2.49 - - [14/Mar/2026:05:20:32 -0700] "GET /items/3396285417 HTTP/2.0" 200 97145 "-" "meta-externalagent/1.1 (+https://developers.facebook.com/docs/sharing/webmasters/crawler)" 824 **0/824237**
74.7.241.15 - - [14/Mar/2026:05:20:33 -0700] "GET /?fileloc=//lib64/python3.8/asyncio/__pycache__/events.cpython-38.pyc&path=//lib64/python3.8/asyncio/__pycache__ HTTP/2.0" 200 2297 "https://thebettingexchange.in/?path=//lib64/python3.8/asyncio/__pycache__" "Mozilla/5.0 AppleWebKit/537.36 (KHTML, like Gecko; compatible; GPTBot/1.3; +https://openai.com/gptbot)" 486 **0/486064**
57.141.2.70 - - [14/Mar/2026:05:20:33 -0700] "GET /items/3651143140 HTTP/2.0" 200 97145 "-" "meta-externalagent/1.1 (+https://developers.facebook.com/docs/sharing/webmasters/crawler)" 833 **0/833687**
74.7.241.15 - - [14/Mar/2026:05:20:33 -0700] "GET /?fileloc=//lib64/python3.8/email/__pycache__/quoprimime.cpython-38.opt-2.pyc&path=//lib64/python3.8/email/__pycache__ HTTP/2.0" 200 2303 "https://thebettingexchange.in/?path=//lib64/python3.8/email/__pycache__" "Mozilla/5.0 AppleWebKit/537.36 (KHTML, like Gecko; compatible; GPTBot/1.3; +https://openai.com/gptbot)" 481 **0/481393**
57.141.2.44 - - [14/Mar/2026:05:20:33 -0700] "GET /items/1296431427 HTTP/2.0" 200 97145 "-" "meta-externalagent/1.1 (+https://developers.facebook.com/docs/sharing/webmasters/crawler)" 846 **0/846012**
74.7.241.15 - - [14/Mar/2026:05:20:34 -0700] "GET /?fileloc=//lib64/libaspell.so.15&path=//lib64 HTTP/2.0" 200 2252 "https://thebettingexchange.in/?path=//lib64" "Mozilla/5.0 AppleWebKit/537.36 (KHTML, like Gecko; compatible; GPTBot/1.3; +https://openai.com/gptbot)" 480 **0/480867**
57.141.2.46 - - [14/Mar/2026:05:20:34 -0700] "GET /items/3662069448 HTTP/2.0" 200 97145 "-" "meta-externalagent/1.1 (+https://developers.facebook.com/docs/sharing/webmasters/crawler)" 842 **0/842139**
57.141.2.48 - - [14/Mar/2026:05:20:34 -0700] "GET /items/3281796744 HTTP/2.0" 200 97145 "-" "meta-externalagent/1.1 (+https://developers.facebook.com/docs/sharing/webmasters/crawler)" 825 **0/825558**
74.7.241.15 - - [14/Mar/2026:05:20:35 -0700] "GET /?fileloc=//lib64/libicutu.so.60&path=//lib64 HTTP/2.0" 200 2253 "https://thebettingexchange.in/?path=//lib64" "Mozilla/5.0 AppleWebKit/537.36 (KHTML, like Gecko; compatible; GPTBot/1.3; +https://openai.com/gptbot)" 804 **0/804064**
57.141.2.60 - - [14/Mar/2026:05:20:35 -0700] "GET /items/1149666742 HTTP/2.0" 200 97145 "-" "meta-externalagent/1.1 (+https://developers.facebook.com/docs/sharing/webmasters/crawler)" 872 **0/872651**
74.7.241.15 - - [14/Mar/2026:05:20:36 -0700] "GET /?path=//lib64/guile/2.0/ccache/sxml/ssax HTTP/2.0" 200 2610 "https://thebettingexchange.in/?path=//lib64/guile/2.0/ccache/sxml" "Mozilla/5.0 AppleWebKit/537.36 (KHTML, like Gecko; compatible; GPTBot/1.3; +https://openai.com/gptbot)" 511 **0/511476**
57.141.2.48 - - [14/Mar/2026:05:20:36 -0700] "GET /items/2969744717 HTTP/2.0" 200 97145 "-" "meta-externalagent/1.1 (+https://developers.facebook.com/docs/sharing/webmasters/crawler)" 839 **0/839071**
57.141.2.18 - - [14/Mar/2026:05:20:36 -0700] "GET /items/2072738707 HTTP/2.0" 200 97145 "-" "meta-externalagent/1.1 (+https://developers.facebook.com/docs/sharing/webmasters/crawler)" 857 **0/857917**
74.7.241.15 - - [14/Mar/2026:05:20:37 -0700] "GET /?path=//lib64/pkgconfig HTTP/2.0" 200 5007 "https://thebettingexchange.in/?path=//lib64" "Mozilla/5.0 AppleWebKit/537.36 (KHTML, like Gecko; compatible; GPTBot/1.3; +https://openai.com/gptbot)" 486 **0/486791**
74.7.241.15 - - [14/Mar/2026:05:20:37 -0700] "GET /?fileloc=//lib64/libmariadb.so.3&path=//lib64 HTTP/2.0" 200 2254 "https://thebettingexchange.in/?path=//lib64" "Mozilla/5.0 AppleWebKit/537.36 (KHTML, like Gecko; compatible; GPTBot/1.3; +https://openai.com/gptbot)" 493 **0/493841**
57.141.2.38 - - [14/Mar/2026:05:20:37 -0700] "GET /items/1880733145 HTTP/2.0" 200 97145 "-" "meta-externalagent/1.1 (+https://developers.facebook.com/docs/sharing/webmasters/crawler)" 886 **0/886381**
57.141.2.12 - - [14/Mar/2026:05:20:37 -0700] "GET /items/1008379653 HTTP/2.0" 200 97145 "-" "meta-externalagent/1.1 (+https://developers.facebook.com/docs/sharing/webmasters/crawler)" 825 **0/825528**
74.7.241.15 - - [14/Mar/2026:05:20:38 -0700] "GET /?path=/home/e9ohhh9viiv2/www/bestsportsbettingexchanges.com/.well-known/pki-validation HTTP/2.0" 200 2657 "https://thebettingexchange.in/?path=/home/e9ohhh9viiv2/www/bestsportsbettingexchanges.com/.well-known" "Mozilla/5.0 AppleWebKit/537.36 (KHTML, like Gecko; compatible; GPTBot/1.3; +https://openai.com/gptbot)" 480 **0/480761**
57.141.2.22 - - [14/Mar/2026:05:20:38 -0700] "GET /items/3238352702 HTTP/2.0" 200 97145 "-" "meta-externalagent/1.1 (+https://developers.facebook.com/docs/sharing/webmasters/crawler)" 829 **0/829147**
57.141.2.2 - - [14/Mar/2026:05:20:39 -0700] "GET /items/144346480 HTTP/2.0" 200 97145 "-" "meta-externalagent/1.1 (+https://developers.facebook.com/docs/sharing/webmasters/crawler)" 830 **0/830782**
74.7.241.15 - - [14/Mar/2026:05:20:39 -0700] "GET /?fileloc=/home/e9ohhh9viiv2/www/sportsbettingexchange.in/.tmb/l1_d3AtY29udGVudC91cGxvYWRzL09yYml0LUV4Y2hhbmdlLTEtR283Snk4LnRtcA1670325288.png&path=/home/e9ohhh9viiv2/www/sportsbettingexchange.in/.tmb HTTP/2.0" 200 2347 "https://thebettingexchange.in/?path=/home/e9ohhh9viiv2/www/sportsbettingexchange.in/.tmb" "Mozilla/5.0 AppleWebKit/537.36 (KHTML, like Gecko; compatible; GPTBot/1.3; +https://openai.com/gptbot)" 489 **0/489774**
57.141.2.52 - - [14/Mar/2026:05:20:39 -0700] "GET /items/1391294988 HTTP/2.0" 200 97145 "-" "meta-externalagent/1.1 (+https://developers.facebook.com/docs/sharing/webmasters/crawler)" 814 **0/814224**
74.7.241.15 - - [14/Mar/2026:05:20:40 -0700] "GET /?fileloc=/home/e9ohhh9viiv2/www/sportsbettingexchange.in/.tmb/l1_d3AtY29udGVudC91cGxvYWRzLzIwMjIvMTEvd2F2ZV9iYWNrZ3JvdW5kLTE1MHgxNTAucG5n1670325283.png&path=/home/e9ohhh9viiv2/www/sportsbettingexchange.in/.tmb HTTP/2.0" 200 2362 "https://thebettingexchange.in/?path=/home/e9ohhh9viiv2/www/sportsbettingexchange.in/.tmb" "Mozilla/5.0 AppleWebKit/537.36 (KHTML, like Gecko; compatible; GPTBot/1.3; +https://openai.com/gptbot)" 472 **0/472865**
57.141.2.41 - - [14/Mar/2026:05:20:40 -0700] "GET /items/1172378213 HTTP/2.0" 200 97145 "-" "meta-externalagent/1.1 (+https://developers.facebook.com/docs/sharing/webmasters/crawler)" 840 **0/840604**
57.141.2.3 - - [14/Mar/2026:05:20:40 -0700] "GET /items/692102908 HTTP/2.0" 403 97145 "-" "meta-externalagent/1.1 (+https://developers.facebook.com/docs/sharing/webmasters/crawler)" 826 **0/826190**
74.7.241.15 - - [14/Mar/2026:05:20:40 -0700] "GET /?fileloc=/home/e9ohhh9viiv2/www/sportsbettingexchange.in/.tmb/l1_d3AtY29udGVudC91cGxvYWRzLzIwMjIvMTEvbG9nby11cGkuc3Zn1673336008.png&path=/home/e9ohhh9viiv2/www/sportsbettingexchange.in/.tmb HTTP/2.0" 200 2343 "https://thebettingexchange.in/?path=/home/e9ohhh9viiv2/www/sportsbettingexchange.in/.tmb" "Mozilla/5.0 AppleWebKit/537.36 (KHTML, like Gecko; compatible; GPTBot/1.3; +https://openai.com/gptbot)" 480 **0/480362**
74.7.241.15 - - [14/Mar/2026:05:20:41 -0700] "GET /?path=//lib64/perl5/auto/B HTTP/2.0" 200 2583 "https://thebettingexchange.in/?path=//lib64/perl5/auto" "Mozilla/5.0 AppleWebKit/537.36 (KHTML, like Gecko; compatible; GPTBot/1.3; +https://openai.com/gptbot)" 469 **0/469948**
57.141.2.49 - - [14/Mar/2026:05:20:41 -0700] "GET /items/4135872066 HTTP/2.0" 403 97145 "-" "meta-externalagent/1.1 (+https://developers.facebook.com/docs/sharing/webmasters/crawler)" 818 **0/818458**
57.141.2.54 - - [14/Mar/2026:05:20:41 -0700] "GET /items/3023480764 HTTP/2.0" 403 97145 "-" "meta-externalagent/1.1 (+https://developers.facebook.com/docs/sharing/webmasters/crawler)" 811 **0/811164**
74.7.241.15 - - [14/Mar/2026:05:20:42 -0700] "GET /?path=/home/e9ohhh9viiv2/www/cricketbetstips.com/.tmb HTTP/2.0" 200 2330 "https://thebettingexchange.in/?path=/home/e9ohhh9viiv2/www/cricketbetstips.com" "Mozilla/5.0 AppleWebKit/537.36 (KHTML, like Gecko; compatible; GPTBot/1.3; +https://openai.com/gptbot)" 476 **0/476246**
57.141.2.36 - - [14/Mar/2026:05:20:42 -0700] "GET /items/500332894 HTTP/2.0" 403 97145 "-" "meta-externalagent/1.1 (+https://developers.facebook.com/docs/sharing/webmasters/crawler)" 849 **0/849724**
57.141.2.65 - - [14/Mar/2026:05:20:42 -0700] "GET /items/3067936270 HTTP/2.0" 403 97145 "-" "meta-externalagent/1.1 (+https://developers.facebook.com/docs/sharing/webmasters/crawler)" 861 **0/861137**
74.7.241.15 - - [14/Mar/2026:05:20:43 -0700] "GET /?path=/home/e9ohhh9viiv2/public_html/bettingexchangesite.org/.well-known/pki-validation HTTP/2.0" 200 2620 "https://thebettingexchange.in/?path=/home/e9ohhh9viiv2/public_html/bettingexchangesite.org/.well-known" "Mozilla/5.0 AppleWebKit/537.36 (KHTML, like Gecko; compatible; GPTBot/1.3; +https://openai.com/gptbot)" 472 **0/472955**
57.141.2.66 - - [14/Mar/2026:05:20:43 -0700] "GET /items/1828945043 HTTP/2.0" 403 97145 "-" "meta-externalagent/1.1 (+https://developers.facebook.com/docs/sharing/webmasters/crawler)" 817 **0/817111**
74.7.241.15 - - [14/Mar/2026:05:20:44 -0700] "GET /?path=//lib64/guile/2.0/ccache/texinfo HTTP/2.0" 200 2804 "https://thebettingexchange.in/?path=//lib64/guile/2.0/ccache" "Mozilla/5.0 AppleWebKit/537.36 (KHTML, like Gecko; compatible; GPTBot/1.3; +https://openai.com/gptbot)" 489 **0/489121**
57.141.2.54 - - [14/Mar/2026:05:20:43 -0700] "GET /items/2580416235 HTTP/2.0" 403 97145 "-" "meta-externalagent/1.1 (+https://developers.facebook.com/docs/sharing/webmasters/crawler)" 846 **0/846682**
57.141.2.2 - - [14/Mar/2026:05:20:44 -0700] "GET /items/3753907195 HTTP/2.0" 403 97145 "-" "meta-externalagent/1.1 (+https://developers.facebook.com/docs/sharing/webmasters/crawler)" 821 **0/821378**
74.7.241.15 - - [14/Mar/2026:05:20:44 -0700] "GET /?path=//lib64/python3.6/wsgiref HTTP/2.0" 200 2814 "https://thebettingexchange.in/?path=//lib64/python3.6" "Mozilla/5.0 AppleWebKit/537.36 (KHTML, like Gecko; compatible; GPTBot/1.3; +https://openai.com/gptbot)" 488 **0/488501**
57.141.2.16 - - [14/Mar/2026:05:20:45 -0700] "GET /items/466488408 HTTP/2.0" 403 97145 "-" "meta-externalagent/1.1 (+https://developers.facebook.com/docs/sharing/webmasters/crawler)" 842 **0/842654**
74.7.241.15 - - [14/Mar/2026:05:20:45 -0700] "GET /?path=//lib64/python3.12/site-packages HTTP/2.0" 200 2666 "https://thebettingexchange.in/?path=//lib64/python3.12" "Mozilla/5.0 AppleWebKit/537.36 (KHTML, like Gecko; compatible; GPTBot/1.3; +https://openai.com/gptbot)" 484 **0/484064**
57.141.2.69 - - [14/Mar/2026:05:20:45 -0700] "GET /items/1486410134 HTTP/2.0" 403 97145 "-" "meta-externalagent/1.1 (+https://developers.facebook.com/docs/sharing/webmasters/crawler)" 835 **0/835989**
74.7.241.15 - - [14/Mar/2026:05:20:46 -0700] "GET /?path=//lib64/python3.8/urllib HTTP/2.0" 200 2801 "https://thebettingexchange.in/?path=//lib64/python3.8" "Mozilla/5.0 AppleWebKit/537.36 (KHTML, like Gecko; compatible; GPTBot/1.3; +https://openai.com/gptbot)" 481 **0/481328**
57.141.2.1 - - [14/Mar/2026:05:20:46 -0700] "GET /items/298828457 HTTP/2.0" 403 97145 "-" "meta-externalagent/1.1 (+https://developers.facebook.com/docs/sharing/webmasters/crawler)" 845 **0/845328**
57.141.2.18 - - [14/Mar/2026:05:20:46 -0700] "GET /items/2216631332 HTTP/2.0" 403 97145 "-" "meta-externalagent/1.1 (+https://developers.facebook.com/docs/sharing/webmasters/crawler)" 831 **0/831624**
74.7.241.15 - - [14/Mar/2026:05:20:47 -0700] "GET /?path=//lib64/python3.6/urllib HTTP/2.0" 200 2800 "https://thebettingexchange.in/?path=//lib64/python3.6" "Mozilla/5.0 AppleWebKit/537.36 (KHTML, like Gecko; compatible; GPTBot/1.3; +https://openai.com/gptbot)" 484 **0/484083**
57.141.2.43 - - [14/Mar/2026:05:20:47 -0700] "GET /items/715422356 HTTP/2.0" 403 97145 "-" "meta-externalagent/1.1 (+https://developers.facebook.com/docs/sharing/webmasters/crawler)" 854 **0/854733**
74.7.241.15 - - [14/Mar/2026:05:20:48 -0700] "GET /?fileloc=//lib64/python2.7/lib-tk/test/test_ttk/support.pyc&path=//lib64/python2.7/lib-tk/test/test_ttk HTTP/2.0" 200 2296 "https://thebettingexchange.in/?path=//lib64/python2.7/lib-tk/test/test_ttk" "Mozilla/5.0 AppleWebKit/537.36 (KHTML, like Gecko; compatible; GPTBot/1.3; +https://openai.com/gptbot)" 480 **0/480207**
57.141.2.9 - - [14/Mar/2026:05:20:47 -0700] "GET /items/202039700 HTTP/2.0" 403 97145 "-" "meta-externalagent/1.1 (+https://developers.facebook.com/docs/sharing/webmasters/crawler)" 831 **0/831775**
57.141.2.67 - - [14/Mar/2026:05:20:48 -0700] "GET /items/3234131669 HTTP/2.0" 403 97145 "-" "meta-externalagent/1.1 (+https://developers.facebook.com/docs/sharing/webmasters/crawler)" 842 **0/842637**
74.7.241.15 - - [14/Mar/2026:05:20:48 -0700] "GET /?path=/home/e9ohhh9viiv2/public_html/bettingexchangesite.org/images/images/images HTTP/2.0" 200 2739 "https://thebettingexchange.in/?path=/home/e9ohhh9viiv2/public_html/bettingexchangesite.org/images/images" "Mozilla/5.0 AppleWebKit/537.36 (KHTML, like Gecko; compatible; GPTBot/1.3; +https://openai.com/gptbot)" 491 **0/491522**
2.88.110.224 - - [14/Mar/2026:05:20:49 -0700] "GET /beste-online-spill-spinbetter-app-for-pc-couch-potato-spilleautomat-gamescale-spill-online-casino-inne-i-norge-2024-%e5%85%83%e5%bf%97%e7%a7%91%e6%8a%80%e6%9c%89%e9%99%90%e5%85%ac%e5%8f%b8-limba/ HTTP/1.1" 200 4874 "-" "Mozilla/5.0 (Macintosh; U; Intel Mac OS X 10_6_2; en-US) AppleWebKit/533.4 (KHTML, like Gecko) Chrome/5.0.375.99 Safari/533.4" 483 **0/483037**
57.141.2.7 - - [14/Mar/2026:05:20:48 -0700] "GET /items/3214479681 HTTP/2.0" 403 97145 "-" "meta-externalagent/1.1 (+https://developers.facebook.com/docs/sharing/webmasters/crawler)" 806 **0/806988**
74.7.241.15 - - [14/Mar/2026:05:20:49 -0700] "GET /?path=/home/e9ohhh9viiv2/www/indiancricketteams.com/cgi-bin HTTP/2.0" 200 2330 "https://thebettingexchange.in/?path=/home/e9ohhh9viiv2/www/indiancricketteams.com" "Mozilla/5.0 AppleWebKit/537.36 (KHTML, like Gecko; compatible; GPTBot/1.3; +https://openai.com/gptbot)" 476 **0/476701**
57.141.2.17 - - [14/Mar/2026:05:20:49 -0700] "GET /items/781354807 HTTP/2.0" 403 97145 "-" "meta-externalagent/1.1 (+https://developers.facebook.com/docs/sharing/webmasters/crawler)" 836 **0/836334**
57.141.2.12 - - [14/Mar/2026:05:20:49 -0700] "GET /items/21537485 HTTP/2.0" 403 97145 "-" "meta-externalagent/1.1 (+https://developers.facebook.com/docs/sharing/webmasters/crawler)" 825 **0/825912**
74.7.241.15 - - [14/Mar/2026:05:20:50 -0700] "GET /?fileloc=//lib64/libhdf5.so.103&path=//lib64 HTTP/2.0" 200 2253 "https://thebettingexchange.in/?path=//lib64" "Mozilla/5.0 AppleWebKit/537.36 (KHTML, like Gecko; compatible; GPTBot/1.3; +https://openai.com/gptbot)" 493 **0/493645**
57.141.2.49 - - [14/Mar/2026:05:20:50 -0700] "GET /items/3047848206 HTTP/2.0" 403 97145 "-" "meta-externalagent/1.1 (+https://developers.facebook.com/docs/sharing/webmasters/crawler)" 825 **0/825204**
57.141.2.14 - - [14/Mar/2026:05:20:50 -0700] "GET /items/3276363644 HTTP/2.0" 403 97145 "-" "meta-externalagent/1.1 (+https://developers.facebook.com/docs/sharing/webmasters/crawler)" 829 **0/829829**
74.7.241.15 - - [14/Mar/2026:05:20:51 -0700] "GET /?path=//lib64/perl5/Tie HTTP/2.0" 200 2555 "https://thebettingexchange.in/?path=//lib64/perl5" "Mozilla/5.0 AppleWebKit/537.36 (KHTML, like Gecko; compatible; GPTBot/1.3; +https://openai.com/gptbot)" 528 **0/528097**
74.7.241.15 - - [14/Mar/2026:05:20:52 -0700] "GET /?path=//lib64/guile/2.0/ccache/system/repl HTTP/2.0" 200 2800 "https://thebettingexchange.in/?path=//lib64/guile/2.0/ccache/system" "Mozilla/5.0 AppleWebKit/537.36 (KHTML, like Gecko; compatible; GPTBot/1.3; +https://openai.com/gptbot)" 492 **0/492936**
57.141.2.45 - - [14/Mar/2026:05:20:51 -0700] "GET /items/3663281563 HTTP/2.0" 403 97145 "-" "meta-externalagent/1.1 (+https://developers.facebook.com/docs/sharing/webmasters/crawler)" 848 **0/848171**
57.141.2.1 - - [14/Mar/2026:05:20:52 -0700] "GET /items/1198929557 HTTP/2.0" 403 97145 "-" "meta-externalagent/1.1 (+https://developers.facebook.com/docs/sharing/webmasters/crawler)" 816 **0/816659**
74.7.241.15 - - [14/Mar/2026:05:20:52 -0700] "GET /?fileloc=//lib64/guile/2.0/ccache/texinfo/reflection.go&path=//lib64/guile/2.0/ccache/texinfo HTTP/2.0" 200 2291 "https://thebettingexchange.in/?path=//lib64/guile/2.0/ccache/texinfo" "Mozilla/5.0 AppleWebKit/537.36 (KHTML, like Gecko; compatible; GPTBot/1.3; +https://openai.com/gptbot)" 478 **0/478744**
57.141.2.36 - - [14/Mar/2026:05:20:52 -0700] "GET /items/1622251656 HTTP/2.0" 403 97145 "-" "meta-externalagent/1.1 (+https://developers.facebook.com/docs/sharing/webmasters/crawler)" 824 **0/824106**
74.7.241.15 - - [14/Mar/2026:05:20:53 -0700] "GET /?path=//lib64/gtk-2.0 HTTP/2.0" 200 2597 "https://thebettingexchange.in/?path=//lib64" "Mozilla/5.0 AppleWebKit/537.36 (KHTML, like Gecko; compatible; GPTBot/1.3; +https://openai.com/gptbot)" 472 **0/472815**
57.141.2.49 - - [14/Mar/2026:05:20:53 -0700] "GET /items/3795892529 HTTP/2.0" 403 97145 "-" "meta-externalagent/1.1 (+https://developers.facebook.com/docs/sharing/webmasters/crawler)" 843 **0/843735**
57.141.2.51 - - [14/Mar/2026:05:20:53 -0700] "GET /items/2367617034 HTTP/2.0" 403 97145 "-" "meta-externalagent/1.1 (+https://developers.facebook.com/docs/sharing/webmasters/crawler)" 819 **0/819293**
74.7.241.15 - - [14/Mar/2026:05:20:54 -0700] "GET /?path=/home/e9ohhh9viiv2/logs HTTP/2.0" 200 5159 "https://thebettingexchange.in/?path=/home/e9ohhh9viiv2" "Mozilla/5.0 AppleWebKit/537.36 (KHTML, like Gecko; compatible; GPTBot/1.3; +https://openai.com/gptbot)" 483 **0/483009**
57.141.2.64 - - [14/Mar/2026:05:20:54 -0700] "GET /items/3087253367 HTTP/2.0" 403 97145 "-" "meta-externalagent/1.1 (+https://developers.facebook.com/docs/sharing/webmasters/crawler)" 825 **0/825215**
74.7.241.15 - - [14/Mar/2026:05:20:55 -0700] "GET /?path=//lib64/python3.8/urllib/__pycache__ HTTP/2.0" 200 2993 "https://thebettingexchange.in/?path=//lib64/python3.8/urllib" "Mozilla/5.0 AppleWebKit/537.36 (KHTML, like Gecko; compatible; GPTBot/1.3; +https://openai.com/gptbot)" 489 **0/489207**
57.141.2.71 - - [14/Mar/2026:05:20:54 -0700] "GET /items/3457357814 HTTP/2.0" 403 97145 "-" "meta-externalagent/1.1 (+https://developers.facebook.com/docs/sharing/webmasters/crawler)" 828 **0/828914**
74.7.241.15 - - [14/Mar/2026:05:20:56 -0700] "GET /?path=//lib64/python3.6/urllib/__pycache__ HTTP/2.0" 200 2991 "https://thebettingexchange.in/?path=//lib64/python3.6/urllib" "Mozilla/5.0 AppleWebKit/537.36 (KHTML, like Gecko; compatible; GPTBot/1.3; +https://openai.com/gptbot)" 483 **0/483103**
57.141.2.47 - - [14/Mar/2026:05:20:55 -0700] "GET /items/3047205371 HTTP/2.0" 403 97145 "-" "meta-externalagent/1.1 (+https://developers.facebook.com/docs/sharing/webmasters/crawler)" 843 **0/843656**
57.141.2.25 - - [14/Mar/2026:05:20:56 -0700] "GET /items/1137555275 HTTP/2.0" 403 97145 "-" "meta-externalagent/1.1 (+https://developers.facebook.com/docs/sharing/webmasters/crawler)" 865 **0/865916**
74.7.241.15 - - [14/Mar/2026:05:20:56 -0700] "GET /?path=/home/e9ohhh9viiv2/ssl HTTP/2.0" 200 2707 "https://thebettingexchange.in/?path=/home/e9ohhh9viiv2" "Mozilla/5.0 AppleWebKit/537.36 (KHTML, like Gecko; compatible; GPTBot/1.3; +https://openai.com/gptbot)" 489 **0/489994**
57.141.2.71 - - [14/Mar/2026:05:20:56 -0700] "GET /items/1221578610 HTTP/2.0" 403 97145 "-" "meta-externalagent/1.1 (+https://developers.facebook.com/docs/sharing/webmasters/crawler)" 850 **0/850578**
57.141.2.6 - - [14/Mar/2026:05:20:57 -0700] "GET /items/1541979153 HTTP/2.0" 403 97145 "-" "meta-externalagent/1.1 (+https://developers.facebook.com/docs/sharing/webmasters/crawler)" 851 **0/851698**
74.7.241.15 - - [14/Mar/2026:05:20:57 -0700] "GET /?path=//lib64/python3.6/ctypes HTTP/2.0" 200 2790 "https://thebettingexchange.in/?path=//lib64/python3.6" "Mozilla/5.0 AppleWebKit/537.36 (KHTML, like Gecko; compatible; GPTBot/1.3; +https://openai.com/gptbot)" 486 **0/486985**
57.141.2.56 - - [14/Mar/2026:05:20:57 -0700] "GET /items/3103803535 HTTP/2.0" 403 97145 "-" "meta-externalagent/1.1 (+https://developers.facebook.com/docs/sharing/webmasters/crawler)" 844 **0/844183**
74.7.241.15 - - [14/Mar/2026:05:20:58 -0700] "GET /?path=//lib64/python3.12/zipfile/_path/__pycache__ HTTP/2.0" 200 2737 "https://thebettingexchange.in/?path=//lib64/python3.12/zipfile/_path" "Mozilla/5.0 AppleWebKit/537.36 (KHTML, like Gecko; compatible; GPTBot/1.3; +https://openai.com/gptbot)" 491 **0/491927**
57.141.2.56 - - [14/Mar/2026:05:20:58 -0700] "GET /items/606821514 HTTP/2.0" 403 97145 "-" "meta-externalagent/1.1 (+https://developers.facebook.com/docs/sharing/webmasters/crawler)" 855 **0/855726**
57.141.2.57 - - [14/Mar/2026:05:20:58 -0700] "GET /items/2146398217 HTTP/2.0" 403 97145 "-" "meta-externalagent/1.1 (+https://developers.facebook.com/docs/sharing/webmasters/crawler)" 849 **0/849466**
74.7.241.15 - - [14/Mar/2026:05:20:59 -0700] "GET /?path=/home/e9ohhh9viiv2/www/indiabettingexchange.in/.tmb HTTP/2.0" 200 2331 "https://thebettingexchange.in/?path=/home/e9ohhh9viiv2/www/indiabettingexchange.in" "Mozilla/5.0 AppleWebKit/537.36 (KHTML, like Gecko; compatible; GPTBot/1.3; +https://openai.com/gptbot)" 505 **0/505080**
57.141.2.64 - - [14/Mar/2026:05:20:59 -0700] "GET /items/3381500694 HTTP/2.0" 403 97145 "-" "meta-externalagent/1.1 (+https://developers.facebook.com/docs/sharing/webmasters/crawler)" 880 **0/880343**
74.7.241.15 - - [14/Mar/2026:05:21:00 -0700] "GET /?fileloc=//lib64/libgettextpo.so&path=//lib64 HTTP/2.0" 200 2253 "https://thebettingexchange.in/?path=//lib64" "Mozilla/5.0 AppleWebKit/537.36 (KHTML, like Gecko; compatible; GPTBot/1.3; +https://openai.com/gptbot)" 484 **0/484982**
57.141.2.6 - - [14/Mar/2026:05:21:00 -0700] "GET /items/1354416710 HTTP/2.0" 403 97145 "-" "meta-externalagent/1.1 (+https://developers.facebook.com/docs/sharing/webmasters/crawler)" 846 **0/846945**
74.7.241.15 - - [14/Mar/2026:05:21:00 -0700] "GET /?fileloc=//lib64/libmysqlclient.a&path=//lib64 HTTP/2.0" 200 2254 "https://thebettingexchange.in/?path=//lib64" "Mozilla/5.0 AppleWebKit/537.36 (KHTML, like Gecko; compatible; GPTBot/1.3; +https://openai.com/gptbot)" 509 **0/509835**
85.208.96.195 - - [14/Mar/2026:05:21:00 -0700] "GET /2-%EF%BF%BD-ideal-high-rtp-online-slots-website-to-possess-modern-jackpots/ HTTP/1.1" 200 4874 "-" "Mozilla/5.0 (compatible; SemrushBot/7~bl; +http://www.semrush.com/bot.html)" 509 **0/509503**
57.141.2.70 - - [14/Mar/2026:05:21:00 -0700] "GET /items/4247797030 HTTP/2.0" 403 97145 "-" "meta-externalagent/1.1 (+https://developers.facebook.com/docs/sharing/webmasters/crawler)" 857 **0/857953**
57.141.2.21 - - [14/Mar/2026:05:21:01 -0700] "GET /items/2753550973 HTTP/2.0" 403 97145 "-" "meta-externalagent/1.1 (+https://developers.facebook.com/docs/sharing/webmasters/crawler)" 846 **0/846475**
74.7.241.15 - - [14/Mar/2026:05:21:01 -0700] "GET /?fileloc=//lib64/libfontconfig.so&path=//lib64 HTTP/2.0" 200 2252 "https://thebettingexchange.in/?path=//lib64" "Mozilla/5.0 AppleWebKit/537.36 (KHTML, like Gecko; compatible; GPTBot/1.3; +https://openai.com/gptbot)" 523 **0/523641**
57.141.2.30 - - [14/Mar/2026:05:21:01 -0700] "GET /items/1467189044 HTTP/2.0" 403 97145 "-" "meta-externalagent/1.1 (+https://developers.facebook.com/docs/sharing/webmasters/crawler)" 874 **0/874343**
74.7.241.15 - - [14/Mar/2026:05:21:02 -0700] "GET /?path=//lib64/gtk-2.0/modules HTTP/2.0" 200 2623 "https://thebettingexchange.in/?path=//lib64/gtk-2.0" "Mozilla/5.0 AppleWebKit/537.36 (KHTML, like Gecko; compatible; GPTBot/1.3; +https://openai.com/gptbot)" 500 **0/500867**
57.141.2.23 - - [14/Mar/2026:05:21:02 -0700] "GET /items/3190814875 HTTP/2.0" 403 97145 "-" "meta-externalagent/1.1 (+https://developers.facebook.com/docs/sharing/webmasters/crawler)" 863 **0/863890**
57.141.2.60 - - [14/Mar/2026:05:21:02 -0700] "GET /items/2031718863 HTTP/2.0" 403 97145 "-" "meta-externalagent/1.1 (+https://developers.facebook.com/docs/sharing/webmasters/crawler)" 840 **0/840633**
74.7.241.15 - - [14/Mar/2026:05:21:03 -0700] "GET /?fileloc=/home/e9ohhh9viiv2/logs/germanybettingexchange.thebettingexchange.in-Feb-2026.gz&path=/home/e9ohhh9viiv2/logs HTTP/2.0" 200 2278 "https://thebettingexchange.in/?path=/home/e9ohhh9viiv2/logs" "Mozilla/5.0 AppleWebKit/537.36 (KHTML, like Gecko; compatible; GPTBot/1.3; +https://openai.com/gptbot)" 510 **0/510259**
57.141.2.38 - - [14/Mar/2026:05:21:03 -0700] "GET /items/3745331005 HTTP/2.0" 403 97145 "-" "meta-externalagent/1.1 (+https://developers.facebook.com/docs/sharing/webmasters/crawler)" 850 **0/850912**
74.7.241.15 - - [14/Mar/2026:05:21:04 -0700] "GET /?fileloc=/home/e9ohhh9viiv2/logs/spainbettingexchange.thebettingexchange.in-ssl_log-Feb-2026.gz&path=/home/e9ohhh9viiv2/logs HTTP/2.0" 200 2282 "https://thebettingexchange.in/?path=/home/e9ohhh9viiv2/logs" "Mozilla/5.0 AppleWebKit/537.36 (KHTML, like Gecko; compatible; GPTBot/1.3; +https://openai.com/gptbot)" 501 **0/501076**
57.141.2.55 - - [14/Mar/2026:05:21:03 -0700] "GET /items/3351820817 HTTP/2.0" 403 97145 "-" "meta-externalagent/1.1 (+https://developers.facebook.com/docs/sharing/webmasters/crawler)" 862 **0/862268**
57.141.2.20 - - [14/Mar/2026:05:21:04 -0700] "GET /items/4118353009 HTTP/2.0" 403 97145 "-" "meta-externalagent/1.1 (+https://developers.facebook.com/docs/sharing/webmasters/crawler)" 843 **0/843817**
74.7.241.15 - - [14/Mar/2026:05:21:04 -0700] "GET /?fileloc=/home/e9ohhh9viiv2/logs/todayiplmatchscore.thebettingexchange.in-Mar-2026.gz&path=/home/e9ohhh9viiv2/logs HTTP/2.0" 200 2282 "https://thebettingexchange.in/?path=/home/e9ohhh9viiv2/logs" "Mozilla/5.0 AppleWebKit/537.36 (KHTML, like Gecko; compatible; GPTBot/1.3; +https://openai.com/gptbot)" 480 **0/480398**
57.141.2.45 - - [14/Mar/2026:05:21:04 -0700] "GET /items/2528447142 HTTP/2.0" 403 97145 "-" "meta-externalagent/1.1 (+https://developers.facebook.com/docs/sharing/webmasters/crawler)" 846 **0/846500**
57.141.2.25 - - [14/Mar/2026:05:21:05 -0700] "GET /items/571663635 HTTP/2.0" 403 97145 "-" "meta-externalagent/1.1 (+https://developers.facebook.com/docs/sharing/webmasters/crawler)" 830 **0/830706**
74.7.241.15 - - [14/Mar/2026:05:21:05 -0700] "GET /?fileloc=/home/e9ohhh9viiv2/logs/livecricketscoreipl.thebettingexchange.in-ssl_log-Mar-2026.gz&path=/home/e9ohhh9viiv2/logs HTTP/2.0" 200 2291 "https://thebettingexchange.in/?path=/home/e9ohhh9viiv2/logs" "Mozilla/5.0 AppleWebKit/537.36 (KHTML, like Gecko; compatible; GPTBot/1.3; +https://openai.com/gptbot)" 486 **0/486033**
57.141.2.32 - - [14/Mar/2026:05:21:05 -0700] "GET /items/3141224588 HTTP/2.0" 403 97145 "-" "meta-externalagent/1.1 (+https://developers.facebook.com/docs/sharing/webmasters/crawler)" 819 **0/819054**
74.7.241.15 - - [14/Mar/2026:05:21:06 -0700] "GET /?path=//lib64/gtk-2.0/immodules HTTP/2.0" 200 2320 "https://thebettingexchange.in/?path=//lib64/gtk-2.0" "Mozilla/5.0 AppleWebKit/537.36 (KHTML, like Gecko; compatible; GPTBot/1.3; +https://openai.com/gptbot)" 516 **0/516819**
57.141.2.33 - - [14/Mar/2026:05:21:06 -0700] "GET /items/4206571339 HTTP/2.0" 403 97145 "-" "meta-externalagent/1.1 (+https://developers.facebook.com/docs/sharing/webmasters/crawler)" 852 **0/852519**
74.7.241.15 - - [14/Mar/2026:05:21:07 -0700] "GET /?path=/home/e9ohhh9viiv2/ssl/certs HTTP/2.0" 200 9437 "https://thebettingexchange.in/?path=/home/e9ohhh9viiv2/ssl" "Mozilla/5.0 AppleWebKit/537.36 (KHTML, like Gecko; compatible; GPTBot/1.3; +https://openai.com/gptbot)" 482 **0/482462**
57.141.2.39 - - [14/Mar/2026:05:21:07 -0700] "GET /items/2026063629 HTTP/2.0" 403 97145 "-" "meta-externalagent/1.1 (+https://developers.facebook.com/docs/sharing/webmasters/crawler)" 816 **0/816855**
74.7.241.15 - - [14/Mar/2026:05:21:08 -0700] "GET /?path=//lib64/python3.6/ctypes/__pycache__ HTTP/2.0" 200 2863 "https://thebettingexchange.in/?path=//lib64/python3.6/ctypes" "Mozilla/5.0 AppleWebKit/537.36 (KHTML, like Gecko; compatible; GPTBot/1.3; +https://openai.com/gptbot)" 485 **0/485856**
57.141.2.56 - - [14/Mar/2026:05:21:07 -0700] "GET /items/3023134808 HTTP/2.0" 403 97145 "-" "meta-externalagent/1.1 (+https://developers.facebook.com/docs/sharing/webmasters/crawler)" 842 **0/842827**
57.141.2.33 - - [14/Mar/2026:05:21:08 -0700] "GET /items/3499788823 HTTP/2.0" 403 97145 "-" "meta-externalagent/1.1 (+https://developers.facebook.com/docs/sharing/webmasters/crawler)" 834 **0/834507**
74.7.241.15 - - [14/Mar/2026:05:21:08 -0700] "GET /?path=/home/e9ohhh9viiv2/www/cricketbetstips.com/.well-known HTTP/2.0" 200 2583 "https://thebettingexchange.in/?path=/home/e9ohhh9viiv2/www/cricketbetstips.com" "Mozilla/5.0 AppleWebKit/537.36 (KHTML, like Gecko; compatible; GPTBot/1.3; +https://openai.com/gptbot)" 505 **0/505220**
57.141.2.34 - - [14/Mar/2026:05:21:08 -0700] "GET /items/2709117878 HTTP/2.0" 403 97145 "-" "meta-externalagent/1.1 (+https://developers.facebook.com/docs/sharing/webmasters/crawler)" 837 **0/837643**
74.7.241.15 - - [14/Mar/2026:05:21:09 -0700] "GET /?fileloc=//lib64/perl5/Config.pod&path=//lib64/perl5 HTTP/2.0" 200 47646 "https://thebettingexchange.in/?path=//lib64/perl5" "Mozilla/5.0 AppleWebKit/537.36 (KHTML, like Gecko; compatible; GPTBot/1.3; +https://openai.com/gptbot)" 518 **0/518502**
57.141.2.69 - - [14/Mar/2026:05:21:09 -0700] "GET /items/3211745811 HTTP/2.0" 403 97145 "-" "meta-externalagent/1.1 (+https://developers.facebook.com/docs/sharing/webmasters/crawler)" 854 **0/854010**
57.141.2.6 - - [14/Mar/2026:05:21:09 -0700] "GET /items/1876977905 HTTP/2.0" 403 97145 "-" "meta-externalagent/1.1 (+https://developers.facebook.com/docs/sharing/webmasters/crawler)" 818 **0/818765**
74.7.241.15 - - [14/Mar/2026:05:21:10 -0700] "GET /?fileloc=//lib64/libisccfg.so.163&path=//lib64 HTTP/2.0" 200 2254 "https://thebettingexchange.in/?path=//lib64" "Mozilla/5.0 AppleWebKit/537.36 (KHTML, like Gecko; compatible; GPTBot/1.3; +https://openai.com/gptbot)" 482 **0/482355**
57.141.2.28 - - [14/Mar/2026:05:21:10 -0700] "GET /items/4088851630 HTTP/2.0" 403 97145 "-" "meta-externalagent/1.1 (+https://developers.facebook.com/docs/sharing/webmasters/crawler)" 823 **0/823607**
74.7.241.15 - - [14/Mar/2026:05:21:11 -0700] "GET /?fileloc=//lib64/liblwres.so.161&path=//lib64 HTTP/2.0" 200 2254 "https://thebettingexchange.in/?path=//lib64" "Mozilla/5.0 AppleWebKit/537.36 (KHTML, like Gecko; compatible; GPTBot/1.3; +https://openai.com/gptbot)" 494 **0/494187**
57.141.2.50 - - [14/Mar/2026:05:21:10 -0700] "GET /items/639969448 HTTP/2.0" 403 97145 "-" "meta-externalagent/1.1 (+https://developers.facebook.com/docs/sharing/webmasters/crawler)" 818 **0/818430**
57.141.2.22 - - [14/Mar/2026:05:21:11 -0700] "GET /items/233835212 HTTP/2.0" 403 97145 "-" "meta-externalagent/1.1 (+https://developers.facebook.com/docs/sharing/webmasters/crawler)" 853 **0/853265**
74.7.241.15 - - [14/Mar/2026:05:21:11 -0700] "GET /?path=//lib64/python3.6/wsgiref/__pycache__ HTTP/2.0" 200 3003 "https://thebettingexchange.in/?path=//lib64/python3.6/wsgiref" "Mozilla/5.0 AppleWebKit/537.36 (KHTML, like Gecko; compatible; GPTBot/1.3; +https://openai.com/gptbot)" 480 **0/480127**
57.141.2.49 - - [14/Mar/2026:05:21:12 -0700] "GET /items/2084042524 HTTP/2.0" 403 97145 "-" "meta-externalagent/1.1 (+https://developers.facebook.com/docs/sharing/webmasters/crawler)" 826 **0/826421**
74.7.241.15 - - [14/Mar/2026:05:21:12 -0700] "GET /?path=//lib64/tcl8.6/Tix8.4.3 HTTP/2.0" 200 4537 "https://thebettingexchange.in/?path=//lib64/tcl8.6" "Mozilla/5.0 AppleWebKit/537.36 (KHTML, like Gecko; compatible; GPTBot/1.3; +https://openai.com/gptbot)" 489 **0/489350**
57.141.2.20 - - [14/Mar/2026:05:21:12 -0700] "GET /items/3771175132 HTTP/2.0" 403 97145 "-" "meta-externalagent/1.1 (+https://developers.facebook.com/docs/sharing/webmasters/crawler)" 860 **0/860304**
74.7.241.15 - - [14/Mar/2026:05:21:13 -0700] "GET /?path=/home/e9ohhh9viiv2/tmp/awstats/ssl HTTP/2.0" 200 18166 "https://thebettingexchange.in/?path=/home/e9ohhh9viiv2/tmp/awstats" "Mozilla/5.0 AppleWebKit/537.36 (KHTML, like Gecko; compatible; GPTBot/1.3; +https://openai.com/gptbot)" 540 **0/540460**
57.141.2.49 - - [14/Mar/2026:05:21:13 -0700] "GET /items/1269938486 HTTP/2.0" 403 97145 "-" "meta-externalagent/1.1 (+https://developers.facebook.com/docs/sharing/webmasters/crawler)" 818 **0/818614**
57.141.2.28 - - [14/Mar/2026:05:21:13 -0700] "GET /items/3308662418 HTTP/2.0" 403 97145 "-" "meta-externalagent/1.1 (+https://developers.facebook.com/docs/sharing/webmasters/crawler)" 816 **0/816869**
74.7.241.15 - - [14/Mar/2026:05:21:14 -0700] "GET /?path=//lib64/python3.6/email HTTP/2.0" 200 3311 "https://thebettingexchange.in/?path=//lib64/python3.6" "Mozilla/5.0 AppleWebKit/537.36 (KHTML, like Gecko; compatible; GPTBot/1.3; +https://openai.com/gptbot)" 487 **0/487041**
57.141.2.14 - - [14/Mar/2026:05:21:14 -0700] "GET /items/3683406157 HTTP/2.0" 403 97145 "-" "meta-externalagent/1.1 (+https://developers.facebook.com/docs/sharing/webmasters/crawler)" 841 **0/841037**
74.7.241.15 - - [14/Mar/2026:05:21:15 -0700] "GET /?path=//lib64/python2.7/bsddb HTTP/2.0" 200 3012 "https://thebettingexchange.in/?path=//lib64/python2.7" "Mozilla/5.0 AppleWebKit/537.36 (KHTML, like Gecko; compatible; GPTBot/1.3; +https://openai.com/gptbot)" 482 **0/482331**
57.141.2.60 - - [14/Mar/2026:05:21:14 -0700] "GET /items/4115344571 HTTP/2.0" 403 97145 "-" "meta-externalagent/1.1 (+https://developers.facebook.com/docs/sharing/webmasters/crawler)" 825 **0/825659**
57.141.2.37 - - [14/Mar/2026:05:21:15 -0700] "GET /items/1123618037 HTTP/2.0" 403 97145 "-" "meta-externalagent/1.1 (+https://developers.facebook.com/docs/sharing/webmasters/crawler)" 851 **0/851086**
47.82.11.92 - - [14/Mar/2026:05:21:15 -0700] "GET /betvictor-sports-betting-offers-online-casino-bonuses/ HTTP/1.1" 200 4197 "https://thebettingexchange.in/" "Mozilla/5.0 (Windows NT 10.0; Win64; x64) AppleWebKit/537.36 (KHTML, like Gecko) Chrome/134.0.0.0 Safari/537.36" 476 **0/476922**
74.7.241.15 - - [14/Mar/2026:05:21:15 -0700] "GET /?fileloc=/home/e9ohhh9viiv2/ssl/certs/iplwinnerlist_com_efbeb_41761_1762409293_3073eb16c42c8afc356411ab6064d125.crt.cache&path=/home/e9ohhh9viiv2/ssl/certs HTTP/2.0" 200 5061 "https://thebettingexchange.in/?path=/home/e9ohhh9viiv2/ssl/certs" "Mozilla/5.0 AppleWebKit/537.36 (KHTML, like Gecko; compatible; GPTBot/1.3; +https://openai.com/gptbot)" 491 **0/491780**
57.141.2.58 - - [14/Mar/2026:05:21:16 -0700] "GET /items/3822662338 HTTP/2.0" 403 97145 "-" "meta-externalagent/1.1 (+https://developers.facebook.com/docs/sharing/webmasters/crawler)" 831 **0/831849**
74.7.241.15 - - [14/Mar/2026:05:21:16 -0700] "GET /?fileloc=/home/e9ohhh9viiv2/ssl/certs/iplpointtables_com_c05b5_c2819_1767193601_41fcaea1ff17c49230c5055314693bf2.crt.cache&path=/home/e9ohhh9viiv2/ssl/certs HTTP/2.0" 200 5026 "https://thebettingexchange.in/?path=/home/e9ohhh9viiv2/ssl/certs" "Mozilla/5.0 AppleWebKit/537.36 (KHTML, like Gecko; compatible; GPTBot/1.3; +https://openai.com/gptbot)" 487 **0/487165**
57.141.2.61 - - [14/Mar/2026:05:21:16 -0700] "GET /items/1375152033 HTTP/2.0" 403 97145 "-" "meta-externalagent/1.1 (+https://developers.facebook.com/docs/sharing/webmasters/crawler)" 839 **0/839982**
74.7.241.15 - - [14/Mar/2026:05:21:17 -0700] "GET /?fileloc=/home/e9ohhh9viiv2/ssl/certs/cpanel_iplwinnerslist_in_c84ba_26119_1772399268_36cecd8c11690a60038d13dc87ae9f4b.crt&path=/home/e9ohhh9viiv2/ssl/certs HTTP/2.0" 200 3812 "https://thebettingexchange.in/?path=/home/e9ohhh9viiv2/ssl/certs" "Mozilla/5.0 AppleWebKit/537.36 (KHTML, like Gecko; compatible; GPTBot/1.3; +https://openai.com/gptbot)" 487 **0/487632**
57.141.2.49 - - [14/Mar/2026:05:21:17 -0700] "GET /items/3208677950 HTTP/2.0" 403 97145 "-" "meta-externalagent/1.1 (+https://developers.facebook.com/docs/sharing/webmasters/crawler)" 880 **0/880408**
57.141.2.36 - - [14/Mar/2026:05:21:17 -0700] "GET /items/1698611752 HTTP/2.0" 403 97145 "-" "meta-externalagent/1.1 (+https://developers.facebook.com/docs/sharing/webmasters/crawler)" 832 **0/832153**
74.7.241.15 - - [14/Mar/2026:05:21:18 -0700] "GET /?path=/home/e9ohhh9viiv2/www/cricketbetstips.com/.well-known/acme-challenge HTTP/2.0" 200 2351 "https://thebettingexchange.in/?path=/home/e9ohhh9viiv2/www/cricketbetstips.com/.well-known" "Mozilla/5.0 AppleWebKit/537.36 (KHTML, like Gecko; compatible; GPTBot/1.3; +https://openai.com/gptbot)" 495 **0/495901**
57.141.2.69 - - [14/Mar/2026:05:21:18 -0700] "GET /items/3195789288 HTTP/2.0" 403 97145 "-" "meta-externalagent/1.1 (+https://developers.facebook.com/docs/sharing/webmasters/crawler)" 839 **0/839511**
57.141.2.29 - - [14/Mar/2026:05:21:18 -0700] "GET /items/3262935507 HTTP/2.0" 403 97145 "-" "meta-externalagent/1.1 (+https://developers.facebook.com/docs/sharing/webmasters/crawler)" 830 **0/830742**
74.7.241.15 - - [14/Mar/2026:05:21:19 -0700] "GET /?path=/home/e9ohhh9viiv2/www/cryptosportsbettingexchange.com/.well-known/pki-validation HTTP/2.0" 200 2362 "https://thebettingexchange.in/?path=/home/e9ohhh9viiv2/www/cryptosportsbettingexchange.com/.well-known" "Mozilla/5.0 AppleWebKit/537.36 (KHTML, like Gecko; compatible; GPTBot/1.3; +https://openai.com/gptbot)" 527 **0/527405**
57.141.2.30 - - [14/Mar/2026:05:21:19 -0700] "GET /items/2434037175 HTTP/2.0" 403 97145 "-" "meta-externalagent/1.1 (+https://developers.facebook.com/docs/sharing/webmasters/crawler)" 833 **0/833762**
74.7.241.15 - - [14/Mar/2026:05:21:19 -0700] "GET /?path=//lib64/python3.12/http HTTP/2.0" 200 2773 "https://thebettingexchange.in/?path=//lib64/python3.12" "Mozilla/5.0 AppleWebKit/537.36 (KHTML, like Gecko; compatible; GPTBot/1.3; +https://openai.com/gptbot)" 507 **0/507713**
57.141.2.16 - - [14/Mar/2026:05:21:19 -0700] "GET /items/548790897 HTTP/2.0" 403 97145 "-" "meta-externalagent/1.1 (+https://developers.facebook.com/docs/sharing/webmasters/crawler)" 841 **0/841800**
57.141.2.50 - - [14/Mar/2026:05:21:20 -0700] "GET /items/2098365387 HTTP/2.0" 403 97145 "-" "meta-externalagent/1.1 (+https://developers.facebook.com/docs/sharing/webmasters/crawler)" 844 **0/844571**
74.7.241.15 - - [14/Mar/2026:05:21:20 -0700] "GET /?fileloc=//lib64/libpcre2-16.so&path=//lib64 HTTP/2.0" 200 2253 "https://thebettingexchange.in/?path=//lib64" "Mozilla/5.0 AppleWebKit/537.36 (KHTML, like Gecko; compatible; GPTBot/1.3; +https://openai.com/gptbot)" 488 **0/488711**
57.141.2.49 - - [14/Mar/2026:05:21:20 -0700] "GET /items/958789366 HTTP/2.0" 403 97145 "-" "meta-externalagent/1.1 (+https://developers.facebook.com/docs/sharing/webmasters/crawler)" 814 **0/814191**
74.7.241.15 - - [14/Mar/2026:05:21:21 -0700] "GET /?path=//lib64/tcl8.6/Tix8.4.3/html HTTP/2.0" 200 2331 "https://thebettingexchange.in/?path=//lib64/tcl8.6/Tix8.4.3" "Mozilla/5.0 AppleWebKit/537.36 (KHTML, like Gecko; compatible; GPTBot/1.3; +https://openai.com/gptbot)" 494 **0/494716**
57.141.2.29 - - [14/Mar/2026:05:21:21 -0700] "GET /items/1010967870 HTTP/2.0" 403 97145 "-" "meta-externalagent/1.1 (+https://developers.facebook.com/docs/sharing/webmasters/crawler)" 865 **0/865897**
57.141.2.49 - - [14/Mar/2026:05:21:21 -0700] "GET /items/1769475028 HTTP/2.0" 403 97145 "-" "meta-externalagent/1.1 (+https://developers.facebook.com/docs/sharing/webmasters/crawler)" 835 **0/835084**
74.7.241.15 - - [14/Mar/2026:05:21:22 -0700] "GET /?fileloc=/home/e9ohhh9viiv2/tmp/awstats/ssl/awstats122024.todayiplmatches.thebettingexchange.in.txt&path=/home/e9ohhh9viiv2/tmp/awstats/ssl HTTP/2.0" 200 6157 "https://thebettingexchange.in/?path=/home/e9ohhh9viiv2/tmp/awstats/ssl" "Mozilla/5.0 AppleWebKit/537.36 (KHTML, like Gecko; compatible; GPTBot/1.3; +https://openai.com/gptbot)" 488 **0/488821**
57.141.2.27 - - [14/Mar/2026:05:21:22 -0700] "GET /items/3316987485 HTTP/2.0" 403 97145 "-" "meta-externalagent/1.1 (+https://developers.facebook.com/docs/sharing/webmasters/crawler)" 820 **0/820673**
85.208.96.195 - - [14/Mar/2026:05:21:22 -0700] "GET /ingresos-de-usar-traspaso-bancaria-acerca-de-casinos-en-internet-con-el-fin-de-jugadores-argentinos/ HTTP/1.1" 200 4874 "-" "Mozilla/5.0 (compatible; SemrushBot/7~bl; +http://www.semrush.com/bot.html)" 475 **0/475878**
57.141.2.28 - - [14/Mar/2026:05:21:23 -0700] "GET /items/401978137 HTTP/2.0" 403 97145 "-" "meta-externalagent/1.1 (+https://developers.facebook.com/docs/sharing/webmasters/crawler)" 876 **0/876040**
