57.141.2.9 - - [14/Mar/2026:05:15:49 -0700] "GET /items/2798515926 HTTP/2.0" 403 97145 "-" "meta-externalagent/1.1 (+https://developers.facebook.com/docs/sharing/webmasters/crawler)" 841 **0/841129**
74.7.241.15 - - [14/Mar/2026:05:15:50 -0700] "GET /?path=/home/e9ohhh9viiv2/.subaccounts HTTP/2.0" 200 2569 "https://thebettingexchange.in/?path=/home/e9ohhh9viiv2" "Mozilla/5.0 AppleWebKit/537.36 (KHTML, like Gecko; compatible; GPTBot/1.3; +https://openai.com/gptbot)" 480 **0/480400**
66.249.79.37 - - [14/Mar/2026:05:15:48 -0700] "GET /qumar-oyunlarnn-qanuni-tnzimlnmsi-nec-balamal/ HTTP/1.1" 200 20900 "-" "Mozilla/5.0 (Linux; Android 6.0.1; Nexus 5X Build/MMB29P) AppleWebKit/537.36 (KHTML, like Gecko) Chrome/145.0.7632.116 Mobile Safari/537.36 (compatible; Googlebot/2.1; +http://www.google.com/bot.html)" 2818 **2/2818880**
57.141.2.69 - - [14/Mar/2026:05:15:50 -0700] "GET /items/1054779683 HTTP/2.0" 403 97145 "-" "meta-externalagent/1.1 (+https://developers.facebook.com/docs/sharing/webmasters/crawler)" 831 **0/831274**
74.7.241.15 - - [14/Mar/2026:05:15:51 -0700] "GET /?path=/home/e9ohhh9viiv2/.sucuriquarantine HTTP/2.0" 200 2692 "https://thebettingexchange.in/?path=/home/e9ohhh9viiv2" "Mozilla/5.0 AppleWebKit/537.36 (KHTML, like Gecko; compatible; GPTBot/1.3; +https://openai.com/gptbot)" 478 **0/478388**
57.141.2.1 - - [14/Mar/2026:05:15:50 -0700] "GET /items/2003618824 HTTP/2.0" 403 97145 "-" "meta-externalagent/1.1 (+https://developers.facebook.com/docs/sharing/webmasters/crawler)" 823 **0/823077**
57.141.2.23 - - [14/Mar/2026:05:15:51 -0700] "GET /items/4165919730 HTTP/2.0" 403 97145 "-" "meta-externalagent/1.1 (+https://developers.facebook.com/docs/sharing/webmasters/crawler)" 822 **0/822929**
74.7.241.15 - - [14/Mar/2026:05:15:51 -0700] "GET /?path=/home/e9ohhh9viiv2/.quarantine HTTP/2.0" 200 2657 "https://thebettingexchange.in/?path=/home/e9ohhh9viiv2" "Mozilla/5.0 AppleWebKit/537.36 (KHTML, like Gecko; compatible; GPTBot/1.3; +https://openai.com/gptbot)" 484 **0/484037**
57.141.2.3 - - [14/Mar/2026:05:15:51 -0700] "GET /items/860811435 HTTP/2.0" 403 97145 "-" "meta-externalagent/1.1 (+https://developers.facebook.com/docs/sharing/webmasters/crawler)" 833 **0/833243**
57.141.2.56 - - [14/Mar/2026:05:15:52 -0700] "GET /items/2075471237 HTTP/2.0" 403 97145 "-" "meta-externalagent/1.1 (+https://developers.facebook.com/docs/sharing/webmasters/crawler)" 836 **0/836442**
74.7.241.15 - - [14/Mar/2026:05:15:52 -0700] "GET /?path=/home/e9ohhh9viiv2/access-logs HTTP/2.0" 200 3923 "https://thebettingexchange.in/?path=/home/e9ohhh9viiv2" "Mozilla/5.0 AppleWebKit/537.36 (KHTML, like Gecko; compatible; GPTBot/1.3; +https://openai.com/gptbot)" 484 **0/484605**
57.141.2.26 - - [14/Mar/2026:05:15:52 -0700] "GET /items/2293458190 HTTP/2.0" 403 97145 "-" "meta-externalagent/1.1 (+https://developers.facebook.com/docs/sharing/webmasters/crawler)" 848 **0/848251**
74.7.241.15 - - [14/Mar/2026:05:15:53 -0700] "GET /?path=/home/e9ohhh9viiv2/application_backups HTTP/2.0" 200 6497 "https://thebettingexchange.in/?path=/home/e9ohhh9viiv2" "Mozilla/5.0 AppleWebKit/537.36 (KHTML, like Gecko; compatible; GPTBot/1.3; +https://openai.com/gptbot)" 504 **0/504344**
57.141.2.55 - - [14/Mar/2026:05:15:53 -0700] "GET /items/1870772105 HTTP/2.0" 403 97145 "-" "meta-externalagent/1.1 (+https://developers.facebook.com/docs/sharing/webmasters/crawler)" 825 **0/825247**
57.141.2.20 - - [14/Mar/2026:05:15:53 -0700] "GET /items/734334007 HTTP/2.0" 403 97145 "-" "meta-externalagent/1.1 (+https://developers.facebook.com/docs/sharing/webmasters/crawler)" 840 **0/840145**
74.7.241.15 - - [14/Mar/2026:05:15:54 -0700] "GET /?path=/home/e9ohhh9viiv2/public_html/indiancricketteams.com/.well-known/acme-challenge HTTP/2.0" 200 2647 "https://thebettingexchange.in/?path=/home/e9ohhh9viiv2/public_html/indiancricketteams.com/.well-known" "Mozilla/5.0 AppleWebKit/537.36 (KHTML, like Gecko; compatible; GPTBot/1.3; +https://openai.com/gptbot)" 474 **0/474109**
57.141.2.49 - - [14/Mar/2026:05:15:54 -0700] "GET /items/1174233991 HTTP/2.0" 403 97145 "-" "meta-externalagent/1.1 (+https://developers.facebook.com/docs/sharing/webmasters/crawler)" 843 **0/843625**
57.141.2.7 - - [14/Mar/2026:05:15:54 -0700] "GET /items/1442442236 HTTP/2.0" 403 97145 "-" "meta-externalagent/1.1 (+https://developers.facebook.com/docs/sharing/webmasters/crawler)" 841 **0/841679**
74.7.241.15 - - [14/Mar/2026:05:15:55 -0700] "GET /?path=/home/e9ohhh9viiv2/public_html/indiancricketteams.com/.well-known/pki-validation HTTP/2.0" 200 2357 "https://thebettingexchange.in/?path=/home/e9ohhh9viiv2/public_html/indiancricketteams.com/.well-known" "Mozilla/5.0 AppleWebKit/537.36 (KHTML, like Gecko; compatible; GPTBot/1.3; +https://openai.com/gptbot)" 495 **0/495399**
57.141.2.30 - - [14/Mar/2026:05:15:55 -0700] "GET /items/1880673360 HTTP/2.0" 403 97145 "-" "meta-externalagent/1.1 (+https://developers.facebook.com/docs/sharing/webmasters/crawler)" 828 **0/828163**
74.7.241.15 - - [14/Mar/2026:05:15:56 -0700] "GET /?path=/home/e9ohhh9viiv2/public_html/todayiplmatchscore.com/.well-known/acme-challenge HTTP/2.0" 200 2652 "https://thebettingexchange.in/?path=/home/e9ohhh9viiv2/public_html/todayiplmatchscore.com/.well-known" "Mozilla/5.0 AppleWebKit/537.36 (KHTML, like Gecko; compatible; GPTBot/1.3; +https://openai.com/gptbot)" 477 **0/477316**
57.141.2.20 - - [14/Mar/2026:05:15:55 -0700] "GET /items/54103231 HTTP/2.0" 403 97145 "-" "meta-externalagent/1.1 (+https://developers.facebook.com/docs/sharing/webmasters/crawler)" 852 **0/852378**
57.141.2.21 - - [14/Mar/2026:05:15:56 -0700] "GET /items/1738583052 HTTP/2.0" 403 97145 "-" "meta-externalagent/1.1 (+https://developers.facebook.com/docs/sharing/webmasters/crawler)" 839 **0/839167**
74.7.241.15 - - [14/Mar/2026:05:15:56 -0700] "GET /?path=//lib64/python2.7/lib-tk/test HTTP/2.0" 200 2845 "https://thebettingexchange.in/?path=//lib64/python2.7/lib-tk" "Mozilla/5.0 AppleWebKit/537.36 (KHTML, like Gecko; compatible; GPTBot/1.3; +https://openai.com/gptbot)" 481 **0/481274**
57.141.2.10 - - [14/Mar/2026:05:15:56 -0700] "GET /items/509102355 HTTP/2.0" 403 97145 "-" "meta-externalagent/1.1 (+https://developers.facebook.com/docs/sharing/webmasters/crawler)" 851 **0/851794**
74.7.241.15 - - [14/Mar/2026:05:15:57 -0700] "GET /?path=/home/e9ohhh9viiv2/public_html/todayiplmatchscore.com/.well-known/pki-validation HTTP/2.0" 200 2360 "https://thebettingexchange.in/?path=/home/e9ohhh9viiv2/public_html/todayiplmatchscore.com/.well-known" "Mozilla/5.0 AppleWebKit/537.36 (KHTML, like Gecko; compatible; GPTBot/1.3; +https://openai.com/gptbot)" 477 **0/477988**
57.141.2.59 - - [14/Mar/2026:05:15:57 -0700] "GET /items/2369138309 HTTP/2.0" 403 97145 "-" "meta-externalagent/1.1 (+https://developers.facebook.com/docs/sharing/webmasters/crawler)" 835 **0/835574**
57.141.2.25 - - [14/Mar/2026:05:15:57 -0700] "GET /items/1836765247 HTTP/2.0" 403 97145 "-" "meta-externalagent/1.1 (+https://developers.facebook.com/docs/sharing/webmasters/crawler)" 853 **0/853776**
74.7.241.15 - - [14/Mar/2026:05:15:58 -0700] "GET /?path=/home/e9ohhh9viiv2/www/bettingexchangeonline.com HTTP/2.0" 200 3487 "https://thebettingexchange.in/?path=/home/e9ohhh9viiv2/www" "Mozilla/5.0 AppleWebKit/537.36 (KHTML, like Gecko; compatible; GPTBot/1.3; +https://openai.com/gptbot)" 484 **0/484598**
57.141.2.57 - - [14/Mar/2026:05:15:58 -0700] "GET /items/2119536967 HTTP/2.0" 403 97145 "-" "meta-externalagent/1.1 (+https://developers.facebook.com/docs/sharing/webmasters/crawler)" 830 **0/830015**
74.7.241.15 - - [14/Mar/2026:05:15:59 -0700] "GET /?path=/home/e9ohhh9viiv2/www/germanybettingexchange.com HTTP/2.0" 200 3428 "https://thebettingexchange.in/?path=/home/e9ohhh9viiv2/www" "Mozilla/5.0 AppleWebKit/537.36 (KHTML, like Gecko; compatible; GPTBot/1.3; +https://openai.com/gptbot)" 477 **0/477427**
57.141.2.63 - - [14/Mar/2026:05:15:58 -0700] "GET /items/2318090201 HTTP/2.0" 403 97145 "-" "meta-externalagent/1.1 (+https://developers.facebook.com/docs/sharing/webmasters/crawler)" 842 **0/842881**
57.141.2.67 - - [14/Mar/2026:05:15:59 -0700] "GET /items/2685579965 HTTP/2.0" 403 97145 "-" "meta-externalagent/1.1 (+https://developers.facebook.com/docs/sharing/webmasters/crawler)" 865 **0/865697**
74.7.241.15 - - [14/Mar/2026:05:15:59 -0700] "GET /?path=/home/e9ohhh9viiv2/www/portugalbettingexchange.com HTTP/2.0" 200 2754 "https://thebettingexchange.in/?path=/home/e9ohhh9viiv2/www" "Mozilla/5.0 AppleWebKit/537.36 (KHTML, like Gecko; compatible; GPTBot/1.3; +https://openai.com/gptbot)" 525 **0/525694**
57.141.2.45 - - [14/Mar/2026:05:15:59 -0700] "GET /items/3502339898 HTTP/2.0" 403 97145 "-" "meta-externalagent/1.1 (+https://developers.facebook.com/docs/sharing/webmasters/crawler)" 834 **0/834773**
74.7.241.15 - - [14/Mar/2026:05:16:00 -0700] "GET /?path=/home/e9ohhh9viiv2/www/indiancricketteams.com HTTP/2.0" 200 2747 "https://thebettingexchange.in/?path=/home/e9ohhh9viiv2/www" "Mozilla/5.0 AppleWebKit/537.36 (KHTML, like Gecko; compatible; GPTBot/1.3; +https://openai.com/gptbot)" 492 **0/492142**
57.141.2.62 - - [14/Mar/2026:05:16:00 -0700] "GET /items/781191284 HTTP/2.0" 403 97145 "-" "meta-externalagent/1.1 (+https://developers.facebook.com/docs/sharing/webmasters/crawler)" 859 **0/859264**
57.141.2.18 - - [14/Mar/2026:05:16:00 -0700] "GET /items/2509716482 HTTP/2.0" 403 97145 "-" "meta-externalagent/1.1 (+https://developers.facebook.com/docs/sharing/webmasters/crawler)" 842 **0/842143**
74.7.241.15 - - [14/Mar/2026:05:16:01 -0700] "GET /?path=/home/e9ohhh9viiv2/www/todayiplmatchscore.com HTTP/2.0" 200 2756 "https://thebettingexchange.in/?path=/home/e9ohhh9viiv2/www" "Mozilla/5.0 AppleWebKit/537.36 (KHTML, like Gecko; compatible; GPTBot/1.3; +https://openai.com/gptbot)" 544 **0/544808**
57.141.2.40 - - [14/Mar/2026:05:16:01 -0700] "GET /items/2750138582 HTTP/2.0" 403 97145 "-" "meta-externalagent/1.1 (+https://developers.facebook.com/docs/sharing/webmasters/crawler)" 874 **0/874226**
57.141.2.64 - - [14/Mar/2026:05:16:01 -0700] "GET /items/3066947133 HTTP/2.0" 403 97145 "-" "meta-externalagent/1.1 (+https://developers.facebook.com/docs/sharing/webmasters/crawler)" 856 **0/856503**
74.7.241.15 - - [14/Mar/2026:05:16:02 -0700] "GET /?path=/home/e9ohhh9viiv2/www/cricketbetstips.com HTTP/2.0" 200 3468 "https://thebettingexchange.in/?path=/home/e9ohhh9viiv2/www" "Mozilla/5.0 AppleWebKit/537.36 (KHTML, like Gecko; compatible; GPTBot/1.3; +https://openai.com/gptbot)" 499 **0/499529**
57.141.2.17 - - [14/Mar/2026:05:16:02 -0700] "GET /items/2491026089 HTTP/2.0" 403 97145 "-" "meta-externalagent/1.1 (+https://developers.facebook.com/docs/sharing/webmasters/crawler)" 875 **0/875550**
74.7.241.15 - - [14/Mar/2026:05:16:03 -0700] "GET /?path=/home/e9ohhh9viiv2/www/spainbettingexchange.com HTTP/2.0" 200 2760 "https://thebettingexchange.in/?path=/home/e9ohhh9viiv2/www" "Mozilla/5.0 AppleWebKit/537.36 (KHTML, like Gecko; compatible; GPTBot/1.3; +https://openai.com/gptbot)" 489 **0/489633**
57.141.2.21 - - [14/Mar/2026:05:16:02 -0700] "GET /items/1386446112 HTTP/2.0" 403 97145 "-" "meta-externalagent/1.1 (+https://developers.facebook.com/docs/sharing/webmasters/crawler)" 861 **0/861376**
57.141.2.5 - - [14/Mar/2026:05:16:03 -0700] "GET /items/3170725967 HTTP/2.0" 403 97145 "-" "meta-externalagent/1.1 (+https://developers.facebook.com/docs/sharing/webmasters/crawler)" 836 **0/836201**
74.7.241.15 - - [14/Mar/2026:05:16:03 -0700] "GET /?path=/home/e9ohhh9viiv2/www/httpslivecricketscoreipl.in HTTP/2.0" 200 2691 "https://thebettingexchange.in/?path=/home/e9ohhh9viiv2/www" "Mozilla/5.0 AppleWebKit/537.36 (KHTML, like Gecko; compatible; GPTBot/1.3; +https://openai.com/gptbot)" 506 **0/506539**
57.141.2.42 - - [14/Mar/2026:05:16:03 -0700] "GET /items/3011976660 HTTP/2.0" 403 97145 "-" "meta-externalagent/1.1 (+https://developers.facebook.com/docs/sharing/webmasters/crawler)" 845 **0/845552**
74.7.241.15 - - [14/Mar/2026:05:16:04 -0700] "GET /?path=/home/e9ohhh9viiv2/www/indiabettingexchange.in HTTP/2.0" 200 3626 "https://thebettingexchange.in/?path=/home/e9ohhh9viiv2/www" "Mozilla/5.0 AppleWebKit/537.36 (KHTML, like Gecko; compatible; GPTBot/1.3; +https://openai.com/gptbot)" 489 **0/489968**
57.141.2.19 - - [14/Mar/2026:05:16:04 -0700] "GET /items/343992651 HTTP/2.0" 403 97145 "-" "meta-externalagent/1.1 (+https://developers.facebook.com/docs/sharing/webmasters/crawler)" 827 **0/827237**
57.141.2.22 - - [14/Mar/2026:05:16:04 -0700] "GET /items/36048832 HTTP/2.0" 403 97145 "-" "meta-externalagent/1.1 (+https://developers.facebook.com/docs/sharing/webmasters/crawler)" 840 **0/840456**
74.7.241.15 - - [14/Mar/2026:05:16:05 -0700] "GET /?path=/home/e9ohhh9viiv2/www/purplecapipl.com HTTP/2.0" 200 3556 "https://thebettingexchange.in/?path=/home/e9ohhh9viiv2/www" "Mozilla/5.0 AppleWebKit/537.36 (KHTML, like Gecko; compatible; GPTBot/1.3; +https://openai.com/gptbot)" 525 **0/525070**
57.141.2.60 - - [14/Mar/2026:05:16:05 -0700] "GET /items/243445217 HTTP/2.0" 403 97145 "-" "meta-externalagent/1.1 (+https://developers.facebook.com/docs/sharing/webmasters/crawler)" 888 **0/888181**
57.141.2.64 - - [14/Mar/2026:05:16:05 -0700] "GET /items/1835958873 HTTP/2.0" 403 97145 "-" "meta-externalagent/1.1 (+https://developers.facebook.com/docs/sharing/webmasters/crawler)" 828 **0/828582**
74.7.241.15 - - [14/Mar/2026:05:16:06 -0700] "GET /?path=/home/e9ohhh9viiv2/www/iplpointtables.com HTTP/2.0" 200 3435 "https://thebettingexchange.in/?path=/home/e9ohhh9viiv2/www" "Mozilla/5.0 AppleWebKit/537.36 (KHTML, like Gecko; compatible; GPTBot/1.3; +https://openai.com/gptbot)" 492 **0/492397**
57.141.2.37 - - [14/Mar/2026:05:16:06 -0700] "GET /items/108300176 HTTP/2.0" 403 97145 "-" "meta-externalagent/1.1 (+https://developers.facebook.com/docs/sharing/webmasters/crawler)" 823 **0/823602**
57.141.2.42 - - [14/Mar/2026:05:16:06 -0700] "GET /items/3650921038 HTTP/2.0" 403 97145 "-" "meta-externalagent/1.1 (+https://developers.facebook.com/docs/sharing/webmasters/crawler)" 857 **0/857055**
74.7.241.15 - - [14/Mar/2026:05:16:07 -0700] "GET /?path=/home/e9ohhh9viiv2/www/iplwinnerlist.com HTTP/2.0" 200 3511 "https://thebettingexchange.in/?path=/home/e9ohhh9viiv2/www" "Mozilla/5.0 AppleWebKit/537.36 (KHTML, like Gecko; compatible; GPTBot/1.3; +https://openai.com/gptbot)" 488 **0/488865**
57.141.2.26 - - [14/Mar/2026:05:16:07 -0700] "GET /items/770206397 HTTP/2.0" 403 97145 "-" "meta-externalagent/1.1 (+https://developers.facebook.com/docs/sharing/webmasters/crawler)" 818 **0/818043**
74.7.241.15 - - [14/Mar/2026:05:16:07 -0700] "GET /?path=/home/e9ohhh9viiv2/www/germanybettingexchange.com/.well-known HTTP/2.0" 200 2623 "https://thebettingexchange.in/?path=/home/e9ohhh9viiv2/www/germanybettingexchange.com" "Mozilla/5.0 AppleWebKit/537.36 (KHTML, like Gecko; compatible; GPTBot/1.3; +https://openai.com/gptbot)" 495 **0/495287**
57.141.2.26 - - [14/Mar/2026:05:16:07 -0700] "GET /items/1195129257 HTTP/2.0" 403 97145 "-" "meta-externalagent/1.1 (+https://developers.facebook.com/docs/sharing/webmasters/crawler)" 847 **0/847678**
74.7.241.15 - - [14/Mar/2026:05:16:08 -0700] "GET /?path=/home/e9ohhh9viiv2/www/bettingexchangeonline.com/cgi-bin HTTP/2.0" 200 2331 "https://thebettingexchange.in/?path=/home/e9ohhh9viiv2/www/bettingexchangeonline.com" "Mozilla/5.0 AppleWebKit/537.36 (KHTML, like Gecko; compatible; GPTBot/1.3; +https://openai.com/gptbot)" 481 **0/481376**
57.141.2.61 - - [14/Mar/2026:05:16:08 -0700] "GET /items/125836553 HTTP/2.0" 403 97145 "-" "meta-externalagent/1.1 (+https://developers.facebook.com/docs/sharing/webmasters/crawler)" 880 **0/880014**
57.141.2.18 - - [14/Mar/2026:05:16:08 -0700] "GET /items/3376506165 HTTP/2.0" 403 97145 "-" "meta-externalagent/1.1 (+https://developers.facebook.com/docs/sharing/webmasters/crawler)" 841 **0/841797**
74.7.241.15 - - [14/Mar/2026:05:16:09 -0700] "GET /?path=/home/e9ohhh9viiv2/www/cryptosportsbettingexchange.com HTTP/2.0" 200 3422 "https://thebettingexchange.in/?path=/home/e9ohhh9viiv2/www" "Mozilla/5.0 AppleWebKit/537.36 (KHTML, like Gecko; compatible; GPTBot/1.3; +https://openai.com/gptbot)" 509 **0/509332**
57.141.2.8 - - [14/Mar/2026:05:16:09 -0700] "GET /items/947655262 HTTP/2.0" 403 97145 "-" "meta-externalagent/1.1 (+https://developers.facebook.com/docs/sharing/webmasters/crawler)" 847 **0/847028**
57.141.2.11 - - [14/Mar/2026:05:16:09 -0700] "GET /items/2749732841 HTTP/2.0" 403 97145 "-" "meta-externalagent/1.1 (+https://developers.facebook.com/docs/sharing/webmasters/crawler)" 847 **0/847595**
74.7.241.15 - - [14/Mar/2026:05:16:10 -0700] "GET /?path=/home/e9ohhh9viiv2/www/germanybettingexchange.com/.tmb HTTP/2.0" 200 2334 "https://thebettingexchange.in/?path=/home/e9ohhh9viiv2/www/germanybettingexchange.com" "Mozilla/5.0 AppleWebKit/537.36 (KHTML, like Gecko; compatible; GPTBot/1.3; +https://openai.com/gptbot)" 502 **0/502635**
57.141.2.56 - - [14/Mar/2026:05:16:10 -0700] "GET /items/300846930 HTTP/2.0" 403 97145 "-" "meta-externalagent/1.1 (+https://developers.facebook.com/docs/sharing/webmasters/crawler)" 870 **0/870431**
57.141.2.45 - - [14/Mar/2026:05:16:10 -0700] "GET /items/2176604262 HTTP/2.0" 403 97145 "-" "meta-externalagent/1.1 (+https://developers.facebook.com/docs/sharing/webmasters/crawler)" 833 **0/833274**
74.7.241.15 - - [14/Mar/2026:05:16:11 -0700] "GET /?path=/home/e9ohhh9viiv2/www/portugalbettingexchange.com/.well-known HTTP/2.0" 200 2624 "https://thebettingexchange.in/?path=/home/e9ohhh9viiv2/www/portugalbettingexchange.com" "Mozilla/5.0 AppleWebKit/537.36 (KHTML, like Gecko; compatible; GPTBot/1.3; +https://openai.com/gptbot)" 491 **0/491587**
57.141.2.55 - - [14/Mar/2026:05:16:11 -0700] "GET /items/1076410805 HTTP/2.0" 403 97145 "-" "meta-externalagent/1.1 (+https://developers.facebook.com/docs/sharing/webmasters/crawler)" 856 **0/856714**
74.7.241.15 - - [14/Mar/2026:05:16:11 -0700] "GET /?path=/home/e9ohhh9viiv2/www/spainbettingexchange.com/cgi-bin HTTP/2.0" 200 2331 "https://thebettingexchange.in/?path=/home/e9ohhh9viiv2/www/spainbettingexchange.com" "Mozilla/5.0 AppleWebKit/537.36 (KHTML, like Gecko; compatible; GPTBot/1.3; +https://openai.com/gptbot)" 492 **0/492410**
57.141.2.17 - - [14/Mar/2026:05:16:11 -0700] "GET /items/1783193785 HTTP/2.0" 403 97145 "-" "meta-externalagent/1.1 (+https://developers.facebook.com/docs/sharing/webmasters/crawler)" 829 **0/829498**
57.141.2.4 - - [14/Mar/2026:05:16:12 -0700] "GET /items/1926505316 HTTP/2.0" 200 97145 "-" "meta-externalagent/1.1 (+https://developers.facebook.com/docs/sharing/webmasters/crawler)" 818 **0/818171**
74.7.241.15 - - [14/Mar/2026:05:16:12 -0700] "GET /?path=/home/e9ohhh9viiv2/www/httpslivecricketscoreipl.in/.well-known HTTP/2.0" 200 2590 "https://thebettingexchange.in/?path=/home/e9ohhh9viiv2/www/httpslivecricketscoreipl.in" "Mozilla/5.0 AppleWebKit/537.36 (KHTML, like Gecko; compatible; GPTBot/1.3; +https://openai.com/gptbot)" 490 **0/490649**
57.141.2.40 - - [14/Mar/2026:05:16:12 -0700] "GET /items/1315988577 HTTP/2.0" 200 97145 "-" "meta-externalagent/1.1 (+https://developers.facebook.com/docs/sharing/webmasters/crawler)" 824 **0/824422**
74.7.241.15 - - [14/Mar/2026:05:16:13 -0700] "GET /?fileloc=/home/e9ohhh9viiv2/www/indiabettingexchange.in/license.txt&path=/home/e9ohhh9viiv2/www/indiabettingexchange.in HTTP/2.0" 200 9325 "https://thebettingexchange.in/?path=/home/e9ohhh9viiv2/www/indiabettingexchange.in" "Mozilla/5.0 AppleWebKit/537.36 (KHTML, like Gecko; compatible; GPTBot/1.3; +https://openai.com/gptbot)" 495 **0/495305**
57.141.2.4 - - [14/Mar/2026:05:16:13 -0700] "GET /items/4163532178 HTTP/2.0" 200 97145 "-" "meta-externalagent/1.1 (+https://developers.facebook.com/docs/sharing/webmasters/crawler)" 835 **0/835135**
74.7.241.15 - - [14/Mar/2026:05:16:14 -0700] "GET /?path=/home/e9ohhh9viiv2/www/indiabettingexchange.in/cgi-bin HTTP/2.0" 200 2332 "https://thebettingexchange.in/?path=/home/e9ohhh9viiv2/www/indiabettingexchange.in" "Mozilla/5.0 AppleWebKit/537.36 (KHTML, like Gecko; compatible; GPTBot/1.3; +https://openai.com/gptbot)" 475 **0/475743**
57.141.2.24 - - [14/Mar/2026:05:16:13 -0700] "GET /items/3870233672 HTTP/2.0" 200 97145 "-" "meta-externalagent/1.1 (+https://developers.facebook.com/docs/sharing/webmasters/crawler)" 830 **0/830122**
57.141.2.47 - - [14/Mar/2026:05:16:14 -0700] "GET /items/2577038702 HTTP/2.0" 200 97145 "-" "meta-externalagent/1.1 (+https://developers.facebook.com/docs/sharing/webmasters/crawler)" 867 **0/867549**
74.7.241.15 - - [14/Mar/2026:05:16:14 -0700] "GET /?path=/home/e9ohhh9viiv2/www/purplecapipl.com/cgi-bin HTTP/2.0" 200 2333 "https://thebettingexchange.in/?path=/home/e9ohhh9viiv2/www/purplecapipl.com" "Mozilla/5.0 AppleWebKit/537.36 (KHTML, like Gecko; compatible; GPTBot/1.3; +https://openai.com/gptbot)" 482 **0/482903**
57.141.2.52 - - [14/Mar/2026:05:16:14 -0700] "GET /items/3848126307 HTTP/2.0" 200 97145 "-" "meta-externalagent/1.1 (+https://developers.facebook.com/docs/sharing/webmasters/crawler)" 851 **0/851894**
57.141.2.40 - - [14/Mar/2026:05:16:15 -0700] "GET /items/2633805482 HTTP/2.0" 200 97145 "-" "meta-externalagent/1.1 (+https://developers.facebook.com/docs/sharing/webmasters/crawler)" 852 **0/852055**
74.7.241.15 - - [14/Mar/2026:05:16:15 -0700] "GET /?path=/home/e9ohhh9viiv2/www/iplwinnerlist.com/cgi-bin HTTP/2.0" 200 2607 "https://thebettingexchange.in/?path=/home/e9ohhh9viiv2/www/iplwinnerlist.com" "Mozilla/5.0 AppleWebKit/537.36 (KHTML, like Gecko; compatible; GPTBot/1.3; +https://openai.com/gptbot)" 487 **0/487242**
57.141.2.49 - - [14/Mar/2026:05:16:15 -0700] "GET /items/532768005 HTTP/2.0" 200 97145 "-" "meta-externalagent/1.1 (+https://developers.facebook.com/docs/sharing/webmasters/crawler)" 837 **0/837670**
57.141.2.7 - - [14/Mar/2026:05:16:16 -0700] "GET /items/3689775448 HTTP/2.0" 200 97145 "-" "meta-externalagent/1.1 (+https://developers.facebook.com/docs/sharing/webmasters/crawler)" 809 **0/809734**
74.7.241.15 - - [14/Mar/2026:05:16:16 -0700] "GET /?path=/home/e9ohhh9viiv2/www/germanybettingexchange.com/.well-known/acme-challenge HTTP/2.0" 200 2361 "https://thebettingexchange.in/?path=/home/e9ohhh9viiv2/www/germanybettingexchange.com/.well-known" "Mozilla/5.0 AppleWebKit/537.36 (KHTML, like Gecko; compatible; GPTBot/1.3; +https://openai.com/gptbot)" 495 **0/495325**
57.141.2.13 - - [14/Mar/2026:05:16:16 -0700] "GET /items/3118711466 HTTP/2.0" 200 97145 "-" "meta-externalagent/1.1 (+https://developers.facebook.com/docs/sharing/webmasters/crawler)" 834 **0/834988**
74.7.241.15 - - [14/Mar/2026:05:16:17 -0700] "GET /?path=/home/e9ohhh9viiv2/www/bettingexchangeonline.com/.well-known HTTP/2.0" 200 2619 "https://thebettingexchange.in/?path=/home/e9ohhh9viiv2/www/bettingexchangeonline.com" "Mozilla/5.0 AppleWebKit/537.36 (KHTML, like Gecko; compatible; GPTBot/1.3; +https://openai.com/gptbot)" 518 **0/518703**
57.141.2.49 - - [14/Mar/2026:05:16:17 -0700] "GET /items/3053005398 HTTP/2.0" 200 97145 "-" "meta-externalagent/1.1 (+https://developers.facebook.com/docs/sharing/webmasters/crawler)" 854 **0/854708**
57.141.2.3 - - [14/Mar/2026:05:16:17 -0700] "GET /items/2333488913 HTTP/2.0" 200 97145 "-" "meta-externalagent/1.1 (+https://developers.facebook.com/docs/sharing/webmasters/crawler)" 811 **0/811907**
74.7.241.15 - - [14/Mar/2026:05:16:18 -0700] "GET /?path=/home/e9ohhh9viiv2/www/cryptosportsbettingexchange.com/cgi-bin HTTP/2.0" 200 2338 "https://thebettingexchange.in/?path=/home/e9ohhh9viiv2/www/cryptosportsbettingexchange.com" "Mozilla/5.0 AppleWebKit/537.36 (KHTML, like Gecko; compatible; GPTBot/1.3; +https://openai.com/gptbot)" 484 **0/484256**
57.141.2.49 - - [14/Mar/2026:05:16:18 -0700] "GET /items/623663814 HTTP/2.0" 200 97145 "-" "meta-externalagent/1.1 (+https://developers.facebook.com/docs/sharing/webmasters/crawler)" 832 **0/832613**
74.7.241.15 - - [14/Mar/2026:05:16:18 -0700] "GET /?path=/home/e9ohhh9viiv2/www/bettingexchangeonline.com/PWA HTTP/2.0" 200 2830 "https://thebettingexchange.in/?path=/home/e9ohhh9viiv2/www/bettingexchangeonline.com" "Mozilla/5.0 AppleWebKit/537.36 (KHTML, like Gecko; compatible; GPTBot/1.3; +https://openai.com/gptbot)" 476 **0/476948**
57.141.2.54 - - [14/Mar/2026:05:16:18 -0700] "GET /items/705511993 HTTP/2.0" 200 97145 "-" "meta-externalagent/1.1 (+https://developers.facebook.com/docs/sharing/webmasters/crawler)" 823 **0/823883**
74.7.241.15 - - [14/Mar/2026:05:16:19 -0700] "GET /?path=/home/e9ohhh9viiv2/www/bettingexchangesite.org HTTP/2.0" 200 3453 "https://thebettingexchange.in/?path=/home/e9ohhh9viiv2/www" "Mozilla/5.0 AppleWebKit/537.36 (KHTML, like Gecko; compatible; GPTBot/1.3; +https://openai.com/gptbot)" 479 **0/479341**
57.141.2.49 - - [14/Mar/2026:05:16:19 -0700] "GET /items/3892494838 HTTP/2.0" 200 97145 "-" "meta-externalagent/1.1 (+https://developers.facebook.com/docs/sharing/webmasters/crawler)" 832 **0/832501**
57.141.2.44 - - [14/Mar/2026:05:16:19 -0700] "GET /items/2781161716 HTTP/2.0" 200 97145 "-" "meta-externalagent/1.1 (+https://developers.facebook.com/docs/sharing/webmasters/crawler)" 846 **0/846874**
74.7.241.15 - - [14/Mar/2026:05:16:20 -0700] "GET /?path=/home/e9ohhh9viiv2/www/portugalbettingexchange.com/.well-known/acme-challenge HTTP/2.0" 200 2356 "https://thebettingexchange.in/?path=/home/e9ohhh9viiv2/www/portugalbettingexchange.com/.well-known" "Mozilla/5.0 AppleWebKit/537.36 (KHTML, like Gecko; compatible; GPTBot/1.3; +https://openai.com/gptbot)" 478 **0/478869**
57.141.2.65 - - [14/Mar/2026:05:16:20 -0700] "GET /items/2246114911 HTTP/2.0" 200 97145 "-" "meta-externalagent/1.1 (+https://developers.facebook.com/docs/sharing/webmasters/crawler)" 819 **0/819298**
57.141.2.32 - - [14/Mar/2026:05:16:20 -0700] "GET /items/426312892 HTTP/2.0" 200 97145 "-" "meta-externalagent/1.1 (+https://developers.facebook.com/docs/sharing/webmasters/crawler)" 856 **0/856825**
74.7.241.15 - - [14/Mar/2026:05:16:21 -0700] "GET /?path=/home/e9ohhh9viiv2/www/httpslivecricketscoreipl.in/.well-known/pki-validation HTTP/2.0" 200 2600 "https://thebettingexchange.in/?path=/home/e9ohhh9viiv2/www/httpslivecricketscoreipl.in/.well-known" "Mozilla/5.0 AppleWebKit/537.36 (KHTML, like Gecko; compatible; GPTBot/1.3; +https://openai.com/gptbot)" 479 **0/479639**
57.141.2.23 - - [14/Mar/2026:05:16:21 -0700] "GET /items/91993698 HTTP/2.0" 200 97145 "-" "meta-externalagent/1.1 (+https://developers.facebook.com/docs/sharing/webmasters/crawler)" 823 **0/823223**
74.7.241.15 - - [14/Mar/2026:05:16:22 -0700] "GET /?path=//lib64/python2.7/lib-tk/test/test_ttk HTTP/2.0" 200 2975 "https://thebettingexchange.in/?path=//lib64/python2.7/lib-tk/test" "Mozilla/5.0 AppleWebKit/537.36 (KHTML, like Gecko; compatible; GPTBot/1.3; +https://openai.com/gptbot)" 480 **0/480426**
57.141.2.56 - - [14/Mar/2026:05:16:21 -0700] "GET /items/862867846 HTTP/2.0" 200 97145 "-" "meta-externalagent/1.1 (+https://developers.facebook.com/docs/sharing/webmasters/crawler)" 836 **0/836034**
57.141.2.23 - - [14/Mar/2026:05:16:22 -0700] "GET /items/1598114756 HTTP/2.0" 200 97145 "-" "meta-externalagent/1.1 (+https://developers.facebook.com/docs/sharing/webmasters/crawler)" 821 **0/821470**
74.7.241.15 - - [14/Mar/2026:05:16:22 -0700] "GET /?path=/home/e9ohhh9viiv2/www/bestsportsbettingexchanges.com HTTP/2.0" 200 3401 "https://thebettingexchange.in/?path=/home/e9ohhh9viiv2/www" "Mozilla/5.0 AppleWebKit/537.36 (KHTML, like Gecko; compatible; GPTBot/1.3; +https://openai.com/gptbot)" 499 **0/499791**
57.141.2.16 - - [14/Mar/2026:05:16:22 -0700] "GET /items/1738634294 HTTP/2.0" 200 97145 "-" "meta-externalagent/1.1 (+https://developers.facebook.com/docs/sharing/webmasters/crawler)" 832 **0/832091**
74.7.241.15 - - [14/Mar/2026:05:16:23 -0700] "GET /?path=/home/e9ohhh9viiv2/.htpasswds HTTP/2.0" 200 2306 "https://thebettingexchange.in/?path=/home/e9ohhh9viiv2" "Mozilla/5.0 AppleWebKit/537.36 (KHTML, like Gecko; compatible; GPTBot/1.3; +https://openai.com/gptbot)" 496 **0/496658**
57.141.2.4 - - [14/Mar/2026:05:16:23 -0700] "GET /items/3237545848 HTTP/2.0" 200 97145 "-" "meta-externalagent/1.1 (+https://developers.facebook.com/docs/sharing/webmasters/crawler)" 855 **0/855776**
57.141.2.32 - - [14/Mar/2026:05:16:23 -0700] "GET /items/937866348 HTTP/2.0" 200 97145 "-" "meta-externalagent/1.1 (+https://developers.facebook.com/docs/sharing/webmasters/crawler)" 840 **0/840111**
74.7.241.15 - - [14/Mar/2026:05:16:24 -0700] "GET /?path=/home/e9ohhh9viiv2/public_ftp HTTP/2.0" 200 2551 "https://thebettingexchange.in/?path=/home/e9ohhh9viiv2" "Mozilla/5.0 AppleWebKit/537.36 (KHTML, like Gecko; compatible; GPTBot/1.3; +https://openai.com/gptbot)" 481 **0/481258**
57.141.2.49 - - [14/Mar/2026:05:16:24 -0700] "GET /items/928945966 HTTP/2.0" 200 97145 "-" "meta-externalagent/1.1 (+https://developers.facebook.com/docs/sharing/webmasters/crawler)" 836 **0/836948**
57.141.2.40 - - [14/Mar/2026:05:16:24 -0700] "GET /items/46926722 HTTP/2.0" 200 97145 "-" "meta-externalagent/1.1 (+https://developers.facebook.com/docs/sharing/webmasters/crawler)" 835 **0/835264**
74.7.241.15 - - [14/Mar/2026:05:16:25 -0700] "GET /?path=/home/e9ohhh9viiv2/www/bettingexchangeonline.com/.tmb HTTP/2.0" 200 2331 "https://thebettingexchange.in/?path=/home/e9ohhh9viiv2/www/bettingexchangeonline.com" "Mozilla/5.0 AppleWebKit/537.36 (KHTML, like Gecko; compatible; GPTBot/1.3; +https://openai.com/gptbot)" 484 **0/484328**
57.141.2.47 - - [14/Mar/2026:05:16:25 -0700] "GET /items/2148324675 HTTP/2.0" 200 97145 "-" "meta-externalagent/1.1 (+https://developers.facebook.com/docs/sharing/webmasters/crawler)" 823 **0/823600**
74.7.241.15 - - [14/Mar/2026:05:16:26 -0700] "GET /?path=/home/e9ohhh9viiv2/www/bettingexchangeonline.com/.well-known/acme-challenge HTTP/2.0" 200 2354 "https://thebettingexchange.in/?path=/home/e9ohhh9viiv2/www/bettingexchangeonline.com/.well-known" "Mozilla/5.0 AppleWebKit/537.36 (KHTML, like Gecko; compatible; GPTBot/1.3; +https://openai.com/gptbot)" 473 **0/473067**
57.141.2.39 - - [14/Mar/2026:05:16:25 -0700] "GET /items/329684094 HTTP/2.0" 200 97145 "-" "meta-externalagent/1.1 (+https://developers.facebook.com/docs/sharing/webmasters/crawler)" 836 **0/836294**
57.141.2.17 - - [14/Mar/2026:05:16:26 -0700] "GET /items/2143974879 HTTP/2.0" 200 97145 "-" "meta-externalagent/1.1 (+https://developers.facebook.com/docs/sharing/webmasters/crawler)" 841 **0/841345**
74.7.241.15 - - [14/Mar/2026:05:16:26 -0700] "GET /?path=/home/e9ohhh9viiv2/www/bettingexchangeonline.com/.well-known/pki-validation HTTP/2.0" 200 2356 "https://thebettingexchange.in/?path=/home/e9ohhh9viiv2/www/bettingexchangeonline.com/.well-known" "Mozilla/5.0 AppleWebKit/537.36 (KHTML, like Gecko; compatible; GPTBot/1.3; +https://openai.com/gptbot)" 478 **0/478812**
57.141.2.23 - - [14/Mar/2026:05:16:26 -0700] "GET /items/3363800298 HTTP/2.0" 200 97145 "-" "meta-externalagent/1.1 (+https://developers.facebook.com/docs/sharing/webmasters/crawler)" 819 **0/819170**
74.7.241.15 - - [14/Mar/2026:05:16:27 -0700] "GET /?path=/home/e9ohhh9viiv2/www/iplwinnerlist.com/.well-known HTTP/2.0" 200 2584 "https://thebettingexchange.in/?path=/home/e9ohhh9viiv2/www/iplwinnerlist.com" "Mozilla/5.0 AppleWebKit/537.36 (KHTML, like Gecko; compatible; GPTBot/1.3; +https://openai.com/gptbot)" 477 **0/477652**
57.141.2.54 - - [14/Mar/2026:05:16:27 -0700] "GET /items/2900093524 HTTP/2.0" 200 97145 "-" "meta-externalagent/1.1 (+https://developers.facebook.com/docs/sharing/webmasters/crawler)" 829 **0/829140**
57.141.2.4 - - [14/Mar/2026:05:16:27 -0700] "GET /items/279915962 HTTP/2.0" 200 97145 "-" "meta-externalagent/1.1 (+https://developers.facebook.com/docs/sharing/webmasters/crawler)" 842 **0/842773**
57.141.2.15 - - [14/Mar/2026:05:16:27 -0700] "GET /items/288664218 HTTP/2.0" 200 97145 "-" "meta-externalagent/1.1 (+https://developers.facebook.com/docs/sharing/webmasters/crawler)" 848 **0/848978**
74.7.241.15 - - [14/Mar/2026:05:16:28 -0700] "GET /?path=/home/e9ohhh9viiv2/www/bettingexchangesite.org/cgi-bin HTTP/2.0" 200 2663 "https://thebettingexchange.in/?path=/home/e9ohhh9viiv2/www/bettingexchangesite.org" "Mozilla/5.0 AppleWebKit/537.36 (KHTML, like Gecko; compatible; GPTBot/1.3; +https://openai.com/gptbot)" 474 **0/474868**
57.141.2.10 - - [14/Mar/2026:05:16:28 -0700] "GET /items/3328319534 HTTP/2.0" 200 97145 "-" "meta-externalagent/1.1 (+https://developers.facebook.com/docs/sharing/webmasters/crawler)" 860 **0/860175**
5.199.172.205 - - [14/Mar/2026:05:16:37 -0700] "PRI * HTTP/2.0" 400 97145 "-" "-" 1438 **1/1438055**
5.199.172.205 - - [14/Mar/2026:05:16:41 -0700] "PRI * HTTP/2.0" 400 97145 "-" "-" 1350 **1/1350257**
51.79.135.131 - - [14/Mar/2026:05:16:43 -0700] "PRI / HTTP/1.1" 503 - "-" "-" 1657 **1/1657924**
5.199.172.205 - - [14/Mar/2026:05:16:44 -0700] "PRI * HTTP/2.0" 400 97145 "-" "-" 1847 **1/1847627**
57.141.2.2 - - [14/Mar/2026:05:16:44 -0700] "GET /items/1421733386 HTTP/2.0" 200 97145 "-" "meta-externalagent/1.1 (+https://developers.facebook.com/docs/sharing/webmasters/crawler)" 1617 **1/1617484**
57.141.2.16 - - [14/Mar/2026:05:16:44 -0700] "GET /items/4189621182 HTTP/2.0" 200 97145 "-" "meta-externalagent/1.1 (+https://developers.facebook.com/docs/sharing/webmasters/crawler)" 1634 **1/1634620**
57.141.2.69 - - [14/Mar/2026:05:16:46 -0700] "GET /items/3819430442 HTTP/2.0" 200 97145 "-" "meta-externalagent/1.1 (+https://developers.facebook.com/docs/sharing/webmasters/crawler)" 1097 **1/1097742**
57.141.2.52 - - [14/Mar/2026:05:16:46 -0700] "GET /items/3689370551 HTTP/2.0" 200 97145 "-" "meta-externalagent/1.1 (+https://developers.facebook.com/docs/sharing/webmasters/crawler)" 882 **0/882805**
57.141.2.20 - - [14/Mar/2026:05:16:46 -0700] "GET /items/771012739 HTTP/2.0" 200 97145 "-" "meta-externalagent/1.1 (+https://developers.facebook.com/docs/sharing/webmasters/crawler)" 906 **0/906050**
57.141.2.21 - - [14/Mar/2026:05:16:40 -0700] "GET /items/710670061 HTTP/2.0" 200 97145 "-" "meta-externalagent/1.1 (+https://developers.facebook.com/docs/sharing/webmasters/crawler)" 7133 **7/7133348**
57.141.2.30 - - [14/Mar/2026:05:16:44 -0700] "GET /items/31426586 HTTP/2.0" 200 97145 "-" "meta-externalagent/1.1 (+https://developers.facebook.com/docs/sharing/webmasters/crawler)" 4384 **4/4384720**
57.141.2.65 - - [14/Mar/2026:05:16:49 -0700] "GET /items/3027723612 HTTP/2.0" 200 97145 "-" "meta-externalagent/1.1 (+https://developers.facebook.com/docs/sharing/webmasters/crawler)" 850 **0/850737**
57.141.2.18 - - [14/Mar/2026:05:16:49 -0700] "GET /items/3744341024 HTTP/2.0" 200 97145 "-" "meta-externalagent/1.1 (+https://developers.facebook.com/docs/sharing/webmasters/crawler)" 858 **0/858173**
74.7.241.15 - - [14/Mar/2026:05:16:50 -0700] "GET /?fileloc=//lib64/python2.7/lib-tk/test/test_ttk/support.py&path=//lib64/python2.7/lib-tk/test/test_ttk HTTP/2.0" 200 3500 "https://thebettingexchange.in/?path=//lib64/python2.7/lib-tk/test/test_ttk" "Mozilla/5.0 AppleWebKit/537.36 (KHTML, like Gecko; compatible; GPTBot/1.3; +https://openai.com/gptbot)" 489 **0/489596**
57.141.2.28 - - [14/Mar/2026:05:16:52 -0700] "GET /items/269552354 HTTP/2.0" 200 97145 "-" "meta-externalagent/1.1 (+https://developers.facebook.com/docs/sharing/webmasters/crawler)" 870 **0/870958**
74.7.241.15 - - [14/Mar/2026:05:16:54 -0700] "GET /?fileloc=//lib64/python2.7/lib-tk/test/test_ttk/support.pyo&path=//lib64/python2.7/lib-tk/test/test_ttk HTTP/2.0" 200 2296 "https://thebettingexchange.in/?path=//lib64/python2.7/lib-tk/test/test_ttk" "Mozilla/5.0 AppleWebKit/537.36 (KHTML, like Gecko; compatible; GPTBot/1.3; +https://openai.com/gptbot)" 491 **0/491594**
57.141.2.65 - - [14/Mar/2026:05:16:54 -0700] "GET /items/4275237644 HTTP/2.0" 200 97145 "-" "meta-externalagent/1.1 (+https://developers.facebook.com/docs/sharing/webmasters/crawler)" 820 **0/820563**
57.141.2.64 - - [14/Mar/2026:05:16:57 -0700] "GET /items/885134559 HTTP/2.0" 200 97145 "-" "meta-externalagent/1.1 (+https://developers.facebook.com/docs/sharing/webmasters/crawler)" 821 **0/821874**
114.119.133.204 - - [14/Mar/2026:05:16:58 -0700] "GET /solution-the-very-best-day-betting-inside-the-funky-fruits-slot-online-free-video-bonus-deuces-wild-10-hand-online-casino-game/ HTTP/1.1" 200 4874 "https://thebettingexchange.in/totally-free-directory-of-bank-borrowing-from-the-bank-24-casino-casino-login-partnership-repossession-conversion-process/" "Mozilla/5.0 (Linux; Android 7.0;) AppleWebKit/537.36 (KHTML, like Gecko) Mobile Safari/537.36 (compatible; PetalBot;+https://webmaster.petalsearch.com/site/petalbot)" 506 **0/506366**
74.7.241.15 - - [14/Mar/2026:05:16:58 -0700] "GET /?path=/home/e9ohhh9viiv2/www/bettingexchangesite.org/images HTTP/2.0" 200 2706 "https://thebettingexchange.in/?path=/home/e9ohhh9viiv2/www/bettingexchangesite.org" "Mozilla/5.0 AppleWebKit/537.36 (KHTML, like Gecko; compatible; GPTBot/1.3; +https://openai.com/gptbot)" 503 **0/503862**
57.141.2.37 - - [14/Mar/2026:05:16:59 -0700] "GET /items/1604484923 HTTP/2.0" 200 97145 "-" "meta-externalagent/1.1 (+https://developers.facebook.com/docs/sharing/webmasters/crawler)" 831 **0/831348**
74.7.241.15 - - [14/Mar/2026:05:17:02 -0700] "GET /?path=/home/e9ohhh9viiv2/www/iplwinnerlist.com/.well-known/acme-challenge HTTP/2.0" 200 2352 "https://thebettingexchange.in/?path=/home/e9ohhh9viiv2/www/iplwinnerlist.com/.well-known" "Mozilla/5.0 AppleWebKit/537.36 (KHTML, like Gecko; compatible; GPTBot/1.3; +https://openai.com/gptbot)" 511 **0/511633**
57.141.2.71 - - [14/Mar/2026:05:17:02 -0700] "GET /items/136767970 HTTP/2.0" 200 97145 "-" "meta-externalagent/1.1 (+https://developers.facebook.com/docs/sharing/webmasters/crawler)" 926 **0/926745**
57.141.2.43 - - [14/Mar/2026:05:17:04 -0700] "GET /items/4189216285 HTTP/2.0" 200 97145 "-" "meta-externalagent/1.1 (+https://developers.facebook.com/docs/sharing/webmasters/crawler)" 854 **0/854749**
74.7.241.15 - - [14/Mar/2026:05:17:05 -0700] "GET /?path=/home/e9ohhh9viiv2/www/bettingexchangesite.org/cgi-bin/cgi-bin HTTP/2.0" 200 2777 "https://thebettingexchange.in/?path=/home/e9ohhh9viiv2/www/bettingexchangesite.org/cgi-bin" "Mozilla/5.0 AppleWebKit/537.36 (KHTML, like Gecko; compatible; GPTBot/1.3; +https://openai.com/gptbot)" 525 **0/525836**
57.141.2.35 - - [14/Mar/2026:05:17:06 -0700] "GET /items/4006163240 HTTP/2.0" 200 97145 "-" "meta-externalagent/1.1 (+https://developers.facebook.com/docs/sharing/webmasters/crawler)" 837 **0/837104**
113.168.215.133 - - [14/Mar/2026:05:17:08 -0700] "GET /medusas-stone-slot-demo-juego-descargar-la-aplicacion-1xslot-tragamonedas-regalado/ HTTP/1.1" 200 4874 "-" "Mozilla/5.0 (Windows NT 6.3) AppleWebKit/537.36 (KHTML, like Gecko) Chrome/87.0.4280.88 Safari/537.36" 489 **0/489258**
74.7.241.15 - - [14/Mar/2026:05:17:09 -0700] "GET /?path=//lib64/python3.8/wsgiref HTTP/2.0" 200 2814 "https://thebettingexchange.in/?path=//lib64/python3.8" "Mozilla/5.0 AppleWebKit/537.36 (KHTML, like Gecko; compatible; GPTBot/1.3; +https://openai.com/gptbot)" 518 **0/518244**
57.141.2.53 - - [14/Mar/2026:05:17:09 -0700] "GET /items/2143048423 HTTP/2.0" 200 97145 "-" "meta-externalagent/1.1 (+https://developers.facebook.com/docs/sharing/webmasters/crawler)" 866 **0/866418**
74.7.241.15 - - [14/Mar/2026:05:17:11 -0700] "GET /?path=//lib64/python2.7/wsgiref HTTP/2.0" 200 2965 "https://thebettingexchange.in/?path=//lib64/python2.7" "Mozilla/5.0 AppleWebKit/537.36 (KHTML, like Gecko; compatible; GPTBot/1.3; +https://openai.com/gptbot)" 504 **0/504388**
57.141.2.45 - - [14/Mar/2026:05:17:11 -0700] "GET /items/2638249461 HTTP/2.0" 200 97145 "-" "meta-externalagent/1.1 (+https://developers.facebook.com/docs/sharing/webmasters/crawler)" 873 **0/873464**
57.141.2.17 - - [14/Mar/2026:05:17:13 -0700] "GET /items/209438327 HTTP/2.0" 200 97145 "-" "meta-externalagent/1.1 (+https://developers.facebook.com/docs/sharing/webmasters/crawler)" 839 **0/839709**
74.7.241.15 - - [14/Mar/2026:05:17:14 -0700] "GET /?path=/home/e9ohhh9viiv2/public_html/cryptosportsbettingexchange.com/.well-known HTTP/2.0" 200 2629 "https://thebettingexchange.in/?path=/home/e9ohhh9viiv2/public_html/cryptosportsbettingexchange.com" "Mozilla/5.0 AppleWebKit/537.36 (KHTML, like Gecko; compatible; GPTBot/1.3; +https://openai.com/gptbot)" 520 **0/520592**
51.79.135.131 - - [14/Mar/2026:05:17:15 -0700] "-" 408 - "-" "-" 0 **0/166**
57.141.2.12 - - [14/Mar/2026:05:17:15 -0700] "GET /items/1346690073 HTTP/2.0" 200 97145 "-" "meta-externalagent/1.1 (+https://developers.facebook.com/docs/sharing/webmasters/crawler)" 857 **0/857042**
74.7.241.15 - - [14/Mar/2026:05:17:16 -0700] "GET /?path=/home/e9ohhh9viiv2/www/germanybettingexchange.com/cgi-bin HTTP/2.0" 200 2335 "https://thebettingexchange.in/?path=/home/e9ohhh9viiv2/www/germanybettingexchange.com" "Mozilla/5.0 AppleWebKit/537.36 (KHTML, like Gecko; compatible; GPTBot/1.3; +https://openai.com/gptbot)" 485 **0/485594**
57.141.2.61 - - [14/Mar/2026:05:17:17 -0700] "GET /items/858424711 HTTP/2.0" 200 97145 "-" "meta-externalagent/1.1 (+https://developers.facebook.com/docs/sharing/webmasters/crawler)" 870 **0/870639**
74.7.241.15 - - [14/Mar/2026:05:17:19 -0700] "GET /?path=//lib64/python3.8/sqlite3 HTTP/2.0" 200 2718 "https://thebettingexchange.in/?path=//lib64/python3.8" "Mozilla/5.0 AppleWebKit/537.36 (KHTML, like Gecko; compatible; GPTBot/1.3; +https://openai.com/gptbot)" 489 **0/489598**
14.250.159.180 - - [14/Mar/2026:05:17:17 -0700] "GET /eye-slot-crazy-bananas-of-horus-kostenlos-zum-besten-geben-exklusive-eintragung/ HTTP/1.1" 200 25945 "-" "Mozilla/5.0 (Macintosh; Intel Mac OS X 10_7_3) AppleWebKit/537.36 (KHTML, like Gecko, Mediapartners-Google) Chrome/83.0.4103.118 Safari/537.36" 2859 **2/2859796**
57.141.2.14 - - [14/Mar/2026:05:17:19 -0700] "GET /items/2122328530 HTTP/2.0" 200 97145 "-" "meta-externalagent/1.1 (+https://developers.facebook.com/docs/sharing/webmasters/crawler)" 848 **0/848852**
74.7.241.15 - - [14/Mar/2026:05:17:20 -0700] "GET /?path=//lib64/python3.12/curses/__pycache__ HTTP/2.0" 200 2926 "https://thebettingexchange.in/?path=//lib64/python3.12/curses" "Mozilla/5.0 AppleWebKit/537.36 (KHTML, like Gecko; compatible; GPTBot/1.3; +https://openai.com/gptbot)" 498 **0/498247**
74.7.241.15 - - [14/Mar/2026:05:17:22 -0700] "GET /?path=//lib64/python3.6/xmlrpc HTTP/2.0" 200 2712 "https://thebettingexchange.in/?path=//lib64/python3.6" "Mozilla/5.0 AppleWebKit/537.36 (KHTML, like Gecko; compatible; GPTBot/1.3; +https://openai.com/gptbot)" 485 **0/485793**
8.213.151.128 - - [14/Mar/2026:05:17:22 -0700] "-" 408 - "-" "-" 0 **0/188**
57.141.2.5 - - [14/Mar/2026:05:17:21 -0700] "GET /items/1481252098 HTTP/2.0" 200 97145 "-" "meta-externalagent/1.1 (+https://developers.facebook.com/docs/sharing/webmasters/crawler)" 836 **0/836236**
74.7.241.15 - - [14/Mar/2026:05:17:23 -0700] "GET /?path=//lib64/python3.8/ctypes HTTP/2.0" 200 2820 "https://thebettingexchange.in/?path=//lib64/python3.8" "Mozilla/5.0 AppleWebKit/537.36 (KHTML, like Gecko; compatible; GPTBot/1.3; +https://openai.com/gptbot)" 496 **0/496169**
57.141.2.22 - - [14/Mar/2026:05:17:23 -0700] "GET /items/4042673702 HTTP/2.0" 200 97145 "-" "meta-externalagent/1.1 (+https://developers.facebook.com/docs/sharing/webmasters/crawler)" 860 **0/860465**
47.89.184.18 - - [14/Mar/2026:05:17:24 -0700] "-" 408 - "-" "-" 0 **0/142**
74.7.241.15 - - [14/Mar/2026:05:17:24 -0700] "GET /?path=/home/e9ohhh9viiv2/www/bettingexchangesite.org/images/images HTTP/2.0" 200 2690 "https://thebettingexchange.in/?path=/home/e9ohhh9viiv2/www/bettingexchangesite.org/images" "Mozilla/5.0 AppleWebKit/537.36 (KHTML, like Gecko; compatible; GPTBot/1.3; +https://openai.com/gptbot)" 487 **0/487928**
57.141.2.57 - - [14/Mar/2026:05:17:25 -0700] "GET /items/4161107980 HTTP/2.0" 200 97145 "-" "meta-externalagent/1.1 (+https://developers.facebook.com/docs/sharing/webmasters/crawler)" 816 **0/816767**
74.7.241.15 - - [14/Mar/2026:05:17:26 -0700] "GET /?path=//lib64/python2.7/ctypes HTTP/2.0" 200 2942 "https://thebettingexchange.in/?path=//lib64/python2.7" "Mozilla/5.0 AppleWebKit/537.36 (KHTML, like Gecko; compatible; GPTBot/1.3; +https://openai.com/gptbot)" 515 **0/515019**
74.7.241.15 - - [14/Mar/2026:05:17:27 -0700] "GET /?path=/home/e9ohhh9viiv2/www/bettingexchangesite.org/cgi-bin/cgi-bin/cgi-bin HTTP/2.0" 200 2663 "https://thebettingexchange.in/?path=/home/e9ohhh9viiv2/www/bettingexchangesite.org/cgi-bin/cgi-bin" "Mozilla/5.0 AppleWebKit/537.36 (KHTML, like Gecko; compatible; GPTBot/1.3; +https://openai.com/gptbot)" 505 **0/505446**
85.208.96.211 - - [14/Mar/2026:05:17:27 -0700] "GET /category/articles/featured-articles/page/1143/ HTTP/1.1" 200 4874 "-" "Mozilla/5.0 (compatible; SemrushBot/7~bl; +http://www.semrush.com/bot.html)" 476 **0/476978**
14.176.81.130 - - [14/Mar/2026:05:17:27 -0700] "GET /author/noel/page/712/ HTTP/1.1" 200 4874 "-" "Mozilla/5.0 (Windows NT 5.1) AppleWebKit/535.2 (KHTML, like Gecko) Chrome/15.0.864.0 Safari/535.2" 486 **0/486750**
74.7.241.15 - - [14/Mar/2026:05:17:28 -0700] "GET /?path=//lib64/python2.7/compiler HTTP/2.0" 200 3278 "https://thebettingexchange.in/?path=//lib64/python2.7" "Mozilla/5.0 AppleWebKit/537.36 (KHTML, like Gecko; compatible; GPTBot/1.3; +https://openai.com/gptbot)" 479 **0/479830**
57.141.2.53 - - [14/Mar/2026:05:17:27 -0700] "GET /items/1976537030 HTTP/2.0" 200 97145 "-" "meta-externalagent/1.1 (+https://developers.facebook.com/docs/sharing/webmasters/crawler)" 833 **0/833623**
74.7.241.15 - - [14/Mar/2026:05:17:28 -0700] "GET /?path=//lib64/perl5/IO HTTP/2.0" 200 2851 "https://thebettingexchange.in/?path=//lib64/perl5" "Mozilla/5.0 AppleWebKit/537.36 (KHTML, like Gecko; compatible; GPTBot/1.3; +https://openai.com/gptbot)" 506 **0/506588**
74.7.241.15 - - [14/Mar/2026:05:17:29 -0700] "GET /?path=/home/e9ohhh9viiv2/public_html/cryptosportsbettingexchange.com/.well-known/pki-validation HTTP/2.0" 200 2366 "https://thebettingexchange.in/?path=/home/e9ohhh9viiv2/public_html/cryptosportsbettingexchange.com/.well-known" "Mozilla/5.0 AppleWebKit/537.36 (KHTML, like Gecko; compatible; GPTBot/1.3; +https://openai.com/gptbot)" 485 **0/485263**
57.141.2.49 - - [14/Mar/2026:05:17:29 -0700] "GET /items/2068295572 HTTP/2.0" 200 97145 "-" "meta-externalagent/1.1 (+https://developers.facebook.com/docs/sharing/webmasters/crawler)" 852 **0/852976**
47.89.184.18 - - [14/Mar/2026:05:17:30 -0700] "-" 408 - "-" "-" 0 **0/191**
74.7.241.15 - - [14/Mar/2026:05:17:30 -0700] "GET /?path=/home/e9ohhh9viiv2/public_html/cryptosportsbettingexchange.com/.well-known/acme-challenge HTTP/2.0" 200 2364 "https://thebettingexchange.in/?path=/home/e9ohhh9viiv2/public_html/cryptosportsbettingexchange.com/.well-known" "Mozilla/5.0 AppleWebKit/537.36 (KHTML, like Gecko; compatible; GPTBot/1.3; +https://openai.com/gptbot)" 483 **0/483131**
74.7.241.15 - - [14/Mar/2026:05:17:31 -0700] "GET /?path=//lib64/python3.8/sqlite3/__pycache__ HTTP/2.0" 200 2796 "https://thebettingexchange.in/?path=//lib64/python3.8/sqlite3" "Mozilla/5.0 AppleWebKit/537.36 (KHTML, like Gecko; compatible; GPTBot/1.3; +https://openai.com/gptbot)" 482 **0/482727**
57.141.2.43 - - [14/Mar/2026:05:17:31 -0700] "GET /items/3848932665 HTTP/2.0" 200 97145 "-" "meta-externalagent/1.1 (+https://developers.facebook.com/docs/sharing/webmasters/crawler)" 857 **0/857426**
74.7.241.15 - - [14/Mar/2026:05:17:32 -0700] "GET /?path=/home/e9ohhh9viiv2/www/livecricketscoreipl.in HTTP/2.0" 200 2748 "https://thebettingexchange.in/?path=/home/e9ohhh9viiv2/www" "Mozilla/5.0 AppleWebKit/537.36 (KHTML, like Gecko; compatible; GPTBot/1.3; +https://openai.com/gptbot)" 479 **0/479544**
74.7.241.15 - - [14/Mar/2026:05:17:32 -0700] "GET /?path=/home/e9ohhh9viiv2/public_html/bestsportsbettingexchanges.com/718590cf HTTP/2.0" 200 2611 "https://thebettingexchange.in/?path=/home/e9ohhh9viiv2/public_html/bestsportsbettingexchanges.com" "Mozilla/5.0 AppleWebKit/537.36 (KHTML, like Gecko; compatible; GPTBot/1.3; +https://openai.com/gptbot)" 508 **0/508963**
57.141.2.28 - - [14/Mar/2026:05:17:33 -0700] "GET /items/1152313074 HTTP/2.0" 200 97145 "-" "meta-externalagent/1.1 (+https://developers.facebook.com/docs/sharing/webmasters/crawler)" 840 **0/840099**
74.7.241.15 - - [14/Mar/2026:05:17:33 -0700] "GET /?path=/home/e9ohhh9viiv2/www/bettingexchangeonline.com/PWA/images HTTP/2.0" 200 2610 "https://thebettingexchange.in/?path=/home/e9ohhh9viiv2/www/bettingexchangeonline.com/PWA" "Mozilla/5.0 AppleWebKit/537.36 (KHTML, like Gecko; compatible; GPTBot/1.3; +https://openai.com/gptbot)" 487 **0/487696**
74.7.241.15 - - [14/Mar/2026:05:17:34 -0700] "GET /?path=/home/e9ohhh9viiv2/www/bettingexchangesite.org/images/images/images HTTP/2.0" 200 2734 "https://thebettingexchange.in/?path=/home/e9ohhh9viiv2/www/bettingexchangesite.org/images/images" "Mozilla/5.0 AppleWebKit/537.36 (KHTML, like Gecko; compatible; GPTBot/1.3; +https://openai.com/gptbot)" 496 **0/496880**
57.141.2.50 - - [14/Mar/2026:05:17:34 -0700] "GET /items/122768676 HTTP/2.0" 200 97145 "-" "meta-externalagent/1.1 (+https://developers.facebook.com/docs/sharing/webmasters/crawler)" 846 **0/846351**
74.7.241.15 - - [14/Mar/2026:05:17:35 -0700] "GET /?path=//lib64/python3.8/ctypes/__pycache__ HTTP/2.0" 200 2924 "https://thebettingexchange.in/?path=//lib64/python3.8/ctypes" "Mozilla/5.0 AppleWebKit/537.36 (KHTML, like Gecko; compatible; GPTBot/1.3; +https://openai.com/gptbot)" 506 **0/506040**
74.7.241.15 - - [14/Mar/2026:05:17:36 -0700] "GET /?path=//lib64/gems/ruby/bigdecimal-1.3.4 HTTP/2.0" 200 2595 "https://thebettingexchange.in/?path=//lib64/gems/ruby" "Mozilla/5.0 AppleWebKit/537.36 (KHTML, like Gecko; compatible; GPTBot/1.3; +https://openai.com/gptbot)" 478 **0/478879**
57.141.2.56 - - [14/Mar/2026:05:17:36 -0700] "GET /items/3624995541 HTTP/2.0" 200 97145 "-" "meta-externalagent/1.1 (+https://developers.facebook.com/docs/sharing/webmasters/crawler)" 826 **0/826775**
74.7.241.15 - - [14/Mar/2026:05:17:36 -0700] "GET /?fileloc=//lib64/python2.7/compiler/pyassem.pyc&path=//lib64/python2.7/compiler HTTP/2.0" 200 2279 "https://thebettingexchange.in/?path=//lib64/python2.7/compiler" "Mozilla/5.0 AppleWebKit/537.36 (KHTML, like Gecko; compatible; GPTBot/1.3; +https://openai.com/gptbot)" 486 **0/486314**
