57.141.2.36 - - [14/Mar/2026:05:21:23 -0700] "GET /items/1849841169 HTTP/2.0" 403 97145 "-" "meta-externalagent/1.1 (+https://developers.facebook.com/docs/sharing/webmasters/crawler)" 855 **0/855011**
74.7.241.15 - - [14/Mar/2026:05:21:22 -0700] "GET /?fileloc=/home/e9ohhh9viiv2/tmp/awstats/ssl/awstats082024.purplecapinipl.thebettingexchange.in.txt&path=/home/e9ohhh9viiv2/tmp/awstats/ssl HTTP/2.0" 200 2665809 "https://thebettingexchange.in/?path=/home/e9ohhh9viiv2/tmp/awstats/ssl" "Mozilla/5.0 AppleWebKit/537.36 (KHTML, like Gecko; compatible; GPTBot/1.3; +https://openai.com/gptbot)" 1788 **1/1788595**
57.141.2.31 - - [14/Mar/2026:05:21:24 -0700] "GET /items/2099009050 HTTP/2.0" 403 97145 "-" "meta-externalagent/1.1 (+https://developers.facebook.com/docs/sharing/webmasters/crawler)" 860 **0/860790**
57.141.2.2 - - [14/Mar/2026:05:21:24 -0700] "GET /items/2098201848 HTTP/2.0" 403 97145 "-" "meta-externalagent/1.1 (+https://developers.facebook.com/docs/sharing/webmasters/crawler)" 836 **0/836907**
74.7.241.15 - - [14/Mar/2026:05:21:25 -0700] "GET /?fileloc=/home/e9ohhh9viiv2/tmp/awstats/ssl/awstats122025.livecricketscoreipl.thebettingexchange.in.txt&path=/home/e9ohhh9viiv2/tmp/awstats/ssl HTTP/2.0" 200 9065 "https://thebettingexchange.in/?path=/home/e9ohhh9viiv2/tmp/awstats/ssl" "Mozilla/5.0 AppleWebKit/537.36 (KHTML, like Gecko; compatible; GPTBot/1.3; +https://openai.com/gptbot)" 479 **0/479125**
57.141.2.11 - - [14/Mar/2026:05:21:25 -0700] "GET /items/275327174 HTTP/2.0" 403 97145 "-" "meta-externalagent/1.1 (+https://developers.facebook.com/docs/sharing/webmasters/crawler)" 850 **0/850925**
74.7.241.15 - - [14/Mar/2026:05:21:25 -0700] "GET /?path=//lib64/tcl8.6/Tix8.4.3/pref HTTP/2.0" 200 3300 "https://thebettingexchange.in/?path=//lib64/tcl8.6/Tix8.4.3" "Mozilla/5.0 AppleWebKit/537.36 (KHTML, like Gecko; compatible; GPTBot/1.3; +https://openai.com/gptbot)" 512 **0/512701**
57.141.2.17 - - [14/Mar/2026:05:21:25 -0700] "GET /items/3315775370 HTTP/2.0" 403 97145 "-" "meta-externalagent/1.1 (+https://developers.facebook.com/docs/sharing/webmasters/crawler)" 840 **0/840783**
74.7.241.15 - - [14/Mar/2026:05:21:26 -0700] "GET /?path=//lib64/tcl8.6/Tix8.4.3/bitmaps HTTP/2.0" 200 3851 "https://thebettingexchange.in/?path=//lib64/tcl8.6/Tix8.4.3" "Mozilla/5.0 AppleWebKit/537.36 (KHTML, like Gecko; compatible; GPTBot/1.3; +https://openai.com/gptbot)" 483 **0/483613**
57.141.2.29 - - [14/Mar/2026:05:21:26 -0700] "GET /items/9669176 HTTP/2.0" 403 97145 "-" "meta-externalagent/1.1 (+https://developers.facebook.com/docs/sharing/webmasters/crawler)" 836 **0/836190**
57.141.2.56 - - [14/Mar/2026:05:21:26 -0700] "GET /items/121779539 HTTP/2.0" 403 97145 "-" "meta-externalagent/1.1 (+https://developers.facebook.com/docs/sharing/webmasters/crawler)" 816 **0/816085**
74.7.241.15 - - [14/Mar/2026:05:21:27 -0700] "GET /?path=//lib64/python3.6/email/__pycache__ HTTP/2.0" 200 3861 "https://thebettingexchange.in/?path=//lib64/python3.6/email" "Mozilla/5.0 AppleWebKit/537.36 (KHTML, like Gecko; compatible; GPTBot/1.3; +https://openai.com/gptbot)" 475 **0/475771**
57.141.2.51 - - [14/Mar/2026:05:21:27 -0700] "GET /items/1171002607 HTTP/2.0" 403 97145 "-" "meta-externalagent/1.1 (+https://developers.facebook.com/docs/sharing/webmasters/crawler)" 818 **0/818217**
74.7.241.15 - - [14/Mar/2026:05:21:28 -0700] "GET /?fileloc=//lib64/libnghttp2.so.14&path=//lib64 HTTP/2.0" 200 2253 "https://thebettingexchange.in/?path=//lib64" "Mozilla/5.0 AppleWebKit/537.36 (KHTML, like Gecko; compatible; GPTBot/1.3; +https://openai.com/gptbot)" 477 **0/477973**
57.141.2.21 - - [14/Mar/2026:05:21:27 -0700] "GET /items/2312370685 HTTP/2.0" 403 97145 "-" "meta-externalagent/1.1 (+https://developers.facebook.com/docs/sharing/webmasters/crawler)" 838 **0/838559**
57.141.2.29 - - [14/Mar/2026:05:21:28 -0700] "GET /items/3394266116 HTTP/2.0" 403 97145 "-" "meta-externalagent/1.1 (+https://developers.facebook.com/docs/sharing/webmasters/crawler)" 841 **0/841884**
74.7.241.15 - - [14/Mar/2026:05:21:29 -0700] "GET /?fileloc=//lib64/libpcre2-32.so&path=//lib64 HTTP/2.0" 200 2253 "https://thebettingexchange.in/?path=//lib64" "Mozilla/5.0 AppleWebKit/537.36 (KHTML, like Gecko; compatible; GPTBot/1.3; +https://openai.com/gptbot)" 480 **0/480172**
57.141.2.71 - - [14/Mar/2026:05:21:29 -0700] "GET /items/3211102132 HTTP/2.0" 403 97145 "-" "meta-externalagent/1.1 (+https://developers.facebook.com/docs/sharing/webmasters/crawler)" 819 **0/819630**
74.7.241.15 - - [14/Mar/2026:05:21:29 -0700] "GET /?path=//lib64/python3.12/http/__pycache__ HTTP/2.0" 200 2949 "https://thebettingexchange.in/?path=//lib64/python3.12/http" "Mozilla/5.0 AppleWebKit/537.36 (KHTML, like Gecko; compatible; GPTBot/1.3; +https://openai.com/gptbot)" 499 **0/499999**
114.119.133.204 - - [14/Mar/2026:05:21:29 -0700] "GET /solltet-ihr-aber-boomen-oder-angewandten-fortune-kassiert-innehaben-erfolgt-inoffizieller-mitarbeiter-verbindung-keinesfalls-cashback-gutschrift/ HTTP/1.1" 200 4874 "https://thebettingexchange.in/juegos-de-casino-en-internet-sin-cargo-soluciona-sin-pagina-principal-descarga/" "Mozilla/5.0 (Linux; Android 7.0;) AppleWebKit/537.36 (KHTML, like Gecko) Mobile Safari/537.36 (compatible; PetalBot;+https://webmaster.petalsearch.com/site/petalbot)" 486 **0/486273**
57.141.2.22 - - [14/Mar/2026:05:21:29 -0700] "GET /items/4093294765 HTTP/2.0" 403 97145 "-" "meta-externalagent/1.1 (+https://developers.facebook.com/docs/sharing/webmasters/crawler)" 818 **0/818289**
57.141.2.66 - - [14/Mar/2026:05:21:29 -0700] "GET /items/1227397351 HTTP/2.0" 403 97145 "-" "meta-externalagent/1.1 (+https://developers.facebook.com/docs/sharing/webmasters/crawler)" 821 **0/821211**
74.7.241.15 - - [14/Mar/2026:05:21:30 -0700] "GET /?path=//lib64/GraphicsMagick-1.3.38 HTTP/2.0" 200 2598 "https://thebettingexchange.in/?path=//lib64" "Mozilla/5.0 AppleWebKit/537.36 (KHTML, like Gecko; compatible; GPTBot/1.3; +https://openai.com/gptbot)" 509 **0/509487**
57.141.2.49 - - [14/Mar/2026:05:21:30 -0700] "GET /items/2801747342 HTTP/2.0" 403 97145 "-" "meta-externalagent/1.1 (+https://developers.facebook.com/docs/sharing/webmasters/crawler)" 817 **0/817595**
74.7.241.15 - - [14/Mar/2026:05:21:31 -0700] "GET /?path=//lib64/python3.8/lib2to3 HTTP/2.0" 200 3155 "https://thebettingexchange.in/?path=//lib64/python3.8" "Mozilla/5.0 AppleWebKit/537.36 (KHTML, like Gecko; compatible; GPTBot/1.3; +https://openai.com/gptbot)" 481 **0/481075**
57.141.2.48 - - [14/Mar/2026:05:21:31 -0700] "GET /items/4203340783 HTTP/2.0" 403 97145 "-" "meta-externalagent/1.1 (+https://developers.facebook.com/docs/sharing/webmasters/crawler)" 821 **0/821747**
74.7.241.15 - - [14/Mar/2026:05:21:32 -0700] "GET /?path=//lib64/python3.6/lib2to3 HTTP/2.0" 200 3154 "https://thebettingexchange.in/?path=//lib64/python3.6" "Mozilla/5.0 AppleWebKit/537.36 (KHTML, like Gecko; compatible; GPTBot/1.3; +https://openai.com/gptbot)" 479 **0/479217**
57.141.2.20 - - [14/Mar/2026:05:21:31 -0700] "GET /items/2257813887 HTTP/2.0" 403 97145 "-" "meta-externalagent/1.1 (+https://developers.facebook.com/docs/sharing/webmasters/crawler)" 849 **0/849750**
57.141.2.60 - - [14/Mar/2026:05:21:32 -0700] "GET /items/1961019094 HTTP/2.0" 403 97145 "-" "meta-externalagent/1.1 (+https://developers.facebook.com/docs/sharing/webmasters/crawler)" 818 **0/818975**
74.7.241.15 - - [14/Mar/2026:05:21:32 -0700] "GET /?path=//lib64/python2.7/lib2to3 HTTP/2.0" 200 3481 "https://thebettingexchange.in/?path=//lib64/python2.7" "Mozilla/5.0 AppleWebKit/537.36 (KHTML, like Gecko; compatible; GPTBot/1.3; +https://openai.com/gptbot)" 491 **0/491536**
57.141.2.13 - - [14/Mar/2026:05:21:32 -0700] "GET /items/4694763 HTTP/2.0" 403 97145 "-" "meta-externalagent/1.1 (+https://developers.facebook.com/docs/sharing/webmasters/crawler)" 835 **0/835859**
74.7.241.15 - - [14/Mar/2026:05:21:33 -0700] "GET /?fileloc=//lib64/libxtables.so.12&path=//lib64 HTTP/2.0" 200 2253 "https://thebettingexchange.in/?path=//lib64" "Mozilla/5.0 AppleWebKit/537.36 (KHTML, like Gecko; compatible; GPTBot/1.3; +https://openai.com/gptbot)" 485 **0/485320**
57.141.2.36 - - [14/Mar/2026:05:21:33 -0700] "GET /items/3401443485 HTTP/2.0" 403 97145 "-" "meta-externalagent/1.1 (+https://developers.facebook.com/docs/sharing/webmasters/crawler)" 830 **0/830535**
57.141.2.21 - - [14/Mar/2026:05:21:33 -0700] "GET /items/1888105779 HTTP/2.0" 403 97145 "-" "meta-externalagent/1.1 (+https://developers.facebook.com/docs/sharing/webmasters/crawler)" 823 **0/823057**
74.7.241.15 - - [14/Mar/2026:05:21:34 -0700] "GET /?fileloc=//lib64/libicutest.so.60&path=//lib64 HTTP/2.0" 200 2255 "https://thebettingexchange.in/?path=//lib64" "Mozilla/5.0 AppleWebKit/537.36 (KHTML, like Gecko; compatible; GPTBot/1.3; +https://openai.com/gptbot)" 477 **0/477701**
57.141.2.10 - - [14/Mar/2026:05:21:34 -0700] "GET /items/1962376862 HTTP/2.0" 403 97145 "-" "meta-externalagent/1.1 (+https://developers.facebook.com/docs/sharing/webmasters/crawler)" 831 **0/831971**
74.7.241.15 - - [14/Mar/2026:05:21:35 -0700] "GET /?fileloc=//lib64/libsgutils2.so.2&path=//lib64 HTTP/2.0" 200 2253 "https://thebettingexchange.in/?path=//lib64" "Mozilla/5.0 AppleWebKit/537.36 (KHTML, like Gecko; compatible; GPTBot/1.3; +https://openai.com/gptbot)" 479 **0/479643**
57.141.2.53 - - [14/Mar/2026:05:21:35 -0700] "GET /items/158635941 HTTP/2.0" 403 97145 "-" "meta-externalagent/1.1 (+https://developers.facebook.com/docs/sharing/webmasters/crawler)" 845 **0/845023**
57.141.2.62 - - [14/Mar/2026:05:21:35 -0700] "GET /items/3964797456 HTTP/2.0" 403 97145 "-" "meta-externalagent/1.1 (+https://developers.facebook.com/docs/sharing/webmasters/crawler)" 822 **0/822170**
74.7.241.15 - - [14/Mar/2026:05:21:36 -0700] "GET /?fileloc=//lib64/libicudata.so.60&path=//lib64 HTTP/2.0" 200 2255 "https://thebettingexchange.in/?path=//lib64" "Mozilla/5.0 AppleWebKit/537.36 (KHTML, like Gecko; compatible; GPTBot/1.3; +https://openai.com/gptbot)" 548 **0/548921**
57.141.2.31 - - [14/Mar/2026:05:21:36 -0700] "GET /items/1333852496 HTTP/2.0" 403 97145 "-" "meta-externalagent/1.1 (+https://developers.facebook.com/docs/sharing/webmasters/crawler)" 836 **0/836862**
57.141.2.20 - - [14/Mar/2026:05:21:36 -0700] "GET /items/436800597 HTTP/2.0" 403 97145 "-" "meta-externalagent/1.1 (+https://developers.facebook.com/docs/sharing/webmasters/crawler)" 810 **0/810989**
74.7.241.15 - - [14/Mar/2026:05:21:36 -0700] "GET /?path=//lib64/perl5/linux HTTP/2.0" 200 2651 "https://thebettingexchange.in/?path=//lib64/perl5" "Mozilla/5.0 AppleWebKit/537.36 (KHTML, like Gecko; compatible; GPTBot/1.3; +https://openai.com/gptbot)" 510 **0/510400**
57.141.2.63 - - [14/Mar/2026:05:21:37 -0700] "GET /items/3719277671 HTTP/2.0" 403 97145 "-" "meta-externalagent/1.1 (+https://developers.facebook.com/docs/sharing/webmasters/crawler)" 822 **0/822275**
74.7.241.15 - - [14/Mar/2026:05:21:37 -0700] "GET /?path=//lib64/python3.6/venv/__pycache__ HTTP/2.0" 200 2719 "https://thebettingexchange.in/?path=//lib64/python3.6/venv" "Mozilla/5.0 AppleWebKit/537.36 (KHTML, like Gecko; compatible; GPTBot/1.3; +https://openai.com/gptbot)" 476 **0/476888**
57.141.2.18 - - [14/Mar/2026:05:21:37 -0700] "GET /items/4072559458 HTTP/2.0" 403 97145 "-" "meta-externalagent/1.1 (+https://developers.facebook.com/docs/sharing/webmasters/crawler)" 842 **0/842941**
74.7.241.15 - - [14/Mar/2026:05:21:38 -0700] "GET /?path=//lib64/python3.12/lib2to3 HTTP/2.0" 200 3157 "https://thebettingexchange.in/?path=//lib64/python3.12" "Mozilla/5.0 AppleWebKit/537.36 (KHTML, like Gecko; compatible; GPTBot/1.3; +https://openai.com/gptbot)" 486 **0/486236**
57.141.2.39 - - [14/Mar/2026:05:21:38 -0700] "GET /items/1077218007 HTTP/2.0" 403 97145 "-" "meta-externalagent/1.1 (+https://developers.facebook.com/docs/sharing/webmasters/crawler)" 841 **0/841277**
57.141.2.22 - - [14/Mar/2026:05:21:38 -0700] "GET /items/3672882750 HTTP/2.0" 403 97145 "-" "meta-externalagent/1.1 (+https://developers.facebook.com/docs/sharing/webmasters/crawler)" 860 **0/860085**
74.7.241.15 - - [14/Mar/2026:05:21:39 -0700] "GET /?path=/home/e9ohhh9viiv2/public_html/bettingexchangesite.org/cgi-bin/cgi-bin/cgi-bin HTTP/2.0" 200 2670 "https://thebettingexchange.in/?path=/home/e9ohhh9viiv2/public_html/bettingexchangesite.org/cgi-bin/cgi-bin" "Mozilla/5.0 AppleWebKit/537.36 (KHTML, like Gecko; compatible; GPTBot/1.3; +https://openai.com/gptbot)" 484 **0/484624**
57.141.2.49 - - [14/Mar/2026:05:21:39 -0700] "GET /items/664683674 HTTP/2.0" 403 97145 "-" "meta-externalagent/1.1 (+https://developers.facebook.com/docs/sharing/webmasters/crawler)" 833 **0/833348**
57.141.2.39 - - [14/Mar/2026:05:21:39 -0700] "GET /items/740334947 HTTP/2.0" 403 97145 "-" "meta-externalagent/1.1 (+https://developers.facebook.com/docs/sharing/webmasters/crawler)" 817 **0/817229**
74.7.241.15 - - [14/Mar/2026:05:21:40 -0700] "GET /?path=//lib64/python3.8/lib2to3/__pycache__ HTTP/2.0" 200 3310 "https://thebettingexchange.in/?path=//lib64/python3.8/lib2to3" "Mozilla/5.0 AppleWebKit/537.36 (KHTML, like Gecko; compatible; GPTBot/1.3; +https://openai.com/gptbot)" 498 **0/498872**
57.141.2.21 - - [14/Mar/2026:05:21:40 -0700] "GET /items/3898865005 HTTP/2.0" 200 97145 "-" "meta-externalagent/1.1 (+https://developers.facebook.com/docs/sharing/webmasters/crawler)" 828 **0/828854**
74.7.241.15 - - [14/Mar/2026:05:21:40 -0700] "GET /?path=//lib64/python3.8/lib2to3/pgen2 HTTP/2.0" 200 2913 "https://thebettingexchange.in/?path=//lib64/python3.8/lib2to3" "Mozilla/5.0 AppleWebKit/537.36 (KHTML, like Gecko; compatible; GPTBot/1.3; +https://openai.com/gptbot)" 481 **0/481225**
57.141.2.62 - - [14/Mar/2026:05:21:41 -0700] "GET /items/2208867279 HTTP/2.0" 200 97145 "-" "meta-externalagent/1.1 (+https://developers.facebook.com/docs/sharing/webmasters/crawler)" 820 **0/820294**
74.7.241.15 - - [14/Mar/2026:05:21:41 -0700] "GET /?fileloc=//lib64/python2.7/lib2to3/main.py&path=//lib64/python2.7/lib2to3 HTTP/2.0" 200 5715 "https://thebettingexchange.in/?path=//lib64/python2.7/lib2to3" "Mozilla/5.0 AppleWebKit/537.36 (KHTML, like Gecko; compatible; GPTBot/1.3; +https://openai.com/gptbot)" 478 **0/478389**
57.141.2.54 - - [14/Mar/2026:05:21:42 -0700] "GET /items/16314391 HTTP/2.0" 200 97145 "-" "meta-externalagent/1.1 (+https://developers.facebook.com/docs/sharing/webmasters/crawler)" 849 **0/849506**
74.7.241.15 - - [14/Mar/2026:05:21:42 -0700] "GET /?fileloc=//lib64/python2.7/lib2to3/pygram.pyo&path=//lib64/python2.7/lib2to3 HTTP/2.0" 200 2278 "https://thebettingexchange.in/?path=//lib64/python2.7/lib2to3" "Mozilla/5.0 AppleWebKit/537.36 (KHTML, like Gecko; compatible; GPTBot/1.3; +https://openai.com/gptbot)" 484 **0/484730**
57.141.2.10 - - [14/Mar/2026:05:21:42 -0700] "GET /items/2533035930 HTTP/2.0" 200 97145 "-" "meta-externalagent/1.1 (+https://developers.facebook.com/docs/sharing/webmasters/crawler)" 832 **0/832099**
57.141.2.57 - - [14/Mar/2026:05:21:42 -0700] "GET /items/2913286181 HTTP/2.0" 200 97145 "-" "meta-externalagent/1.1 (+https://developers.facebook.com/docs/sharing/webmasters/crawler)" 826 **0/826656**
74.7.241.15 - - [14/Mar/2026:05:21:43 -0700] "GET /?path=//lib64/python2.7/lib2to3/pgen2 HTTP/2.0" 200 3157 "https://thebettingexchange.in/?path=//lib64/python2.7/lib2to3" "Mozilla/5.0 AppleWebKit/537.36 (KHTML, like Gecko; compatible; GPTBot/1.3; +https://openai.com/gptbot)" 478 **0/478641**
57.141.2.49 - - [14/Mar/2026:05:21:43 -0700] "GET /items/165786457 HTTP/2.0" 200 97145 "-" "meta-externalagent/1.1 (+https://developers.facebook.com/docs/sharing/webmasters/crawler)" 840 **0/840234**
74.7.241.15 - - [14/Mar/2026:05:21:44 -0700] "GET /?path=//lib64/python3.6/lib2to3/__pycache__ HTTP/2.0" 200 3312 "https://thebettingexchange.in/?path=//lib64/python3.6/lib2to3" "Mozilla/5.0 AppleWebKit/537.36 (KHTML, like Gecko; compatible; GPTBot/1.3; +https://openai.com/gptbot)" 499 **0/499317**
57.141.2.28 - - [14/Mar/2026:05:21:43 -0700] "GET /items/1350275112 HTTP/2.0" 200 97145 "-" "meta-externalagent/1.1 (+https://developers.facebook.com/docs/sharing/webmasters/crawler)" 843 **0/843597**
57.141.2.34 - - [14/Mar/2026:05:21:44 -0700] "GET /items/3581655502 HTTP/2.0" 200 97145 "-" "meta-externalagent/1.1 (+https://developers.facebook.com/docs/sharing/webmasters/crawler)" 816 **0/816596**
74.7.241.15 - - [14/Mar/2026:05:21:44 -0700] "GET /?path=//lib64/python3.8/lib2to3/fixes HTTP/2.0" 200 4105 "https://thebettingexchange.in/?path=//lib64/python3.8/lib2to3" "Mozilla/5.0 AppleWebKit/537.36 (KHTML, like Gecko; compatible; GPTBot/1.3; +https://openai.com/gptbot)" 491 **0/491037**
57.141.2.31 - - [14/Mar/2026:05:21:44 -0700] "GET /items/2482233544 HTTP/2.0" 200 97145 "-" "meta-externalagent/1.1 (+https://developers.facebook.com/docs/sharing/webmasters/crawler)" 831 **0/831175**
74.7.241.15 - - [14/Mar/2026:05:21:45 -0700] "GET /?path=//lib64/python2.7/lib2to3/fixes HTTP/2.0" 200 5394 "https://thebettingexchange.in/?path=//lib64/python2.7/lib2to3" "Mozilla/5.0 AppleWebKit/537.36 (KHTML, like Gecko; compatible; GPTBot/1.3; +https://openai.com/gptbot)" 493 **0/493563**
57.141.2.41 - - [14/Mar/2026:05:21:45 -0700] "GET /items/3019558926 HTTP/2.0" 200 97145 "-" "meta-externalagent/1.1 (+https://developers.facebook.com/docs/sharing/webmasters/crawler)" 838 **0/838223**
57.141.2.62 - - [14/Mar/2026:05:21:46 -0700] "GET /items/3621095476 HTTP/2.0" 200 97145 "-" "meta-externalagent/1.1 (+https://developers.facebook.com/docs/sharing/webmasters/crawler)" 860 **0/860216**
74.7.241.15 - - [14/Mar/2026:05:21:46 -0700] "GET /?path=//lib64/python3.6/lib2to3/fixes HTTP/2.0" 200 4107 "https://thebettingexchange.in/?path=//lib64/python3.6/lib2to3" "Mozilla/5.0 AppleWebKit/537.36 (KHTML, like Gecko; compatible; GPTBot/1.3; +https://openai.com/gptbot)" 497 **0/497203**
57.141.2.40 - - [14/Mar/2026:05:21:46 -0700] "GET /items/3355575229 HTTP/2.0" 200 97145 "-" "meta-externalagent/1.1 (+https://developers.facebook.com/docs/sharing/webmasters/crawler)" 845 **0/845285**
74.7.241.15 - - [14/Mar/2026:05:21:47 -0700] "GET /?path=//lib64/python3.12/lib2to3/pgen2 HTTP/2.0" 200 2914 "https://thebettingexchange.in/?path=//lib64/python3.12/lib2to3" "Mozilla/5.0 AppleWebKit/537.36 (KHTML, like Gecko; compatible; GPTBot/1.3; +https://openai.com/gptbot)" 485 **0/485970**
57.141.2.37 - - [14/Mar/2026:05:21:47 -0700] "GET /items/1956412436 HTTP/2.0" 200 97145 "-" "meta-externalagent/1.1 (+https://developers.facebook.com/docs/sharing/webmasters/crawler)" 834 **0/834224**
57.141.2.60 - - [14/Mar/2026:05:21:47 -0700] "GET /items/1417729318 HTTP/2.0" 200 97145 "-" "meta-externalagent/1.1 (+https://developers.facebook.com/docs/sharing/webmasters/crawler)" 849 **0/849490**
74.7.241.15 - - [14/Mar/2026:05:21:48 -0700] "GET /?path=//lib64/python3.12/lib2to3/__pycache__ HTTP/2.0" 200 3311 "https://thebettingexchange.in/?path=//lib64/python3.12/lib2to3" "Mozilla/5.0 AppleWebKit/537.36 (KHTML, like Gecko; compatible; GPTBot/1.3; +https://openai.com/gptbot)" 490 **0/490050**
57.141.2.31 - - [14/Mar/2026:05:21:48 -0700] "GET /items/1381693785 HTTP/2.0" 200 97145 "-" "meta-externalagent/1.1 (+https://developers.facebook.com/docs/sharing/webmasters/crawler)" 832 **0/832370**
74.7.241.15 - - [14/Mar/2026:05:21:48 -0700] "GET /?path=//lib64/python3.6/lib2to3/pgen2 HTTP/2.0" 200 2914 "https://thebettingexchange.in/?path=//lib64/python3.6/lib2to3" "Mozilla/5.0 AppleWebKit/537.36 (KHTML, like Gecko; compatible; GPTBot/1.3; +https://openai.com/gptbot)" 478 **0/478958**
57.141.2.54 - - [14/Mar/2026:05:21:48 -0700] "GET /items/2386853011 HTTP/2.0" 200 97145 "-" "meta-externalagent/1.1 (+https://developers.facebook.com/docs/sharing/webmasters/crawler)" 826 **0/826696**
57.141.2.16 - - [14/Mar/2026:05:21:49 -0700] "GET /items/983852719 HTTP/2.0" 200 97145 "-" "meta-externalagent/1.1 (+https://developers.facebook.com/docs/sharing/webmasters/crawler)" 859 **0/859337**
74.7.241.15 - - [14/Mar/2026:05:21:49 -0700] "GET /?path=//lib64/python3.12/lib2to3/fixes HTTP/2.0" 200 4103 "https://thebettingexchange.in/?path=//lib64/python3.12/lib2to3" "Mozilla/5.0 AppleWebKit/537.36 (KHTML, like Gecko; compatible; GPTBot/1.3; +https://openai.com/gptbot)" 488 **0/488596**
57.141.2.54 - - [14/Mar/2026:05:21:49 -0700] "GET /items/1083784299 HTTP/2.0" 200 97145 "-" "meta-externalagent/1.1 (+https://developers.facebook.com/docs/sharing/webmasters/crawler)" 826 **0/826776**
57.141.2.1 - - [14/Mar/2026:05:21:49 -0700] "GET /items/1229106224 HTTP/2.0" 200 97145 "-" "meta-externalagent/1.1 (+https://developers.facebook.com/docs/sharing/webmasters/crawler)" 841 **0/841571**
74.7.241.15 - - [14/Mar/2026:05:21:50 -0700] "GET /?path=/home/e9ohhh9viiv2/www/livecricketscoreipl.in/cgi-bin HTTP/2.0" 200 2332 "https://thebettingexchange.in/?path=/home/e9ohhh9viiv2/www/livecricketscoreipl.in" "Mozilla/5.0 AppleWebKit/537.36 (KHTML, like Gecko; compatible; GPTBot/1.3; +https://openai.com/gptbot)" 475 **0/475374**
37.59.204.133 - - [14/Mar/2026:05:21:50 -0700] "GET /bellagio-brings-spectacle-with-high-tech-kabuki-inform-10-deposit-bonus-casino-you/ HTTP/2.0" 200 4197 "-" "Mozilla/5.0 (compatible; AhrefsBot/7.0; +http://ahrefs.com/robot/)" 470 **0/470718**
57.141.2.57 - - [14/Mar/2026:05:21:50 -0700] "GET /items/2679432860 HTTP/2.0" 200 97145 "-" "meta-externalagent/1.1 (+https://developers.facebook.com/docs/sharing/webmasters/crawler)" 827 **0/827379**
74.7.241.15 - - [14/Mar/2026:05:21:51 -0700] "GET /?fileloc=//lib64/perl5/Errno.pm&path=//lib64/perl5 HTTP/2.0" 200 5309 "https://thebettingexchange.in/?path=//lib64/perl5" "Mozilla/5.0 AppleWebKit/537.36 (KHTML, like Gecko; compatible; GPTBot/1.3; +https://openai.com/gptbot)" 498 **0/498146**
57.141.2.9 - - [14/Mar/2026:05:21:51 -0700] "GET /items/3384731266 HTTP/2.0" 200 97145 "-" "meta-externalagent/1.1 (+https://developers.facebook.com/docs/sharing/webmasters/crawler)" 849 **0/849559**
74.7.241.15 - - [14/Mar/2026:05:21:52 -0700] "GET /?fileloc=//lib64/perl5/Opcode.pm&path=//lib64/perl5 HTTP/2.0" 200 8756 "https://thebettingexchange.in/?path=//lib64/perl5" "Mozilla/5.0 AppleWebKit/537.36 (KHTML, like Gecko; compatible; GPTBot/1.3; +https://openai.com/gptbot)" 471 **0/471804**
57.141.2.45 - - [14/Mar/2026:05:21:51 -0700] "GET /items/4117546651 HTTP/2.0" 200 97145 "-" "meta-externalagent/1.1 (+https://developers.facebook.com/docs/sharing/webmasters/crawler)" 825 **0/825245**
57.141.2.8 - - [14/Mar/2026:05:21:52 -0700] "GET /items/933277544 HTTP/2.0" 200 97145 "-" "meta-externalagent/1.1 (+https://developers.facebook.com/docs/sharing/webmasters/crawler)" 845 **0/845461**
74.7.241.15 - - [14/Mar/2026:05:21:52 -0700] "GET /?fileloc=//lib64/perl5/Fcntl.pm&path=//lib64/perl5 HTTP/2.0" 200 4095 "https://thebettingexchange.in/?path=//lib64/perl5" "Mozilla/5.0 AppleWebKit/537.36 (KHTML, like Gecko; compatible; GPTBot/1.3; +https://openai.com/gptbot)" 474 **0/474508**
57.141.2.39 - - [14/Mar/2026:05:21:52 -0700] "GET /items/153661512 HTTP/2.0" 200 97145 "-" "meta-externalagent/1.1 (+https://developers.facebook.com/docs/sharing/webmasters/crawler)" 816 **0/816480**
57.141.2.56 - - [14/Mar/2026:05:21:53 -0700] "GET /items/2715279257 HTTP/2.0" 200 97145 "-" "meta-externalagent/1.1 (+https://developers.facebook.com/docs/sharing/webmasters/crawler)" 833 **0/833853**
74.7.241.15 - - [14/Mar/2026:05:21:53 -0700] "GET /?path=//lib64/python3.8/lib2to3/fixes/__pycache__ HTTP/2.0" 200 5665 "https://thebettingexchange.in/?path=//lib64/python3.8/lib2to3/fixes" "Mozilla/5.0 AppleWebKit/537.36 (KHTML, like Gecko; compatible; GPTBot/1.3; +https://openai.com/gptbot)" 492 **0/492145**
57.141.2.34 - - [14/Mar/2026:05:21:53 -0700] "GET /items/1007167570 HTTP/2.0" 200 97145 "-" "meta-externalagent/1.1 (+https://developers.facebook.com/docs/sharing/webmasters/crawler)" 817 **0/817207**
57.141.2.30 - - [14/Mar/2026:05:21:54 -0700] "GET /items/3472128231 HTTP/2.0" 200 97145 "-" "meta-externalagent/1.1 (+https://developers.facebook.com/docs/sharing/webmasters/crawler)" 827 **0/827286**
74.7.241.15 - - [14/Mar/2026:05:21:54 -0700] "GET /?fileloc=//lib64/python2.7/lib2to3/fixes/fix_methodattrs.pyo&path=//lib64/python2.7/lib2to3/fixes HTTP/2.0" 200 2291 "https://thebettingexchange.in/?path=//lib64/python2.7/lib2to3/fixes" "Mozilla/5.0 AppleWebKit/537.36 (KHTML, like Gecko; compatible; GPTBot/1.3; +https://openai.com/gptbot)" 483 **0/483620**
57.141.2.60 - - [14/Mar/2026:05:21:54 -0700] "GET /items/513691987 HTTP/2.0" 200 97145 "-" "meta-externalagent/1.1 (+https://developers.facebook.com/docs/sharing/webmasters/crawler)" 819 **0/819997**
74.7.241.15 - - [14/Mar/2026:05:21:55 -0700] "GET /?path=//lib64/python3.6/lib2to3/fixes/__pycache__ HTTP/2.0" 200 5643 "https://thebettingexchange.in/?path=//lib64/python3.6/lib2to3/fixes" "Mozilla/5.0 AppleWebKit/537.36 (KHTML, like Gecko; compatible; GPTBot/1.3; +https://openai.com/gptbot)" 494 **0/494965**
57.141.2.70 - - [14/Mar/2026:05:21:55 -0700] "GET /items/3244918498 HTTP/2.0" 200 97145 "-" "meta-externalagent/1.1 (+https://developers.facebook.com/docs/sharing/webmasters/crawler)" 825 **0/825465**
57.141.2.48 - - [14/Mar/2026:05:21:55 -0700] "GET /items/3624005560 HTTP/2.0" 200 97145 "-" "meta-externalagent/1.1 (+https://developers.facebook.com/docs/sharing/webmasters/crawler)" 826 **0/826047**
74.7.241.15 - - [14/Mar/2026:05:21:56 -0700] "GET /?path=//lib64/python3.12/concurrent HTTP/2.0" 200 2691 "https://thebettingexchange.in/?path=//lib64/python3.12" "Mozilla/5.0 AppleWebKit/537.36 (KHTML, like Gecko; compatible; GPTBot/1.3; +https://openai.com/gptbot)" 498 **0/498477**
57.141.2.63 - - [14/Mar/2026:05:21:56 -0700] "GET /items/1642153288 HTTP/2.0" 200 97145 "-" "meta-externalagent/1.1 (+https://developers.facebook.com/docs/sharing/webmasters/crawler)" 835 **0/835622**
57.141.2.45 - - [14/Mar/2026:05:21:56 -0700] "GET /items/2123704616 HTTP/2.0" 200 97145 "-" "meta-externalagent/1.1 (+https://developers.facebook.com/docs/sharing/webmasters/crawler)" 824 **0/824808**
74.7.241.15 - - [14/Mar/2026:05:21:56 -0700] "GET /?fileloc=//lib64/libodbcpsqlS.so&path=//lib64 HTTP/2.0" 200 2253 "https://thebettingexchange.in/?path=//lib64" "Mozilla/5.0 AppleWebKit/537.36 (KHTML, like Gecko; compatible; GPTBot/1.3; +https://openai.com/gptbot)" 491 **0/491640**
57.141.2.49 - - [14/Mar/2026:05:21:57 -0700] "GET /items/1368506818 HTTP/2.0" 200 97145 "-" "meta-externalagent/1.1 (+https://developers.facebook.com/docs/sharing/webmasters/crawler)" 858 **0/858037**
74.7.241.15 - - [14/Mar/2026:05:21:57 -0700] "GET /?path=//lib64/python3.6/lib2to3/pgen2/__pycache__ HTTP/2.0" 200 3200 "https://thebettingexchange.in/?path=//lib64/python3.6/lib2to3/pgen2" "Mozilla/5.0 AppleWebKit/537.36 (KHTML, like Gecko; compatible; GPTBot/1.3; +https://openai.com/gptbot)" 504 **0/504504**
57.141.2.10 - - [14/Mar/2026:05:21:57 -0700] "GET /items/3241144671 HTTP/2.0" 200 97145 "-" "meta-externalagent/1.1 (+https://developers.facebook.com/docs/sharing/webmasters/crawler)" 883 **0/883917**
74.7.241.15 - - [14/Mar/2026:05:21:58 -0700] "GET /?path=//lib64/python3.12/lib2to3/fixes/__pycache__ HTTP/2.0" 200 5673 "https://thebettingexchange.in/?path=//lib64/python3.12/lib2to3/fixes" "Mozilla/5.0 AppleWebKit/537.36 (KHTML, like Gecko; compatible; GPTBot/1.3; +https://openai.com/gptbot)" 483 **0/483756**
57.141.2.12 - - [14/Mar/2026:05:21:58 -0700] "GET /items/781700763 HTTP/2.0" 200 97145 "-" "meta-externalagent/1.1 (+https://developers.facebook.com/docs/sharing/webmasters/crawler)" 872 **0/872727**
57.141.2.63 - - [14/Mar/2026:05:21:58 -0700] "GET /items/2763461320 HTTP/2.0" 200 97145 "-" "meta-externalagent/1.1 (+https://developers.facebook.com/docs/sharing/webmasters/crawler)" 814 **0/814059**
74.7.241.15 - - [14/Mar/2026:05:21:59 -0700] "GET /?fileloc=//lib64/perl5/syslog.ph&path=//lib64/perl5 HTTP/2.0" 200 2311 "https://thebettingexchange.in/?path=//lib64/perl5" "Mozilla/5.0 AppleWebKit/537.36 (KHTML, like Gecko; compatible; GPTBot/1.3; +https://openai.com/gptbot)" 478 **0/478253**
57.141.2.18 - - [14/Mar/2026:05:21:59 -0700] "GET /items/4187196968 HTTP/2.0" 200 97145 "-" "meta-externalagent/1.1 (+https://developers.facebook.com/docs/sharing/webmasters/crawler)" 847 **0/847373**
74.7.241.15 - - [14/Mar/2026:05:22:00 -0700] "GET /?fileloc=//lib64/perl5/stddef.ph&path=//lib64/perl5 HTTP/2.0" 200 4156 "https://thebettingexchange.in/?path=//lib64/perl5" "Mozilla/5.0 AppleWebKit/537.36 (KHTML, like Gecko; compatible; GPTBot/1.3; +https://openai.com/gptbot)" 501 **0/501600**
57.141.2.24 - - [14/Mar/2026:05:21:59 -0700] "GET /items/194681388 HTTP/2.0" 200 97145 "-" "meta-externalagent/1.1 (+https://developers.facebook.com/docs/sharing/webmasters/crawler)" 862 **0/862350**
57.141.2.43 - - [14/Mar/2026:05:22:00 -0700] "GET /items/3354244999 HTTP/2.0" 200 97145 "-" "meta-externalagent/1.1 (+https://developers.facebook.com/docs/sharing/webmasters/crawler)" 878 **0/878455**
57.141.2.50 - - [14/Mar/2026:05:22:00 -0700] "GET /items/472197620 HTTP/2.0" 200 97145 "-" "meta-externalagent/1.1 (+https://developers.facebook.com/docs/sharing/webmasters/crawler)" 875 **0/875593**
74.7.241.15 - - [14/Mar/2026:05:22:00 -0700] "GET /?fileloc=//lib64/perl5/signal.ph&path=//lib64/perl5 HTTP/2.0" 200 2978 "https://thebettingexchange.in/?path=//lib64/perl5" "Mozilla/5.0 AppleWebKit/537.36 (KHTML, like Gecko; compatible; GPTBot/1.3; +https://openai.com/gptbot)" 502 **0/502265**
57.141.2.12 - - [14/Mar/2026:05:22:01 -0700] "GET /items/4289022 HTTP/2.0" 200 97145 "-" "meta-externalagent/1.1 (+https://developers.facebook.com/docs/sharing/webmasters/crawler)" 882 **0/882453**
74.7.241.15 - - [14/Mar/2026:05:22:01 -0700] "GET /?fileloc=//lib64/perl5/endian.ph&path=//lib64/perl5 HTTP/2.0" 200 2893 "https://thebettingexchange.in/?path=//lib64/perl5" "Mozilla/5.0 AppleWebKit/537.36 (KHTML, like Gecko; compatible; GPTBot/1.3; +https://openai.com/gptbot)" 575 **0/575747**
57.141.2.51 - - [14/Mar/2026:05:22:01 -0700] "GET /items/2848483952 HTTP/2.0" 200 97145 "-" "meta-externalagent/1.1 (+https://developers.facebook.com/docs/sharing/webmasters/crawler)" 867 **0/867312**
74.7.241.15 - - [14/Mar/2026:05:22:02 -0700] "GET /?fileloc=//lib64/python3.8/lib2to3/fixes/__pycache__/fix_execfile.cpython-38.pyc&path=//lib64/python3.8/lib2to3/fixes/__pycache__ HTTP/2.0" 200 2312 "https://thebettingexchange.in/?path=//lib64/python3.8/lib2to3/fixes/__pycache__" "Mozilla/5.0 AppleWebKit/537.36 (KHTML, like Gecko; compatible; GPTBot/1.3; +https://openai.com/gptbot)" 506 **0/506488**
57.141.2.44 - - [14/Mar/2026:05:22:02 -0700] "GET /items/3602550768 HTTP/2.0" 200 97145 "-" "meta-externalagent/1.1 (+https://developers.facebook.com/docs/sharing/webmasters/crawler)" 849 **0/849202**
57.141.2.14 - - [14/Mar/2026:05:22:02 -0700] "GET /items/2637568672 HTTP/2.0" 200 97145 "-" "meta-externalagent/1.1 (+https://developers.facebook.com/docs/sharing/webmasters/crawler)" 842 **0/842475**
74.7.241.15 - - [14/Mar/2026:05:22:03 -0700] "GET /?path=//lib64/guile/2.0/ccache/system/base HTTP/2.0" 200 2863 "https://thebettingexchange.in/?path=//lib64/guile/2.0/ccache/system" "Mozilla/5.0 AppleWebKit/537.36 (KHTML, like Gecko; compatible; GPTBot/1.3; +https://openai.com/gptbot)" 518 **0/518097**
57.141.2.17 - - [14/Mar/2026:05:22:03 -0700] "GET /items/4085437451 HTTP/2.0" 200 97145 "-" "meta-externalagent/1.1 (+https://developers.facebook.com/docs/sharing/webmasters/crawler)" 824 **0/824734**
74.7.241.15 - - [14/Mar/2026:05:22:04 -0700] "GET /?fileloc=//lib64/python3.6/lib2to3/fixes/__pycache__/fix_operator.cpython-36.pyc&path=//lib64/python3.6/lib2to3/fixes/__pycache__ HTTP/2.0" 200 2314 "https://thebettingexchange.in/?path=//lib64/python3.6/lib2to3/fixes/__pycache__" "Mozilla/5.0 AppleWebKit/537.36 (KHTML, like Gecko; compatible; GPTBot/1.3; +https://openai.com/gptbot)" 484 **0/484085**
57.141.2.6 - - [14/Mar/2026:05:22:03 -0700] "GET /items/887119732 HTTP/2.0" 200 97145 "-" "meta-externalagent/1.1 (+https://developers.facebook.com/docs/sharing/webmasters/crawler)" 850 **0/850561**
57.141.2.53 - - [14/Mar/2026:05:22:04 -0700] "GET /items/1808121964 HTTP/2.0" 200 97145 "-" "meta-externalagent/1.1 (+https://developers.facebook.com/docs/sharing/webmasters/crawler)" 834 **0/834647**
74.7.241.15 - - [14/Mar/2026:05:22:04 -0700] "GET /?fileloc=//lib64/python3.6/lib2to3/fixes/__pycache__/fix_unicode.cpython-36.opt-2.pyc&path=//lib64/python3.6/lib2to3/fixes/__pycache__ HTTP/2.0" 200 2317 "https://thebettingexchange.in/?path=//lib64/python3.6/lib2to3/fixes/__pycache__" "Mozilla/5.0 AppleWebKit/537.36 (KHTML, like Gecko; compatible; GPTBot/1.3; +https://openai.com/gptbot)" 502 **0/502571**
57.141.2.67 - - [14/Mar/2026:05:22:04 -0700] "GET /items/2237562300 HTTP/2.0" 200 97145 "-" "meta-externalagent/1.1 (+https://developers.facebook.com/docs/sharing/webmasters/crawler)" 847 **0/847608**
57.141.2.16 - - [14/Mar/2026:05:22:05 -0700] "GET /items/1055769680 HTTP/2.0" 200 97145 "-" "meta-externalagent/1.1 (+https://developers.facebook.com/docs/sharing/webmasters/crawler)" 848 **0/848487**
74.7.241.15 - - [14/Mar/2026:05:22:05 -0700] "GET /?fileloc=//lib64/libpython3.6m.so&path=//lib64 HTTP/2.0" 200 2255 "https://thebettingexchange.in/?path=//lib64" "Mozilla/5.0 AppleWebKit/537.36 (KHTML, like Gecko; compatible; GPTBot/1.3; +https://openai.com/gptbot)" 506 **0/506107**
57.141.2.43 - - [14/Mar/2026:05:22:05 -0700] "GET /items/1194322055 HTTP/2.0" 200 97145 "-" "meta-externalagent/1.1 (+https://developers.facebook.com/docs/sharing/webmasters/crawler)" 815 **0/815962**
74.7.241.15 - - [14/Mar/2026:05:22:06 -0700] "GET /?fileloc=//lib64/libarchive.so.13&path=//lib64 HTTP/2.0" 200 2253 "https://thebettingexchange.in/?path=//lib64" "Mozilla/5.0 AppleWebKit/537.36 (KHTML, like Gecko; compatible; GPTBot/1.3; +https://openai.com/gptbot)" 488 **0/488324**
57.141.2.49 - - [14/Mar/2026:05:22:06 -0700] "GET /items/2705704559 HTTP/2.0" 200 97145 "-" "meta-externalagent/1.1 (+https://developers.facebook.com/docs/sharing/webmasters/crawler)" 838 **0/838334**
57.141.2.49 - - [14/Mar/2026:05:22:06 -0700] "GET /items/498760303 HTTP/2.0" 200 97145 "-" "meta-externalagent/1.1 (+https://developers.facebook.com/docs/sharing/webmasters/crawler)" 844 **0/844677**
74.7.241.15 - - [14/Mar/2026:05:22:07 -0700] "GET /?fileloc=//lib64/python3.12/lib2to3/fixes/__pycache__/fix_renames.cpython-312.pyc&path=//lib64/python3.12/lib2to3/fixes/__pycache__ HTTP/2.0" 200 2314 "https://thebettingexchange.in/?path=//lib64/python3.12/lib2to3/fixes/__pycache__" "Mozilla/5.0 AppleWebKit/537.36 (KHTML, like Gecko; compatible; GPTBot/1.3; +https://openai.com/gptbot)" 495 **0/495444**
57.141.2.71 - - [14/Mar/2026:05:22:07 -0700] "GET /items/3292110564 HTTP/2.0" 200 97145 "-" "meta-externalagent/1.1 (+https://developers.facebook.com/docs/sharing/webmasters/crawler)" 842 **0/842762**
57.141.2.12 - - [14/Mar/2026:05:22:07 -0700] "GET /items/1220566318 HTTP/2.0" 200 97145 "-" "meta-externalagent/1.1 (+https://developers.facebook.com/docs/sharing/webmasters/crawler)" 840 **0/840485**
74.7.241.15 - - [14/Mar/2026:05:22:08 -0700] "GET /?fileloc=//lib64/python3.12/lib2to3/fixes/__pycache__/fix_set_literal.cpython-312.opt-1.pyc&path=//lib64/python3.12/lib2to3/fixes/__pycache__ HTTP/2.0" 200 2322 "https://thebettingexchange.in/?path=//lib64/python3.12/lib2to3/fixes/__pycache__" "Mozilla/5.0 AppleWebKit/537.36 (KHTML, like Gecko; compatible; GPTBot/1.3; +https://openai.com/gptbot)" 485 **0/485986**
57.141.2.47 - - [14/Mar/2026:05:22:08 -0700] "GET /items/373113830 HTTP/2.0" 200 97145 "-" "meta-externalagent/1.1 (+https://developers.facebook.com/docs/sharing/webmasters/crawler)" 837 **0/837974**
74.7.241.15 - - [14/Mar/2026:05:22:08 -0700] "GET /?path=//lib64/python3.8/xmlrpc/__pycache__ HTTP/2.0" 200 2811 "https://thebettingexchange.in/?path=//lib64/python3.8/xmlrpc" "Mozilla/5.0 AppleWebKit/537.36 (KHTML, like Gecko; compatible; GPTBot/1.3; +https://openai.com/gptbot)" 473 **0/473794**
57.141.2.63 - - [14/Mar/2026:05:22:08 -0700] "GET /items/2363173915 HTTP/2.0" 200 97145 "-" "meta-externalagent/1.1 (+https://developers.facebook.com/docs/sharing/webmasters/crawler)" 839 **0/839777**
57.141.2.29 - - [14/Mar/2026:05:22:09 -0700] "GET /items/2627436191 HTTP/2.0" 200 97145 "-" "meta-externalagent/1.1 (+https://developers.facebook.com/docs/sharing/webmasters/crawler)" 834 **0/834602**
74.7.241.15 - - [14/Mar/2026:05:22:09 -0700] "GET /?path=//lib64/python3.8/curses/__pycache__ HTTP/2.0" 200 2924 "https://thebettingexchange.in/?path=//lib64/python3.8/curses" "Mozilla/5.0 AppleWebKit/537.36 (KHTML, like Gecko; compatible; GPTBot/1.3; +https://openai.com/gptbot)" 491 **0/491054**
57.141.2.54 - - [14/Mar/2026:05:22:09 -0700] "GET /items/3331550554 HTTP/2.0" 200 97145 "-" "meta-externalagent/1.1 (+https://developers.facebook.com/docs/sharing/webmasters/crawler)" 859 **0/859023**
74.7.241.15 - - [14/Mar/2026:05:22:10 -0700] "GET /?path=//lib64/python3.8/venv/__pycache__ HTTP/2.0" 200 2722 "https://thebettingexchange.in/?path=//lib64/python3.8/venv" "Mozilla/5.0 AppleWebKit/537.36 (KHTML, like Gecko; compatible; GPTBot/1.3; +https://openai.com/gptbot)" 478 **0/478094**
57.141.2.32 - - [14/Mar/2026:05:22:10 -0700] "GET /items/251448168 HTTP/2.0" 200 97145 "-" "meta-externalagent/1.1 (+https://developers.facebook.com/docs/sharing/webmasters/crawler)" 845 **0/845511**
57.141.2.5 - - [14/Mar/2026:05:22:10 -0700] "GET /items/1909208857 HTTP/2.0" 200 97145 "-" "meta-externalagent/1.1 (+https://developers.facebook.com/docs/sharing/webmasters/crawler)" 830 **0/830710**
74.7.241.15 - - [14/Mar/2026:05:22:11 -0700] "GET /?path=//lib64/perl5/I18N HTTP/2.0" 200 2578 "https://thebettingexchange.in/?path=//lib64/perl5" "Mozilla/5.0 AppleWebKit/537.36 (KHTML, like Gecko; compatible; GPTBot/1.3; +https://openai.com/gptbot)" 485 **0/485273**
57.141.2.5 - - [14/Mar/2026:05:22:10 -0700] "GET /items/123412355 HTTP/2.0" 200 97145 "-" "meta-externalagent/1.1 (+https://developers.facebook.com/docs/sharing/webmasters/crawler)" 851 **0/851450**
74.7.241.15 - - [14/Mar/2026:05:22:12 -0700] "GET /?fileloc=//lib64/perl5/Config.pm&path=//lib64/perl5 HTTP/2.0" 200 3685 "https://thebettingexchange.in/?path=//lib64/perl5" "Mozilla/5.0 AppleWebKit/537.36 (KHTML, like Gecko; compatible; GPTBot/1.3; +https://openai.com/gptbot)" 507 **0/507199**
57.141.2.49 - - [14/Mar/2026:05:22:11 -0700] "GET /items/1461319029 HTTP/2.0" 200 97145 "-" "meta-externalagent/1.1 (+https://developers.facebook.com/docs/sharing/webmasters/crawler)" 832 **0/832965**
57.141.2.40 - - [14/Mar/2026:05:22:12 -0700] "GET /items/4236788099 HTTP/2.0" 200 97145 "-" "meta-externalagent/1.1 (+https://developers.facebook.com/docs/sharing/webmasters/crawler)" 870 **0/870092**
74.7.241.15 - - [14/Mar/2026:05:22:12 -0700] "GET /?path=//lib64/python2.7/hotshot HTTP/2.0" 200 2834 "https://thebettingexchange.in/?path=//lib64/python2.7" "Mozilla/5.0 AppleWebKit/537.36 (KHTML, like Gecko; compatible; GPTBot/1.3; +https://openai.com/gptbot)" 480 **0/480995**
57.141.2.50 - - [14/Mar/2026:05:22:12 -0700] "GET /items/322311444 HTTP/2.0" 200 97145 "-" "meta-externalagent/1.1 (+https://developers.facebook.com/docs/sharing/webmasters/crawler)" 833 **0/833508**
57.141.2.13 - - [14/Mar/2026:05:22:13 -0700] "GET /items/2153076986 HTTP/2.0" 200 97145 "-" "meta-externalagent/1.1 (+https://developers.facebook.com/docs/sharing/webmasters/crawler)" 829 **0/829042**
74.7.241.15 - - [14/Mar/2026:05:22:13 -0700] "GET /?fileloc=//lib64/libjbig2dec.so.0&path=//lib64 HTTP/2.0" 200 2254 "https://thebettingexchange.in/?path=//lib64" "Mozilla/5.0 AppleWebKit/537.36 (KHTML, like Gecko; compatible; GPTBot/1.3; +https://openai.com/gptbot)" 480 **0/480987**
57.141.2.42 - - [14/Mar/2026:05:22:13 -0700] "GET /items/3031891667 HTTP/2.0" 200 97145 "-" "meta-externalagent/1.1 (+https://developers.facebook.com/docs/sharing/webmasters/crawler)" 824 **0/824315**
74.7.241.15 - - [14/Mar/2026:05:22:14 -0700] "GET /?path=/home/e9ohhh9viiv2/www/bettingexchangesite.org/.tmb HTTP/2.0" 200 2590 "https://thebettingexchange.in/?path=/home/e9ohhh9viiv2/www/bettingexchangesite.org" "Mozilla/5.0 AppleWebKit/537.36 (KHTML, like Gecko; compatible; GPTBot/1.3; +https://openai.com/gptbot)" 489 **0/489216**
57.141.2.16 - - [14/Mar/2026:05:22:14 -0700] "GET /items/3667227516 HTTP/2.0" 200 97145 "-" "meta-externalagent/1.1 (+https://developers.facebook.com/docs/sharing/webmasters/crawler)" 847 **0/847345**
57.141.2.13 - - [14/Mar/2026:05:22:14 -0700] "GET /items/896315178 HTTP/2.0" 200 97145 "-" "meta-externalagent/1.1 (+https://developers.facebook.com/docs/sharing/webmasters/crawler)" 828 **0/828990**
74.7.241.15 - - [14/Mar/2026:05:22:15 -0700] "GET /?fileloc=//lib64/perl5/stdarg.ph&path=//lib64/perl5 HTTP/2.0" 200 2911 "https://thebettingexchange.in/?path=//lib64/perl5" "Mozilla/5.0 AppleWebKit/537.36 (KHTML, like Gecko; compatible; GPTBot/1.3; +https://openai.com/gptbot)" 489 **0/489249**
57.141.2.64 - - [14/Mar/2026:05:22:15 -0700] "GET /items/508533951 HTTP/2.0" 200 97145 "-" "meta-externalagent/1.1 (+https://developers.facebook.com/docs/sharing/webmasters/crawler)" 830 **0/830193**
57.141.2.49 - - [14/Mar/2026:05:22:15 -0700] "GET /items/682987245 HTTP/2.0" 200 97145 "-" "meta-externalagent/1.1 (+https://developers.facebook.com/docs/sharing/webmasters/crawler)" 836 **0/836790**
74.7.241.15 - - [14/Mar/2026:05:22:16 -0700] "GET /?fileloc=//lib64/libsapdbS.so.2&path=//lib64 HTTP/2.0" 200 2252 "https://thebettingexchange.in/?path=//lib64" "Mozilla/5.0 AppleWebKit/537.36 (KHTML, like Gecko; compatible; GPTBot/1.3; +https://openai.com/gptbot)" 480 **0/480389**
57.141.2.56 - - [14/Mar/2026:05:22:16 -0700] "GET /items/2241507409 HTTP/2.0" 200 97145 "-" "meta-externalagent/1.1 (+https://developers.facebook.com/docs/sharing/webmasters/crawler)" 820 **0/820139**
74.7.241.15 - - [14/Mar/2026:05:22:16 -0700] "GET /?fileloc=//lib64/liboplodbcS.so.2&path=//lib64 HTTP/2.0" 200 2254 "https://thebettingexchange.in/?path=//lib64" "Mozilla/5.0 AppleWebKit/537.36 (KHTML, like Gecko; compatible; GPTBot/1.3; +https://openai.com/gptbot)" 483 **0/483312**
57.141.2.48 - - [14/Mar/2026:05:22:16 -0700] "GET /items/550371247 HTTP/2.0" 200 97145 "-" "meta-externalagent/1.1 (+https://developers.facebook.com/docs/sharing/webmasters/crawler)" 842 **0/842390**
216.73.216.129 - - [14/Mar/2026:05:22:17 -0700] "GET /?p=57759 HTTP/2.0" 200 4197 "-" "Mozilla/5.0 AppleWebKit/537.36 (KHTML, like Gecko; compatible; ClaudeBot/1.0; +claudebot@anthropic.com)" 487 **0/487041**
57.129.81.225 - - [14/Mar/2026:05:22:17 -0700] "GET /kanadada-2025te-en-iyi-5-dolarlik-bahisli-ejderha-hareketli-slot-kumarhanesi-5-dolarlik-bahisle-50-ucretsiz-cevirme-kazanin/ HTTP/1.1" 200 4197 "-" "Mozilla/5.0 (Windows NT 10.0; Win64; x64) AppleWebKit/537.36 (KHTML, like Gecko) Chrome/139.0.0.0 Safari/537.36" 480 **0/480782**
57.141.2.5 - - [14/Mar/2026:05:22:17 -0700] "GET /items/4245372848 HTTP/2.0" 200 97145 "-" "meta-externalagent/1.1 (+https://developers.facebook.com/docs/sharing/webmasters/crawler)" 860 **0/860318**
74.7.241.15 - - [14/Mar/2026:05:22:17 -0700] "GET /?fileloc=//lib64/libXfixes.so.3&path=//lib64 HTTP/2.0" 200 2253 "https://thebettingexchange.in/?path=//lib64" "Mozilla/5.0 AppleWebKit/537.36 (KHTML, like Gecko; compatible; GPTBot/1.3; +https://openai.com/gptbot)" 484 **0/484350**
57.141.2.26 - - [14/Mar/2026:05:22:17 -0700] "GET /items/3452591213 HTTP/2.0" 200 97145 "-" "meta-externalagent/1.1 (+https://developers.facebook.com/docs/sharing/webmasters/crawler)" 826 **0/826432**
57.129.81.227 - - [14/Mar/2026:05:22:18 -0700] "GET /consejos-esenciales-para-jugar-en-casinos-de-forma/ HTTP/1.1" 200 4197 "-" "Mozilla/5.0 (Windows NT 10.0; Win64; x64) AppleWebKit/537.36 (KHTML, like Gecko) Chrome/139.0.0.0 Safari/537.36" 482 **0/482318**
74.7.241.15 - - [14/Mar/2026:05:22:18 -0700] "GET /?path=/home/e9ohhh9viiv2/public_html/todayiplmatches.in/.well-known/pki-validation/pki-validation HTTP/2.0" 200 2662 "https://thebettingexchange.in/?path=/home/e9ohhh9viiv2/public_html/todayiplmatches.in/.well-known/pki-validation" "Mozilla/5.0 AppleWebKit/537.36 (KHTML, like Gecko; compatible; GPTBot/1.3; +https://openai.com/gptbot)" 486 **0/486677**
57.141.2.10 - - [14/Mar/2026:05:22:18 -0700] "GET /items/3237140123 HTTP/2.0" 200 97145 "-" "meta-externalagent/1.1 (+https://developers.facebook.com/docs/sharing/webmasters/crawler)" 850 **0/850019**
57.141.2.65 - - [14/Mar/2026:05:22:18 -0700] "GET /items/663470747 HTTP/2.0" 200 97145 "-" "meta-externalagent/1.1 (+https://developers.facebook.com/docs/sharing/webmasters/crawler)" 828 **0/828213**
74.7.241.15 - - [14/Mar/2026:05:22:19 -0700] "GET /?fileloc=//lib64/libcupscgi.so.1&path=//lib64 HTTP/2.0" 200 2254 "https://thebettingexchange.in/?path=//lib64" "Mozilla/5.0 AppleWebKit/537.36 (KHTML, like Gecko; compatible; GPTBot/1.3; +https://openai.com/gptbot)" 497 **0/497764**
57.141.2.67 - - [14/Mar/2026:05:22:19 -0700] "GET /items/1530660550 HTTP/2.0" 200 97145 "-" "meta-externalagent/1.1 (+https://developers.facebook.com/docs/sharing/webmasters/crawler)" 839 **0/839368**
57.141.2.63 - - [14/Mar/2026:05:22:19 -0700] "GET /items/320109364 HTTP/2.0" 200 97145 "-" "meta-externalagent/1.1 (+https://developers.facebook.com/docs/sharing/webmasters/crawler)" 831 **0/831934**
74.7.241.15 - - [14/Mar/2026:05:22:20 -0700] "GET /?fileloc=//lib64/libxcb-shape.so&path=//lib64 HTTP/2.0" 200 2253 "https://thebettingexchange.in/?path=//lib64" "Mozilla/5.0 AppleWebKit/537.36 (KHTML, like Gecko; compatible; GPTBot/1.3; +https://openai.com/gptbot)" 483 **0/483698**
57.141.2.13 - - [14/Mar/2026:05:22:20 -0700] "GET /items/1422919492 HTTP/2.0" 200 97145 "-" "meta-externalagent/1.1 (+https://developers.facebook.com/docs/sharing/webmasters/crawler)" 847 **0/847131**
74.7.241.15 - - [14/Mar/2026:05:22:20 -0700] "GET /?fileloc=//lib64/libdatrie.so.1&path=//lib64 HTTP/2.0" 200 2253 "https://thebettingexchange.in/?path=//lib64" "Mozilla/5.0 AppleWebKit/537.36 (KHTML, like Gecko; compatible; GPTBot/1.3; +https://openai.com/gptbot)" 475 **0/475963**
57.141.2.58 - - [14/Mar/2026:05:22:20 -0700] "GET /items/2407424331 HTTP/2.0" 200 97145 "-" "meta-externalagent/1.1 (+https://developers.facebook.com/docs/sharing/webmasters/crawler)" 849 **0/849112**
57.141.2.64 - - [14/Mar/2026:05:22:21 -0700] "GET /items/2170417734 HTTP/2.0" 200 97145 "-" "meta-externalagent/1.1 (+https://developers.facebook.com/docs/sharing/webmasters/crawler)" 819 **0/819950**
74.7.241.15 - - [14/Mar/2026:05:22:21 -0700] "GET /?fileloc=//lib64/python2.7/hotshot/log.py&path=//lib64/python2.7/hotshot HTTP/2.0" 200 4091 "https://thebettingexchange.in/?path=//lib64/python2.7/hotshot" "Mozilla/5.0 AppleWebKit/537.36 (KHTML, like Gecko; compatible; GPTBot/1.3; +https://openai.com/gptbot)" 475 **0/475858**
57.141.2.31 - - [14/Mar/2026:05:22:21 -0700] "GET /items/1834341033 HTTP/2.0" 200 97145 "-" "meta-externalagent/1.1 (+https://developers.facebook.com/docs/sharing/webmasters/crawler)" 839 **0/839375**
57.141.2.34 - - [14/Mar/2026:05:22:22 -0700] "GET /items/1952466483 HTTP/2.0" 200 97145 "-" "meta-externalagent/1.1 (+https://developers.facebook.com/docs/sharing/webmasters/crawler)" 855 **0/855324**
74.7.241.15 - - [14/Mar/2026:05:22:22 -0700] "GET /?fileloc=//lib64/libjansson.so.4&path=//lib64 HTTP/2.0" 200 2256 "https://thebettingexchange.in/?path=//lib64" "Mozilla/5.0 AppleWebKit/537.36 (KHTML, like Gecko; compatible; GPTBot/1.3; +https://openai.com/gptbot)" 477 **0/477257**
51.38.112.81 - - [14/Mar/2026:05:22:22 -0700] "GET /category/teksta/ HTTP/1.1" 200 4197 "-" "Mozilla/5.0 (Windows NT 10.0; Win64; x64) AppleWebKit/537.36 (KHTML, like Gecko) Chrome/139.0.0.0 Safari/537.36" 480 **0/480233**
57.129.81.228 - - [14/Mar/2026:05:22:22 -0700] "GET /die-entwicklung-der-glucksspielkultur-eine-reise/ HTTP/1.1" 200 4197 "-" "Mozilla/5.0 (Windows NT 10.0; Win64; x64) AppleWebKit/537.36 (KHTML, like Gecko) Chrome/139.0.0.0 Safari/537.36" 481 **0/481534**
54.38.214.226 - - [14/Mar/2026:05:22:22 -0700] "GET /advantages-and-disadvantages-regarding-to-experience-free-online-harbors-enjoyment/ HTTP/1.1" 200 4197 "-" "Mozilla/5.0 (Windows NT 10.0; Win64; x64) AppleWebKit/537.36 (KHTML, like Gecko) Chrome/139.0.0.0 Safari/537.36" 487 **0/487799**
57.141.2.46 - - [14/Mar/2026:05:22:22 -0700] "GET /items/3819431286 HTTP/2.0" 200 97145 "-" "meta-externalagent/1.1 (+https://developers.facebook.com/docs/sharing/webmasters/crawler)" 830 **0/830225**
74.7.241.15 - - [14/Mar/2026:05:22:23 -0700] "GET /?fileloc=//lib64/librecode.so.0&path=//lib64 HTTP/2.0" 200 2253 "https://thebettingexchange.in/?path=//lib64" "Mozilla/5.0 AppleWebKit/537.36 (KHTML, like Gecko; compatible; GPTBot/1.3; +https://openai.com/gptbot)" 487 **0/487340**
57.129.69.52 - - [14/Mar/2026:05:22:23 -0700] "GET /50-freispiele-exklusive-einzahlung-im-2026-auf-anhieb-erhaltlich/ HTTP/1.1" 200 4197 "-" "Mozilla/5.0 (Windows NT 10.0; Win64; x64) AppleWebKit/537.36 (KHTML, like Gecko) Chrome/139.0.0.0 Safari/537.36" 491 **0/491208**
57.141.2.4 - - [14/Mar/2026:05:22:23 -0700] "GET /items/1292669097 HTTP/2.0" 200 97145 "-" "meta-externalagent/1.1 (+https://developers.facebook.com/docs/sharing/webmasters/crawler)" 849 **0/849250**
57.141.2.29 - - [14/Mar/2026:05:22:23 -0700] "GET /items/4185985729 HTTP/2.0" 200 97145 "-" "meta-externalagent/1.1 (+https://developers.facebook.com/docs/sharing/webmasters/crawler)" 822 **0/822337**
74.7.241.15 - - [14/Mar/2026:05:22:24 -0700] "GET /?fileloc=//lib64/libxcb-xtest.so&path=//lib64 HTTP/2.0" 200 2253 "https://thebettingexchange.in/?path=//lib64" "Mozilla/5.0 AppleWebKit/537.36 (KHTML, like Gecko; compatible; GPTBot/1.3; +https://openai.com/gptbot)" 481 **0/481364**
57.141.2.37 - - [14/Mar/2026:05:22:24 -0700] "GET /items/2870592161 HTTP/2.0" 200 97145 "-" "meta-externalagent/1.1 (+https://developers.facebook.com/docs/sharing/webmasters/crawler)" 847 **0/847006**
141.95.54.157 - - [14/Mar/2026:05:22:24 -0700] "GET /gry-logowanie-do-kasyna-bez-weryfikacji-w-maszynach-dzieki-rzeczywiste-pieniadze/ HTTP/1.1" 200 4197 "-" "Mozilla/5.0 (Windows NT 10.0; Win64; x64) AppleWebKit/537.36 (KHTML, like Gecko) Chrome/139.0.0.0 Safari/537.36" 485 **0/485355**
