57.141.2.44 - - [14/Mar/2026:05:14:47 -0700] "GET /items/1368343295 HTTP/2.0" 200 97145 "-" "meta-externalagent/1.1 (+https://developers.facebook.com/docs/sharing/webmasters/crawler)" 840 **0/840744**
74.7.241.15 - - [14/Mar/2026:05:14:48 -0700] "GET /?path=/home/e9ohhh9viiv2/public_html/bettingexchangesite.org/images/images HTTP/2.0" 200 2696 "https://thebettingexchange.in/?path=/home/e9ohhh9viiv2/public_html/bettingexchangesite.org/images" "Mozilla/5.0 AppleWebKit/537.36 (KHTML, like Gecko; compatible; GPTBot/1.3; +https://openai.com/gptbot)" 490 **0/490993**
57.141.2.55 - - [14/Mar/2026:05:14:48 -0700] "GET /items/1563300680 HTTP/2.0" 200 97145 "-" "meta-externalagent/1.1 (+https://developers.facebook.com/docs/sharing/webmasters/crawler)" 835 **0/835948**
74.7.241.15 - - [14/Mar/2026:05:14:49 -0700] "GET /?fileloc=//lib64/libgpg-error.so&path=//lib64 HTTP/2.0" 200 2252 "https://thebettingexchange.in/?path=//lib64" "Mozilla/5.0 AppleWebKit/537.36 (KHTML, like Gecko; compatible; GPTBot/1.3; +https://openai.com/gptbot)" 479 **0/479115**
57.141.2.9 - - [14/Mar/2026:05:14:49 -0700] "GET /items/3688089686 HTTP/2.0" 200 97145 "-" "meta-externalagent/1.1 (+https://developers.facebook.com/docs/sharing/webmasters/crawler)" 831 **0/831126**
198.235.24.38 - - [14/Mar/2026:05:14:50 -0700] "GET /wp-login.php HTTP/1.1" 200 97145 "-" "Hello from Palo Alto Networks, find out more about our scans in https://docs-cortex.paloaltonetworks.com/r/1/Cortex-Xpanse/Scanning-activity" 119 **0/119796**
74.7.241.15 - - [14/Mar/2026:05:14:50 -0700] "GET /?path=//lib64/rsyslog HTTP/2.0" 200 3485 "https://thebettingexchange.in/?path=//lib64" "Mozilla/5.0 AppleWebKit/537.36 (KHTML, like Gecko; compatible; GPTBot/1.3; +https://openai.com/gptbot)" 495 **0/495466**
57.141.2.53 - - [14/Mar/2026:05:14:49 -0700] "GET /items/3326943896 HTTP/2.0" 200 97145 "-" "meta-externalagent/1.1 (+https://developers.facebook.com/docs/sharing/webmasters/crawler)" 867 **0/867333**
57.141.2.18 - - [14/Mar/2026:05:14:50 -0700] "GET /items/1435265727 HTTP/2.0" 200 97145 "-" "meta-externalagent/1.1 (+https://developers.facebook.com/docs/sharing/webmasters/crawler)" 826 **0/826446**
74.7.241.15 - - [14/Mar/2026:05:14:50 -0700] "GET /?path=//lib64/dovecot HTTP/2.0" 200 4240 "https://thebettingexchange.in/?path=//lib64" "Mozilla/5.0 AppleWebKit/537.36 (KHTML, like Gecko; compatible; GPTBot/1.3; +https://openai.com/gptbot)" 477 **0/477877**
57.141.2.14 - - [14/Mar/2026:05:14:50 -0700] "GET /items/1077623748 HTTP/2.0" 200 97145 "-" "meta-externalagent/1.1 (+https://developers.facebook.com/docs/sharing/webmasters/crawler)" 839 **0/839207**
57.141.2.41 - - [14/Mar/2026:05:14:51 -0700] "GET /items/4168507451 HTTP/2.0" 200 97145 "-" "meta-externalagent/1.1 (+https://developers.facebook.com/docs/sharing/webmasters/crawler)" 848 **0/848489**
74.7.241.15 - - [14/Mar/2026:05:14:51 -0700] "GET /?path=//lib64/python2.7/sqlite3 HTTP/2.0" 200 2769 "https://thebettingexchange.in/?path=//lib64/python2.7" "Mozilla/5.0 AppleWebKit/537.36 (KHTML, like Gecko; compatible; GPTBot/1.3; +https://openai.com/gptbot)" 477 **0/477059**
57.141.2.52 - - [14/Mar/2026:05:14:51 -0700] "GET /items/914201526 HTTP/2.0" 200 97145 "-" "meta-externalagent/1.1 (+https://developers.facebook.com/docs/sharing/webmasters/crawler)" 833 **0/833345**
57.141.2.19 - - [14/Mar/2026:05:14:52 -0700] "GET /items/2909013922 HTTP/2.0" 200 97145 "-" "meta-externalagent/1.1 (+https://developers.facebook.com/docs/sharing/webmasters/crawler)" 822 **0/822163**
74.7.241.15 - - [14/Mar/2026:05:14:52 -0700] "GET /?path=//lib64/python3.12/ctypes HTTP/2.0" 200 2819 "https://thebettingexchange.in/?path=//lib64/python3.12" "Mozilla/5.0 AppleWebKit/537.36 (KHTML, like Gecko; compatible; GPTBot/1.3; +https://openai.com/gptbot)" 475 **0/475533**
57.141.2.15 - - [14/Mar/2026:05:14:52 -0700] "GET /items/711881300 HTTP/2.0" 200 97145 "-" "meta-externalagent/1.1 (+https://developers.facebook.com/docs/sharing/webmasters/crawler)" 838 **0/838598**
74.7.241.15 - - [14/Mar/2026:05:14:53 -0700] "GET /?path=//lib64/python2.7/config HTTP/2.0" 200 2876 "https://thebettingexchange.in/?path=//lib64/python2.7" "Mozilla/5.0 AppleWebKit/537.36 (KHTML, like Gecko; compatible; GPTBot/1.3; +https://openai.com/gptbot)" 473 **0/473086**
57.141.2.48 - - [14/Mar/2026:05:14:53 -0700] "GET /items/1865438872 HTTP/2.0" 200 97145 "-" "meta-externalagent/1.1 (+https://developers.facebook.com/docs/sharing/webmasters/crawler)" 831 **0/831108**
74.7.241.15 - - [14/Mar/2026:05:14:54 -0700] "GET /?path=//lib64/gems/ruby HTTP/2.0" 200 2688 "https://thebettingexchange.in/?path=//lib64/gems" "Mozilla/5.0 AppleWebKit/537.36 (KHTML, like Gecko; compatible; GPTBot/1.3; +https://openai.com/gptbot)" 486 **0/486092**
57.141.2.42 - - [14/Mar/2026:05:14:53 -0700] "GET /items/4012830302 HTTP/2.0" 200 97145 "-" "meta-externalagent/1.1 (+https://developers.facebook.com/docs/sharing/webmasters/crawler)" 828 **0/828009**
57.141.2.19 - - [14/Mar/2026:05:14:54 -0700] "GET /items/3963990254 HTTP/2.0" 200 97145 "-" "meta-externalagent/1.1 (+https://developers.facebook.com/docs/sharing/webmasters/crawler)" 819 **0/819458**
74.7.241.15 - - [14/Mar/2026:05:14:54 -0700] "GET /?path=//lib64/python3.12/turtledemo HTTP/2.0" 200 3332 "https://thebettingexchange.in/?path=//lib64/python3.12" "Mozilla/5.0 AppleWebKit/537.36 (KHTML, like Gecko; compatible; GPTBot/1.3; +https://openai.com/gptbot)" 481 **0/481563**
57.141.2.54 - - [14/Mar/2026:05:14:54 -0700] "GET /items/3602182981 HTTP/2.0" 200 97145 "-" "meta-externalagent/1.1 (+https://developers.facebook.com/docs/sharing/webmasters/crawler)" 837 **0/837304**
74.7.241.15 - - [14/Mar/2026:05:14:55 -0700] "GET /?path=/home/e9ohhh9viiv2/public_html/spainbettingexchange.com/.well-known/acme-challenge HTTP/2.0" 200 2357 "https://thebettingexchange.in/?path=/home/e9ohhh9viiv2/public_html/spainbettingexchange.com/.well-known" "Mozilla/5.0 AppleWebKit/537.36 (KHTML, like Gecko; compatible; GPTBot/1.3; +https://openai.com/gptbot)" 481 **0/481102**
57.141.2.34 - - [14/Mar/2026:05:14:55 -0700] "GET /items/3105153164 HTTP/2.0" 200 97145 "-" "meta-externalagent/1.1 (+https://developers.facebook.com/docs/sharing/webmasters/crawler)" 846 **0/846007**
57.141.2.44 - - [14/Mar/2026:05:14:55 -0700] "GET /items/3312013056 HTTP/2.0" 200 97145 "-" "meta-externalagent/1.1 (+https://developers.facebook.com/docs/sharing/webmasters/crawler)" 821 **0/821919**
74.7.241.15 - - [14/Mar/2026:05:14:56 -0700] "GET /?path=//lib64/girepository-1.0 HTTP/2.0" 200 3593 "https://thebettingexchange.in/?path=//lib64" "Mozilla/5.0 AppleWebKit/537.36 (KHTML, like Gecko; compatible; GPTBot/1.3; +https://openai.com/gptbot)" 489 **0/489719**
57.141.2.58 - - [14/Mar/2026:05:14:56 -0700] "GET /items/1912623052 HTTP/2.0" 200 97145 "-" "meta-externalagent/1.1 (+https://developers.facebook.com/docs/sharing/webmasters/crawler)" 845 **0/845273**
57.141.2.20 - - [14/Mar/2026:05:14:56 -0700] "GET /items/2433047194 HTTP/2.0" 200 97145 "-" "meta-externalagent/1.1 (+https://developers.facebook.com/docs/sharing/webmasters/crawler)" 839 **0/839836**
74.7.241.15 - - [14/Mar/2026:05:14:57 -0700] "GET /?path=//lib64/python3.6/curses HTTP/2.0" 200 2779 "https://thebettingexchange.in/?path=//lib64/python3.6" "Mozilla/5.0 AppleWebKit/537.36 (KHTML, like Gecko; compatible; GPTBot/1.3; +https://openai.com/gptbot)" 485 **0/485412**
57.141.2.5 - - [14/Mar/2026:05:14:57 -0700] "GET /items/1960855571 HTTP/2.0" 200 97145 "-" "meta-externalagent/1.1 (+https://developers.facebook.com/docs/sharing/webmasters/crawler)" 818 **0/818997**
216.73.216.129 - - [14/Mar/2026:05:14:57 -0700] "GET /verbunden-casino-provision-abzuglich-einzahlung-traktandum-fur-nusse-echtgeldboni-zweiter-monat-des-jahres-2026 HTTP/2.0" 200 4197 "-" "Mozilla/5.0 AppleWebKit/537.36 (KHTML, like Gecko; compatible; ClaudeBot/1.0; +claudebot@anthropic.com)" 483 **0/483186**
74.7.241.15 - - [14/Mar/2026:05:14:58 -0700] "GET /?path=/home/e9ohhh9viiv2/public_html/cricketbetstips.com/.well-known HTTP/2.0" 200 2587 "https://thebettingexchange.in/?path=/home/e9ohhh9viiv2/public_html/cricketbetstips.com" "Mozilla/5.0 AppleWebKit/537.36 (KHTML, like Gecko; compatible; GPTBot/1.3; +https://openai.com/gptbot)" 491 **0/491761**
57.141.2.44 - - [14/Mar/2026:05:14:57 -0700] "GET /items/1883156499 HTTP/2.0" 200 97145 "-" "meta-externalagent/1.1 (+https://developers.facebook.com/docs/sharing/webmasters/crawler)" 881 **0/881995**
57.141.2.27 - - [14/Mar/2026:05:14:58 -0700] "GET /items/1490008957 HTTP/2.0" 200 97145 "-" "meta-externalagent/1.1 (+https://developers.facebook.com/docs/sharing/webmasters/crawler)" 820 **0/820426**
74.7.241.15 - - [14/Mar/2026:05:14:58 -0700] "GET /?fileloc=//lib64/rsyslog/imfile.so&path=//lib64/rsyslog HTTP/2.0" 200 2261 "https://thebettingexchange.in/?path=//lib64/rsyslog" "Mozilla/5.0 AppleWebKit/537.36 (KHTML, like Gecko; compatible; GPTBot/1.3; +https://openai.com/gptbot)" 478 **0/478893**
57.141.2.36 - - [14/Mar/2026:05:14:58 -0700] "GET /items/1441635018 HTTP/2.0" 200 97145 "-" "meta-externalagent/1.1 (+https://developers.facebook.com/docs/sharing/webmasters/crawler)" 823 **0/823899**
74.7.241.15 - - [14/Mar/2026:05:14:59 -0700] "GET /?fileloc=//lib64/rsyslog/fmhttp.so&path=//lib64/rsyslog HTTP/2.0" 200 2262 "https://thebettingexchange.in/?path=//lib64/rsyslog" "Mozilla/5.0 AppleWebKit/537.36 (KHTML, like Gecko; compatible; GPTBot/1.3; +https://openai.com/gptbot)" 477 **0/477096**
57.141.2.35 - - [14/Mar/2026:05:14:59 -0700] "GET /items/2555702837 HTTP/2.0" 200 97145 "-" "meta-externalagent/1.1 (+https://developers.facebook.com/docs/sharing/webmasters/crawler)" 824 **0/824984**
57.141.2.7 - - [14/Mar/2026:05:14:59 -0700] "GET /items/1107089457 HTTP/2.0" 200 97145 "-" "meta-externalagent/1.1 (+https://developers.facebook.com/docs/sharing/webmasters/crawler)" 831 **0/831695**
74.7.241.15 - - [14/Mar/2026:05:15:00 -0700] "GET /?fileloc=//lib64/dovecot/libdovecot-lda.so.0.0.0&path=//lib64/dovecot HTTP/2.0" 200 2267 "https://thebettingexchange.in/?path=//lib64/dovecot" "Mozilla/5.0 AppleWebKit/537.36 (KHTML, like Gecko; compatible; GPTBot/1.3; +https://openai.com/gptbot)" 491 **0/491557**
57.141.2.40 - - [14/Mar/2026:05:15:00 -0700] "GET /items/2511734939 HTTP/2.0" 200 97145 "-" "meta-externalagent/1.1 (+https://developers.facebook.com/docs/sharing/webmasters/crawler)" 851 **0/851785**
74.7.241.15 - - [14/Mar/2026:05:15:01 -0700] "GET /?path=/home/e9ohhh9viiv2/public_html/cryptosportsbettingexchange.com/cgi-bin HTTP/2.0" 200 2342 "https://thebettingexchange.in/?path=/home/e9ohhh9viiv2/public_html/cryptosportsbettingexchange.com" "Mozilla/5.0 AppleWebKit/537.36 (KHTML, like Gecko; compatible; GPTBot/1.3; +https://openai.com/gptbot)" 540 **0/540347**
57.141.2.63 - - [14/Mar/2026:05:15:00 -0700] "GET /items/1117430665 HTTP/2.0" 200 97145 "-" "meta-externalagent/1.1 (+https://developers.facebook.com/docs/sharing/webmasters/crawler)" 894 **0/894225**
57.141.2.3 - - [14/Mar/2026:05:15:01 -0700] "GET /items/545559481 HTTP/2.0" 200 97145 "-" "meta-externalagent/1.1 (+https://developers.facebook.com/docs/sharing/webmasters/crawler)" 948 **0/948350**
74.7.241.15 - - [14/Mar/2026:05:15:01 -0700] "GET /?path=//lib64/xtables HTTP/2.0" 200 5490 "https://thebettingexchange.in/?path=//lib64" "Mozilla/5.0 AppleWebKit/537.36 (KHTML, like Gecko; compatible; GPTBot/1.3; +https://openai.com/gptbot)" 652 **0/652429**
57.141.2.56 - - [14/Mar/2026:05:15:01 -0700] "GET /items/1581994710 HTTP/2.0" 200 97145 "-" "meta-externalagent/1.1 (+https://developers.facebook.com/docs/sharing/webmasters/crawler)" 968 **0/968234**
57.141.2.35 - - [14/Mar/2026:05:15:02 -0700] "GET /items/3969954648 HTTP/2.0" 200 97145 "-" "meta-externalagent/1.1 (+https://developers.facebook.com/docs/sharing/webmasters/crawler)" 935 **0/935148**
74.7.241.15 - - [14/Mar/2026:05:15:02 -0700] "GET /?path=//lib64/gems/ruby/openssl-2.1.2 HTTP/2.0" 200 2596 "https://thebettingexchange.in/?path=//lib64/gems/ruby" "Mozilla/5.0 AppleWebKit/537.36 (KHTML, like Gecko; compatible; GPTBot/1.3; +https://openai.com/gptbot)" 513 **0/513468**
57.141.2.21 - - [14/Mar/2026:05:15:03 -0700] "GET /items/3892899735 HTTP/2.0" 200 97145 "-" "meta-externalagent/1.1 (+https://developers.facebook.com/docs/sharing/webmasters/crawler)" 954 **0/954064**
57.141.2.20 - - [14/Mar/2026:05:15:03 -0700] "GET /items/1420299185 HTTP/2.0" 200 97145 "-" "meta-externalagent/1.1 (+https://developers.facebook.com/docs/sharing/webmasters/crawler)" 953 **0/953046**
74.7.241.15 - - [14/Mar/2026:05:15:03 -0700] "GET /?fileloc=//lib64/python3.12/turtledemo/sorting_animate.py&path=//lib64/python3.12/turtledemo HTTP/2.0" 200 3809 "https://thebettingexchange.in/?path=//lib64/python3.12/turtledemo" "Mozilla/5.0 AppleWebKit/537.36 (KHTML, like Gecko; compatible; GPTBot/1.3; +https://openai.com/gptbot)" 645 **0/645599**
57.141.2.20 - - [14/Mar/2026:05:15:03 -0700] "GET /items/1364743644 HTTP/2.0" 200 97145 "-" "meta-externalagent/1.1 (+https://developers.facebook.com/docs/sharing/webmasters/crawler)" 901 **0/901075**
57.141.2.49 - - [14/Mar/2026:05:15:04 -0700] "GET /items/3164144757 HTTP/2.0" 200 97145 "-" "meta-externalagent/1.1 (+https://developers.facebook.com/docs/sharing/webmasters/crawler)" 878 **0/878413**
74.7.241.15 - - [14/Mar/2026:05:15:04 -0700] "GET /?fileloc=//lib64/python3.12/turtledemo/lindenmayer.py&path=//lib64/python3.12/turtledemo HTTP/2.0" 200 3221 "https://thebettingexchange.in/?path=//lib64/python3.12/turtledemo" "Mozilla/5.0 AppleWebKit/537.36 (KHTML, like Gecko; compatible; GPTBot/1.3; +https://openai.com/gptbot)" 523 **0/523740**
57.141.2.23 - - [14/Mar/2026:05:15:04 -0700] "GET /items/1879115305 HTTP/2.0" 200 97145 "-" "meta-externalagent/1.1 (+https://developers.facebook.com/docs/sharing/webmasters/crawler)" 862 **0/862835**
57.141.2.24 - - [14/Mar/2026:05:15:05 -0700] "GET /items/3795766496 HTTP/2.0" 200 97145 "-" "meta-externalagent/1.1 (+https://developers.facebook.com/docs/sharing/webmasters/crawler)" 852 **0/852154**
74.7.241.15 - - [14/Mar/2026:05:15:05 -0700] "GET /?path=//lib64/gems/ruby/psych-3.0.2 HTTP/2.0" 200 2590 "https://thebettingexchange.in/?path=//lib64/gems/ruby" "Mozilla/5.0 AppleWebKit/537.36 (KHTML, like Gecko; compatible; GPTBot/1.3; +https://openai.com/gptbot)" 797 **0/797229**
57.141.2.49 - - [14/Mar/2026:05:15:05 -0700] "GET /items/1216989822 HTTP/2.0" 200 97145 "-" "meta-externalagent/1.1 (+https://developers.facebook.com/docs/sharing/webmasters/crawler)" 835 **0/835059**
74.7.241.15 - - [14/Mar/2026:05:15:06 -0700] "GET /?path=//lib64/gems/ruby/json-2.1.0 HTTP/2.0" 200 2567 "https://thebettingexchange.in/?path=//lib64/gems/ruby" "Mozilla/5.0 AppleWebKit/537.36 (KHTML, like Gecko; compatible; GPTBot/1.3; +https://openai.com/gptbot)" 501 **0/501783**
57.141.2.49 - - [14/Mar/2026:05:15:06 -0700] "GET /items/1350780429 HTTP/2.0" 200 97145 "-" "meta-externalagent/1.1 (+https://developers.facebook.com/docs/sharing/webmasters/crawler)" 852 **0/852780**
74.7.241.15 - - [14/Mar/2026:05:15:07 -0700] "GET /?path=//lib64/enchant HTTP/2.0" 200 2577 "https://thebettingexchange.in/?path=//lib64" "Mozilla/5.0 AppleWebKit/537.36 (KHTML, like Gecko; compatible; GPTBot/1.3; +https://openai.com/gptbot)" 512 **0/512534**
57.141.2.32 - - [14/Mar/2026:05:15:06 -0700] "GET /items/2865434109 HTTP/2.0" 200 97145 "-" "meta-externalagent/1.1 (+https://developers.facebook.com/docs/sharing/webmasters/crawler)" 857 **0/857266**
57.141.2.21 - - [14/Mar/2026:05:15:07 -0700] "GET /items/3220298422 HTTP/2.0" 200 97145 "-" "meta-externalagent/1.1 (+https://developers.facebook.com/docs/sharing/webmasters/crawler)" 835 **0/835416**
74.7.241.15 - - [14/Mar/2026:05:15:07 -0700] "GET /?path=/home/e9ohhh9viiv2/public_html/spainbettingexchange.com/.well-known/pki-validation HTTP/2.0" 200 2359 "https://thebettingexchange.in/?path=/home/e9ohhh9viiv2/public_html/spainbettingexchange.com/.well-known" "Mozilla/5.0 AppleWebKit/537.36 (KHTML, like Gecko; compatible; GPTBot/1.3; +https://openai.com/gptbot)" 498 **0/498192**
57.141.2.58 - - [14/Mar/2026:05:15:07 -0700] "GET /items/246453639 HTTP/2.0" 200 97145 "-" "meta-externalagent/1.1 (+https://developers.facebook.com/docs/sharing/webmasters/crawler)" 843 **0/843311**
74.7.241.15 - - [14/Mar/2026:05:15:08 -0700] "GET /?path=/home/e9ohhh9viiv2/public_html/iplwinnerslist.in/.well-known HTTP/2.0" 200 2622 "https://thebettingexchange.in/?path=/home/e9ohhh9viiv2/public_html/iplwinnerslist.in" "Mozilla/5.0 AppleWebKit/537.36 (KHTML, like Gecko; compatible; GPTBot/1.3; +https://openai.com/gptbot)" 490 **0/490180**
57.141.2.54 - - [14/Mar/2026:05:15:08 -0700] "GET /items/470102276 HTTP/2.0" 200 97145 "-" "meta-externalagent/1.1 (+https://developers.facebook.com/docs/sharing/webmasters/crawler)" 850 **0/850819**
216.73.216.129 - - [14/Mar/2026:05:15:08 -0700] "GET /beste-echtgeld-verbunden-casinos-2026-traktandum-echtgeld-pramie HTTP/2.0" 200 4197 "-" "Mozilla/5.0 AppleWebKit/537.36 (KHTML, like Gecko; compatible; ClaudeBot/1.0; +claudebot@anthropic.com)" 504 **0/504194**
57.141.2.8 - - [14/Mar/2026:05:15:08 -0700] "GET /items/1492374560 HTTP/2.0" 200 97145 "-" "meta-externalagent/1.1 (+https://developers.facebook.com/docs/sharing/webmasters/crawler)" 877 **0/877035**
74.7.241.15 - - [14/Mar/2026:05:15:09 -0700] "GET /?path=/home/e9ohhh9viiv2/public_html/.well-known/pki-validation HTTP/2.0" 200 2666 "https://thebettingexchange.in/?path=/home/e9ohhh9viiv2/public_html/.well-known" "Mozilla/5.0 AppleWebKit/537.36 (KHTML, like Gecko; compatible; GPTBot/1.3; +https://openai.com/gptbot)" 503 **0/503155**
57.141.2.49 - - [14/Mar/2026:05:15:09 -0700] "GET /items/2338311300 HTTP/2.0" 200 97145 "-" "meta-externalagent/1.1 (+https://developers.facebook.com/docs/sharing/webmasters/crawler)" 866 **0/866199**
57.141.2.54 - - [14/Mar/2026:05:15:09 -0700] "GET /items/859636810 HTTP/2.0" 200 97145 "-" "meta-externalagent/1.1 (+https://developers.facebook.com/docs/sharing/webmasters/crawler)" 880 **0/880213**
74.7.241.15 - - [14/Mar/2026:05:15:10 -0700] "GET /?path=/home/e9ohhh9viiv2/public_html/orangecapinipl.in/.well-known HTTP/2.0" 200 2621 "https://thebettingexchange.in/?path=/home/e9ohhh9viiv2/public_html/orangecapinipl.in" "Mozilla/5.0 AppleWebKit/537.36 (KHTML, like Gecko; compatible; GPTBot/1.3; +https://openai.com/gptbot)" 510 **0/510772**
57.141.2.22 - - [14/Mar/2026:05:15:10 -0700] "GET /items/1369495939 HTTP/2.0" 200 97145 "-" "meta-externalagent/1.1 (+https://developers.facebook.com/docs/sharing/webmasters/crawler)" 847 **0/847378**
57.141.2.65 - - [14/Mar/2026:05:15:10 -0700] "GET /items/3295884391 HTTP/2.0" 200 97145 "-" "meta-externalagent/1.1 (+https://developers.facebook.com/docs/sharing/webmasters/crawler)" 865 **0/865634**
74.7.241.15 - - [14/Mar/2026:05:15:11 -0700] "GET /?path=/home/e9ohhh9viiv2/public_html/cricketbetstips.com/.well-known/acme-challenge HTTP/2.0" 200 2355 "https://thebettingexchange.in/?path=/home/e9ohhh9viiv2/public_html/cricketbetstips.com/.well-known" "Mozilla/5.0 AppleWebKit/537.36 (KHTML, like Gecko; compatible; GPTBot/1.3; +https://openai.com/gptbot)" 494 **0/494568**
57.141.2.56 - - [14/Mar/2026:05:15:11 -0700] "GET /items/820635903 HTTP/2.0" 200 97145 "-" "meta-externalagent/1.1 (+https://developers.facebook.com/docs/sharing/webmasters/crawler)" 866 **0/866588**
74.7.241.15 - - [14/Mar/2026:05:15:11 -0700] "GET /?path=//lib64/perl5/auto HTTP/2.0" 200 3009 "https://thebettingexchange.in/?path=//lib64/perl5" "Mozilla/5.0 AppleWebKit/537.36 (KHTML, like Gecko; compatible; GPTBot/1.3; +https://openai.com/gptbot)" 489 **0/489795**
57.141.2.61 - - [14/Mar/2026:05:15:11 -0700] "GET /items/1712494048 HTTP/2.0" 403 97145 "-" "meta-externalagent/1.1 (+https://developers.facebook.com/docs/sharing/webmasters/crawler)" 849 **0/849015**
57.141.2.65 - - [14/Mar/2026:05:15:12 -0700] "GET /items/1281129236 HTTP/2.0" 403 97145 "-" "meta-externalagent/1.1 (+https://developers.facebook.com/docs/sharing/webmasters/crawler)" 844 **0/844895**
74.7.241.15 - - [14/Mar/2026:05:15:12 -0700] "GET /?path=//lib64/perl5/bits HTTP/2.0" 200 3604 "https://thebettingexchange.in/?path=//lib64/perl5" "Mozilla/5.0 AppleWebKit/537.36 (KHTML, like Gecko; compatible; GPTBot/1.3; +https://openai.com/gptbot)" 512 **0/512977**
57.141.2.65 - - [14/Mar/2026:05:15:12 -0700] "GET /items/2534607693 HTTP/2.0" 403 97145 "-" "meta-externalagent/1.1 (+https://developers.facebook.com/docs/sharing/webmasters/crawler)" 836 **0/836580**
74.7.241.15 - - [14/Mar/2026:05:15:13 -0700] "GET /?path=//lib64/ruby/io HTTP/2.0" 200 2645 "https://thebettingexchange.in/?path=//lib64/ruby" "Mozilla/5.0 AppleWebKit/537.36 (KHTML, like Gecko; compatible; GPTBot/1.3; +https://openai.com/gptbot)" 495 **0/495826**
57.141.2.22 - - [14/Mar/2026:05:15:13 -0700] "GET /items/344636314 HTTP/2.0" 403 97145 "-" "meta-externalagent/1.1 (+https://developers.facebook.com/docs/sharing/webmasters/crawler)" 863 **0/863700**
57.141.2.23 - - [14/Mar/2026:05:15:13 -0700] "GET /items/2479500170 HTTP/2.0" 403 97145 "-" "meta-externalagent/1.1 (+https://developers.facebook.com/docs/sharing/webmasters/crawler)" 851 **0/851931**
57.141.2.67 - - [14/Mar/2026:05:15:13 -0700] "GET /items/1763819810 HTTP/2.0" 403 97145 "-" "meta-externalagent/1.1 (+https://developers.facebook.com/docs/sharing/webmasters/crawler)" 846 **0/846094**
74.7.241.15 - - [14/Mar/2026:05:15:14 -0700] "GET /?path=//lib64/aspell-0.60 HTTP/2.0" 200 4140 "https://thebettingexchange.in/?path=//lib64" "Mozilla/5.0 AppleWebKit/537.36 (KHTML, like Gecko; compatible; GPTBot/1.3; +https://openai.com/gptbot)" 490 **0/490968**
57.141.2.26 - - [14/Mar/2026:05:15:14 -0700] "GET /items/1319750907 HTTP/2.0" 403 97145 "-" "meta-externalagent/1.1 (+https://developers.facebook.com/docs/sharing/webmasters/crawler)" 851 **0/851028**
74.7.241.15 - - [14/Mar/2026:05:15:15 -0700] "GET /?path=//lib64/gems/ruby/json-2.1.0/json HTTP/2.0" 200 2574 "https://thebettingexchange.in/?path=//lib64/gems/ruby/json-2.1.0" "Mozilla/5.0 AppleWebKit/537.36 (KHTML, like Gecko; compatible; GPTBot/1.3; +https://openai.com/gptbot)" 507 **0/507002**
57.141.2.38 - - [14/Mar/2026:05:15:15 -0700] "GET /items/1085607095 HTTP/2.0" 403 97145 "-" "meta-externalagent/1.1 (+https://developers.facebook.com/docs/sharing/webmasters/crawler)" 881 **0/881411**
74.7.241.15 - - [14/Mar/2026:05:15:15 -0700] "GET /?path=//lib64/python3.12/ctypes/__pycache__ HTTP/2.0" 200 2932 "https://thebettingexchange.in/?path=//lib64/python3.12/ctypes" "Mozilla/5.0 AppleWebKit/537.36 (KHTML, like Gecko; compatible; GPTBot/1.3; +https://openai.com/gptbot)" 530 **0/530196**
57.141.2.24 - - [14/Mar/2026:05:15:15 -0700] "GET /items/1533394404 HTTP/2.0" 403 97145 "-" "meta-externalagent/1.1 (+https://developers.facebook.com/docs/sharing/webmasters/crawler)" 831 **0/831390**
57.141.2.41 - - [14/Mar/2026:05:15:16 -0700] "GET /items/175768049 HTTP/2.0" 403 97145 "-" "meta-externalagent/1.1 (+https://developers.facebook.com/docs/sharing/webmasters/crawler)" 852 **0/852240**
74.7.241.15 - - [14/Mar/2026:05:15:16 -0700] "GET /?path=/home/e9ohhh9viiv2/public_html/indiabettingexchange.in/.well-known/pki-validation HTTP/2.0" 200 2360 "https://thebettingexchange.in/?path=/home/e9ohhh9viiv2/public_html/indiabettingexchange.in/.well-known" "Mozilla/5.0 AppleWebKit/537.36 (KHTML, like Gecko; compatible; GPTBot/1.3; +https://openai.com/gptbot)" 481 **0/481773**
57.141.2.24 - - [14/Mar/2026:05:15:16 -0700] "GET /items/87772665 HTTP/2.0" 403 97145 "-" "meta-externalagent/1.1 (+https://developers.facebook.com/docs/sharing/webmasters/crawler)" 831 **0/831351**
74.7.241.15 - - [14/Mar/2026:05:15:17 -0700] "GET /?path=/home/e9ohhh9viiv2/public_html/iplwinnerslist.in/.well-known/acme-challenge HTTP/2.0" 200 2653 "https://thebettingexchange.in/?path=/home/e9ohhh9viiv2/public_html/iplwinnerslist.in/.well-known" "Mozilla/5.0 AppleWebKit/537.36 (KHTML, like Gecko; compatible; GPTBot/1.3; +https://openai.com/gptbot)" 500 **0/500255**
57.141.2.66 - - [14/Mar/2026:05:15:17 -0700] "GET /items/3893706937 HTTP/2.0" 403 97145 "-" "meta-externalagent/1.1 (+https://developers.facebook.com/docs/sharing/webmasters/crawler)" 828 **0/828334**
57.141.2.35 - - [14/Mar/2026:05:15:17 -0700] "GET /items/1034874414 HTTP/2.0" 403 97145 "-" "meta-externalagent/1.1 (+https://developers.facebook.com/docs/sharing/webmasters/crawler)" 841 **0/841680**
74.7.241.15 - - [14/Mar/2026:05:15:18 -0700] "GET /?path=/home/e9ohhh9viiv2/public_html/iplwinnerslist.in/.well-known/pki-validation HTTP/2.0" 200 2362 "https://thebettingexchange.in/?path=/home/e9ohhh9viiv2/public_html/iplwinnerslist.in/.well-known" "Mozilla/5.0 AppleWebKit/537.36 (KHTML, like Gecko; compatible; GPTBot/1.3; +https://openai.com/gptbot)" 492 **0/492889**
57.141.2.1 - - [14/Mar/2026:05:15:18 -0700] "GET /items/4090921825 HTTP/2.0" 403 97145 "-" "meta-externalagent/1.1 (+https://developers.facebook.com/docs/sharing/webmasters/crawler)" 838 **0/838165**
57.141.2.19 - - [14/Mar/2026:05:15:18 -0700] "GET /items/462889617 HTTP/2.0" 403 97145 "-" "meta-externalagent/1.1 (+https://developers.facebook.com/docs/sharing/webmasters/crawler)" 817 **0/817592**
74.7.241.15 - - [14/Mar/2026:05:15:19 -0700] "GET /?path=/home/e9ohhh9viiv2/public_html/orangecapinipl.in/.well-known/acme-challenge HTTP/2.0" 200 2647 "https://thebettingexchange.in/?path=/home/e9ohhh9viiv2/public_html/orangecapinipl.in/.well-known" "Mozilla/5.0 AppleWebKit/537.36 (KHTML, like Gecko; compatible; GPTBot/1.3; +https://openai.com/gptbot)" 492 **0/492302**
57.141.2.12 - - [14/Mar/2026:05:15:19 -0700] "GET /items/2634028460 HTTP/2.0" 403 97145 "-" "meta-externalagent/1.1 (+https://developers.facebook.com/docs/sharing/webmasters/crawler)" 845 **0/845346**
74.7.241.15 - - [14/Mar/2026:05:15:20 -0700] "GET /?path=/home/e9ohhh9viiv2/public_html/orangecapinipl.in/.well-known/pki-validation HTTP/2.0" 200 2360 "https://thebettingexchange.in/?path=/home/e9ohhh9viiv2/public_html/orangecapinipl.in/.well-known" "Mozilla/5.0 AppleWebKit/537.36 (KHTML, like Gecko; compatible; GPTBot/1.3; +https://openai.com/gptbot)" 500 **0/500343**
57.141.2.64 - - [14/Mar/2026:05:15:19 -0700] "GET /items/1532182321 HTTP/2.0" 403 97145 "-" "meta-externalagent/1.1 (+https://developers.facebook.com/docs/sharing/webmasters/crawler)" 845 **0/845997**
57.141.2.7 - - [14/Mar/2026:05:15:20 -0700] "GET /items/2874354491 HTTP/2.0" 403 97145 "-" "meta-externalagent/1.1 (+https://developers.facebook.com/docs/sharing/webmasters/crawler)" 833 **0/833238**
74.7.241.15 - - [14/Mar/2026:05:15:20 -0700] "GET /?path=/home/e9ohhh9viiv2/public_html/ivecricketscoreipl.in/.well-known/pki-validation HTTP/2.0" 200 2361 "https://thebettingexchange.in/?path=/home/e9ohhh9viiv2/public_html/ivecricketscoreipl.in/.well-known" "Mozilla/5.0 AppleWebKit/537.36 (KHTML, like Gecko; compatible; GPTBot/1.3; +https://openai.com/gptbot)" 493 **0/493362**
57.141.2.22 - - [14/Mar/2026:05:15:20 -0700] "GET /items/2835732820 HTTP/2.0" 403 97145 "-" "meta-externalagent/1.1 (+https://developers.facebook.com/docs/sharing/webmasters/crawler)" 836 **0/836298**
57.141.2.50 - - [14/Mar/2026:05:15:21 -0700] "GET /items/699501535 HTTP/2.0" 403 97145 "-" "meta-externalagent/1.1 (+https://developers.facebook.com/docs/sharing/webmasters/crawler)" 856 **0/856222**
74.7.241.15 - - [14/Mar/2026:05:15:21 -0700] "GET /?path=//lib64/python3.12/email/__pycache__ HTTP/2.0" 200 3867 "https://thebettingexchange.in/?path=//lib64/python3.12/email" "Mozilla/5.0 AppleWebKit/537.36 (KHTML, like Gecko; compatible; GPTBot/1.3; +https://openai.com/gptbot)" 486 **0/486511**
57.141.2.48 - - [14/Mar/2026:05:15:21 -0700] "GET /items/3456145715 HTTP/2.0" 403 97145 "-" "meta-externalagent/1.1 (+https://developers.facebook.com/docs/sharing/webmasters/crawler)" 838 **0/838056**
216.73.216.129 - - [14/Mar/2026:05:15:22 -0700] "GET /?p=57751 HTTP/2.0" 200 4197 "-" "Mozilla/5.0 AppleWebKit/537.36 (KHTML, like Gecko; compatible; ClaudeBot/1.0; +claudebot@anthropic.com)" 484 **0/484031**
74.7.241.15 - - [14/Mar/2026:05:15:22 -0700] "GET /?path=/home/e9ohhh9viiv2/public_html/livecricketscoreipl.in/.well-known/pki-validation HTTP/2.0" 200 2360 "https://thebettingexchange.in/?path=/home/e9ohhh9viiv2/public_html/livecricketscoreipl.in/.well-known" "Mozilla/5.0 AppleWebKit/537.36 (KHTML, like Gecko; compatible; GPTBot/1.3; +https://openai.com/gptbot)" 494 **0/494789**
57.141.2.42 - - [14/Mar/2026:05:15:22 -0700] "GET /items/3322355108 HTTP/2.0" 403 97145 "-" "meta-externalagent/1.1 (+https://developers.facebook.com/docs/sharing/webmasters/crawler)" 832 **0/832052**
57.141.2.11 - - [14/Mar/2026:05:15:22 -0700] "GET /items/3069312736 HTTP/2.0" 403 97145 "-" "meta-externalagent/1.1 (+https://developers.facebook.com/docs/sharing/webmasters/crawler)" 834 **0/834368**
74.7.241.15 - - [14/Mar/2026:05:15:23 -0700] "GET /?fileloc=//lib64/gawk/readdir.so&path=//lib64/gawk HTTP/2.0" 200 2261 "https://thebettingexchange.in/?path=//lib64/gawk" "Mozilla/5.0 AppleWebKit/537.36 (KHTML, like Gecko; compatible; GPTBot/1.3; +https://openai.com/gptbot)" 488 **0/488363**
57.141.2.46 - - [14/Mar/2026:05:15:23 -0700] "GET /items/4005817300 HTTP/2.0" 403 97145 "-" "meta-externalagent/1.1 (+https://developers.facebook.com/docs/sharing/webmasters/crawler)" 833 **0/833202**
74.7.241.15 - - [14/Mar/2026:05:15:24 -0700] "GET /?path=//lib64/gems/ruby/json-2.1.0/json/ext HTTP/2.0" 200 2642 "https://thebettingexchange.in/?path=//lib64/gems/ruby/json-2.1.0/json" "Mozilla/5.0 AppleWebKit/537.36 (KHTML, like Gecko; compatible; GPTBot/1.3; +https://openai.com/gptbot)" 499 **0/499514**
57.141.2.12 - - [14/Mar/2026:05:15:23 -0700] "GET /items/1692956518 HTTP/2.0" 403 97145 "-" "meta-externalagent/1.1 (+https://developers.facebook.com/docs/sharing/webmasters/crawler)" 847 **0/847401**
57.141.2.17 - - [14/Mar/2026:05:15:24 -0700] "GET /items/3935132538 HTTP/2.0" 403 97145 "-" "meta-externalagent/1.1 (+https://developers.facebook.com/docs/sharing/webmasters/crawler)" 846 **0/846655**
74.7.241.15 - - [14/Mar/2026:05:15:24 -0700] "GET /?path=//lib64/plymouth HTTP/2.0" 200 2689 "https://thebettingexchange.in/?path=//lib64" "Mozilla/5.0 AppleWebKit/537.36 (KHTML, like Gecko; compatible; GPTBot/1.3; +https://openai.com/gptbot)" 472 **0/472647**
57.141.2.12 - - [14/Mar/2026:05:15:24 -0700] "GET /items/1486004393 HTTP/2.0" 403 97145 "-" "meta-externalagent/1.1 (+https://developers.facebook.com/docs/sharing/webmasters/crawler)" 838 **0/838810**
57.141.2.22 - - [14/Mar/2026:05:15:25 -0700] "GET /items/1033256574 HTTP/2.0" 403 97145 "-" "meta-externalagent/1.1 (+https://developers.facebook.com/docs/sharing/webmasters/crawler)" 827 **0/827880**
74.7.241.15 - - [14/Mar/2026:05:15:25 -0700] "GET /?path=//lib64/graphviz HTTP/2.0" 200 3105 "https://thebettingexchange.in/?path=//lib64" "Mozilla/5.0 AppleWebKit/537.36 (KHTML, like Gecko; compatible; GPTBot/1.3; +https://openai.com/gptbot)" 486 **0/486592**
57.141.2.69 - - [14/Mar/2026:05:15:25 -0700] "GET /items/946443163 HTTP/2.0" 403 97145 "-" "meta-externalagent/1.1 (+https://developers.facebook.com/docs/sharing/webmasters/crawler)" 848 **0/848745**
74.7.241.15 - - [14/Mar/2026:05:15:26 -0700] "GET /?path=//lib64/firebird HTTP/2.0" 200 2578 "https://thebettingexchange.in/?path=//lib64" "Mozilla/5.0 AppleWebKit/537.36 (KHTML, like Gecko; compatible; GPTBot/1.3; +https://openai.com/gptbot)" 489 **0/489079**
57.141.2.22 - - [14/Mar/2026:05:15:26 -0700] "GET /items/4000647590 HTTP/2.0" 403 97145 "-" "meta-externalagent/1.1 (+https://developers.facebook.com/docs/sharing/webmasters/crawler)" 839 **0/839911**
57.141.2.20 - - [14/Mar/2026:05:15:26 -0700] "GET /items/4258931166 HTTP/2.0" 403 97145 "-" "meta-externalagent/1.1 (+https://developers.facebook.com/docs/sharing/webmasters/crawler)" 839 **0/839816**
74.7.241.15 - - [14/Mar/2026:05:15:27 -0700] "GET /?path=/home/e9ohhh9viiv2/public_html/germanybettingexchange.com/.well-known HTTP/2.0" 200 2626 "https://thebettingexchange.in/?path=/home/e9ohhh9viiv2/public_html/germanybettingexchange.com" "Mozilla/5.0 AppleWebKit/537.36 (KHTML, like Gecko; compatible; GPTBot/1.3; +https://openai.com/gptbot)" 491 **0/491240**
57.141.2.41 - - [14/Mar/2026:05:15:27 -0700] "GET /items/491178897 HTTP/2.0" 403 97145 "-" "meta-externalagent/1.1 (+https://developers.facebook.com/docs/sharing/webmasters/crawler)" 832 **0/832295**
57.141.2.18 - - [14/Mar/2026:05:15:27 -0700] "GET /items/927091016 HTTP/2.0" 403 97145 "-" "meta-externalagent/1.1 (+https://developers.facebook.com/docs/sharing/webmasters/crawler)" 819 **0/819488**
74.7.241.15 - - [14/Mar/2026:05:15:28 -0700] "GET /?path=/home/e9ohhh9viiv2/public_html/portugalbettingexchange.com/.well-known HTTP/2.0" 200 2627 "https://thebettingexchange.in/?path=/home/e9ohhh9viiv2/public_html/portugalbettingexchange.com" "Mozilla/5.0 AppleWebKit/537.36 (KHTML, like Gecko; compatible; GPTBot/1.3; +https://openai.com/gptbot)" 482 **0/482184**
57.141.2.58 - - [14/Mar/2026:05:15:28 -0700] "GET /items/7925303 HTTP/2.0" 403 97145 "-" "meta-externalagent/1.1 (+https://developers.facebook.com/docs/sharing/webmasters/crawler)" 818 **0/818252**
74.7.241.15 - - [14/Mar/2026:05:15:28 -0700] "GET /?path=/home/e9ohhh9viiv2/public_html/httpslivecricketscoreipl.in/.well-known/pki-validation HTTP/2.0" 200 2604 "https://thebettingexchange.in/?path=/home/e9ohhh9viiv2/public_html/httpslivecricketscoreipl.in/.well-known" "Mozilla/5.0 AppleWebKit/537.36 (KHTML, like Gecko; compatible; GPTBot/1.3; +https://openai.com/gptbot)" 476 **0/476856**
57.141.2.64 - - [14/Mar/2026:05:15:28 -0700] "GET /items/3851357359 HTTP/2.0" 403 97145 "-" "meta-externalagent/1.1 (+https://developers.facebook.com/docs/sharing/webmasters/crawler)" 835 **0/835457**
74.7.241.15 - - [14/Mar/2026:05:15:29 -0700] "GET /?path=//lib64/gems/ruby/io-console-0.4.6 HTTP/2.0" 200 2572 "https://thebettingexchange.in/?path=//lib64/gems/ruby" "Mozilla/5.0 AppleWebKit/537.36 (KHTML, like Gecko; compatible; GPTBot/1.3; +https://openai.com/gptbot)" 492 **0/492095**
57.141.2.6 - - [14/Mar/2026:05:15:29 -0700] "GET /items/2952457980 HTTP/2.0" 403 97145 "-" "meta-externalagent/1.1 (+https://developers.facebook.com/docs/sharing/webmasters/crawler)" 843 **0/843884**
57.141.2.15 - - [14/Mar/2026:05:15:29 -0700] "GET /items/2575827431 HTTP/2.0" 403 97145 "-" "meta-externalagent/1.1 (+https://developers.facebook.com/docs/sharing/webmasters/crawler)" 826 **0/826394**
57.141.2.4 - - [14/Mar/2026:05:15:29 -0700] "GET /items/3923578371 HTTP/2.0" 403 97145 "-" "meta-externalagent/1.1 (+https://developers.facebook.com/docs/sharing/webmasters/crawler)" 825 **0/825681**
74.7.241.15 - - [14/Mar/2026:05:15:30 -0700] "GET /?path=//lib64/sssd/conf HTTP/2.0" 200 2573 "https://thebettingexchange.in/?path=//lib64/sssd" "Mozilla/5.0 AppleWebKit/537.36 (KHTML, like Gecko; compatible; GPTBot/1.3; +https://openai.com/gptbot)" 494 **0/494301**
74.7.241.15 - - [14/Mar/2026:05:15:31 -0700] "GET /?path=/home/e9ohhh9viiv2/public_html/bettingexchangesite.org/cgi-bin/cgi-bin HTTP/2.0" 200 2782 "https://thebettingexchange.in/?path=/home/e9ohhh9viiv2/public_html/bettingexchangesite.org/cgi-bin" "Mozilla/5.0 AppleWebKit/537.36 (KHTML, like Gecko; compatible; GPTBot/1.3; +https://openai.com/gptbot)" 478 **0/478439**
57.141.2.43 - - [14/Mar/2026:05:15:30 -0700] "GET /items/2630024376 HTTP/2.0" 403 97145 "-" "meta-externalagent/1.1 (+https://developers.facebook.com/docs/sharing/webmasters/crawler)" 846 **0/846065**
57.141.2.63 - - [14/Mar/2026:05:15:31 -0700] "GET /items/3113342371 HTTP/2.0" 403 97145 "-" "meta-externalagent/1.1 (+https://developers.facebook.com/docs/sharing/webmasters/crawler)" 858 **0/858101**
74.7.241.15 - - [14/Mar/2026:05:15:32 -0700] "GET /?path=//lib64/python3.12/urllib HTTP/2.0" 200 2802 "https://thebettingexchange.in/?path=//lib64/python3.12" "Mozilla/5.0 AppleWebKit/537.36 (KHTML, like Gecko; compatible; GPTBot/1.3; +https://openai.com/gptbot)" 485 **0/485647**
57.141.2.56 - - [14/Mar/2026:05:15:31 -0700] "GET /items/2222817860 HTTP/2.0" 403 97145 "-" "meta-externalagent/1.1 (+https://developers.facebook.com/docs/sharing/webmasters/crawler)" 830 **0/830882**
57.141.2.3 - - [14/Mar/2026:05:15:32 -0700] "GET /items/327122366 HTTP/2.0" 403 97145 "-" "meta-externalagent/1.1 (+https://developers.facebook.com/docs/sharing/webmasters/crawler)" 855 **0/855030**
74.7.241.15 - - [14/Mar/2026:05:15:32 -0700] "GET /?path=//lib64/engines-1.1 HTTP/2.0" 200 2691 "https://thebettingexchange.in/?path=//lib64" "Mozilla/5.0 AppleWebKit/537.36 (KHTML, like Gecko; compatible; GPTBot/1.3; +https://openai.com/gptbot)" 483 **0/483137**
57.141.2.19 - - [14/Mar/2026:05:15:32 -0700] "GET /items/1757855384 HTTP/2.0" 403 97145 "-" "meta-externalagent/1.1 (+https://developers.facebook.com/docs/sharing/webmasters/crawler)" 831 **0/831945**
57.141.2.62 - - [14/Mar/2026:05:15:33 -0700] "GET /items/3800714916 HTTP/2.0" 403 97145 "-" "meta-externalagent/1.1 (+https://developers.facebook.com/docs/sharing/webmasters/crawler)" 821 **0/821135**
74.7.241.15 - - [14/Mar/2026:05:15:33 -0700] "GET /?path=//lib64/python2.7/curses HTTP/2.0" 200 2951 "https://thebettingexchange.in/?path=//lib64/python2.7" "Mozilla/5.0 AppleWebKit/537.36 (KHTML, like Gecko; compatible; GPTBot/1.3; +https://openai.com/gptbot)" 480 **0/480355**
57.141.2.48 - - [14/Mar/2026:05:15:33 -0700] "GET /items/1927717415 HTTP/2.0" 403 97145 "-" "meta-externalagent/1.1 (+https://developers.facebook.com/docs/sharing/webmasters/crawler)" 847 **0/847526**
74.7.241.15 - - [14/Mar/2026:05:15:34 -0700] "GET /?path=//lib64/python3.8/curses HTTP/2.0" 200 2783 "https://thebettingexchange.in/?path=//lib64/python3.8" "Mozilla/5.0 AppleWebKit/537.36 (KHTML, like Gecko; compatible; GPTBot/1.3; +https://openai.com/gptbot)" 522 **0/522363**
57.141.2.49 - - [14/Mar/2026:05:15:34 -0700] "GET /items/2724049578 HTTP/2.0" 403 97145 "-" "meta-externalagent/1.1 (+https://developers.facebook.com/docs/sharing/webmasters/crawler)" 837 **0/837678**
57.141.2.25 - - [14/Mar/2026:05:15:34 -0700] "GET /items/1533968473 HTTP/2.0" 403 97145 "-" "meta-externalagent/1.1 (+https://developers.facebook.com/docs/sharing/webmasters/crawler)" 824 **0/824984**
74.7.241.15 - - [14/Mar/2026:05:15:35 -0700] "GET /?fileloc=//lib64/libicui18n.so.60&path=//lib64 HTTP/2.0" 200 2255 "https://thebettingexchange.in/?path=//lib64" "Mozilla/5.0 AppleWebKit/537.36 (KHTML, like Gecko; compatible; GPTBot/1.3; +https://openai.com/gptbot)" 483 **0/483194**
57.141.2.49 - - [14/Mar/2026:05:15:35 -0700] "GET /items/3091410379 HTTP/2.0" 403 97145 "-" "meta-externalagent/1.1 (+https://developers.facebook.com/docs/sharing/webmasters/crawler)" 834 **0/834958**
74.7.241.15 - - [14/Mar/2026:05:15:36 -0700] "GET /?path=/home/e9ohhh9viiv2/public_html/germanybettingexchange.com/.well-known/acme-challenge HTTP/2.0" 200 2365 "https://thebettingexchange.in/?path=/home/e9ohhh9viiv2/public_html/germanybettingexchange.com/.well-known" "Mozilla/5.0 AppleWebKit/537.36 (KHTML, like Gecko; compatible; GPTBot/1.3; +https://openai.com/gptbot)" 481 **0/481956**
57.141.2.15 - - [14/Mar/2026:05:15:35 -0700] "GET /items/2150147503 HTTP/2.0" 403 97145 "-" "meta-externalagent/1.1 (+https://developers.facebook.com/docs/sharing/webmasters/crawler)" 853 **0/853044**
57.141.2.21 - - [14/Mar/2026:05:15:36 -0700] "GET /items/1921347280 HTTP/2.0" 403 97145 "-" "meta-externalagent/1.1 (+https://developers.facebook.com/docs/sharing/webmasters/crawler)" 820 **0/820443**
74.7.241.15 - - [14/Mar/2026:05:15:36 -0700] "GET /?path=/home/e9ohhh9viiv2/public_html/portugalbettingexchange.com/.well-known/acme-challenge HTTP/2.0" 200 2361 "https://thebettingexchange.in/?path=/home/e9ohhh9viiv2/public_html/portugalbettingexchange.com/.well-known" "Mozilla/5.0 AppleWebKit/537.36 (KHTML, like Gecko; compatible; GPTBot/1.3; +https://openai.com/gptbot)" 484 **0/484488**
57.141.2.6 - - [14/Mar/2026:05:15:36 -0700] "GET /items/4238000198 HTTP/2.0" 403 97145 "-" "meta-externalagent/1.1 (+https://developers.facebook.com/docs/sharing/webmasters/crawler)" 825 **0/825437**
74.7.241.15 - - [14/Mar/2026:05:15:37 -0700] "GET /?path=/home/e9ohhh9viiv2/public_html/portugalbettingexchange.com/.well-known/pki-validation HTTP/2.0" 200 2362 "https://thebettingexchange.in/?path=/home/e9ohhh9viiv2/public_html/portugalbettingexchange.com/.well-known" "Mozilla/5.0 AppleWebKit/537.36 (KHTML, like Gecko; compatible; GPTBot/1.3; +https://openai.com/gptbot)" 482 **0/482627**
57.141.2.58 - - [14/Mar/2026:05:15:37 -0700] "GET /items/1840711200 HTTP/2.0" 403 97145 "-" "meta-externalagent/1.1 (+https://developers.facebook.com/docs/sharing/webmasters/crawler)" 829 **0/829932**
57.141.2.2 - - [14/Mar/2026:05:15:37 -0700] "GET /items/1637401837 HTTP/2.0" 403 97145 "-" "meta-externalagent/1.1 (+https://developers.facebook.com/docs/sharing/webmasters/crawler)" 848 **0/848808**
74.7.241.15 - - [14/Mar/2026:05:15:38 -0700] "GET /?path=//lib64/gems/ruby/io-console-0.4.6/io HTTP/2.0" 200 2601 "https://thebettingexchange.in/?path=//lib64/gems/ruby/io-console-0.4.6" "Mozilla/5.0 AppleWebKit/537.36 (KHTML, like Gecko; compatible; GPTBot/1.3; +https://openai.com/gptbot)" 484 **0/484128**
57.141.2.49 - - [14/Mar/2026:05:15:38 -0700] "GET /items/2515422974 HTTP/2.0" 403 97145 "-" "meta-externalagent/1.1 (+https://developers.facebook.com/docs/sharing/webmasters/crawler)" 829 **0/829680**
57.141.2.29 - - [14/Mar/2026:05:15:38 -0700] "GET /items/3398082674 HTTP/2.0" 403 97145 "-" "meta-externalagent/1.1 (+https://developers.facebook.com/docs/sharing/webmasters/crawler)" 845 **0/845486**
74.7.241.15 - - [14/Mar/2026:05:15:39 -0700] "GET /?fileloc=//lib64/libbind9.so.161&path=//lib64 HTTP/2.0" 200 2253 "https://thebettingexchange.in/?path=//lib64" "Mozilla/5.0 AppleWebKit/537.36 (KHTML, like Gecko; compatible; GPTBot/1.3; +https://openai.com/gptbot)" 495 **0/495912**
57.141.2.32 - - [14/Mar/2026:05:15:39 -0700] "GET /items/616650844 HTTP/2.0" 403 97145 "-" "meta-externalagent/1.1 (+https://developers.facebook.com/docs/sharing/webmasters/crawler)" 852 **0/852559**
74.7.241.15 - - [14/Mar/2026:05:15:40 -0700] "GET /?path=/home/e9ohhh9viiv2 HTTP/2.0" 200 3614 "https://thebettingexchange.in/?p=5077" "Mozilla/5.0 AppleWebKit/537.36 (KHTML, like Gecko; compatible; GPTBot/1.3; +https://openai.com/gptbot)" 491 **0/491486**
57.141.2.26 - - [14/Mar/2026:05:15:39 -0700] "GET /items/3116693025 HTTP/2.0" 403 97145 "-" "meta-externalagent/1.1 (+https://developers.facebook.com/docs/sharing/webmasters/crawler)" 835 **0/835513**
57.141.2.58 - - [14/Mar/2026:05:15:40 -0700] "GET /items/696546043 HTTP/2.0" 403 97145 "-" "meta-externalagent/1.1 (+https://developers.facebook.com/docs/sharing/webmasters/crawler)" 830 **0/830588**
74.7.241.15 - - [14/Mar/2026:05:15:40 -0700] "GET /?path=//lib64/python3.12/urllib/__pycache__ HTTP/2.0" 200 2999 "https://thebettingexchange.in/?path=//lib64/python3.12/urllib" "Mozilla/5.0 AppleWebKit/537.36 (KHTML, like Gecko; compatible; GPTBot/1.3; +https://openai.com/gptbot)" 515 **0/515795**
57.141.2.8 - - [14/Mar/2026:05:15:40 -0700] "GET /items/1958430909 HTTP/2.0" 403 97145 "-" "meta-externalagent/1.1 (+https://developers.facebook.com/docs/sharing/webmasters/crawler)" 820 **0/820974**
74.7.241.15 - - [14/Mar/2026:05:15:41 -0700] "GET /?path=//lib64/python3.12/venv/__pycache__ HTTP/2.0" 200 2725 "https://thebettingexchange.in/?path=//lib64/python3.12/venv" "Mozilla/5.0 AppleWebKit/537.36 (KHTML, like Gecko; compatible; GPTBot/1.3; +https://openai.com/gptbot)" 478 **0/478960**
57.141.2.67 - - [14/Mar/2026:05:15:41 -0700] "GET /items/1961386881 HTTP/2.0" 403 97145 "-" "meta-externalagent/1.1 (+https://developers.facebook.com/docs/sharing/webmasters/crawler)" 818 **0/818412**
57.141.2.9 - - [14/Mar/2026:05:15:41 -0700] "GET /items/750303921 HTTP/2.0" 403 97145 "-" "meta-externalagent/1.1 (+https://developers.facebook.com/docs/sharing/webmasters/crawler)" 842 **0/842440**
74.7.241.15 - - [14/Mar/2026:05:15:42 -0700] "GET /?path=/home/e9ohhh9viiv2/public_html/sportsbettingexchange.in/.well-known HTTP/2.0" 200 2623 "https://thebettingexchange.in/?path=/home/e9ohhh9viiv2/public_html/sportsbettingexchange.in" "Mozilla/5.0 AppleWebKit/537.36 (KHTML, like Gecko; compatible; GPTBot/1.3; +https://openai.com/gptbot)" 496 **0/496697**
57.141.2.5 - - [14/Mar/2026:05:15:42 -0700] "GET /items/640613127 HTTP/2.0" 403 97145 "-" "meta-externalagent/1.1 (+https://developers.facebook.com/docs/sharing/webmasters/crawler)" 825 **0/825269**
57.141.2.55 - - [14/Mar/2026:05:15:42 -0700] "GET /items/3418738140 HTTP/2.0" 403 97145 "-" "meta-externalagent/1.1 (+https://developers.facebook.com/docs/sharing/webmasters/crawler)" 831 **0/831821**
74.7.241.15 - - [14/Mar/2026:05:15:43 -0700] "GET /?path=//lib64/nss/saved HTTP/2.0" 200 2315 "https://thebettingexchange.in/?path=//lib64/nss" "Mozilla/5.0 AppleWebKit/537.36 (KHTML, like Gecko; compatible; GPTBot/1.3; +https://openai.com/gptbot)" 478 **0/478905**
57.141.2.62 - - [14/Mar/2026:05:15:43 -0700] "GET /items/3276947884 HTTP/2.0" 403 97145 "-" "meta-externalagent/1.1 (+https://developers.facebook.com/docs/sharing/webmasters/crawler)" 845 **0/845764**
74.7.241.15 - - [14/Mar/2026:05:15:44 -0700] "GET /?path=//lib64/ruby/racc HTTP/2.0" 200 2578 "https://thebettingexchange.in/?path=//lib64/ruby" "Mozilla/5.0 AppleWebKit/537.36 (KHTML, like Gecko; compatible; GPTBot/1.3; +https://openai.com/gptbot)" 500 **0/500986**
57.141.2.32 - - [14/Mar/2026:05:15:43 -0700] "GET /items/3579231288 HTTP/2.0" 403 97145 "-" "meta-externalagent/1.1 (+https://developers.facebook.com/docs/sharing/webmasters/crawler)" 826 **0/826457**
57.141.2.3 - - [14/Mar/2026:05:15:44 -0700] "GET /items/1278731031 HTTP/2.0" 403 97145 "-" "meta-externalagent/1.1 (+https://developers.facebook.com/docs/sharing/webmasters/crawler)" 840 **0/840462**
74.7.241.15 - - [14/Mar/2026:05:15:44 -0700] "GET /?path=/home/e9ohhh9viiv2/public_html/indiancricketteams.com/.well-known HTTP/2.0" 200 2620 "https://thebettingexchange.in/?path=/home/e9ohhh9viiv2/public_html/indiancricketteams.com" "Mozilla/5.0 AppleWebKit/537.36 (KHTML, like Gecko; compatible; GPTBot/1.3; +https://openai.com/gptbot)" 481 **0/481247**
57.141.2.43 - - [14/Mar/2026:05:15:44 -0700] "GET /items/4134659487 HTTP/2.0" 403 97145 "-" "meta-externalagent/1.1 (+https://developers.facebook.com/docs/sharing/webmasters/crawler)" 829 **0/829212**
74.7.241.15 - - [14/Mar/2026:05:15:45 -0700] "GET /?path=/home/e9ohhh9viiv2/public_html/todayiplmatchscore.com/.well-known HTTP/2.0" 200 2622 "https://thebettingexchange.in/?path=/home/e9ohhh9viiv2/public_html/todayiplmatchscore.com" "Mozilla/5.0 AppleWebKit/537.36 (KHTML, like Gecko; compatible; GPTBot/1.3; +https://openai.com/gptbot)" 492 **0/492755**
57.141.2.17 - - [14/Mar/2026:05:15:45 -0700] "GET /items/1104519590 HTTP/2.0" 403 97145 "-" "meta-externalagent/1.1 (+https://developers.facebook.com/docs/sharing/webmasters/crawler)" 861 **0/861619**
57.141.2.1 - - [14/Mar/2026:05:15:45 -0700] "GET /items/48945179 HTTP/2.0" 403 97145 "-" "meta-externalagent/1.1 (+https://developers.facebook.com/docs/sharing/webmasters/crawler)" 839 **0/839023**
74.7.241.15 - - [14/Mar/2026:05:15:46 -0700] "GET /?path=//lib64/python2.7/lib-tk HTTP/2.0" 200 3716 "https://thebettingexchange.in/?path=//lib64/python2.7" "Mozilla/5.0 AppleWebKit/537.36 (KHTML, like Gecko; compatible; GPTBot/1.3; +https://openai.com/gptbot)" 502 **0/502156**
57.141.2.51 - - [14/Mar/2026:05:15:46 -0700] "GET /items/2209272176 HTTP/2.0" 403 97145 "-" "meta-externalagent/1.1 (+https://developers.facebook.com/docs/sharing/webmasters/crawler)" 850 **0/850584**
57.141.2.14 - - [14/Mar/2026:05:15:46 -0700] "GET /items/1926196156 HTTP/2.0" 403 97145 "-" "meta-externalagent/1.1 (+https://developers.facebook.com/docs/sharing/webmasters/crawler)" 823 **0/823724**
74.7.241.15 - - [14/Mar/2026:05:15:47 -0700] "GET /?path=/home/e9ohhh9viiv2/public_html/germanybettingexchange.com/.well-known/pki-validation HTTP/2.0" 200 2363 "https://thebettingexchange.in/?path=/home/e9ohhh9viiv2/public_html/germanybettingexchange.com/.well-known" "Mozilla/5.0 AppleWebKit/537.36 (KHTML, like Gecko; compatible; GPTBot/1.3; +https://openai.com/gptbot)" 471 **0/471860**
57.141.2.4 - - [14/Mar/2026:05:15:47 -0700] "GET /items/3698345875 HTTP/2.0" 403 97145 "-" "meta-externalagent/1.1 (+https://developers.facebook.com/docs/sharing/webmasters/crawler)" 831 **0/831259**
74.7.241.15 - - [14/Mar/2026:05:15:48 -0700] "GET /?path=//lib64/nagios HTTP/2.0" 200 2547 "https://thebettingexchange.in/?path=//lib64" "Mozilla/5.0 AppleWebKit/537.36 (KHTML, like Gecko; compatible; GPTBot/1.3; +https://openai.com/gptbot)" 479 **0/479944**
57.141.2.39 - - [14/Mar/2026:05:15:47 -0700] "GET /items/2987099771 HTTP/2.0" 403 97145 "-" "meta-externalagent/1.1 (+https://developers.facebook.com/docs/sharing/webmasters/crawler)" 833 **0/833720**
57.141.2.1 - - [14/Mar/2026:05:15:48 -0700] "GET /items/2991044880 HTTP/2.0" 403 97145 "-" "meta-externalagent/1.1 (+https://developers.facebook.com/docs/sharing/webmasters/crawler)" 819 **0/819736**
74.7.241.15 - - [14/Mar/2026:05:15:48 -0700] "GET /?path=/home/e9ohhh9viiv2/.spamassassin HTTP/2.0" 200 2630 "https://thebettingexchange.in/?path=/home/e9ohhh9viiv2" "Mozilla/5.0 AppleWebKit/537.36 (KHTML, like Gecko; compatible; GPTBot/1.3; +https://openai.com/gptbot)" 487 **0/487828**
57.141.2.48 - - [14/Mar/2026:05:15:48 -0700] "GET /items/3475909817 HTTP/2.0" 403 97145 "-" "meta-externalagent/1.1 (+https://developers.facebook.com/docs/sharing/webmasters/crawler)" 862 **0/862004**
74.7.241.15 - - [14/Mar/2026:05:15:49 -0700] "GET /?path=/home/e9ohhh9viiv2/www HTTP/2.0" 200 4187 "https://thebettingexchange.in/?path=/home/e9ohhh9viiv2" "Mozilla/5.0 AppleWebKit/537.36 (KHTML, like Gecko; compatible; GPTBot/1.3; +https://openai.com/gptbot)" 478 **0/478689**
57.141.2.60 - - [14/Mar/2026:05:15:49 -0700] "GET /items/3569667243 HTTP/2.0" 403 97145 "-" "meta-externalagent/1.1 (+https://developers.facebook.com/docs/sharing/webmasters/crawler)" 808 **0/808726**
