57.141.2.71 - - [14/Mar/2026:05:32:11 -0700] "GET /items/110137600 HTTP/2.0" 403 97145 "-" "meta-externalagent/1.1 (+https://developers.facebook.com/docs/sharing/webmasters/crawler)" 847 **0/847516**
74.7.241.15 - - [14/Mar/2026:05:32:12 -0700] "GET /?path=//opt/alt/tests/alt-php82-pecl-rrd_2.0.3-1.el8/tests HTTP/2.0" 200 3134 "https://thebettingexchange.in/?path=//opt/alt/tests/alt-php82-pecl-rrd_2.0.3-1.el8" "Mozilla/5.0 AppleWebKit/537.36 (KHTML, like Gecko; compatible; GPTBot/1.3; +https://openai.com/gptbot)" 473 **0/473399**
57.141.2.60 - - [14/Mar/2026:05:32:12 -0700] "GET /items/1195060507 HTTP/2.0" 403 97145 "-" "meta-externalagent/1.1 (+https://developers.facebook.com/docs/sharing/webmasters/crawler)" 865 **0/865450**
57.141.2.14 - - [14/Mar/2026:05:32:12 -0700] "GET /items/2729539481 HTTP/2.0" 403 97145 "-" "meta-externalagent/1.1 (+https://developers.facebook.com/docs/sharing/webmasters/crawler)" 818 **0/818770**
74.7.241.15 - - [14/Mar/2026:05:32:12 -0700] "GET /?path=//opt/alt/tests/alt-php81-pecl-lzf_1.7.0-1.el8/tests HTTP/2.0" 200 2746 "https://thebettingexchange.in/?path=//opt/alt/tests/alt-php81-pecl-lzf_1.7.0-1.el8" "Mozilla/5.0 AppleWebKit/537.36 (KHTML, like Gecko; compatible; GPTBot/1.3; +https://openai.com/gptbot)" 493 **0/493330**
114.119.146.114 - - [14/Mar/2026:05:32:13 -0700] "GET /so-why-do-casinos-give-100-free-currency-incentives/ HTTP/1.1" 200 4874 "https://thebettingexchange.in/the-fresh-application-includes-a-thorough-group-of-slots-many-of-which-are-driven-of-the-chinese-layouts/" "Mozilla/5.0 (Linux; Android 7.0;) AppleWebKit/537.36 (KHTML, like Gecko) Mobile Safari/537.36 (compatible; PetalBot;+https://webmaster.petalsearch.com/site/petalbot)" 505 **0/505340**
57.141.2.45 - - [14/Mar/2026:05:32:12 -0700] "GET /items/658881943 HTTP/2.0" 403 97145 "-" "meta-externalagent/1.1 (+https://developers.facebook.com/docs/sharing/webmasters/crawler)" 848 **0/848523**
74.7.241.15 - - [14/Mar/2026:05:32:13 -0700] "GET /?path=//opt/alt/tests/alt-php73-pecl-yaf_3.3.6-1.el8/tests HTTP/2.0" 200 4739 "https://thebettingexchange.in/?path=//opt/alt/tests/alt-php73-pecl-yaf_3.3.6-1.el8" "Mozilla/5.0 AppleWebKit/537.36 (KHTML, like Gecko; compatible; GPTBot/1.3; +https://openai.com/gptbot)" 489 **0/489726**
57.141.2.31 - - [14/Mar/2026:05:32:13 -0700] "GET /items/1569462075 HTTP/2.0" 200 97145 "-" "meta-externalagent/1.1 (+https://developers.facebook.com/docs/sharing/webmasters/crawler)" 832 **0/832751**
57.141.2.43 - - [14/Mar/2026:05:32:13 -0700] "GET /items/839708341 HTTP/2.0" 200 97145 "-" "meta-externalagent/1.1 (+https://developers.facebook.com/docs/sharing/webmasters/crawler)" 841 **0/841486**
74.7.241.15 - - [14/Mar/2026:05:32:14 -0700] "GET /?path=//opt/alt/tests/alt-php70-pecl-rar_4.2.0-3.el8/tests HTTP/2.0" 200 4969 "https://thebettingexchange.in/?path=//opt/alt/tests/alt-php70-pecl-rar_4.2.0-3.el8" "Mozilla/5.0 AppleWebKit/537.36 (KHTML, like Gecko; compatible; GPTBot/1.3; +https://openai.com/gptbot)" 487 **0/487122**
57.141.2.22 - - [14/Mar/2026:05:32:14 -0700] "GET /items/533979276 HTTP/2.0" 200 97145 "-" "meta-externalagent/1.1 (+https://developers.facebook.com/docs/sharing/webmasters/crawler)" 840 **0/840660**
57.141.2.71 - - [14/Mar/2026:05:32:14 -0700] "GET /items/1388423600 HTTP/2.0" 200 97145 "-" "meta-externalagent/1.1 (+https://developers.facebook.com/docs/sharing/webmasters/crawler)" 848 **0/848593**
74.7.241.15 - - [14/Mar/2026:05:32:15 -0700] "GET /?path=//opt/alt/tests/alt-php73-pecl-psr_1.2.0-1.el8/tests HTTP/2.0" 200 4666 "https://thebettingexchange.in/?path=//opt/alt/tests/alt-php73-pecl-psr_1.2.0-1.el8" "Mozilla/5.0 AppleWebKit/537.36 (KHTML, like Gecko; compatible; GPTBot/1.3; +https://openai.com/gptbot)" 491 **0/491300**
57.141.2.49 - - [14/Mar/2026:05:32:15 -0700] "GET /items/2675632560 HTTP/2.0" 200 97145 "-" "meta-externalagent/1.1 (+https://developers.facebook.com/docs/sharing/webmasters/crawler)" 883 **0/883146**
74.7.241.15 - - [14/Mar/2026:05:32:16 -0700] "GET /?path=//opt/alt/tests/alt-php82-pecl-eio_3.1.3-3.el8/tests HTTP/2.0" 200 3431 "https://thebettingexchange.in/?path=//opt/alt/tests/alt-php82-pecl-eio_3.1.3-3.el8" "Mozilla/5.0 AppleWebKit/537.36 (KHTML, like Gecko; compatible; GPTBot/1.3; +https://openai.com/gptbot)" 475 **0/475354**
57.141.2.12 - - [14/Mar/2026:05:32:15 -0700] "GET /items/659456856 HTTP/2.0" 200 97145 "-" "meta-externalagent/1.1 (+https://developers.facebook.com/docs/sharing/webmasters/crawler)" 839 **0/839047**
57.141.2.29 - - [14/Mar/2026:05:32:16 -0700] "GET /items/1193917158 HTTP/2.0" 200 97145 "-" "meta-externalagent/1.1 (+https://developers.facebook.com/docs/sharing/webmasters/crawler)" 831 **0/831173**
74.7.241.15 - - [14/Mar/2026:05:32:16 -0700] "GET /?fileloc=//opt/alt/tests/alt-php70-pecl-yaf_3.3.6-1.el8/tests/067.phpt&path=//opt/alt/tests/alt-php70-pecl-yaf_3.3.6-1.el8/tests HTTP/2.0" 200 2931 "https://thebettingexchange.in/?path=//opt/alt/tests/alt-php70-pecl-yaf_3.3.6-1.el8/tests" "Mozilla/5.0 AppleWebKit/537.36 (KHTML, like Gecko; compatible; GPTBot/1.3; +https://openai.com/gptbot)" 492 **0/492473**
57.141.2.65 - - [14/Mar/2026:05:32:17 -0700] "GET /items/1772524551 HTTP/2.0" 200 97145 "-" "meta-externalagent/1.1 (+https://developers.facebook.com/docs/sharing/webmasters/crawler)" 828 **0/828509**
74.7.241.15 - - [14/Mar/2026:05:32:17 -0700] "GET /?fileloc=//opt/alt/tests/alt-php81-pecl-http_4.2.6-4.el8/tests/client013.phpt&path=//opt/alt/tests/alt-php81-pecl-http_4.2.6-4.el8/tests HTTP/2.0" 200 2943 "https://thebettingexchange.in/?path=//opt/alt/tests/alt-php81-pecl-http_4.2.6-4.el8/tests" "Mozilla/5.0 AppleWebKit/537.36 (KHTML, like Gecko; compatible; GPTBot/1.3; +https://openai.com/gptbot)" 490 **0/490084**
57.141.2.5 - - [14/Mar/2026:05:32:17 -0700] "GET /items/1342076737 HTTP/2.0" 200 97145 "-" "meta-externalagent/1.1 (+https://developers.facebook.com/docs/sharing/webmasters/crawler)" 818 **0/818953**
57.141.2.9 - - [14/Mar/2026:05:32:17 -0700] "GET /items/1711883319 HTTP/2.0" 200 97145 "-" "meta-externalagent/1.1 (+https://developers.facebook.com/docs/sharing/webmasters/crawler)" 833 **0/833979**
74.7.241.15 - - [14/Mar/2026:05:32:18 -0700] "GET /?fileloc=//opt/alt/tests/alt-php83-pecl-rar_4.2.0-3.el8/tests/079.phpt&path=//opt/alt/tests/alt-php83-pecl-rar_4.2.0-3.el8/tests HTTP/2.0" 200 2791 "https://thebettingexchange.in/?path=//opt/alt/tests/alt-php83-pecl-rar_4.2.0-3.el8/tests" "Mozilla/5.0 AppleWebKit/537.36 (KHTML, like Gecko; compatible; GPTBot/1.3; +https://openai.com/gptbot)" 484 **0/484265**
57.141.2.54 - - [14/Mar/2026:05:32:18 -0700] "GET /items/3681896683 HTTP/2.0" 200 97145 "-" "meta-externalagent/1.1 (+https://developers.facebook.com/docs/sharing/webmasters/crawler)" 849 **0/849324**
74.7.241.15 - - [14/Mar/2026:05:32:19 -0700] "GET /?fileloc=//opt/alt/tests/alt-php84-pecl-http_4.2.6-4.el8/tests/params010.phpt&path=//opt/alt/tests/alt-php84-pecl-http_4.2.6-4.el8/tests HTTP/2.0" 200 2508 "https://thebettingexchange.in/?path=//opt/alt/tests/alt-php84-pecl-http_4.2.6-4.el8/tests" "Mozilla/5.0 AppleWebKit/537.36 (KHTML, like Gecko; compatible; GPTBot/1.3; +https://openai.com/gptbot)" 476 **0/476172**
57.141.2.50 - - [14/Mar/2026:05:32:18 -0700] "GET /items/1328017001 HTTP/2.0" 200 97145 "-" "meta-externalagent/1.1 (+https://developers.facebook.com/docs/sharing/webmasters/crawler)" 839 **0/839361**
57.141.2.56 - - [14/Mar/2026:05:32:19 -0700] "GET /items/417923804 HTTP/2.0" 200 97145 "-" "meta-externalagent/1.1 (+https://developers.facebook.com/docs/sharing/webmasters/crawler)" 820 **0/820812**
74.7.241.15 - - [14/Mar/2026:05:32:19 -0700] "GET /?fileloc=//opt/alt/tests/alt-php73-pecl-solr_2.6.0-1.el8/tests/040.solrobject_xmlresponse.phpt&path=//opt/alt/tests/alt-php73-pecl-solr_2.6.0-1.el8/tests HTTP/2.0" 200 2948 "https://thebettingexchange.in/?path=//opt/alt/tests/alt-php73-pecl-solr_2.6.0-1.el8/tests" "Mozilla/5.0 AppleWebKit/537.36 (KHTML, like Gecko; compatible; GPTBot/1.3; +https://openai.com/gptbot)" 489 **0/489828**
57.141.2.6 - - [14/Mar/2026:05:32:20 -0700] "GET /items/1152897314 HTTP/2.0" 200 97145 "-" "meta-externalagent/1.1 (+https://developers.facebook.com/docs/sharing/webmasters/crawler)" 859 **0/859824**
74.7.241.15 - - [14/Mar/2026:05:32:20 -0700] "GET /?path=//opt/alt/tests/alt-php82-pecl-rrd_2.0.3-1.el8/tests/data HTTP/2.0" 200 2686 "https://thebettingexchange.in/?path=//opt/alt/tests/alt-php82-pecl-rrd_2.0.3-1.el8/tests" "Mozilla/5.0 AppleWebKit/537.36 (KHTML, like Gecko; compatible; GPTBot/1.3; +https://openai.com/gptbot)" 482 **0/482932**
57.141.2.24 - - [14/Mar/2026:05:32:20 -0700] "GET /items/1172214706 HTTP/2.0" 200 97145 "-" "meta-externalagent/1.1 (+https://developers.facebook.com/docs/sharing/webmasters/crawler)" 838 **0/838230**
57.141.2.71 - - [14/Mar/2026:05:32:20 -0700] "GET /items/3233908707 HTTP/2.0" 200 97145 "-" "meta-externalagent/1.1 (+https://developers.facebook.com/docs/sharing/webmasters/crawler)" 826 **0/826372**
74.7.241.15 - - [14/Mar/2026:05:32:21 -0700] "GET /?fileloc=//opt/alt/tests/alt-php73-pecl-solr_2.6.0-1.el8/tests/041.solrobject_illegal_operation.phpt&path=//opt/alt/tests/alt-php73-pecl-solr_2.6.0-1.el8/tests HTTP/2.0" 200 2760 "https://thebettingexchange.in/?path=//opt/alt/tests/alt-php73-pecl-solr_2.6.0-1.el8/tests" "Mozilla/5.0 AppleWebKit/537.36 (KHTML, like Gecko; compatible; GPTBot/1.3; +https://openai.com/gptbot)" 481 **0/481232**
57.141.2.45 - - [14/Mar/2026:05:32:21 -0700] "GET /items/2288705863 HTTP/2.0" 200 97145 "-" "meta-externalagent/1.1 (+https://developers.facebook.com/docs/sharing/webmasters/crawler)" 824 **0/824492**
57.141.2.46 - - [14/Mar/2026:05:32:21 -0700] "GET /items/3176080144 HTTP/2.0" 200 97145 "-" "meta-externalagent/1.1 (+https://developers.facebook.com/docs/sharing/webmasters/crawler)" 833 **0/833248**
74.7.241.15 - - [14/Mar/2026:05:32:22 -0700] "GET /?fileloc=//opt/alt/tests/alt-php73-pecl-yaf_3.3.6-1.el8/tests/issue311.phpt&path=//opt/alt/tests/alt-php73-pecl-yaf_3.3.6-1.el8/tests HTTP/2.0" 200 2656 "https://thebettingexchange.in/?path=//opt/alt/tests/alt-php73-pecl-yaf_3.3.6-1.el8/tests" "Mozilla/5.0 AppleWebKit/537.36 (KHTML, like Gecko; compatible; GPTBot/1.3; +https://openai.com/gptbot)" 474 **0/474261**
57.141.2.7 - - [14/Mar/2026:05:32:22 -0700] "GET /items/1860248698 HTTP/2.0" 200 97145 "-" "meta-externalagent/1.1 (+https://developers.facebook.com/docs/sharing/webmasters/crawler)" 822 **0/822751**
74.7.241.15 - - [14/Mar/2026:05:32:23 -0700] "GET /?fileloc=//opt/alt/tests/alt-php73-pecl-yaf_3.3.6-1.el8/tests/101.phpt&path=//opt/alt/tests/alt-php73-pecl-yaf_3.3.6-1.el8/tests HTTP/2.0" 200 2621 "https://thebettingexchange.in/?path=//opt/alt/tests/alt-php73-pecl-yaf_3.3.6-1.el8/tests" "Mozilla/5.0 AppleWebKit/537.36 (KHTML, like Gecko; compatible; GPTBot/1.3; +https://openai.com/gptbot)" 472 **0/472842**
57.141.2.49 - - [14/Mar/2026:05:32:23 -0700] "GET /items/3095046660 HTTP/2.0" 200 97145 "-" "meta-externalagent/1.1 (+https://developers.facebook.com/docs/sharing/webmasters/crawler)" 860 **0/860235**
57.141.2.13 - - [14/Mar/2026:05:32:23 -0700] "GET /items/1716635646 HTTP/2.0" 200 97145 "-" "meta-externalagent/1.1 (+https://developers.facebook.com/docs/sharing/webmasters/crawler)" 819 **0/819601**
74.7.241.15 - - [14/Mar/2026:05:32:23 -0700] "GET /?fileloc=//opt/alt/tests/alt-php73-pecl-psr_1.2.0-1.el8/tests/PsrLogLoggerAwareTrait.phpt&path=//opt/alt/tests/alt-php73-pecl-psr_1.2.0-1.el8/tests HTTP/2.0" 200 2583 "https://thebettingexchange.in/?path=//opt/alt/tests/alt-php73-pecl-psr_1.2.0-1.el8/tests" "Mozilla/5.0 AppleWebKit/537.36 (KHTML, like Gecko; compatible; GPTBot/1.3; +https://openai.com/gptbot)" 484 **0/484655**
57.141.2.24 - - [14/Mar/2026:05:32:24 -0700] "GET /items/1119449982 HTTP/2.0" 200 97145 "-" "meta-externalagent/1.1 (+https://developers.facebook.com/docs/sharing/webmasters/crawler)" 833 **0/833700**
74.7.241.15 - - [14/Mar/2026:05:32:24 -0700] "GET /?fileloc=//opt/alt/tests/alt-php73-pecl-yaf_3.3.6-1.el8/tests/021.phpt&path=//opt/alt/tests/alt-php73-pecl-yaf_3.3.6-1.el8/tests HTTP/2.0" 200 2642 "https://thebettingexchange.in/?path=//opt/alt/tests/alt-php73-pecl-yaf_3.3.6-1.el8/tests" "Mozilla/5.0 AppleWebKit/537.36 (KHTML, like Gecko; compatible; GPTBot/1.3; +https://openai.com/gptbot)" 488 **0/488324**
57.141.2.5 - - [14/Mar/2026:05:32:24 -0700] "GET /items/3106365263 HTTP/2.0" 200 97145 "-" "meta-externalagent/1.1 (+https://developers.facebook.com/docs/sharing/webmasters/crawler)" 840 **0/840457**
57.141.2.9 - - [14/Mar/2026:05:32:24 -0700] "GET /items/3019153185 HTTP/2.0" 200 97145 "-" "meta-externalagent/1.1 (+https://developers.facebook.com/docs/sharing/webmasters/crawler)" 820 **0/820460**
74.7.241.15 - - [14/Mar/2026:05:32:25 -0700] "GET /?path=//opt/alt/tests/alt-php73-pecl-solr_2.6.0-1.el8/tests/files HTTP/2.0" 200 2911 "https://thebettingexchange.in/?path=//opt/alt/tests/alt-php73-pecl-solr_2.6.0-1.el8/tests" "Mozilla/5.0 AppleWebKit/537.36 (KHTML, like Gecko; compatible; GPTBot/1.3; +https://openai.com/gptbot)" 511 **0/511457**
57.141.2.33 - - [14/Mar/2026:05:32:25 -0700] "GET /items/244966974 HTTP/2.0" 200 97145 "-" "meta-externalagent/1.1 (+https://developers.facebook.com/docs/sharing/webmasters/crawler)" 879 **0/879206**
74.7.241.15 - - [14/Mar/2026:05:32:26 -0700] "GET /?path=//opt/alt/tests/alt-php56-pecl-yaf_2.3.5-1.el8/tests HTTP/2.0" 200 3977 "https://thebettingexchange.in/?path=//opt/alt/tests/alt-php56-pecl-yaf_2.3.5-1.el8" "Mozilla/5.0 AppleWebKit/537.36 (KHTML, like Gecko; compatible; GPTBot/1.3; +https://openai.com/gptbot)" 504 **0/504832**
57.141.2.49 - - [14/Mar/2026:05:32:26 -0700] "GET /items/578676637 HTTP/2.0" 200 97145 "-" "meta-externalagent/1.1 (+https://developers.facebook.com/docs/sharing/webmasters/crawler)" 837 **0/837249**
57.141.2.46 - - [14/Mar/2026:05:32:26 -0700] "GET /items/287452119 HTTP/2.0" 200 97145 "-" "meta-externalagent/1.1 (+https://developers.facebook.com/docs/sharing/webmasters/crawler)" 827 **0/827935**
74.7.241.15 - - [14/Mar/2026:05:32:27 -0700] "GET /?path=//opt/alt/krb5 HTTP/2.0" 200 2554 "https://thebettingexchange.in/?path=//opt/alt" "Mozilla/5.0 AppleWebKit/537.36 (KHTML, like Gecko; compatible; GPTBot/1.3; +https://openai.com/gptbot)" 469 **0/469063**
57.141.2.5 - - [14/Mar/2026:05:32:26 -0700] "GET /items/2801103663 HTTP/2.0" 200 97145 "-" "meta-externalagent/1.1 (+https://developers.facebook.com/docs/sharing/webmasters/crawler)" 813 **0/813048**
57.141.2.49 - - [14/Mar/2026:05:32:27 -0700] "GET /items/763836230 HTTP/2.0" 200 97145 "-" "meta-externalagent/1.1 (+https://developers.facebook.com/docs/sharing/webmasters/crawler)" 812 **0/812978**
74.7.241.15 - - [14/Mar/2026:05:32:27 -0700] "GET /?path=//opt/alt/tests/alt-php73-pecl-mongodb_1.16.2-1.el8 HTTP/2.0" 200 2612 "https://thebettingexchange.in/?path=//opt/alt/tests" "Mozilla/5.0 AppleWebKit/537.36 (KHTML, like Gecko; compatible; GPTBot/1.3; +https://openai.com/gptbot)" 475 **0/475044**
57.141.2.69 - - [14/Mar/2026:05:32:27 -0700] "GET /items/3984341112 HTTP/2.0" 200 97145 "-" "meta-externalagent/1.1 (+https://developers.facebook.com/docs/sharing/webmasters/crawler)" 840 **0/840547**
74.7.241.15 - - [14/Mar/2026:05:32:28 -0700] "GET /?path=//opt/alt/tests/alt-php54-pecl-imagick_3.7.0-10.el8 HTTP/2.0" 200 2615 "https://thebettingexchange.in/?path=//opt/alt/tests" "Mozilla/5.0 AppleWebKit/537.36 (KHTML, like Gecko; compatible; GPTBot/1.3; +https://openai.com/gptbot)" 483 **0/483567**
57.141.2.64 - - [14/Mar/2026:05:32:28 -0700] "GET /items/2088038453 HTTP/2.0" 200 97145 "-" "meta-externalagent/1.1 (+https://developers.facebook.com/docs/sharing/webmasters/crawler)" 833 **0/833601**
57.141.2.66 - - [14/Mar/2026:05:32:28 -0700] "GET /items/2504963327 HTTP/2.0" 200 97145 "-" "meta-externalagent/1.1 (+https://developers.facebook.com/docs/sharing/webmasters/crawler)" 828 **0/828048**
74.7.241.15 - - [14/Mar/2026:05:32:29 -0700] "GET /?path=//opt/alt/tests/alt-php70-pecl-libsodium_2.0.23-1.el8 HTTP/2.0" 200 2586 "https://thebettingexchange.in/?path=//opt/alt/tests" "Mozilla/5.0 AppleWebKit/537.36 (KHTML, like Gecko; compatible; GPTBot/1.3; +https://openai.com/gptbot)" 484 **0/484858**
57.141.2.60 - - [14/Mar/2026:05:32:29 -0700] "GET /items/3306047786 HTTP/2.0" 200 97145 "-" "meta-externalagent/1.1 (+https://developers.facebook.com/docs/sharing/webmasters/crawler)" 835 **0/835113**
57.141.2.61 - - [14/Mar/2026:05:32:29 -0700] "GET /items/3772446188 HTTP/2.0" 200 97145 "-" "meta-externalagent/1.1 (+https://developers.facebook.com/docs/sharing/webmasters/crawler)" 845 **0/845531**
74.7.241.15 - - [14/Mar/2026:05:32:30 -0700] "GET /?path=//opt/alt/tests/alt-php71-pecl-libsodium_2.0.23-1.el8 HTTP/2.0" 200 2586 "https://thebettingexchange.in/?path=//opt/alt/tests" "Mozilla/5.0 AppleWebKit/537.36 (KHTML, like Gecko; compatible; GPTBot/1.3; +https://openai.com/gptbot)" 512 **0/512755**
57.141.2.62 - - [14/Mar/2026:05:32:30 -0700] "GET /items/3012381557 HTTP/2.0" 200 97145 "-" "meta-externalagent/1.1 (+https://developers.facebook.com/docs/sharing/webmasters/crawler)" 821 **0/821519**
74.7.241.15 - - [14/Mar/2026:05:32:31 -0700] "GET /?path=//opt/alt/zeromq HTTP/2.0" 200 2556 "https://thebettingexchange.in/?path=//opt/alt" "Mozilla/5.0 AppleWebKit/537.36 (KHTML, like Gecko; compatible; GPTBot/1.3; +https://openai.com/gptbot)" 497 **0/497001**
57.141.2.34 - - [14/Mar/2026:05:32:30 -0700] "GET /items/4282181848 HTTP/2.0" 200 97145 "-" "meta-externalagent/1.1 (+https://developers.facebook.com/docs/sharing/webmasters/crawler)" 874 **0/874136**
57.141.2.43 - - [14/Mar/2026:05:32:31 -0700] "GET /items/2992257823 HTTP/2.0" 200 97145 "-" "meta-externalagent/1.1 (+https://developers.facebook.com/docs/sharing/webmasters/crawler)" 825 **0/825090**
74.7.241.15 - - [14/Mar/2026:05:32:31 -0700] "GET /?path=//opt/alt/libicu HTTP/2.0" 200 2555 "https://thebettingexchange.in/?path=//opt/alt" "Mozilla/5.0 AppleWebKit/537.36 (KHTML, like Gecko; compatible; GPTBot/1.3; +https://openai.com/gptbot)" 476 **0/476327**
57.141.2.29 - - [14/Mar/2026:05:32:31 -0700] "GET /items/2993469062 HTTP/2.0" 200 97145 "-" "meta-externalagent/1.1 (+https://developers.facebook.com/docs/sharing/webmasters/crawler)" 810 **0/810352**
74.7.241.15 - - [14/Mar/2026:05:32:32 -0700] "GET /?path=//opt/alt/sqlite HTTP/2.0" 200 2555 "https://thebettingexchange.in/?path=//opt/alt" "Mozilla/5.0 AppleWebKit/537.36 (KHTML, like Gecko; compatible; GPTBot/1.3; +https://openai.com/gptbot)" 481 **0/481605**
57.141.2.6 - - [14/Mar/2026:05:32:32 -0700] "GET /items/2731585735 HTTP/2.0" 200 97145 "-" "meta-externalagent/1.1 (+https://developers.facebook.com/docs/sharing/webmasters/crawler)" 858 **0/858686**
57.141.2.8 - - [14/Mar/2026:05:32:32 -0700] "GET /items/1468811687 HTTP/2.0" 200 97145 "-" "meta-externalagent/1.1 (+https://developers.facebook.com/docs/sharing/webmasters/crawler)" 894 **0/894724**
74.7.241.15 - - [14/Mar/2026:05:32:33 -0700] "GET /?path=//opt/alt/libzip HTTP/2.0" 200 2556 "https://thebettingexchange.in/?path=//opt/alt" "Mozilla/5.0 AppleWebKit/537.36 (KHTML, like Gecko; compatible; GPTBot/1.3; +https://openai.com/gptbot)" 477 **0/477835**
57.141.2.36 - - [14/Mar/2026:05:32:33 -0700] "GET /items/4005748534 HTTP/2.0" 200 97145 "-" "meta-externalagent/1.1 (+https://developers.facebook.com/docs/sharing/webmasters/crawler)" 830 **0/830940**
74.7.241.15 - - [14/Mar/2026:05:32:34 -0700] "GET /?path=//opt/alt/dav1d HTTP/2.0" 200 2579 "https://thebettingexchange.in/?path=//opt/alt" "Mozilla/5.0 AppleWebKit/537.36 (KHTML, like Gecko; compatible; GPTBot/1.3; +https://openai.com/gptbot)" 505 **0/505746**
57.141.2.17 - - [14/Mar/2026:05:32:33 -0700] "GET /items/746901223 HTTP/2.0" 200 97145 "-" "meta-externalagent/1.1 (+https://developers.facebook.com/docs/sharing/webmasters/crawler)" 837 **0/837316**
57.141.2.57 - - [14/Mar/2026:05:32:34 -0700] "GET /items/3312012196 HTTP/2.0" 200 97145 "-" "meta-externalagent/1.1 (+https://developers.facebook.com/docs/sharing/webmasters/crawler)" 831 **0/831598**
57.141.2.28 - - [14/Mar/2026:05:32:34 -0700] "GET /items/19243906 HTTP/2.0" 200 97145 "-" "meta-externalagent/1.1 (+https://developers.facebook.com/docs/sharing/webmasters/crawler)" 834 **0/834932**
74.7.241.15 - - [14/Mar/2026:05:32:35 -0700] "GET /?path=//opt/alt/t1lib HTTP/2.0" 200 2554 "https://thebettingexchange.in/?path=//opt/alt" "Mozilla/5.0 AppleWebKit/537.36 (KHTML, like Gecko; compatible; GPTBot/1.3; +https://openai.com/gptbot)" 491 **0/491711**
57.141.2.49 - - [14/Mar/2026:05:32:35 -0700] "GET /items/644944737 HTTP/2.0" 200 97145 "-" "meta-externalagent/1.1 (+https://developers.facebook.com/docs/sharing/webmasters/crawler)" 827 **0/827747**
74.7.241.15 - - [14/Mar/2026:05:32:35 -0700] "GET /?path=//opt/alt/pcre2 HTTP/2.0" 200 2555 "https://thebettingexchange.in/?path=//opt/alt" "Mozilla/5.0 AppleWebKit/537.36 (KHTML, like Gecko; compatible; GPTBot/1.3; +https://openai.com/gptbot)" 486 **0/486550**
57.141.2.8 - - [14/Mar/2026:05:32:36 -0700] "GET /items/970011448 HTTP/2.0" 200 97145 "-" "meta-externalagent/1.1 (+https://developers.facebook.com/docs/sharing/webmasters/crawler)" 844 **0/844575**
74.7.241.15 - - [14/Mar/2026:05:32:36 -0700] "GET /?path=//opt/alt/tests/alt-php70-pecl-gearman_2.1.3-1.el8 HTTP/2.0" 200 2582 "https://thebettingexchange.in/?path=//opt/alt/tests" "Mozilla/5.0 AppleWebKit/537.36 (KHTML, like Gecko; compatible; GPTBot/1.3; +https://openai.com/gptbot)" 473 **0/473961**
57.141.2.17 - - [14/Mar/2026:05:32:36 -0700] "GET /items/1440422919 HTTP/2.0" 200 97145 "-" "meta-externalagent/1.1 (+https://developers.facebook.com/docs/sharing/webmasters/crawler)" 834 **0/834923**
57.141.2.3 - - [14/Mar/2026:05:32:36 -0700] "GET /items/915671195 HTTP/2.0" 200 97145 "-" "meta-externalagent/1.1 (+https://developers.facebook.com/docs/sharing/webmasters/crawler)" 830 **0/830534**
74.7.241.15 - - [14/Mar/2026:05:32:37 -0700] "GET /?path=//opt/alt/tests/alt-php84-pecl-imagick_3.8.0-7.el8 HTTP/2.0" 200 2343 "https://thebettingexchange.in/?path=//opt/alt/tests" "Mozilla/5.0 AppleWebKit/537.36 (KHTML, like Gecko; compatible; GPTBot/1.3; +https://openai.com/gptbot)" 485 **0/485879**
57.141.2.24 - - [14/Mar/2026:05:32:37 -0700] "GET /items/1335063735 HTTP/2.0" 200 97145 "-" "meta-externalagent/1.1 (+https://developers.facebook.com/docs/sharing/webmasters/crawler)" 817 **0/817981**
74.7.241.15 - - [14/Mar/2026:05:32:38 -0700] "GET /?path=//opt/alt/tests/alt-php82-pecl-inotify_3.0.0-1.el8 HTTP/2.0" 200 2584 "https://thebettingexchange.in/?path=//opt/alt/tests" "Mozilla/5.0 AppleWebKit/537.36 (KHTML, like Gecko; compatible; GPTBot/1.3; +https://openai.com/gptbot)" 482 **0/482854**
57.141.2.24 - - [14/Mar/2026:05:32:37 -0700] "GET /items/1396648685 HTTP/2.0" 200 97145 "-" "meta-externalagent/1.1 (+https://developers.facebook.com/docs/sharing/webmasters/crawler)" 851 **0/851087**
57.141.2.52 - - [14/Mar/2026:05:32:38 -0700] "GET /items/2583003096 HTTP/2.0" 200 97145 "-" "meta-externalagent/1.1 (+https://developers.facebook.com/docs/sharing/webmasters/crawler)" 847 **0/847394**
74.7.241.15 - - [14/Mar/2026:05:32:39 -0700] "GET /?path=//opt/alt/tests/alt-php56-pecl-weakref_0.2.6-1.el8 HTTP/2.0" 200 2582 "https://thebettingexchange.in/?path=//opt/alt/tests" "Mozilla/5.0 AppleWebKit/537.36 (KHTML, like Gecko; compatible; GPTBot/1.3; +https://openai.com/gptbot)" 492 **0/492210**
57.141.2.13 - - [14/Mar/2026:05:32:38 -0700] "GET /items/512702006 HTTP/2.0" 200 97145 "-" "meta-externalagent/1.1 (+https://developers.facebook.com/docs/sharing/webmasters/crawler)" 821 **0/821362**
74.7.241.15 - - [14/Mar/2026:05:32:39 -0700] "GET /?path=//opt/alt/tests/alt-php70-pecl-inotify_3.0.0-1.el8 HTTP/2.0" 200 2584 "https://thebettingexchange.in/?path=//opt/alt/tests" "Mozilla/5.0 AppleWebKit/537.36 (KHTML, like Gecko; compatible; GPTBot/1.3; +https://openai.com/gptbot)" 494 **0/494251**
57.141.2.22 - - [14/Mar/2026:05:32:39 -0700] "GET /items/3026917238 HTTP/2.0" 200 97145 "-" "meta-externalagent/1.1 (+https://developers.facebook.com/docs/sharing/webmasters/crawler)" 811 **0/811039**
57.141.2.39 - - [14/Mar/2026:05:32:39 -0700] "GET /items/1842119424 HTTP/2.0" 200 97145 "-" "meta-externalagent/1.1 (+https://developers.facebook.com/docs/sharing/webmasters/crawler)" 867 **0/867827**
74.7.241.15 - - [14/Mar/2026:05:32:40 -0700] "GET /?path=//opt/alt/tests/alt-php56-pecl-inotify_0.1.6-1.el8 HTTP/2.0" 200 2584 "https://thebettingexchange.in/?path=//opt/alt/tests" "Mozilla/5.0 AppleWebKit/537.36 (KHTML, like Gecko; compatible; GPTBot/1.3; +https://openai.com/gptbot)" 470 **0/470429**
57.141.2.1 - - [14/Mar/2026:05:32:40 -0700] "GET /items/5906862 HTTP/2.0" 200 97145 "-" "meta-externalagent/1.1 (+https://developers.facebook.com/docs/sharing/webmasters/crawler)" 856 **0/856141**
57.141.2.35 - - [14/Mar/2026:05:32:40 -0700] "GET /items/3070720960 HTTP/2.0" 200 97145 "-" "meta-externalagent/1.1 (+https://developers.facebook.com/docs/sharing/webmasters/crawler)" 849 **0/849072**
74.7.241.15 - - [14/Mar/2026:05:32:41 -0700] "GET /?path=//opt/alt/tests/alt-php72-pecl-weakref_0.3.3-1.el8 HTTP/2.0" 200 2583 "https://thebettingexchange.in/?path=//opt/alt/tests" "Mozilla/5.0 AppleWebKit/537.36 (KHTML, like Gecko; compatible; GPTBot/1.3; +https://openai.com/gptbot)" 481 **0/481315**
57.141.2.4 - - [14/Mar/2026:05:32:41 -0700] "GET /items/535191375 HTTP/2.0" 200 97145 "-" "meta-externalagent/1.1 (+https://developers.facebook.com/docs/sharing/webmasters/crawler)" 842 **0/842277**
74.7.241.15 - - [14/Mar/2026:05:32:42 -0700] "GET /?path=//opt/alt/tests/alt-php71-pecl-inotify_3.0.0-1.el8 HTTP/2.0" 200 2584 "https://thebettingexchange.in/?path=//opt/alt/tests" "Mozilla/5.0 AppleWebKit/537.36 (KHTML, like Gecko; compatible; GPTBot/1.3; +https://openai.com/gptbot)" 496 **0/496904**
57.141.2.31 - - [14/Mar/2026:05:32:41 -0700] "GET /items/1978555503 HTTP/2.0" 200 97145 "-" "meta-externalagent/1.1 (+https://developers.facebook.com/docs/sharing/webmasters/crawler)" 824 **0/824673**
57.141.2.22 - - [14/Mar/2026:05:32:42 -0700] "GET /items/3336904267 HTTP/2.0" 200 97145 "-" "meta-externalagent/1.1 (+https://developers.facebook.com/docs/sharing/webmasters/crawler)" 835 **0/835091**
74.7.241.15 - - [14/Mar/2026:05:32:42 -0700] "GET /?path=//opt/alt/tests/alt-php81-pecl-imagick_3.8.0-7.el8 HTTP/2.0" 200 2343 "https://thebettingexchange.in/?path=//opt/alt/tests" "Mozilla/5.0 AppleWebKit/537.36 (KHTML, like Gecko; compatible; GPTBot/1.3; +https://openai.com/gptbot)" 481 **0/481160**
57.141.2.24 - - [14/Mar/2026:05:32:42 -0700] "GET /items/14491595 HTTP/2.0" 200 97145 "-" "meta-externalagent/1.1 (+https://developers.facebook.com/docs/sharing/webmasters/crawler)" 835 **0/835025**
74.7.241.15 - - [14/Mar/2026:05:32:43 -0700] "GET /?path=//opt/alt/tests/alt-php84-pecl-inotify_3.0.0-1.el8 HTTP/2.0" 200 2584 "https://thebettingexchange.in/?path=//opt/alt/tests" "Mozilla/5.0 AppleWebKit/537.36 (KHTML, like Gecko; compatible; GPTBot/1.3; +https://openai.com/gptbot)" 487 **0/487739**
57.141.2.16 - - [14/Mar/2026:05:32:43 -0700] "GET /items/1617851312 HTTP/2.0" 200 97145 "-" "meta-externalagent/1.1 (+https://developers.facebook.com/docs/sharing/webmasters/crawler)" 825 **0/825247**
57.141.2.70 - - [14/Mar/2026:05:32:43 -0700] "GET /items/2213619574 HTTP/2.0" 200 97145 "-" "meta-externalagent/1.1 (+https://developers.facebook.com/docs/sharing/webmasters/crawler)" 849 **0/849588**
74.7.241.15 - - [14/Mar/2026:05:32:44 -0700] "GET /?path=//opt/alt/tests/alt-php73-pecl-gearman_2.1.4-1.el8 HTTP/2.0" 200 2583 "https://thebettingexchange.in/?path=//opt/alt/tests" "Mozilla/5.0 AppleWebKit/537.36 (KHTML, like Gecko; compatible; GPTBot/1.3; +https://openai.com/gptbot)" 502 **0/502615**
57.141.2.56 - - [14/Mar/2026:05:32:44 -0700] "GET /items/2983390981 HTTP/2.0" 200 97145 "-" "meta-externalagent/1.1 (+https://developers.facebook.com/docs/sharing/webmasters/crawler)" 826 **0/826471**
74.7.241.15 - - [14/Mar/2026:05:32:45 -0700] "GET /?path=//opt/alt/tests/alt-php70-pecl-gearman_2.1.3-1.el8/tests HTTP/2.0" 200 3851 "https://thebettingexchange.in/?path=//opt/alt/tests/alt-php70-pecl-gearman_2.1.3-1.el8" "Mozilla/5.0 AppleWebKit/537.36 (KHTML, like Gecko; compatible; GPTBot/1.3; +https://openai.com/gptbot)" 504 **0/504278**
57.141.2.7 - - [14/Mar/2026:05:32:44 -0700] "GET /items/2887650816 HTTP/2.0" 200 97145 "-" "meta-externalagent/1.1 (+https://developers.facebook.com/docs/sharing/webmasters/crawler)" 841 **0/841228**
138.0.118.220 - - [14/Mar/2026:05:32:45 -0700] "GET /once-we-detailed-never-assume-all-ports-in-every-considering-casino-feel-the-exact-same-return-speed/ HTTP/1.1" 200 4874 "-" "Mozilla/5.0 (Windows NT 6.2; Win64; x64) AppleWebKit/537.36 (KHTML, like Gecko) Brave Chrome/86.0.4240.198 Safari/537.36" 486 **0/486706**
57.141.2.43 - - [14/Mar/2026:05:32:45 -0700] "GET /items/1119854879 HTTP/2.0" 200 97145 "-" "meta-externalagent/1.1 (+https://developers.facebook.com/docs/sharing/webmasters/crawler)" 845 **0/845493**
74.7.241.15 - - [14/Mar/2026:05:32:46 -0700] "GET /?path=//opt/alt/tests/alt-php82-pecl-imagick_3.8.0-7.el8 HTTP/2.0" 200 2343 "https://thebettingexchange.in/?path=//opt/alt/tests" "Mozilla/5.0 AppleWebKit/537.36 (KHTML, like Gecko; compatible; GPTBot/1.3; +https://openai.com/gptbot)" 488 **0/488986**
57.141.2.21 - - [14/Mar/2026:05:32:45 -0700] "GET /items/1334426549 HTTP/2.0" 200 97145 "-" "meta-externalagent/1.1 (+https://developers.facebook.com/docs/sharing/webmasters/crawler)" 816 **0/816103**
74.7.241.15 - - [14/Mar/2026:05:32:46 -0700] "GET /?path=//opt/alt/tests/alt-php82-pecl-inotify_3.0.0-1.el8/tests HTTP/2.0" 200 2610 "https://thebettingexchange.in/?path=//opt/alt/tests/alt-php82-pecl-inotify_3.0.0-1.el8" "Mozilla/5.0 AppleWebKit/537.36 (KHTML, like Gecko; compatible; GPTBot/1.3; +https://openai.com/gptbot)" 474 **0/474946**
57.141.2.45 - - [14/Mar/2026:05:32:46 -0700] "GET /items/3983129013 HTTP/2.0" 200 97145 "-" "meta-externalagent/1.1 (+https://developers.facebook.com/docs/sharing/webmasters/crawler)" 824 **0/824999**
57.141.2.61 - - [14/Mar/2026:05:32:46 -0700] "GET /items/635692270 HTTP/2.0" 200 97145 "-" "meta-externalagent/1.1 (+https://developers.facebook.com/docs/sharing/webmasters/crawler)" 826 **0/826441**
74.7.241.15 - - [14/Mar/2026:05:32:47 -0700] "GET /?path=//opt/alt/tests/alt-php56-pecl-weakref_0.2.6-1.el8/tests HTTP/2.0" 200 2876 "https://thebettingexchange.in/?path=//opt/alt/tests/alt-php56-pecl-weakref_0.2.6-1.el8" "Mozilla/5.0 AppleWebKit/537.36 (KHTML, like Gecko; compatible; GPTBot/1.3; +https://openai.com/gptbot)" 484 **0/484844**
57.141.2.13 - - [14/Mar/2026:05:32:47 -0700] "GET /items/2598741170 HTTP/2.0" 200 97145 "-" "meta-externalagent/1.1 (+https://developers.facebook.com/docs/sharing/webmasters/crawler)" 840 **0/840011**
57.141.2.1 - - [14/Mar/2026:05:32:47 -0700] "GET /items/886713991 HTTP/2.0" 200 97145 "-" "meta-externalagent/1.1 (+https://developers.facebook.com/docs/sharing/webmasters/crawler)" 817 **0/817607**
74.7.241.15 - - [14/Mar/2026:05:32:48 -0700] "GET /?path=//opt/alt/tests/alt-php70-pecl-inotify_3.0.0-1.el8/tests HTTP/2.0" 200 2609 "https://thebettingexchange.in/?path=//opt/alt/tests/alt-php70-pecl-inotify_3.0.0-1.el8" "Mozilla/5.0 AppleWebKit/537.36 (KHTML, like Gecko; compatible; GPTBot/1.3; +https://openai.com/gptbot)" 477 **0/477935**
57.141.2.70 - - [14/Mar/2026:05:32:48 -0700] "GET /items/246221350 HTTP/2.0" 200 97145 "-" "meta-externalagent/1.1 (+https://developers.facebook.com/docs/sharing/webmasters/crawler)" 829 **0/829070**
74.7.241.15 - - [14/Mar/2026:05:32:49 -0700] "GET /?path=//opt/alt/tests/alt-php56-pecl-inotify_0.1.6-1.el8/tests HTTP/2.0" 200 2609 "https://thebettingexchange.in/?path=//opt/alt/tests/alt-php56-pecl-inotify_0.1.6-1.el8" "Mozilla/5.0 AppleWebKit/537.36 (KHTML, like Gecko; compatible; GPTBot/1.3; +https://openai.com/gptbot)" 486 **0/486022**
57.141.2.39 - - [14/Mar/2026:05:32:48 -0700] "GET /items/1592848557 HTTP/2.0" 200 97145 "-" "meta-externalagent/1.1 (+https://developers.facebook.com/docs/sharing/webmasters/crawler)" 828 **0/828955**
57.141.2.26 - - [14/Mar/2026:05:32:49 -0700] "GET /items/3236907818 HTTP/2.0" 200 97145 "-" "meta-externalagent/1.1 (+https://developers.facebook.com/docs/sharing/webmasters/crawler)" 851 **0/851605**
74.7.241.15 - - [14/Mar/2026:05:32:49 -0700] "GET /?path=//opt/alt/tests/alt-php72-pecl-weakref_0.3.3-1.el8/tests HTTP/2.0" 200 2934 "https://thebettingexchange.in/?path=//opt/alt/tests/alt-php72-pecl-weakref_0.3.3-1.el8" "Mozilla/5.0 AppleWebKit/537.36 (KHTML, like Gecko; compatible; GPTBot/1.3; +https://openai.com/gptbot)" 486 **0/486669**
57.141.2.62 - - [14/Mar/2026:05:32:50 -0700] "GET /items/4168284473 HTTP/2.0" 200 97145 "-" "meta-externalagent/1.1 (+https://developers.facebook.com/docs/sharing/webmasters/crawler)" 838 **0/838522**
74.7.241.15 - - [14/Mar/2026:05:32:50 -0700] "GET /?path=//opt/alt/tests/alt-php71-pecl-inotify_3.0.0-1.el8/tests HTTP/2.0" 200 2609 "https://thebettingexchange.in/?path=//opt/alt/tests/alt-php71-pecl-inotify_3.0.0-1.el8" "Mozilla/5.0 AppleWebKit/537.36 (KHTML, like Gecko; compatible; GPTBot/1.3; +https://openai.com/gptbot)" 481 **0/481836**
57.141.2.63 - - [14/Mar/2026:05:32:50 -0700] "GET /items/3889952541 HTTP/2.0" 200 97145 "-" "meta-externalagent/1.1 (+https://developers.facebook.com/docs/sharing/webmasters/crawler)" 833 **0/833970**
57.141.2.55 - - [14/Mar/2026:05:32:50 -0700] "GET /items/1780769107 HTTP/2.0" 200 97145 "-" "meta-externalagent/1.1 (+https://developers.facebook.com/docs/sharing/webmasters/crawler)" 824 **0/824961**
74.7.241.15 - - [14/Mar/2026:05:32:51 -0700] "GET /?path=//opt/alt/tests/alt-php73-pecl-inotify_3.0.0-1.el8 HTTP/2.0" 200 2585 "https://thebettingexchange.in/?path=//opt/alt/tests" "Mozilla/5.0 AppleWebKit/537.36 (KHTML, like Gecko; compatible; GPTBot/1.3; +https://openai.com/gptbot)" 474 **0/474951**
57.141.2.70 - - [14/Mar/2026:05:32:51 -0700] "GET /items/2104973460 HTTP/2.0" 200 97145 "-" "meta-externalagent/1.1 (+https://developers.facebook.com/docs/sharing/webmasters/crawler)" 863 **0/863760**
57.141.2.4 - - [14/Mar/2026:05:32:51 -0700] "GET /items/4287604791 HTTP/2.0" 200 97145 "-" "meta-externalagent/1.1 (+https://developers.facebook.com/docs/sharing/webmasters/crawler)" 830 **0/830756**
74.7.241.15 - - [14/Mar/2026:05:32:52 -0700] "GET /?path=//opt/alt/tests/alt-php84-pecl-inotify_3.0.0-1.el8/tests HTTP/2.0" 200 2610 "https://thebettingexchange.in/?path=//opt/alt/tests/alt-php84-pecl-inotify_3.0.0-1.el8" "Mozilla/5.0 AppleWebKit/537.36 (KHTML, like Gecko; compatible; GPTBot/1.3; +https://openai.com/gptbot)" 494 **0/494517**
57.141.2.57 - - [14/Mar/2026:05:32:52 -0700] "GET /items/2551756884 HTTP/2.0" 200 97145 "-" "meta-externalagent/1.1 (+https://developers.facebook.com/docs/sharing/webmasters/crawler)" 824 **0/824487**
74.7.241.15 - - [14/Mar/2026:05:32:53 -0700] "GET /?path=//opt/alt/tests/alt-php73-pecl-gearman_2.1.4-1.el8/tests HTTP/2.0" 200 3851 "https://thebettingexchange.in/?path=//opt/alt/tests/alt-php73-pecl-gearman_2.1.4-1.el8" "Mozilla/5.0 AppleWebKit/537.36 (KHTML, like Gecko; compatible; GPTBot/1.3; +https://openai.com/gptbot)" 501 **0/501455**
57.141.2.57 - - [14/Mar/2026:05:32:53 -0700] "GET /items/4134427198 HTTP/2.0" 200 97145 "-" "meta-externalagent/1.1 (+https://developers.facebook.com/docs/sharing/webmasters/crawler)" 856 **0/856461**
57.141.2.49 - - [14/Mar/2026:05:32:53 -0700] "GET /items/140909568 HTTP/2.0" 200 97145 "-" "meta-externalagent/1.1 (+https://developers.facebook.com/docs/sharing/webmasters/crawler)" 832 **0/832070**
74.7.241.15 - - [14/Mar/2026:05:32:53 -0700] "GET /?path=//opt/alt/tests/alt-php82-pecl-solr_2.7.0-1.el8/tests/files HTTP/2.0" 200 2911 "https://thebettingexchange.in/?path=//opt/alt/tests/alt-php82-pecl-solr_2.7.0-1.el8/tests" "Mozilla/5.0 AppleWebKit/537.36 (KHTML, like Gecko; compatible; GPTBot/1.3; +https://openai.com/gptbot)" 482 **0/482765**
57.141.2.49 - - [14/Mar/2026:05:32:54 -0700] "GET /items/2783585086 HTTP/2.0" 200 97145 "-" "meta-externalagent/1.1 (+https://developers.facebook.com/docs/sharing/webmasters/crawler)" 833 **0/833951**
74.7.241.15 - - [14/Mar/2026:05:32:54 -0700] "GET /?path=//opt/alt/tests/alt-php81-pecl-solr_2.7.0-1.el8/tests/files HTTP/2.0" 200 2911 "https://thebettingexchange.in/?path=//opt/alt/tests/alt-php81-pecl-solr_2.7.0-1.el8/tests" "Mozilla/5.0 AppleWebKit/537.36 (KHTML, like Gecko; compatible; GPTBot/1.3; +https://openai.com/gptbot)" 492 **0/492069**
57.141.2.3 - - [14/Mar/2026:05:32:54 -0700] "GET /items/3366584160 HTTP/2.0" 200 97145 "-" "meta-externalagent/1.1 (+https://developers.facebook.com/docs/sharing/webmasters/crawler)" 839 **0/839452**
57.141.2.22 - - [14/Mar/2026:05:32:54 -0700] "GET /items/1877785091 HTTP/2.0" 200 97145 "-" "meta-externalagent/1.1 (+https://developers.facebook.com/docs/sharing/webmasters/crawler)" 844 **0/844923**
74.7.241.15 - - [14/Mar/2026:05:32:55 -0700] "GET /?path=//opt/alt/tests/alt-php80-pecl-solr_2.7.0-1.el8/tests/files HTTP/2.0" 200 2911 "https://thebettingexchange.in/?path=//opt/alt/tests/alt-php80-pecl-solr_2.7.0-1.el8/tests" "Mozilla/5.0 AppleWebKit/537.36 (KHTML, like Gecko; compatible; GPTBot/1.3; +https://openai.com/gptbot)" 483 **0/483344**
57.141.2.27 - - [14/Mar/2026:05:32:55 -0700] "GET /items/640776650 HTTP/2.0" 200 97145 "-" "meta-externalagent/1.1 (+https://developers.facebook.com/docs/sharing/webmasters/crawler)" 835 **0/835067**
74.7.241.15 - - [14/Mar/2026:05:32:56 -0700] "GET /?path=//opt/alt/tests/alt-php84-pecl-solr_2.7.0-2.el8/tests/files HTTP/2.0" 200 2911 "https://thebettingexchange.in/?path=//opt/alt/tests/alt-php84-pecl-solr_2.7.0-2.el8/tests" "Mozilla/5.0 AppleWebKit/537.36 (KHTML, like Gecko; compatible; GPTBot/1.3; +https://openai.com/gptbot)" 486 **0/486268**
57.141.2.38 - - [14/Mar/2026:05:32:56 -0700] "GET /items/1603846893 HTTP/2.0" 200 97145 "-" "meta-externalagent/1.1 (+https://developers.facebook.com/docs/sharing/webmasters/crawler)" 812 **0/812541**
57.141.2.49 - - [14/Mar/2026:05:32:56 -0700] "GET /items/534554189 HTTP/2.0" 200 97145 "-" "meta-externalagent/1.1 (+https://developers.facebook.com/docs/sharing/webmasters/crawler)" 828 **0/828320**
74.7.241.15 - - [14/Mar/2026:05:32:57 -0700] "GET /?path=//opt/alt/aom HTTP/2.0" 200 2578 "https://thebettingexchange.in/?path=//opt/alt" "Mozilla/5.0 AppleWebKit/537.36 (KHTML, like Gecko; compatible; GPTBot/1.3; +https://openai.com/gptbot)" 480 **0/480463**
57.141.2.4 - - [14/Mar/2026:05:32:56 -0700] "GET /items/2282267806 HTTP/2.0" 200 97145 "-" "meta-externalagent/1.1 (+https://developers.facebook.com/docs/sharing/webmasters/crawler)" 852 **0/852036**
57.141.2.47 - - [14/Mar/2026:05:32:57 -0700] "GET /items/3854089889 HTTP/2.0" 200 97145 "-" "meta-externalagent/1.1 (+https://developers.facebook.com/docs/sharing/webmasters/crawler)" 826 **0/826475**
74.7.241.15 - - [14/Mar/2026:05:32:57 -0700] "GET /?path=//opt/alt/tests/alt-php70-pecl-http_3.3.0-1.el8/tests/helper HTTP/2.0" 200 2967 "https://thebettingexchange.in/?path=//opt/alt/tests/alt-php70-pecl-http_3.3.0-1.el8/tests" "Mozilla/5.0 AppleWebKit/537.36 (KHTML, like Gecko; compatible; GPTBot/1.3; +https://openai.com/gptbot)" 473 **0/473086**
57.141.2.9 - - [14/Mar/2026:05:32:57 -0700] "GET /items/162246245 HTTP/2.0" 200 97145 "-" "meta-externalagent/1.1 (+https://developers.facebook.com/docs/sharing/webmasters/crawler)" 830 **0/830941**
57.141.2.49 - - [14/Mar/2026:05:32:58 -0700] "GET /items/4060338428 HTTP/2.0" 200 97145 "-" "meta-externalagent/1.1 (+https://developers.facebook.com/docs/sharing/webmasters/crawler)" 828 **0/828578**
74.7.241.15 - - [14/Mar/2026:05:32:58 -0700] "GET /?path=//opt/alt/tests/alt-php81-pecl-http_4.2.6-4.el8/tests/helper HTTP/2.0" 200 2968 "https://thebettingexchange.in/?path=//opt/alt/tests/alt-php81-pecl-http_4.2.6-4.el8/tests" "Mozilla/5.0 AppleWebKit/537.36 (KHTML, like Gecko; compatible; GPTBot/1.3; +https://openai.com/gptbot)" 511 **0/511782**
57.141.2.63 - - [14/Mar/2026:05:32:58 -0700] "GET /items/4164270598 HTTP/2.0" 200 97145 "-" "meta-externalagent/1.1 (+https://developers.facebook.com/docs/sharing/webmasters/crawler)" 838 **0/838786**
74.7.241.15 - - [14/Mar/2026:05:32:59 -0700] "GET /?path=//opt/alt/tests/alt-php80-pecl-http_4.2.6-4.el8/tests/helper HTTP/2.0" 200 2968 "https://thebettingexchange.in/?path=//opt/alt/tests/alt-php80-pecl-http_4.2.6-4.el8/tests" "Mozilla/5.0 AppleWebKit/537.36 (KHTML, like Gecko; compatible; GPTBot/1.3; +https://openai.com/gptbot)" 492 **0/492459**
57.141.2.14 - - [14/Mar/2026:05:32:59 -0700] "GET /items/3167089654 HTTP/2.0" 200 97145 "-" "meta-externalagent/1.1 (+https://developers.facebook.com/docs/sharing/webmasters/crawler)" 822 **0/822117**
57.141.2.40 - - [14/Mar/2026:05:32:59 -0700] "GET /items/3820642557 HTTP/2.0" 200 97145 "-" "meta-externalagent/1.1 (+https://developers.facebook.com/docs/sharing/webmasters/crawler)" 830 **0/830003**
74.7.241.15 - - [14/Mar/2026:05:33:00 -0700] "GET /?path=//opt/alt/tests/alt-php73-pecl-inotify_3.0.0-1.el8/tests HTTP/2.0" 200 2610 "https://thebettingexchange.in/?path=//opt/alt/tests/alt-php73-pecl-inotify_3.0.0-1.el8" "Mozilla/5.0 AppleWebKit/537.36 (KHTML, like Gecko; compatible; GPTBot/1.3; +https://openai.com/gptbot)" 481 **0/481781**
57.141.2.47 - - [14/Mar/2026:05:33:00 -0700] "GET /items/3222489730 HTTP/2.0" 200 97145 "-" "meta-externalagent/1.1 (+https://developers.facebook.com/docs/sharing/webmasters/crawler)" 826 **0/826449**
74.7.241.15 - - [14/Mar/2026:05:33:01 -0700] "GET /?path=//opt/alt/tests/alt-php54-pecl-http_2.6.0-1.el8/tests/helper HTTP/2.0" 200 2907 "https://thebettingexchange.in/?path=//opt/alt/tests/alt-php54-pecl-http_2.6.0-1.el8/tests" "Mozilla/5.0 AppleWebKit/537.36 (KHTML, like Gecko; compatible; GPTBot/1.3; +https://openai.com/gptbot)" 504 **0/504055**
57.141.2.62 - - [14/Mar/2026:05:33:01 -0700] "GET /items/3483283311 HTTP/2.0" 200 97145 "-" "meta-externalagent/1.1 (+https://developers.facebook.com/docs/sharing/webmasters/crawler)" 849 **0/849273**
57.141.2.21 - - [14/Mar/2026:05:33:01 -0700] "GET /items/2814278028 HTTP/2.0" 200 97145 "-" "meta-externalagent/1.1 (+https://developers.facebook.com/docs/sharing/webmasters/crawler)" 852 **0/852401**
74.7.241.15 - - [14/Mar/2026:05:33:02 -0700] "GET /?path=//opt/alt/tests/alt-php71-pecl-http_3.3.0-1.el8/tests/helper HTTP/2.0" 200 2968 "https://thebettingexchange.in/?path=//opt/alt/tests/alt-php71-pecl-http_3.3.0-1.el8/tests" "Mozilla/5.0 AppleWebKit/537.36 (KHTML, like Gecko; compatible; GPTBot/1.3; +https://openai.com/gptbot)" 506 **0/506178**
57.141.2.70 - - [14/Mar/2026:05:33:01 -0700] "GET /items/2748288453 HTTP/2.0" 200 97145 "-" "meta-externalagent/1.1 (+https://developers.facebook.com/docs/sharing/webmasters/crawler)" 888 **0/888839**
57.141.2.66 - - [14/Mar/2026:05:33:02 -0700] "GET /items/1130888593 HTTP/2.0" 200 97145 "-" "meta-externalagent/1.1 (+https://developers.facebook.com/docs/sharing/webmasters/crawler)" 861 **0/861186**
74.7.241.15 - - [14/Mar/2026:05:33:02 -0700] "GET /?path=//opt/alt/tests/alt-php83-pecl-http_4.2.6-4.el8/tests/helper HTTP/2.0" 200 2968 "https://thebettingexchange.in/?path=//opt/alt/tests/alt-php83-pecl-http_4.2.6-4.el8/tests" "Mozilla/5.0 AppleWebKit/537.36 (KHTML, like Gecko; compatible; GPTBot/1.3; +https://openai.com/gptbot)" 801 **0/801557**
57.141.2.71 - - [14/Mar/2026:05:33:03 -0700] "GET /items/3246130581 HTTP/2.0" 200 97145 "-" "meta-externalagent/1.1 (+https://developers.facebook.com/docs/sharing/webmasters/crawler)" 834 **0/834087**
74.7.241.15 - - [14/Mar/2026:05:33:03 -0700] "GET /?fileloc=//opt/alt/tests/alt-php81-pecl-solr_2.7.0-1.el8/tests/files/response_xml.4.xml&path=//opt/alt/tests/alt-php81-pecl-solr_2.7.0-1.el8/tests/files HTTP/2.0" 200 3044 "https://thebettingexchange.in/?path=//opt/alt/tests/alt-php81-pecl-solr_2.7.0-1.el8/tests/files" "Mozilla/5.0 AppleWebKit/537.36 (KHTML, like Gecko; compatible; GPTBot/1.3; +https://openai.com/gptbot)" 492 **0/492845**
57.141.2.27 - - [14/Mar/2026:05:33:03 -0700] "GET /items/2801678576 HTTP/2.0" 200 97145 "-" "meta-externalagent/1.1 (+https://developers.facebook.com/docs/sharing/webmasters/crawler)" 870 **0/870472**
57.141.2.3 - - [14/Mar/2026:05:33:04 -0700] "GET /items/2505126850 HTTP/2.0" 200 97145 "-" "meta-externalagent/1.1 (+https://developers.facebook.com/docs/sharing/webmasters/crawler)" 825 **0/825726**
74.7.241.15 - - [14/Mar/2026:05:33:04 -0700] "GET /?path=//opt/alt/tests/alt-php82-pecl-http_4.2.6-4.el8/tests/helper HTTP/2.0" 200 2968 "https://thebettingexchange.in/?path=//opt/alt/tests/alt-php82-pecl-http_4.2.6-4.el8/tests" "Mozilla/5.0 AppleWebKit/537.36 (KHTML, like Gecko; compatible; GPTBot/1.3; +https://openai.com/gptbot)" 482 **0/482519**
57.141.2.44 - - [14/Mar/2026:05:33:04 -0700] "GET /items/2799891564 HTTP/2.0" 200 97145 "-" "meta-externalagent/1.1 (+https://developers.facebook.com/docs/sharing/webmasters/crawler)" 842 **0/842876**
57.141.2.21 - - [14/Mar/2026:05:33:04 -0700] "GET /items/1892598078 HTTP/2.0" 200 97145 "-" "meta-externalagent/1.1 (+https://developers.facebook.com/docs/sharing/webmasters/crawler)" 838 **0/838442**
74.7.241.15 - - [14/Mar/2026:05:33:05 -0700] "GET /?path=//opt/alt/tests/alt-php56-pecl-http_2.6.0-1.el8/tests/helper HTTP/2.0" 200 2907 "https://thebettingexchange.in/?path=//opt/alt/tests/alt-php56-pecl-http_2.6.0-1.el8/tests" "Mozilla/5.0 AppleWebKit/537.36 (KHTML, like Gecko; compatible; GPTBot/1.3; +https://openai.com/gptbot)" 491 **0/491444**
57.141.2.49 - - [14/Mar/2026:05:33:05 -0700] "GET /items/592544595 HTTP/2.0" 200 97145 "-" "meta-externalagent/1.1 (+https://developers.facebook.com/docs/sharing/webmasters/crawler)" 843 **0/843990**
74.7.241.15 - - [14/Mar/2026:05:33:06 -0700] "GET /?path=//opt/alt/tests/alt-php74-pecl-http_3.3.0-1.el8/tests/helper HTTP/2.0" 200 2967 "https://thebettingexchange.in/?path=//opt/alt/tests/alt-php74-pecl-http_3.3.0-1.el8/tests" "Mozilla/5.0 AppleWebKit/537.36 (KHTML, like Gecko; compatible; GPTBot/1.3; +https://openai.com/gptbot)" 486 **0/486426**
57.141.2.67 - - [14/Mar/2026:05:33:05 -0700] "GET /items/1690222664 HTTP/2.0" 200 97145 "-" "meta-externalagent/1.1 (+https://developers.facebook.com/docs/sharing/webmasters/crawler)" 826 **0/826641**
74.7.241.15 - - [14/Mar/2026:05:33:06 -0700] "GET /?path=//opt/alt/tests/alt-php84-pecl-http_4.2.6-4.el8/tests/helper HTTP/2.0" 200 2968 "https://thebettingexchange.in/?path=//opt/alt/tests/alt-php84-pecl-http_4.2.6-4.el8/tests" "Mozilla/5.0 AppleWebKit/537.36 (KHTML, like Gecko; compatible; GPTBot/1.3; +https://openai.com/gptbot)" 474 **0/474589**
57.141.2.4 - - [14/Mar/2026:05:33:06 -0700] "GET /items/3770760410 HTTP/2.0" 200 97145 "-" "meta-externalagent/1.1 (+https://developers.facebook.com/docs/sharing/webmasters/crawler)" 854 **0/854137**
57.141.2.43 - - [14/Mar/2026:05:33:06 -0700] "GET /items/974932337 HTTP/2.0" 200 97145 "-" "meta-externalagent/1.1 (+https://developers.facebook.com/docs/sharing/webmasters/crawler)" 849 **0/849598**
74.7.241.15 - - [14/Mar/2026:05:33:07 -0700] "GET /?path=//opt/alt/tests/alt-php73-pecl-http_3.3.0-1.el8/tests/helper HTTP/2.0" 200 2967 "https://thebettingexchange.in/?path=//opt/alt/tests/alt-php73-pecl-http_3.3.0-1.el8/tests" "Mozilla/5.0 AppleWebKit/537.36 (KHTML, like Gecko; compatible; GPTBot/1.3; +https://openai.com/gptbot)" 476 **0/476747**
57.141.2.30 - - [14/Mar/2026:05:33:07 -0700] "GET /items/117611484 HTTP/2.0" 200 97145 "-" "meta-externalagent/1.1 (+https://developers.facebook.com/docs/sharing/webmasters/crawler)" 830 **0/830951**
57.141.2.11 - - [14/Mar/2026:05:33:07 -0700] "GET /items/2563075487 HTTP/2.0" 200 97145 "-" "meta-externalagent/1.1 (+https://developers.facebook.com/docs/sharing/webmasters/crawler)" 825 **0/825680**
74.7.241.15 - - [14/Mar/2026:05:33:08 -0700] "GET /?path=//opt/alt/tests/alt-php84-pecl-mcrypt_1.0.7-1.el8/tests HTTP/2.0" 200 4004 "https://thebettingexchange.in/?path=//opt/alt/tests/alt-php84-pecl-mcrypt_1.0.7-1.el8" "Mozilla/5.0 AppleWebKit/537.36 (KHTML, like Gecko; compatible; GPTBot/1.3; +https://openai.com/gptbot)" 478 **0/478950**
57.141.2.69 - - [14/Mar/2026:05:33:08 -0700] "GET /items/1442847133 HTTP/2.0" 200 97145 "-" "meta-externalagent/1.1 (+https://developers.facebook.com/docs/sharing/webmasters/crawler)" 848 **0/848614**
74.7.241.15 - - [14/Mar/2026:05:33:09 -0700] "GET /?path=//opt/alt/tests/alt-php72-pecl-pthreads-zts_3.2.0-1.el8 HTTP/2.0" 200 2585 "https://thebettingexchange.in/?path=//opt/alt/tests" "Mozilla/5.0 AppleWebKit/537.36 (KHTML, like Gecko; compatible; GPTBot/1.3; +https://openai.com/gptbot)" 473 **0/473899**
57.141.2.16 - - [14/Mar/2026:05:33:09 -0700] "GET /items/3724434895 HTTP/2.0" 200 97145 "-" "meta-externalagent/1.1 (+https://developers.facebook.com/docs/sharing/webmasters/crawler)" 837 **0/837336**
57.141.2.32 - - [14/Mar/2026:05:33:09 -0700] "GET /items/3168233003 HTTP/2.0" 200 97145 "-" "meta-externalagent/1.1 (+https://developers.facebook.com/docs/sharing/webmasters/crawler)" 846 **0/846669**
74.7.241.15 - - [14/Mar/2026:05:33:09 -0700] "GET /?path=//opt/alt/tests/alt-php74-pecl-mcrypt_1.0.7-1.el8/tests HTTP/2.0" 200 4004 "https://thebettingexchange.in/?path=//opt/alt/tests/alt-php74-pecl-mcrypt_1.0.7-1.el8" "Mozilla/5.0 AppleWebKit/537.36 (KHTML, like Gecko; compatible; GPTBot/1.3; +https://openai.com/gptbot)" 485 **0/485717**
57.141.2.25 - - [14/Mar/2026:05:33:09 -0700] "GET /items/4275168878 HTTP/2.0" 200 97145 "-" "meta-externalagent/1.1 (+https://developers.facebook.com/docs/sharing/webmasters/crawler)" 826 **0/826529**
74.7.241.15 - - [14/Mar/2026:05:33:10 -0700] "GET /?path=//opt/alt/tests/alt-php83-pecl-mcrypt_1.0.7-1.el8/tests HTTP/2.0" 200 4004 "https://thebettingexchange.in/?path=//opt/alt/tests/alt-php83-pecl-mcrypt_1.0.7-1.el8" "Mozilla/5.0 AppleWebKit/537.36 (KHTML, like Gecko; compatible; GPTBot/1.3; +https://openai.com/gptbot)" 494 **0/494492**
57.141.2.29 - - [14/Mar/2026:05:33:10 -0700] "GET /items/493534313 HTTP/2.0" 200 97145 "-" "meta-externalagent/1.1 (+https://developers.facebook.com/docs/sharing/webmasters/crawler)" 824 **0/824670**
